[INFO] cloning repository https://github.com/toanth/motors
[INFO] running `Command { std: "git" "-c" "credential.helper=" "-c" "credential.helper=/workspace/cargo-home/bin/git-credential-null" "clone" "--bare" "https://github.com/toanth/motors" "/workspace/cache/git-repos/https%3A%2F%2Fgithub.com%2Ftoanth%2Fmotors", kill_on_drop: false }`
[INFO] [stderr] Cloning into bare repository '/workspace/cache/git-repos/https%3A%2F%2Fgithub.com%2Ftoanth%2Fmotors'...
[INFO] running `Command { std: "git" "rev-parse" "HEAD", kill_on_drop: false }`
[INFO] [stdout] fdb697373e03d21e26a254dea0f8613a596ca630
[INFO] checking toanth/motors/fdb697373e03d21e26a254dea0f8613a596ca630 against 0cefa27fe3deee26fc98ee44249406358d9f0d26 for pr-164789
[INFO] running `Command { std: "git" "clone" "/workspace/cache/git-repos/https%3A%2F%2Fgithub.com%2Ftoanth%2Fmotors" "/workspace/builds/worker-5-tc1/source", kill_on_drop: false }`
[INFO] [stderr] Cloning into '/workspace/builds/worker-5-tc1/source'...
[INFO] [stderr] done.
[INFO] removed /workspace/builds/worker-5-tc1/source/.cargo/config.toml
[INFO] removed /workspace/builds/worker-5-tc1/source/rust-toolchain
[INFO] started tweaking git repo https://github.com/toanth/motors
[INFO] finished tweaking git repo https://github.com/toanth/motors
[INFO] tweaked toml for git repo https://github.com/toanth/motors written to /workspace/builds/worker-5-tc1/source/Cargo.toml
[INFO] validating manifest of git repo https://github.com/toanth/motors on toolchain 0cefa27fe3deee26fc98ee44249406358d9f0d26
[INFO] running `Command { std: CARGO_HOME="/workspace/cargo-home" RUSTUP_HOME="/workspace/rustup-home" "/workspace/cargo-home/bin/cargo" "+0cefa27fe3deee26fc98ee44249406358d9f0d26" "metadata" "--manifest-path" "Cargo.toml" "--no-deps", kill_on_drop: false }`
[INFO] crate git repo https://github.com/toanth/motors already has a lockfile, it will not be regenerated
[INFO] running `Command { std: CARGO_HOME="/workspace/cargo-home" RUSTUP_HOME="/workspace/rustup-home" "/workspace/cargo-home/bin/cargo" "+0cefa27fe3deee26fc98ee44249406358d9f0d26" "fetch" "--manifest-path" "Cargo.toml", kill_on_drop: false }`
[INFO] [stderr]     Updating crates.io index
[INFO] [stderr]  Downloading crates ...
[INFO] [stderr]   Downloaded wit-bindgen-rust-macro v0.51.0
[INFO] [stderr]   Downloaded getrandom v0.4.2
[INFO] [stderr]   Downloaded rand_xorshift v0.4.0
[INFO] [stderr]   Downloaded uncased v0.9.10
[INFO] [stderr]   Downloaded linkme-impl v0.3.36
[INFO] [stderr]   Downloaded wasm-bindgen-shared v0.2.117
[INFO] [stderr]   Downloaded unit-prefix v0.5.2
[INFO] [stderr]   Downloaded edit-distance v2.2.2
[INFO] [stderr]   Downloaded wasite v1.0.2
[INFO] [stderr]   Downloaded siphasher v1.0.2
[INFO] [stderr]   Downloaded libredox v0.1.15
[INFO] [stderr]   Downloaded wasm-bindgen-macro v0.2.117
[INFO] [stderr]   Downloaded colorgrad v0.8.0
[INFO] [stderr]   Downloaded phf_macros v0.13.1
[INFO] [stderr]   Downloaded whoami v2.1.1
[INFO] [stderr]   Downloaded wasi v0.14.7+wasi-0.2.4
[INFO] [stderr]   Downloaded wasm-metadata v0.244.0
[INFO] [stderr]   Downloaded wit-bindgen-core v0.51.0
[INFO] [stderr]   Downloaded linkme v0.3.36
[INFO] [stderr]   Downloaded console v0.16.3
[INFO] [stderr]   Downloaded smallvec v2.0.0-alpha.12
[INFO] [stderr]   Downloaded chacha20 v0.10.0
[INFO] [stderr]   Downloaded configparser v3.1.0
[INFO] [stderr]   Downloaded colored v3.1.1
[INFO] [stderr]   Downloaded clap v4.6.0
[INFO] [stderr]   Downloaded wit-bindgen-rust v0.51.0
[INFO] [stderr]   Downloaded wasm-bindgen v0.2.117
[INFO] [stderr]   Downloaded wasm-bindgen-macro-support v0.2.117
[INFO] [stderr]   Downloaded objc2-system-configuration v0.3.2
[INFO] [stderr]   Downloaded proptest v1.11.0
[INFO] [stderr]   Downloaded csscolorparser v0.8.3
[INFO] [stderr]   Downloaded indicatif v0.18.4
[INFO] [stderr]   Downloaded cc v1.2.59
[INFO] [stderr]   Downloaded wasm-encoder v0.244.0
[INFO] [stderr]   Downloaded crossbeam-channel v0.5.15
[INFO] [stderr]   Downloaded inquire v0.9.4
[INFO] [stderr]   Downloaded zerocopy-derive v0.8.48
[INFO] [stderr]   Downloaded unicode-segmentation v1.13.2
[INFO] [stderr]   Downloaded mio v1.2.0
[INFO] [stderr]   Downloaded rand v0.10.1
[INFO] [stderr]   Downloaded wasip3 v0.4.0+wasi-0.3.0-rc-2026-01-06
[INFO] [stderr]   Downloaded js-sys v0.3.94
[INFO] [stderr]   Downloaded libfuzzer-sys v0.4.12
[INFO] [stderr]   Downloaded regex v1.12.3
[INFO] [stderr]   Downloaded clap_builder v4.6.0
[INFO] [stderr]   Downloaded wit-parser v0.244.0
[INFO] [stderr]   Downloaded wasmparser v0.244.0
[INFO] [stderr]   Downloaded zerocopy v0.8.48
[INFO] [stderr]   Downloaded wit-component v0.244.0
[INFO] [stderr]   Downloaded web-sys v0.3.94
[INFO] [stderr]   Downloaded libc v1.0.0-alpha.3
[INFO] [stderr]   Downloaded libc v0.2.184
[INFO] running `Command { std: "docker" "create" "-v" "/var/lib/crater-agent-workspace/builds/worker-5-tc1/source:/opt/rustwide/workdir:ro,Z" "-v" "/var/lib/crater-agent-workspace/builds/worker-5-tc1/target:/opt/rustwide/target:rw,Z" "-v" "/var/lib/crater-agent-workspace/cargo-home:/opt/rustwide/cargo-home:ro,Z" "-v" "/var/lib/crater-agent-workspace/rustup-home:/opt/rustwide/rustup-home:ro,Z" "-m" "1610612736" "--network" "none" "ghcr.io/rust-lang/crates-build-env/linux@sha256:c0af3998e971868164375a7dfb646c9933ddd1a3bdb00fa2041266763dc1eeab" "sleep" "infinity", kill_on_drop: false }`
[INFO] [stdout] 68e4d1c898789359877e590f4673c91b9169ffb419eb86cbe8addae48d831ac6
[INFO] running `Command { std: "docker" "start" "68e4d1c898789359877e590f4673c91b9169ffb419eb86cbe8addae48d831ac6", kill_on_drop: false }`
[INFO] running `Command { std: "docker" "inspect" "68e4d1c898789359877e590f4673c91b9169ffb419eb86cbe8addae48d831ac6", kill_on_drop: false }`
[INFO] running `Command { std: "docker" "exec" "-e" "SOURCE_DIR=/opt/rustwide/workdir" "-e" "CARGO_HOME=/opt/rustwide/cargo-home" "-e" "RUSTUP_HOME=/opt/rustwide/rustup-home" "-e" "CARGO_TARGET_DIR=/opt/rustwide/target" "-w" "/opt/rustwide/workdir" "--user" "0:0" "68e4d1c898789359877e590f4673c91b9169ffb419eb86cbe8addae48d831ac6" "/opt/rustwide/cargo-home/bin/cargo" "+0cefa27fe3deee26fc98ee44249406358d9f0d26" "metadata" "--no-deps" "--format-version=1", kill_on_drop: false }`
[INFO] running `Command { std: "docker" "inspect" "68e4d1c898789359877e590f4673c91b9169ffb419eb86cbe8addae48d831ac6", kill_on_drop: false }`
[INFO] running `Command { std: "docker" "exec" "-e" "SOURCE_DIR=/opt/rustwide/workdir" "-e" "CARGO_HOME=/opt/rustwide/cargo-home" "-e" "RUSTUP_HOME=/opt/rustwide/rustup-home" "-e" "CARGO_TARGET_DIR=/opt/rustwide/target" "-e" "CARGO_INCREMENTAL=0" "-e" "RUST_BACKTRACE=full" "-e" "RUSTFLAGS=--cap-lints=forbid" "-e" "RUSTDOCFLAGS=--cap-lints=forbid" "-w" "/opt/rustwide/workdir" "--user" "0:0" "68e4d1c898789359877e590f4673c91b9169ffb419eb86cbe8addae48d831ac6" "/opt/rustwide/cargo-home/bin/cargo" "+0cefa27fe3deee26fc98ee44249406358d9f0d26" "check" "--frozen" "--all" "--all-targets" "--message-format=json", kill_on_drop: false }`
[INFO] [stderr]    Compiling libc v0.2.184
[INFO] [stderr]    Compiling quote v1.0.45
[INFO] [stderr]    Compiling autocfg v1.5.0
[INFO] [stderr]    Compiling version_check v0.9.5
[INFO] [stderr]    Compiling crossbeam-utils v0.8.21
[INFO] [stderr]    Compiling getrandom v0.4.2
[INFO] [stderr]    Compiling siphasher v1.0.2
[INFO] [stderr]    Compiling unicode-segmentation v1.13.2
[INFO] [stderr]     Checking either v1.15.0
[INFO] [stderr]    Compiling fastrand v2.3.0
[INFO] [stderr]    Compiling uncased v0.9.10
[INFO] [stderr]    Compiling num-traits v0.2.19
[INFO] [stderr]    Compiling syn v2.0.117
[INFO] [stderr]    Compiling phf_shared v0.13.1
[INFO] [stderr]    Compiling convert_case v0.10.0
[INFO] [stderr]    Compiling unicode-xid v0.2.6
[INFO] [stderr]    Compiling linkme-impl v0.3.36
[INFO] [stderr]     Checking crossbeam-epoch v0.9.18
[INFO] [stderr]    Compiling phf_generator v0.13.1
[INFO] [stderr]    Compiling anyhow v1.0.102
[INFO] [stderr]    Compiling linkme v0.3.36
[INFO] [stderr]    Compiling rustix v1.1.4
[INFO] [stderr]     Checking crossbeam-deque v0.8.6
[INFO] [stderr]     Checking cpufeatures v0.3.0
[INFO] [stderr]     Checking hashbrown v0.17.1
[INFO] [stderr]     Checking chacha20 v0.10.0
[INFO] [stderr]     Checking bitflags v2.11.0
[INFO] [stderr]     Checking rayon-core v1.13.0
[INFO] [stderr]     Checking dyn-clone v1.0.20
[INFO] [stderr]    Compiling gears v0.1.0 (/opt/rustwide/workdir/gears)
[INFO] [stderr]     Checking num-integer v0.1.46
[INFO] [stderr]     Checking num-complex v0.4.6
[INFO] [stderr]     Checking chrono v0.4.44
[INFO] [stderr]     Checking num-bigint v0.4.6
[INFO] [stderr]     Checking rayon v1.12.0
[INFO] [stderr]     Checking num-iter v0.1.45
[INFO] [stderr]     Checking rand v0.10.1
[INFO] [stderr]     Checking indexmap v2.14.0
[INFO] [stderr]     Checking itertools v0.14.0
[INFO] [stderr]     Checking colored v3.1.1
[INFO] [stderr]     Checking edit-distance v2.2.2
[INFO] [stderr]     Checking configparser v3.1.0
[INFO] [stderr]     Checking smallvec v2.0.0-alpha.12
[INFO] [stderr]     Checking arrayvec v0.7.6
[INFO] [stderr]     Checking strum v0.28.0
[INFO] [stderr]    Compiling shlex v1.3.0
[INFO] [stderr]     Checking num-rational v0.4.2
[INFO] [stderr]    Compiling find-msvc-tools v0.1.9
[INFO] [stderr]     Checking errno v0.3.14
[INFO] [stderr]    Compiling serde_core v1.0.228
[INFO] [stderr]    Compiling signal-hook v0.3.18
[INFO] [stderr]     Checking num v0.4.3
[INFO] [stderr]    Compiling parking_lot_core v0.9.12
[INFO] [stderr]     Checking signal-hook-registry v1.4.8
[INFO] [stderr]     Checking smallvec v1.15.1
[INFO] [stderr]     Checking scopeguard v1.2.0
[INFO] [stderr]     Checking tempfile v3.27.0
[INFO] [stderr]     Checking log v0.4.29
[INFO] [stderr]     Checking lock_api v0.4.14
[INFO] [stderr]    Compiling jobserver v0.1.34
[INFO] [stderr]     Checking mio v1.2.0
[INFO] [stderr]    Compiling serde v1.0.228
[INFO] [stderr]    Compiling cc v1.2.59
[INFO] [stderr]    Compiling litrs v1.0.0
[INFO] [stderr]    Compiling portable-atomic v1.13.1
[INFO] [stderr]    Compiling zerocopy v0.8.48
[INFO] [stderr]    Compiling zmij v1.0.21
[INFO] [stderr]     Checking unicode-width v0.2.2
[INFO] [stderr]     Checking signal-hook-mio v0.2.5
[INFO] [stderr]     Checking parking_lot v0.12.5
[INFO] [stderr]    Compiling libc v1.0.0-alpha.3
[INFO] [stderr]    Compiling serde_json v1.0.149
[INFO] [stderr]     Checking console v0.16.3
[INFO] [stderr]    Compiling document-features v0.2.12
[INFO] [stderr]    Compiling getrandom v0.3.4
[INFO] [stderr]     Checking memchr v2.8.0
[INFO] [stderr]     Checking unit-prefix v0.5.2
[INFO] [stderr]    Compiling motors v0.1.0 (/opt/rustwide/workdir/motors)
[INFO] [stderr]     Checking crossbeam-channel v0.5.15
[INFO] [stderr]     Checking indicatif v0.18.4
[INFO] [stderr]     Checking rand_core v0.9.5
[INFO] [stderr]     Checking regex-syntax v0.8.10
[INFO] [stderr]     Checking clap_builder v4.6.0
[INFO] [stderr]     Checking wait-timeout v0.2.1
[INFO] [stderr]     Checking itertools v0.13.0
[INFO] [stderr]     Checking bit-vec v0.8.0
[INFO] [stderr]     Checking rusty-fork v0.3.1
[INFO] [stderr]     Checking bit-set v0.8.0
[INFO] [stderr]    Compiling alloca v0.4.0
[INFO] [stderr]    Compiling libfuzzer-sys v0.4.12
[INFO] [stderr]     Checking plotters v0.3.7
[INFO] [stderr]    Compiling derive_more-impl v2.1.1
[INFO] [stderr]    Compiling phf_macros v0.13.1
[INFO] [stderr]    Compiling derive_arbitrary v1.4.2
[INFO] [stderr]     Checking phf v0.13.1
[INFO] [stderr]     Checking arbitrary v1.4.2
[INFO] [stderr]     Checking csscolorparser v0.8.3
[INFO] [stderr]     Checking colorgrad v0.8.0
[INFO] [stderr]    Compiling strum_macros v0.28.0
[INFO] [stderr]    Compiling zerocopy-derive v0.8.48
[INFO] [stderr]    Compiling serde_derive v1.0.228
[INFO] [stderr]     Checking regex-automata v0.4.14
[INFO] [stderr]     Checking criterion-plot v0.8.2
[INFO] [stderr]     Checking clap v4.6.0
[INFO] [stderr]     Checking rand_xorshift v0.4.0
[INFO] [stderr]     Checking rand v0.9.2
[INFO] [stderr]     Checking page_size v0.6.0
[INFO] [stderr]    Compiling gears-fuzz v0.0.0 (/opt/rustwide/workdir/gears/fuzz)
[INFO] [stderr]    Compiling pliers v0.9.0 (/opt/rustwide/workdir/pliers)
[INFO] [stderr]    Compiling monitors v0.1.0 (/opt/rustwide/workdir/monitors)
[INFO] [stderr]     Checking whoami v2.1.1
[INFO] [stderr]     Checking lazy_static v1.5.0
[INFO] [stderr]    Compiling motors-fuzz v0.0.0 (/opt/rustwide/workdir/motors/fuzz)
[INFO] [stderr]     Checking regex v1.12.3
[INFO] [stderr]     Checking derive_more v2.1.1
[INFO] [stderr]     Checking crossterm v0.29.0
[INFO] [stderr]     Checking inquire v0.9.4
[INFO] [stderr]     Checking tinytemplate v1.2.1
[INFO] [stderr]     Checking half v2.7.1
[INFO] [stderr]     Checking ppv-lite86 v0.2.21
[INFO] [stderr]     Checking ciborium-ll v0.2.2
[INFO] [stderr]     Checking ciborium v0.2.2
[INFO] [stderr]     Checking rand_chacha v0.9.0
[INFO] [stderr]     Checking proptest v1.11.0
[INFO] [stderr]     Checking criterion v0.8.2
[INFO] [stdout] error[E0061]: this function takes 5 arguments but 4 arguments were supplied
[INFO] [stdout]    --> gears/benches/perft_bench.rs:23:19
[INFO] [stdout]     |
[INFO] [stdout]  23 |         b.iter(|| perft(DepthPly::new(4), pos, false, Bulkness::NoBulk));
[INFO] [stdout]     |                   ^^^^^------------------------------------------------
[INFO] [stdout]     |                        |                       |
[INFO] [stdout]     |                        |                       expected `Parallelize`, found `bool`
[INFO] [stdout]     |                        argument #5 of type `Option<usize>` is missing
[INFO] [stdout]     |
[INFO] [stdout] note: function defined here
[INFO] [stdout]    --> gears/src/general/perft.rs:223:8
[INFO] [stdout]     |
[INFO] [stdout] 223 | pub fn perft<B: BoardTrait>(
[INFO] [stdout]     |        ^^^^^
[INFO] [stdout] help: provide the argument
[INFO] [stdout]     |
[INFO] [stdout]  23 -         b.iter(|| perft(DepthPly::new(4), pos, false, Bulkness::NoBulk));
[INFO] [stdout]  23 +         b.iter(|| perft(DepthPly::new(4), pos, /* Parallelize */, Bulkness::NoBulk, /* Option<usize> */));
[INFO] [stdout]     |
[INFO] [stdout] 
[INFO] [stdout] 
[INFO] [stdout] error[E0061]: this function takes 5 arguments but 4 arguments were supplied
[INFO] [stdout]    --> gears/benches/perft_bench.rs:30:19
[INFO] [stdout]     |
[INFO] [stdout]  30 |         b.iter(|| perft(DepthPly::new(4), pos, false, Bulkness::NoBulk));
[INFO] [stdout]     |                   ^^^^^------------------------------------------------
[INFO] [stdout]     |                        |                       |
[INFO] [stdout]     |                        |                       expected `Parallelize`, found `bool`
[INFO] [stdout]     |                        argument #5 of type `Option<usize>` is missing
[INFO] [stdout]     |
[INFO] [stdout] note: function defined here
[INFO] [stdout]    --> gears/src/general/perft.rs:223:8
[INFO] [stdout]     |
[INFO] [stdout] 223 | pub fn perft<B: BoardTrait>(
[INFO] [stdout]     |        ^^^^^
[INFO] [stdout] help: provide the argument
[INFO] [stdout]     |
[INFO] [stdout]  30 -         b.iter(|| perft(DepthPly::new(4), pos, false, Bulkness::NoBulk));
[INFO] [stdout]  30 +         b.iter(|| perft(DepthPly::new(4), pos, /* Parallelize */, Bulkness::NoBulk, /* Option<usize> */));
[INFO] [stdout]     |
[INFO] [stdout] 
[INFO] [stdout] 
[INFO] [stdout] For more information about this error, try `rustc --explain E0061`.
[INFO] [stdout] 
[INFO] [stderr] error: could not compile `gears` (bench "perft_bench") due to 2 previous errors
[INFO] [stderr] warning: build failed, waiting for other jobs to finish...
[INFO] [stdout] error[E0599]: no method named `handle_input` found for enum `Quitting` in the current scope
[INFO] [stdout]   --> motors/fuzz/fuzz_targets/ugi.rs:13:21
[INFO] [stdout]    |
[INFO] [stdout] 13 |         let _ = ugi.handle_input(line);
[INFO] [stdout]    |                     ^^^^^^^^^^^^ method not found in `Quitting`
[INFO] [stdout] 
[INFO] [stdout] 
[INFO] [stdout] error[E0599]: no method named `quit` found for enum `Quitting` in the current scope
[INFO] [stdout]   --> motors/fuzz/fuzz_targets/ugi.rs:15:9
[INFO] [stdout]    |
[INFO] [stdout] 15 |     ugi.quit().unwrap();
[INFO] [stdout]    |         ^^^^ method not found in `Quitting`
[INFO] [stdout] 
[INFO] [stdout] 
[INFO] [stdout] For more information about this error, try `rustc --explain E0599`.
[INFO] [stdout] 
[INFO] [stderr] error: could not compile `motors-fuzz` (bin "ugi") due to 2 previous errors
[INFO] running `Command { std: "docker" "inspect" "68e4d1c898789359877e590f4673c91b9169ffb419eb86cbe8addae48d831ac6", kill_on_drop: false }`
[INFO] running `Command { std: "docker" "rm" "-f" "68e4d1c898789359877e590f4673c91b9169ffb419eb86cbe8addae48d831ac6", kill_on_drop: false }`
[INFO] [stdout] 68e4d1c898789359877e590f4673c91b9169ffb419eb86cbe8addae48d831ac6
