[INFO] cloning repository https://github.com/shigedangao/couscous
[INFO] running `Command { std: "git" "-c" "credential.helper=" "-c" "credential.helper=/workspace/cargo-home/bin/git-credential-null" "clone" "--bare" "https://github.com/shigedangao/couscous" "/workspace/cache/git-repos/https%3A%2F%2Fgithub.com%2Fshigedangao%2Fcouscous", kill_on_drop: false }`
[INFO] [stderr] Cloning into bare repository '/workspace/cache/git-repos/https%3A%2F%2Fgithub.com%2Fshigedangao%2Fcouscous'...
[INFO] running `Command { std: "git" "rev-parse" "HEAD", kill_on_drop: false }`
[INFO] [stdout] 6001f9f739024bffdfc4541f170f77a2e7ee2143
[INFO] checking shigedangao/couscous/6001f9f739024bffdfc4541f170f77a2e7ee2143 against 0cefa27fe3deee26fc98ee44249406358d9f0d26 for pr-164789
[INFO] running `Command { std: "git" "clone" "/workspace/cache/git-repos/https%3A%2F%2Fgithub.com%2Fshigedangao%2Fcouscous" "/workspace/builds/worker-4-tc1/source", kill_on_drop: false }`
[INFO] [stderr] Cloning into '/workspace/builds/worker-4-tc1/source'...
[INFO] [stderr] done.
[INFO] removed /workspace/builds/worker-4-tc1/source/.cargo/config.toml
[INFO] started tweaking git repo https://github.com/shigedangao/couscous
[INFO] finished tweaking git repo https://github.com/shigedangao/couscous
[INFO] tweaked toml for git repo https://github.com/shigedangao/couscous written to /workspace/builds/worker-4-tc1/source/Cargo.toml
[INFO] validating manifest of git repo https://github.com/shigedangao/couscous on toolchain 0cefa27fe3deee26fc98ee44249406358d9f0d26
[INFO] running `Command { std: CARGO_HOME="/workspace/cargo-home" RUSTUP_HOME="/workspace/rustup-home" "/workspace/cargo-home/bin/cargo" "+0cefa27fe3deee26fc98ee44249406358d9f0d26" "metadata" "--manifest-path" "Cargo.toml" "--no-deps", kill_on_drop: false }`
[INFO] crate git repo https://github.com/shigedangao/couscous already has a lockfile, it will not be regenerated
[INFO] running `Command { std: CARGO_HOME="/workspace/cargo-home" RUSTUP_HOME="/workspace/rustup-home" "/workspace/cargo-home/bin/cargo" "+0cefa27fe3deee26fc98ee44249406358d9f0d26" "fetch" "--manifest-path" "Cargo.toml", kill_on_drop: false }`
[INFO] [stderr]     Blocking waiting for file lock on package cache
[INFO] [stderr]     Updating crates.io index
[INFO] [stderr]     Blocking waiting for file lock on package cache
[INFO] [stderr]  Downloading crates ...
[INFO] [stderr]   Downloaded uuid-macro-internal v1.15.1
[INFO] [stderr]   Downloaded tempfile v3.18.0
[INFO] [stderr]   Downloaded tonic-reflection v0.12.3
[INFO] [stderr]   Downloaded uuid v1.15.1
[INFO] [stderr]   Downloaded ollama-rs v0.2.6
[INFO] [stderr]   Downloaded macro_rules_attribute v0.2.0
[INFO] [stderr]   Downloaded kalosm-model-types v0.4.0
[INFO] [stderr]   Downloaded macro_rules_attribute-proc_macro v0.2.0
[INFO] [stderr]   Downloaded kalosm-vision v0.4.0
[INFO] [stderr]   Downloaded segment-anything-rs v0.4.0
[INFO] [stderr]   Downloaded hf-hub v0.3.2
[INFO] [stderr]   Downloaded prettyplease v0.2.30
[INFO] [stderr]   Downloaded dasp v0.11.0
[INFO] [stderr]   Downloaded dasp_slice v0.11.0
[INFO] [stderr]   Downloaded diligent-date-parser v0.1.5
[INFO] [stderr]   Downloaded kalosm-streams v0.4.0
[INFO] [stderr]   Downloaded readability v0.2.0
[INFO] [stderr]   Downloaded heed-traits v0.20.0
[INFO] [stderr]   Downloaded nohash v0.2.0
[INFO] [stderr]   Downloaded heed-types v0.20.1
[INFO] [stderr]   Downloaded rwuerstchen v0.4.0
[INFO] [stderr]   Downloaded llm-samplers v0.0.7
[INFO] [stderr]   Downloaded ug-metal v0.1.0
[INFO] [stderr]   Downloaded typed-builder v0.18.2
[INFO] [stderr]   Downloaded string_cache v0.8.8
[INFO] [stderr]   Downloaded nom_locate v4.2.0
[INFO] [stderr]   Downloaded minijinja-contrib v2.8.0
[INFO] [stderr]   Downloaded doxygen-rs v0.4.2
[INFO] [stderr]   Downloaded kalosm-parse-macro v0.4.1
[INFO] [stderr]   Downloaded kalosm-common v0.4.0
[INFO] [stderr]   Downloaded typed-builder-macro v0.18.2
[INFO] [stderr]   Downloaded kalosm-sample v0.4.1
[INFO] [stderr]   Downloaded ort-sys v2.0.0-rc.4
[INFO] [stderr]   Downloaded srx v0.1.4
[INFO] [stderr]   Downloaded atom_syndication v0.12.7
[INFO] [stderr]   Downloaded rbert v0.4.0
[INFO] [stderr]   Downloaded ug v0.1.0
[INFO] [stderr]   Downloaded candle-nn v0.8.3
[INFO] [stderr]   Downloaded rss v2.0.12
[INFO] [stderr]   Downloaded heed v0.20.5
[INFO] [stderr]   Downloaded kalosm-ocr v0.4.0
[INFO] [stderr]   Downloaded kalosm-llama v0.4.1
[INFO] [stderr]   Downloaded candle-metal-kernels v0.8.3
[INFO] [stderr]   Downloaded kalosm-language-model v0.4.1
[INFO] [stderr]   Downloaded ort v2.0.0-rc.4
[INFO] [stderr]   Downloaded whatlang v0.16.4
[INFO] [stderr]   Downloaded kalosm v0.4.0
[INFO] [stderr]   Downloaded kalosm-language v0.4.1
[INFO] [stderr]   Downloaded roaring v0.10.10
[INFO] [stderr]   Downloaded nnnoiseless v0.5.1
[INFO] [stderr]   Downloaded pulp v0.21.4
[INFO] [stderr]   Downloaded minijinja v2.8.0
[INFO] [stderr]   Downloaded lmdb-master-sys v0.2.4
[INFO] [stderr]   Downloaded tokenizers v0.21.0
[INFO] [stderr]   Downloaded quick-xml v0.37.2
[INFO] [stderr]   Downloaded candle-core v0.8.3
[INFO] [stderr]   Downloaded docx-rs v0.4.17
[INFO] [stderr]   Downloaded candle-transformers v0.8.3
[INFO] [stderr]   Downloaded kalosm-sound v0.4.0
[INFO] [stderr]   Downloaded rwhisper v0.4.1
[INFO] [stderr]   Downloaded tokio v1.44.0
[INFO] [stderr]   Downloaded arroy v0.5.0
[INFO] [stderr]   Downloaded voice_activity_detector v0.1.1
[INFO] [stderr]   Downloaded linux-raw-sys v0.9.2
[INFO] [stderr]   Downloaded lopdf v0.35.0
[INFO] running `Command { std: "docker" "create" "-v" "/var/lib/crater-agent-workspace/builds/worker-4-tc1/source:/opt/rustwide/workdir:ro,Z" "-v" "/var/lib/crater-agent-workspace/builds/worker-4-tc1/target:/opt/rustwide/target:rw,Z" "-v" "/var/lib/crater-agent-workspace/cargo-home:/opt/rustwide/cargo-home:ro,Z" "-v" "/var/lib/crater-agent-workspace/rustup-home:/opt/rustwide/rustup-home:ro,Z" "-m" "1610612736" "--network" "none" "ghcr.io/rust-lang/crates-build-env/linux@sha256:c0af3998e971868164375a7dfb646c9933ddd1a3bdb00fa2041266763dc1eeab" "sleep" "infinity", kill_on_drop: false }`
[INFO] [stdout] fe8fedbc6a50361f5d8b0d0e429a339f5ae13ad3a108f416ac6e962fbb46f656
[INFO] running `Command { std: "docker" "start" "fe8fedbc6a50361f5d8b0d0e429a339f5ae13ad3a108f416ac6e962fbb46f656", kill_on_drop: false }`
[INFO] running `Command { std: "docker" "inspect" "fe8fedbc6a50361f5d8b0d0e429a339f5ae13ad3a108f416ac6e962fbb46f656", kill_on_drop: false }`
[INFO] running `Command { std: "docker" "exec" "-e" "SOURCE_DIR=/opt/rustwide/workdir" "-e" "CARGO_HOME=/opt/rustwide/cargo-home" "-e" "RUSTUP_HOME=/opt/rustwide/rustup-home" "-e" "CARGO_TARGET_DIR=/opt/rustwide/target" "-w" "/opt/rustwide/workdir" "--user" "0:0" "fe8fedbc6a50361f5d8b0d0e429a339f5ae13ad3a108f416ac6e962fbb46f656" "/opt/rustwide/cargo-home/bin/cargo" "+0cefa27fe3deee26fc98ee44249406358d9f0d26" "metadata" "--no-deps" "--format-version=1", kill_on_drop: false }`
[INFO] running `Command { std: "docker" "inspect" "fe8fedbc6a50361f5d8b0d0e429a339f5ae13ad3a108f416ac6e962fbb46f656", kill_on_drop: false }`
[INFO] running `Command { std: "docker" "exec" "-e" "SOURCE_DIR=/opt/rustwide/workdir" "-e" "CARGO_HOME=/opt/rustwide/cargo-home" "-e" "RUSTUP_HOME=/opt/rustwide/rustup-home" "-e" "CARGO_TARGET_DIR=/opt/rustwide/target" "-e" "CARGO_INCREMENTAL=0" "-e" "RUST_BACKTRACE=full" "-e" "RUSTFLAGS=--cap-lints=forbid" "-e" "RUSTDOCFLAGS=--cap-lints=forbid" "-w" "/opt/rustwide/workdir" "--user" "0:0" "fe8fedbc6a50361f5d8b0d0e429a339f5ae13ad3a108f416ac6e962fbb46f656" "/opt/rustwide/cargo-home/bin/cargo" "+0cefa27fe3deee26fc98ee44249406358d9f0d26" "check" "--frozen" "--all" "--all-targets" "--message-format=json", kill_on_drop: false }`
[INFO] [stderr]    Compiling libc v0.2.171
[INFO] [stderr]    Compiling libm v0.2.11
[INFO] [stderr]     Checking memchr v2.7.4
[INFO] [stderr]    Compiling num-traits v0.2.19
[INFO] [stderr]    Compiling zerocopy v0.8.23
[INFO] [stderr]    Compiling slab v0.4.9
[INFO] [stderr]    Compiling serde_derive v1.0.219
[INFO] [stderr]    Compiling bytemuck_derive v1.8.1
[INFO] [stderr]    Compiling synstructure v0.13.1
[INFO] [stderr]     Checking foldhash v0.1.4
[INFO] [stderr]     Checking rand_chacha v0.3.1
[INFO] [stderr]    Compiling futures-macro v0.3.31
[INFO] [stderr]     Checking rayon v1.10.0
[INFO] [stderr]    Compiling displaydoc v0.2.5
[INFO] [stderr]    Compiling tracing-attributes v0.1.28
[INFO] [stderr]     Checking tracing-core v0.1.33
[INFO] [stderr]     Checking hashbrown v0.15.2
[INFO] [stderr]     Checking rand v0.8.5
[INFO] [stderr]    Compiling tokio-macros v2.5.0
[INFO] [stderr]     Checking mio v1.0.3
[INFO] [stderr]    Compiling zerovec-derive v0.10.3
[INFO] [stderr]    Compiling thiserror-impl v1.0.69
[INFO] [stderr]    Compiling indexmap v2.8.0
[INFO] [stderr]    Compiling pulp v0.21.4
[INFO] [stderr]     Checking tokio v1.44.0
[INFO] [stderr]    Compiling zerofrom-derive v0.1.6
[INFO] [stderr]    Compiling yoke-derive v0.7.5
[INFO] [stderr]    Compiling getrandom v0.2.15
[INFO] [stderr]    Compiling openssl-sys v0.9.106
[INFO] [stderr]    Compiling getrandom v0.1.16
[INFO] [stderr]    Compiling icu_provider_macros v1.5.0
[INFO] [stderr]    Compiling rand_core v0.6.4
[INFO] [stderr]     Checking miniz_oxide v0.8.5
[INFO] [stderr]     Checking rand_distr v0.4.3
[INFO] [stderr]     Checking raw-cpuid v10.7.0
[INFO] [stderr]     Checking aho-corasick v1.1.3
[INFO] [stderr]     Checking bytemuck v1.22.0
[INFO] [stderr]    Compiling rand_core v0.5.1
[INFO] [stderr]     Checking num-integer v0.1.46
[INFO] [stderr]    Compiling winnow v0.7.4
[INFO] [stderr]    Compiling darling_core v0.20.10
[INFO] [stderr]     Checking thiserror v1.0.69
[INFO] [stderr]    Compiling ppv-lite86 v0.2.21
[INFO] [stderr]     Checking flate2 v1.1.0
[INFO] [stderr]     Checking tracing v0.1.41
[INFO] [stderr]     Checking num-complex v0.4.6
[INFO] [stderr]     Checking half v2.4.1
[INFO] [stderr]     Checking dyn-stack v0.13.0
[INFO] [stderr]     Checking dyn-stack v0.10.0
[INFO] [stderr]    Compiling rand_pcg v0.2.1
[INFO] [stderr]    Compiling itertools v0.14.0
[INFO] [stderr]    Compiling openssl v0.10.71
[INFO] [stderr]    Compiling anyhow v1.0.97
[INFO] [stderr]    Compiling openssl-macros v0.1.1
[INFO] [stderr]    Compiling ring v0.17.14
[INFO] [stderr]    Compiling rustix v1.0.2
[INFO] [stderr]     Checking zerofrom v0.1.6
[INFO] [stderr]    Compiling rand_chacha v0.2.2
[INFO] [stderr]     Checking yoke v0.7.5
[INFO] [stderr]     Checking pulp v0.18.22
[INFO] [stderr]     Checking regex-automata v0.4.9
[INFO] [stderr]    Compiling native-tls v0.2.14
[INFO] [stderr]     Checking num-bigint v0.4.6
[INFO] [stderr]    Compiling phf_shared v0.8.0
[INFO] [stderr]     Checking zerovec v0.10.4
[INFO] [stderr]     Checking console v0.15.11
[INFO] [stderr]    Compiling rand v0.7.3
[INFO] [stderr]     Checking num-iter v0.1.45
[INFO] [stderr]     Checking memmap2 v0.9.5
[INFO] [stderr]    Compiling zip v1.1.4
[INFO] [stderr]     Checking nom v7.1.3
[INFO] [stderr]     Checking indicatif v0.17.11
[INFO] [stderr]     Checking libloading v0.8.6
[INFO] [stderr]    Compiling rustls v0.23.23
[INFO] [stderr]    Compiling onig_sys v69.8.1
[INFO] [stderr]     Checking gemm-common v0.17.1
[INFO] [stderr]    Compiling thiserror-impl v2.0.12
[INFO] [stderr]     Checking tinystr v0.7.6
[INFO] [stderr]     Checking icu_collections v1.5.0
[INFO] [stderr]     Checking serde v1.0.219
[INFO] [stderr]     Checking num-rational v0.4.2
[INFO] [stderr]     Checking icu_locid v1.5.0
[INFO] [stderr]    Compiling phf_generator v0.11.3
[INFO] [stderr]    Compiling phf_generator v0.8.0
[INFO] [stderr]     Checking gemm-f32 v0.17.1
[INFO] [stderr]    Compiling phf_codegen v0.8.0
[INFO] [stderr]    Compiling string_cache_codegen v0.5.4
[INFO] [stderr]    Compiling phf_macros v0.11.3
[INFO] [stderr]     Checking gemm-c32 v0.17.1
[INFO] [stderr]     Checking num v0.4.3
[INFO] [stderr]     Checking gemm-c64 v0.17.1
[INFO] [stderr]     Checking gemm-f64 v0.17.1
[INFO] [stderr]    Compiling prost-derive v0.13.5
[INFO] [stderr]     Checking gemm-f16 v0.17.1
[INFO] [stderr]    Compiling markup5ever v0.10.1
[INFO] [stderr]    Compiling phf v0.11.3
[INFO] [stderr]     Checking icu_provider v1.5.0
[INFO] [stderr]     Checking concurrent-queue v2.5.0
[INFO] [stderr]    Compiling toml_edit v0.22.24
[INFO] [stderr]     Checking dirs-sys v0.4.1
[INFO] [stderr]     Checking thiserror v2.0.12
[INFO] [stderr]    Compiling doxygen-rs v0.4.2
[INFO] [stderr]    Compiling phf_codegen v0.11.3
[INFO] [stderr]     Checking event-listener v5.4.0
[INFO] [stderr]    Compiling phf_generator v0.10.0
[INFO] [stderr]    Compiling darling_macro v0.20.10
[INFO] [stderr]     Checking icu_locid_transform v1.5.0
[INFO] [stderr]     Checking phf v0.8.0
[INFO] [stderr]    Compiling syn v1.0.109
[INFO] [stderr]     Checking webpki-roots v0.26.8
[INFO] [stderr]     Checking regex v1.10.6
[INFO] [stderr]     Checking block-padding v0.3.3
[INFO] [stderr]    Compiling esaxx-rs v0.1.10
[INFO] [stderr]    Compiling getrandom v0.3.1
[INFO] [stderr]    Compiling darling v0.20.10
[INFO] [stderr]     Checking bit-set v0.5.3
[INFO] [stderr]    Compiling derive_builder_core v0.20.2
[INFO] [stderr]    Compiling lmdb-master-sys v0.2.4
[INFO] [stderr]     Checking inout v0.1.4
[INFO] [stderr]     Checking gemm v0.17.1
[INFO] [stderr]     Checking event-listener-strategy v0.5.3
[INFO] [stderr]    Compiling phf_codegen v0.10.0
[INFO] [stderr]    Compiling markup5ever v0.12.1
[INFO] [stderr]     Checking dirs v5.0.1
[INFO] [stderr]     Checking kalosm-model-types v0.4.0
[INFO] [stderr]    Compiling monostate-impl v0.1.14
[INFO] [stderr]    Compiling kalosm-parse-macro v0.4.1
[INFO] [stderr]     Checking itertools v0.11.0
[INFO] [stderr]    Compiling indexmap v1.9.3
[INFO] [stderr]    Compiling regex-syntax v0.8.5
[INFO] [stderr]    Compiling macro_rules_attribute-proc_macro v0.2.0
[INFO] [stderr]     Checking icu_properties v1.5.1
[INFO] [stderr]    Compiling prettyplease v0.2.30
[INFO] [stderr]    Compiling bitflags v2.9.0
[INFO] [stderr]    Compiling linux-raw-sys v0.9.2
[INFO] [stderr] warning: onig_sys@69.8.1: oniguruma/src/regparse.c: In function 'onig_st_init_strend_table_with_size':
[INFO] [stderr] warning: onig_sys@69.8.1: oniguruma/src/regparse.c:588:5: error: initialization of 'int (*)(void)' from incompatible pointer type 'int (*)(st_str_end_key *, st_str_end_key *)' [-Wincompatible-pointer-types]
[INFO] [stderr] warning: onig_sys@69.8.1:   588 |     str_end_cmp,
[INFO] [stderr] warning: onig_sys@69.8.1:       |     ^~~~~~~~~~~
[INFO] [stderr] warning: onig_sys@69.8.1: oniguruma/src/regparse.c:588:5: note: (near initialization for 'hashType.compare')
[INFO] [stderr] warning: onig_sys@69.8.1: oniguruma/src/regparse.c:550:1: note: 'str_end_cmp' declared here
[INFO] [stderr] warning: onig_sys@69.8.1:   550 | str_end_cmp(st_str_end_key* x, st_str_end_key* y)
[INFO] [stderr] warning: onig_sys@69.8.1:       | ^~~~~~~~~~~
[INFO] [stderr] warning: onig_sys@69.8.1: oniguruma/src/regparse.c:589:5: error: initialization of 'int (*)(void)' from incompatible pointer type 'int (*)(st_str_end_key *)' [-Wincompatible-pointer-types]
[INFO] [stderr] warning: onig_sys@69.8.1:   589 |     str_end_hash,
[INFO] [stderr] warning: onig_sys@69.8.1:       |     ^~~~~~~~~~~~
[INFO] [stderr] warning: onig_sys@69.8.1: oniguruma/src/regparse.c:589:5: note: (near initialization for 'hashType.hash')
[INFO] [stderr] warning: onig_sys@69.8.1: oniguruma/src/regparse.c:571:1: note: 'str_end_hash' declared here
[INFO] [stderr] warning: onig_sys@69.8.1:   571 | str_end_hash(st_str_end_key* x)
[INFO] [stderr] warning: onig_sys@69.8.1:       | ^~~~~~~~~~~~
[INFO] [stderr] warning: onig_sys@69.8.1: oniguruma/src/regparse.c: In function 'onig_st_init_callout_name_table_with_size':
[INFO] [stderr] warning: onig_sys@69.8.1: oniguruma/src/regparse.c:678:5: error: initialization of 'int (*)(void)' from incompatible pointer type 'int (*)(st_callout_name_key *, st_callout_name_key *)' [-Wincompatible-pointer-types]
[INFO] [stderr] warning: onig_sys@69.8.1:   678 |     callout_name_table_cmp,
[INFO] [stderr] warning: onig_sys@69.8.1:       |     ^~~~~~~~~~~~~~~~~~~~~~
[INFO] [stderr] warning: onig_sys@69.8.1: oniguruma/src/regparse.c:678:5: note: (near initialization for 'hashType.compare')
[INFO] [stderr] warning: onig_sys@69.8.1: oniguruma/src/regparse.c:637:1: note: 'callout_name_table_cmp' declared here
[INFO] [stderr] warning: onig_sys@69.8.1:   637 | callout_name_table_cmp(st_callout_name_key* x, st_callout_name_key* y)
[INFO] [stderr] warning: onig_sys@69.8.1:       | ^~~~~~~~~~~~~~~~~~~~~~
[INFO] [stderr] warning: onig_sys@69.8.1: oniguruma/src/regparse.c:679:5: error: initialization of 'int (*)(void)' from incompatible pointer type 'int (*)(st_callout_name_key *)' [-Wincompatible-pointer-types]
[INFO] [stderr] warning: onig_sys@69.8.1:   679 |     callout_name_table_hash,
[INFO] [stderr] warning: onig_sys@69.8.1:       |     ^~~~~~~~~~~~~~~~~~~~~~~
[INFO] [stderr] warning: onig_sys@69.8.1: oniguruma/src/regparse.c:679:5: note: (near initialization for 'hashType.hash')
[INFO] [stderr] warning: onig_sys@69.8.1: oniguruma/src/regparse.c:660:1: note: 'callout_name_table_hash' declared here
[INFO] [stderr] warning: onig_sys@69.8.1:   660 | callout_name_table_hash(st_callout_name_key* x)
[INFO] [stderr] warning: onig_sys@69.8.1:       | ^~~~~~~~~~~~~~~~~~~~~~~
[INFO] [stderr] warning: onig_sys@69.8.1: oniguruma/src/regparse.c: In function 'names_clear':
[INFO] [stderr] warning: onig_sys@69.8.1: oniguruma/src/regparse.c:804:24: error: passing argument 2 of 'onig_st_foreach' from incompatible pointer type [-Wincompatible-pointer-types]
[INFO] [stderr] warning: onig_sys@69.8.1:   804 |     onig_st_foreach(t, i_free_name_entry, 0);
[INFO] [stderr] warning: onig_sys@69.8.1:       |                        ^~~~~~~~~~~~~~~~~
[INFO] [stderr] warning: onig_sys@69.8.1:       |                        |
[INFO] [stderr] warning: onig_sys@69.8.1:       |                        int (*)(OnigUChar *, NameEntry *, void *) {aka int (*)(unsigned char *, NameEntry *, void *)}
[INFO] [stderr] warning: onig_sys@69.8.1: In file included from oniguruma/src/regparse.c:37:
[INFO] [stderr] warning: onig_sys@69.8.1: oniguruma/src/st.h:55:31: note: expected 'int (*)(void)' but argument is of type 'int (*)(OnigUChar *, NameEntry *, void *)' {aka 'int (*)(unsigned char *, NameEntry *, void *)'}
[INFO] [stderr] warning: onig_sys@69.8.1:    55 | int st_foreach _((st_table *, int (*)(ANYARGS), st_data_t));
[INFO] [stderr] warning: onig_sys@69.8.1:       |                               ^~~~~~~~~~~~~~~~
[INFO] [stderr] warning: onig_sys@69.8.1: oniguruma/src/st.h:35:18: note: in definition of macro '_'
[INFO] [stderr] warning: onig_sys@69.8.1:    35 | # define _(args) args
[INFO] [stderr] warning: onig_sys@69.8.1:       |                  ^~~~
[INFO] [stderr] warning: onig_sys@69.8.1: oniguruma/src/regparse.c:789:1: note: 'i_free_name_entry' declared here
[INFO] [stderr] warning: onig_sys@69.8.1:   789 | i_free_name_entry(UChar* key, NameEntry* e, void* arg ARG_UNUSED)
[INFO] [stderr] warning: onig_sys@69.8.1:       | ^~~~~~~~~~~~~~~~~
[INFO] [stderr] warning: onig_sys@69.8.1: oniguruma/src/regparse.c: In function 'onig_foreach_name':
[INFO] [stderr] warning: onig_sys@69.8.1: oniguruma/src/regparse.c:873:24: error: passing argument 2 of 'onig_st_foreach' from incompatible pointer type [-Wincompatible-pointer-types]
[INFO] [stderr] warning: onig_sys@69.8.1:   873 |     onig_st_foreach(t, i_names, (HashDataType )&narg);
[INFO] [stderr] warning: onig_sys@69.8.1:       |                        ^~~~~~~
[INFO] [stderr] warning: onig_sys@69.8.1:       |                        |
[INFO] [stderr] warning: onig_sys@69.8.1:       |                        int (*)(OnigUChar *, NameEntry *, INamesArg *) {aka int (*)(unsigned char *, NameEntry *, INamesArg *)}
[INFO] [stderr] warning: onig_sys@69.8.1: oniguruma/src/st.h:55:31: note: expected 'int (*)(void)' but argument is of type 'int (*)(OnigUChar *, NameEntry *, INamesArg *)' {aka 'int (*)(unsigned char *, NameEntry *, INamesArg *)'}
[INFO] [stderr] warning: onig_sys@69.8.1:    55 | int st_foreach _((st_table *, int (*)(ANYARGS), st_data_t));
[INFO] [stderr] warning: onig_sys@69.8.1:       |                               ^~~~~~~~~~~~~~~~
[INFO] [stderr] warning: onig_sys@69.8.1: oniguruma/src/st.h:35:18: note: in definition of macro '_'
[INFO] [stderr] warning: onig_sys@69.8.1:    35 | # define _(args) args
[INFO] [stderr] warning: onig_sys@69.8.1:       |                  ^~~~
[INFO] [stderr] warning: onig_sys@69.8.1: oniguruma/src/regparse.c:846:1: note: 'i_names' declared here
[INFO] [stderr] warning: onig_sys@69.8.1:   846 | i_names(UChar* key ARG_UNUSED, NameEntry* e, INamesArg* arg)
[INFO] [stderr] warning: onig_sys@69.8.1:       | ^~~~~~~
[INFO] [stderr] warning: onig_sys@69.8.1: oniguruma/src/regparse.c: In function 'onig_renumber_name_table':
[INFO] [stderr] warning: onig_sys@69.8.1: oniguruma/src/regparse.c:901:24: error: passing argument 2 of 'onig_st_foreach' from incompatible pointer type [-Wincompatible-pointer-types]
[INFO] [stderr] warning: onig_sys@69.8.1:   901 |     onig_st_foreach(t, i_renumber_name, (HashDataType )map);
[INFO] [stderr] warning: onig_sys@69.8.1:       |                        ^~~~~~~~~~~~~~~
[INFO] [stderr] warning: onig_sys@69.8.1:       |                        |
[INFO] [stderr] warning: onig_sys@69.8.1:       |                        int (*)(OnigUChar *, NameEntry *, GroupNumMap *) {aka int (*)(unsigned char *, NameEntry *, GroupNumMap *)}
[INFO] [stderr] warning: onig_sys@69.8.1: oniguruma/src/st.h:55:31: note: expected 'int (*)(void)' but argument is of type 'int (*)(OnigUChar *, NameEntry *, GroupNumMap *)' {aka 'int (*)(unsigned char *, NameEntry *, GroupNumMap *)'}
[INFO] [stderr] warning: onig_sys@69.8.1:    55 | int st_foreach _((st_table *, int (*)(ANYARGS), st_data_t));
[INFO] [stderr] warning: onig_sys@69.8.1:       |                               ^~~~~~~~~~~~~~~~
[INFO] [stderr] warning: onig_sys@69.8.1: oniguruma/src/st.h:35:18: note: in definition of macro '_'
[INFO] [stderr] warning: onig_sys@69.8.1:    35 | # define _(args) args
[INFO] [stderr] warning: onig_sys@69.8.1:       |                  ^~~~
[INFO] [stderr] warning: onig_sys@69.8.1: oniguruma/src/regparse.c:879:1: note: 'i_renumber_name' declared here
[INFO] [stderr] warning: onig_sys@69.8.1:   879 | i_renumber_name(UChar* key ARG_UNUSED, NameEntry* e, GroupNumMap* map)
[INFO] [stderr] warning: onig_sys@69.8.1:       | ^~~~~~~~~~~~~~~
[INFO] [stderr] warning: onig_sys@69.8.1: oniguruma/src/regparse.c: In function 'callout_name_table_clear':
[INFO] [stderr] warning: onig_sys@69.8.1: oniguruma/src/regparse.c:1386:24: error: passing argument 2 of 'onig_st_foreach' from incompatible pointer type [-Wincompatible-pointer-types]
[INFO] [stderr] warning: onig_sys@69.8.1:  1386 |     onig_st_foreach(t, i_free_callout_name_entry, 0);
[INFO] [stderr] warning: onig_sys@69.8.1:       |                        ^~~~~~~~~~~~~~~~~~~~~~~~~
[INFO] [stderr] warning: onig_sys@69.8.1:       |                        |
[INFO] [stderr] warning: onig_sys@69.8.1:       |                        int (*)(st_callout_name_key *, CalloutNameEntry *, void *)
[INFO] [stderr] warning: onig_sys@69.8.1: oniguruma/src/st.h:55:31: note: expected 'int (*)(void)' but argument is of type 'int (*)(st_callout_name_key *, CalloutNameEntry *, void *)'
[INFO] [stderr] warning: onig_sys@69.8.1:    55 | int st_foreach _((st_table *, int (*)(ANYARGS), st_data_t));
[INFO] [stderr] warning: onig_sys@69.8.1:       |                               ^~~~~~~~~~~~~~~~
[INFO] [stderr] warning: onig_sys@69.8.1: oniguruma/src/st.h:35:18: note: in definition of macro '_'
[INFO] [stderr] warning: onig_sys@69.8.1:    35 | # define _(args) args
[INFO] [stderr] warning: onig_sys@69.8.1:       |                  ^~~~
[INFO] [stderr] warning: onig_sys@69.8.1: oniguruma/src/regparse.c:1370:1: note: 'i_free_callout_name_entry' declared here
[INFO] [stderr] warning: onig_sys@69.8.1:  1370 | i_free_callout_name_entry(st_callout_name_key* key, CalloutNameEntry* e,
[INFO] [stderr] warning: onig_sys@69.8.1:       | ^~~~~~~~~~~~~~~~~~~~~~~~~
[INFO] [stderr] warning: onig_sys@69.8.1: oniguruma/src/regparse.c: In function 'setup_ext_callout_list_values':
[INFO] [stderr] warning: onig_sys@69.8.1: oniguruma/src/regparse.c:1884:56: error: passing argument 2 of 'onig_st_foreach' from incompatible pointer type [-Wincompatible-pointer-types]
[INFO] [stderr] warning: onig_sys@69.8.1:  1884 |     onig_st_foreach((CalloutTagTable *)ext->tag_table, i_callout_callout_list_set,
[INFO] [stderr] warning: onig_sys@69.8.1:       |                                                        ^~~~~~~~~~~~~~~~~~~~~~~~~~
[INFO] [stderr] warning: onig_sys@69.8.1:       |                                                        |
[INFO] [stderr] warning: onig_sys@69.8.1:       |                                                        int (*)(OnigUChar *, CalloutTagVal,  void *) {aka int (*)(unsigned char *, long int,  void *)}
[INFO] [stderr] warning: onig_sys@69.8.1: oniguruma/src/st.h:55:31: note: expected 'int (*)(void)' but argument is of type 'int (*)(OnigUChar *, CalloutTagVal,  void *)' {aka 'int (*)(unsigned char *, long int,  void *)'}
[INFO] [stderr] warning: onig_sys@69.8.1:    55 | int st_foreach _((st_table *, int (*)(ANYARGS), st_data_t));
[INFO] [stderr] warning: onig_sys@69.8.1:       |                               ^~~~~~~~~~~~~~~~
[INFO] [stderr] warning: onig_sys@69.8.1: oniguruma/src/st.h:35:18: note: in definition of macro '_'
[INFO] [stderr] warning: onig_sys@69.8.1:    35 | # define _(args) args
[INFO] [stderr] warning: onig_sys@69.8.1:       |                  ^~~~
[INFO] [stderr] warning: onig_sys@69.8.1: oniguruma/src/regparse.c:1866:1: note: 'i_callout_callout_list_set' declared here
[INFO] [stderr] warning: onig_sys@69.8.1:  1866 | i_callout_callout_list_set(UChar* key, CalloutTagVal e, void* arg)
[INFO] [stderr] warning: onig_sys@69.8.1:       | ^~~~~~~~~~~~~~~~~~~~~~~~~~
[INFO] [stderr] warning: onig_sys@69.8.1: oniguruma/src/regparse.c: In function 'callout_tag_table_clear':
[INFO] [stderr] warning: onig_sys@69.8.1: oniguruma/src/regparse.c:1932:24: error: passing argument 2 of 'onig_st_foreach' from incompatible pointer type [-Wincompatible-pointer-types]
[INFO] [stderr] warning: onig_sys@69.8.1:  1932 |     onig_st_foreach(t, i_free_callout_tag_entry, 0);
[INFO] [stderr] warning: onig_sys@69.8.1:       |                        ^~~~~~~~~~~~~~~~~~~~~~~~
[INFO] [stderr] warning: onig_sys@69.8.1:       |                        |
[INFO] [stderr] warning: onig_sys@69.8.1:       |                        int (*)(OnigUChar *, CalloutTagVal,  void *) {aka int (*)(unsigned char *, long int,  void *)}
[INFO] [stderr] warning: onig_sys@69.8.1: oniguruma/src/st.h:55:31: note: expected 'int (*)(void)' but argument is of type 'int (*)(OnigUChar *, CalloutTagVal,  void *)' {aka 'int (*)(unsigned char *, long int,  void *)'}
[INFO] [stderr] warning: onig_sys@69.8.1:    55 | int st_foreach _((st_table *, int (*)(ANYARGS), st_data_t));
[INFO] [stderr] warning: onig_sys@69.8.1:       |                               ^~~~~~~~~~~~~~~~
[INFO] [stderr] warning: onig_sys@69.8.1: oniguruma/src/st.h:35:18: note: in definition of macro '_'
[INFO] [stderr] warning: onig_sys@69.8.1:    35 | # define _(args) args
[INFO] [stderr] warning: onig_sys@69.8.1:       |                  ^~~~
[INFO] [stderr] warning: onig_sys@69.8.1: oniguruma/src/regparse.c:1922:1: note: 'i_free_callout_tag_entry' declared here
[INFO] [stderr] warning: onig_sys@69.8.1:  1922 | i_free_callout_tag_entry(UChar* key, CalloutTagVal e, void* arg ARG_UNUSED)
[INFO] [stderr] warning: onig_sys@69.8.1:       | ^~~~~~~~~~~~~~~~~~~~~~~~
[INFO] [stderr] error: failed to run custom build command for `onig_sys v69.8.1`
[INFO] [stderr] note: To improve backtraces for build dependencies, set the CARGO_PROFILE_DEV_BUILD_OVERRIDE_DEBUG=true environment variable to enable debug information generation.
[INFO] [stderr] 
[INFO] [stderr] Caused by:
[INFO] [stderr]   process didn't exit successfully: `/opt/rustwide/target/debug/build/onig_sys/a4642489d809e578/out/build_script_build` (exit status: 1)
[INFO] [stderr]   --- stdout
[INFO] [stderr]   cargo:rerun-if-env-changed=RUSTONIG_DYNAMIC_LIBONIG
[INFO] [stderr]   cargo:rerun-if-env-changed=RUSTONIG_STATIC_LIBONIG
[INFO] [stderr]   cargo:rerun-if-env-changed=RUSTONIG_SYSTEM_LIBONIG
[INFO] [stderr]   OUT_DIR = Some(/opt/rustwide/target/debug/build/onig_sys/54bb18761f1bd1c4/out)
[INFO] [stderr]   OPT_LEVEL = Some(0)
[INFO] [stderr]   TARGET = Some(x86_64-unknown-linux-gnu)
[INFO] [stderr]   HOST = Some(x86_64-unknown-linux-gnu)
[INFO] [stderr]   cargo:rerun-if-env-changed=CC_x86_64-unknown-linux-gnu
[INFO] [stderr]   CC_x86_64-unknown-linux-gnu = None
[INFO] [stderr]   cargo:rerun-if-env-changed=CC_x86_64_unknown_linux_gnu
[INFO] [stderr]   CC_x86_64_unknown_linux_gnu = None
[INFO] [stderr]   cargo:rerun-if-env-changed=HOST_CC
[INFO] [stderr]   HOST_CC = None
[INFO] [stderr]   cargo:rerun-if-env-changed=CC
[INFO] [stderr]   CC = None
[INFO] [stderr]   cargo:rerun-if-env-changed=CC_ENABLE_DEBUG_OUTPUT
[INFO] [stderr]   RUSTC_WRAPPER = None
[INFO] [stderr]   cargo:rerun-if-env-changed=CRATE_CC_NO_DEFAULTS
[INFO] [stderr]   CRATE_CC_NO_DEFAULTS = None
[INFO] [stderr]   DEBUG = Some(true)
[INFO] [stderr]   CARGO_CFG_TARGET_FEATURE = Some(fxsr,sse,sse2,x87)
[INFO] [stderr]   cargo:rerun-if-env-changed=CFLAGS
[INFO] [stderr]   CFLAGS = None
[INFO] [stderr]   cargo:rerun-if-env-changed=HOST_CFLAGS
[INFO] [stderr]   HOST_CFLAGS = None
[INFO] [stderr]   cargo:rerun-if-env-changed=CFLAGS_x86_64_unknown_linux_gnu
[INFO] [stderr]   CFLAGS_x86_64_unknown_linux_gnu = None
[INFO] [stderr]   cargo:rerun-if-env-changed=CFLAGS_x86_64-unknown-linux-gnu
[INFO] [stderr]   CFLAGS_x86_64-unknown-linux-gnu = None
[INFO] [stderr]   CARGO_ENCODED_RUSTFLAGS = Some(--cap-lints=forbid)
[INFO] [stderr]   cargo:warning=oniguruma/src/regparse.c: In function 'onig_st_init_strend_table_with_size':
[INFO] [stderr]   cargo:warning=oniguruma/src/regparse.c:588:5: error: initialization of 'int (*)(void)' from incompatible pointer type 'int (*)(st_str_end_key *, st_str_end_key *)' [-Wincompatible-pointer-types]
[INFO] [stderr]   cargo:warning=  588 |     str_end_cmp,
[INFO] [stderr]   cargo:warning=      |     ^~~~~~~~~~~
[INFO] [stderr]   cargo:warning=oniguruma/src/regparse.c:588:5: note: (near initialization for 'hashType.compare')
[INFO] [stderr]   cargo:warning=oniguruma/src/regparse.c:550:1: note: 'str_end_cmp' declared here
[INFO] [stderr]   cargo:warning=  550 | str_end_cmp(st_str_end_key* x, st_str_end_key* y)
[INFO] [stderr]   cargo:warning=      | ^~~~~~~~~~~
[INFO] [stderr]   cargo:warning=oniguruma/src/regparse.c:589:5: error: initialization of 'int (*)(void)' from incompatible pointer type 'int (*)(st_str_end_key *)' [-Wincompatible-pointer-types]
[INFO] [stderr]   cargo:warning=  589 |     str_end_hash,
[INFO] [stderr]   cargo:warning=      |     ^~~~~~~~~~~~
[INFO] [stderr]   cargo:warning=oniguruma/src/regparse.c:589:5: note: (near initialization for 'hashType.hash')
[INFO] [stderr]   cargo:warning=oniguruma/src/regparse.c:571:1: note: 'str_end_hash' declared here
[INFO] [stderr]   cargo:warning=  571 | str_end_hash(st_str_end_key* x)
[INFO] [stderr]   cargo:warning=      | ^~~~~~~~~~~~
[INFO] [stderr]   cargo:warning=oniguruma/src/regparse.c: In function 'onig_st_init_callout_name_table_with_size':
[INFO] [stderr]   cargo:warning=oniguruma/src/regparse.c:678:5: error: initialization of 'int (*)(void)' from incompatible pointer type 'int (*)(st_callout_name_key *, st_callout_name_key *)' [-Wincompatible-pointer-types]
[INFO] [stderr]   cargo:warning=  678 |     callout_name_table_cmp,
[INFO] [stderr]   cargo:warning=      |     ^~~~~~~~~~~~~~~~~~~~~~
[INFO] [stderr]   cargo:warning=oniguruma/src/regparse.c:678:5: note: (near initialization for 'hashType.compare')
[INFO] [stderr]   cargo:warning=oniguruma/src/regparse.c:637:1: note: 'callout_name_table_cmp' declared here
[INFO] [stderr]   cargo:warning=  637 | callout_name_table_cmp(st_callout_name_key* x, st_callout_name_key* y)
[INFO] [stderr]   cargo:warning=      | ^~~~~~~~~~~~~~~~~~~~~~
[INFO] [stderr]   cargo:warning=oniguruma/src/regparse.c:679:5: error: initialization of 'int (*)(void)' from incompatible pointer type 'int (*)(st_callout_name_key *)' [-Wincompatible-pointer-types]
[INFO] [stderr]   cargo:warning=  679 |     callout_name_table_hash,
[INFO] [stderr]   cargo:warning=      |     ^~~~~~~~~~~~~~~~~~~~~~~
[INFO] [stderr]   cargo:warning=oniguruma/src/regparse.c:679:5: note: (near initialization for 'hashType.hash')
[INFO] [stderr]   cargo:warning=oniguruma/src/regparse.c:660:1: note: 'callout_name_table_hash' declared here
[INFO] [stderr]   cargo:warning=  660 | callout_name_table_hash(st_callout_name_key* x)
[INFO] [stderr]   cargo:warning=      | ^~~~~~~~~~~~~~~~~~~~~~~
[INFO] [stderr]   cargo:warning=oniguruma/src/regparse.c: In function 'names_clear':
[INFO] [stderr]   cargo:warning=oniguruma/src/regparse.c:804:24: error: passing argument 2 of 'onig_st_foreach' from incompatible pointer type [-Wincompatible-pointer-types]
[INFO] [stderr]   cargo:warning=  804 |     onig_st_foreach(t, i_free_name_entry, 0);
[INFO] [stderr]   cargo:warning=      |                        ^~~~~~~~~~~~~~~~~
[INFO] [stderr]   cargo:warning=      |                        |
[INFO] [stderr]   cargo:warning=      |                        int (*)(OnigUChar *, NameEntry *, void *) {aka int (*)(unsigned char *, NameEntry *, void *)}
[INFO] [stderr]   cargo:warning=In file included from oniguruma/src/regparse.c:37:
[INFO] [stderr]   cargo:warning=oniguruma/src/st.h:55:31: note: expected 'int (*)(void)' but argument is of type 'int (*)(OnigUChar *, NameEntry *, void *)' {aka 'int (*)(unsigned char *, NameEntry *, void *)'}
[INFO] [stderr]   cargo:warning=   55 | int st_foreach _((st_table *, int (*)(ANYARGS), st_data_t));
[INFO] [stderr]   cargo:warning=      |                               ^~~~~~~~~~~~~~~~
[INFO] [stderr]   cargo:warning=oniguruma/src/st.h:35:18: note: in definition of macro '_'
[INFO] [stderr]   cargo:warning=   35 | # define _(args) args
[INFO] [stderr]   cargo:warning=      |                  ^~~~
[INFO] [stderr]   cargo:warning=oniguruma/src/regparse.c:789:1: note: 'i_free_name_entry' declared here
[INFO] [stderr]   cargo:warning=  789 | i_free_name_entry(UChar* key, NameEntry* e, void* arg ARG_UNUSED)
[INFO] [stderr]   cargo:warning=      | ^~~~~~~~~~~~~~~~~
[INFO] [stderr]   cargo:warning=oniguruma/src/regparse.c: In function 'onig_foreach_name':
[INFO] [stderr]   cargo:warning=oniguruma/src/regparse.c:873:24: error: passing argument 2 of 'onig_st_foreach' from incompatible pointer type [-Wincompatible-pointer-types]
[INFO] [stderr]   cargo:warning=  873 |     onig_st_foreach(t, i_names, (HashDataType )&narg);
[INFO] [stderr]   cargo:warning=      |                        ^~~~~~~
[INFO] [stderr]   cargo:warning=      |                        |
[INFO] [stderr]   cargo:warning=      |                        int (*)(OnigUChar *, NameEntry *, INamesArg *) {aka int (*)(unsigned char *, NameEntry *, INamesArg *)}
[INFO] [stderr]   cargo:warning=oniguruma/src/st.h:55:31: note: expected 'int (*)(void)' but argument is of type 'int (*)(OnigUChar *, NameEntry *, INamesArg *)' {aka 'int (*)(unsigned char *, NameEntry *, INamesArg *)'}
[INFO] [stderr]   cargo:warning=   55 | int st_foreach _((st_table *, int (*)(ANYARGS), st_data_t));
[INFO] [stderr]   cargo:warning=      |                               ^~~~~~~~~~~~~~~~
[INFO] [stderr]   cargo:warning=oniguruma/src/st.h:35:18: note: in definition of macro '_'
[INFO] [stderr]   cargo:warning=   35 | # define _(args) args
[INFO] [stderr]   cargo:warning=      |                  ^~~~
[INFO] [stderr]   cargo:warning=oniguruma/src/regparse.c:846:1: note: 'i_names' declared here
[INFO] [stderr]   cargo:warning=  846 | i_names(UChar* key ARG_UNUSED, NameEntry* e, INamesArg* arg)
[INFO] [stderr]   cargo:warning=      | ^~~~~~~
[INFO] [stderr]   cargo:warning=oniguruma/src/regparse.c: In function 'onig_renumber_name_table':
[INFO] [stderr]   cargo:warning=oniguruma/src/regparse.c:901:24: error: passing argument 2 of 'onig_st_foreach' from incompatible pointer type [-Wincompatible-pointer-types]
[INFO] [stderr]   cargo:warning=  901 |     onig_st_foreach(t, i_renumber_name, (HashDataType )map);
[INFO] [stderr]   cargo:warning=      |                        ^~~~~~~~~~~~~~~
[INFO] [stderr]   cargo:warning=      |                        |
[INFO] [stderr]   cargo:warning=      |                        int (*)(OnigUChar *, NameEntry *, GroupNumMap *) {aka int (*)(unsigned char *, NameEntry *, GroupNumMap *)}
[INFO] [stderr]   cargo:warning=oniguruma/src/st.h:55:31: note: expected 'int (*)(void)' but argument is of type 'int (*)(OnigUChar *, NameEntry *, GroupNumMap *)' {aka 'int (*)(unsigned char *, NameEntry *, GroupNumMap *)'}
[INFO] [stderr]   cargo:warning=   55 | int st_foreach _((st_table *, int (*)(ANYARGS), st_data_t));
[INFO] [stderr]   cargo:warning=      |                               ^~~~~~~~~~~~~~~~
[INFO] [stderr]   cargo:warning=oniguruma/src/st.h:35:18: note: in definition of macro '_'
[INFO] [stderr]   cargo:warning=   35 | # define _(args) args
[INFO] [stderr]   cargo:warning=      |                  ^~~~
[INFO] [stderr]   cargo:warning=oniguruma/src/regparse.c:879:1: note: 'i_renumber_name' declared here
[INFO] [stderr]   cargo:warning=  879 | i_renumber_name(UChar* key ARG_UNUSED, NameEntry* e, GroupNumMap* map)
[INFO] [stderr]   cargo:warning=      | ^~~~~~~~~~~~~~~
[INFO] [stderr]   cargo:warning=oniguruma/src/regparse.c: In function 'callout_name_table_clear':
[INFO] [stderr]   cargo:warning=oniguruma/src/regparse.c:1386:24: error: passing argument 2 of 'onig_st_foreach' from incompatible pointer type [-Wincompatible-pointer-types]
[INFO] [stderr]   cargo:warning= 1386 |     onig_st_foreach(t, i_free_callout_name_entry, 0);
[INFO] [stderr]   cargo:warning=      |                        ^~~~~~~~~~~~~~~~~~~~~~~~~
[INFO] [stderr]   cargo:warning=      |                        |
[INFO] [stderr]   cargo:warning=      |                        int (*)(st_callout_name_key *, CalloutNameEntry *, void *)
[INFO] [stderr]   cargo:warning=oniguruma/src/st.h:55:31: note: expected 'int (*)(void)' but argument is of type 'int (*)(st_callout_name_key *, CalloutNameEntry *, void *)'
[INFO] [stderr]   cargo:warning=   55 | int st_foreach _((st_table *, int (*)(ANYARGS), st_data_t));
[INFO] [stderr]   cargo:warning=      |                               ^~~~~~~~~~~~~~~~
[INFO] [stderr]   cargo:warning=oniguruma/src/st.h:35:18: note: in definition of macro '_'
[INFO] [stderr]   cargo:warning=   35 | # define _(args) args
[INFO] [stderr]   cargo:warning=      |                  ^~~~
[INFO] [stderr]   cargo:warning=oniguruma/src/regparse.c:1370:1: note: 'i_free_callout_name_entry' declared here
[INFO] [stderr]   cargo:warning= 1370 | i_free_callout_name_entry(st_callout_name_key* key, CalloutNameEntry* e,
[INFO] [stderr]   cargo:warning=      | ^~~~~~~~~~~~~~~~~~~~~~~~~
[INFO] [stderr]   cargo:warning=oniguruma/src/regparse.c: In function 'setup_ext_callout_list_values':
[INFO] [stderr]   cargo:warning=oniguruma/src/regparse.c:1884:56: error: passing argument 2 of 'onig_st_foreach' from incompatible pointer type [-Wincompatible-pointer-types]
[INFO] [stderr]   cargo:warning= 1884 |     onig_st_foreach((CalloutTagTable *)ext->tag_table, i_callout_callout_list_set,
[INFO] [stderr]   cargo:warning=      |                                                        ^~~~~~~~~~~~~~~~~~~~~~~~~~
[INFO] [stderr]   cargo:warning=      |                                                        |
[INFO] [stderr]   cargo:warning=      |                                                        int (*)(OnigUChar *, CalloutTagVal,  void *) {aka int (*)(unsigned char *, long int,  void *)}
[INFO] [stderr]   cargo:warning=oniguruma/src/st.h:55:31: note: expected 'int (*)(void)' but argument is of type 'int (*)(OnigUChar *, CalloutTagVal,  void *)' {aka 'int (*)(unsigned char *, long int,  void *)'}
[INFO] [stderr]   cargo:warning=   55 | int st_foreach _((st_table *, int (*)(ANYARGS), st_data_t));
[INFO] [stderr]   cargo:warning=      |                               ^~~~~~~~~~~~~~~~
[INFO] [stderr]   cargo:warning=oniguruma/src/st.h:35:18: note: in definition of macro '_'
[INFO] [stderr]   cargo:warning=   35 | # define _(args) args
[INFO] [stderr]   cargo:warning=      |                  ^~~~
[INFO] [stderr]   cargo:warning=oniguruma/src/regparse.c:1866:1: note: 'i_callout_callout_list_set' declared here
[INFO] [stderr]   cargo:warning= 1866 | i_callout_callout_list_set(UChar* key, CalloutTagVal e, void* arg)
[INFO] [stderr]   cargo:warning=      | ^~~~~~~~~~~~~~~~~~~~~~~~~~
[INFO] [stderr]   cargo:warning=oniguruma/src/regparse.c: In function 'callout_tag_table_clear':
[INFO] [stderr]   cargo:warning=oniguruma/src/regparse.c:1932:24: error: passing argument 2 of 'onig_st_foreach' from incompatible pointer type [-Wincompatible-pointer-types]
[INFO] [stderr]   cargo:warning= 1932 |     onig_st_foreach(t, i_free_callout_tag_entry, 0);
[INFO] [stderr]   cargo:warning=      |                        ^~~~~~~~~~~~~~~~~~~~~~~~
[INFO] [stderr]   cargo:warning=      |                        |
[INFO] [stderr]   cargo:warning=      |                        int (*)(OnigUChar *, CalloutTagVal,  void *) {aka int (*)(unsigned char *, long int,  void *)}
[INFO] [stderr]   cargo:warning=oniguruma/src/st.h:55:31: note: expected 'int (*)(void)' but argument is of type 'int (*)(OnigUChar *, CalloutTagVal,  void *)' {aka 'int (*)(unsigned char *, long int,  void *)'}
[INFO] [stderr]   cargo:warning=   55 | int st_foreach _((st_table *, int (*)(ANYARGS), st_data_t));
[INFO] [stderr]   cargo:warning=      |                               ^~~~~~~~~~~~~~~~
[INFO] [stderr]   cargo:warning=oniguruma/src/st.h:35:18: note: in definition of macro '_'
[INFO] [stderr]   cargo:warning=   35 | # define _(args) args
[INFO] [stderr]   cargo:warning=      |                  ^~~~
[INFO] [stderr]   cargo:warning=oniguruma/src/regparse.c:1922:1: note: 'i_free_callout_tag_entry' declared here
[INFO] [stderr]   cargo:warning= 1922 | i_free_callout_tag_entry(UChar* key, CalloutTagVal e, void* arg ARG_UNUSED)
[INFO] [stderr]   cargo:warning=      | ^~~~~~~~~~~~~~~~~~~~~~~~
[INFO] [stderr] 
[INFO] [stderr]   --- stderr
[INFO] [stderr] 
[INFO] [stderr] 
[INFO] [stderr]   error occurred in cc-rs: command did not execute successfully (status code exit status: 1): LC_ALL="C" "cc" "-O0" "-ffunction-sections" "-fdata-sections" "-fPIC" "-gdwarf-4" "-fno-omit-frame-pointer" "-m64" "-I" "/opt/rustwide/target/debug/build/onig_sys/54bb18761f1bd1c4/out" "-I" "oniguruma/src" "-DHAVE_UNISTD_H=1" "-DHAVE_SYS_TYPES_H=1" "-DHAVE_SYS_TIME_H=1" "-o" "/opt/rustwide/target/debug/build/onig_sys/54bb18761f1bd1c4/out/a445302c6d3dcb51-regparse.o" "-c" "oniguruma/src/regparse.c"
[INFO] [stderr] 
[INFO] [stderr] 
[INFO] [stderr] warning: build failed, waiting for other jobs to finish...
[INFO] running `Command { std: "docker" "inspect" "fe8fedbc6a50361f5d8b0d0e429a339f5ae13ad3a108f416ac6e962fbb46f656", kill_on_drop: false }`
[INFO] running `Command { std: "docker" "rm" "-f" "fe8fedbc6a50361f5d8b0d0e429a339f5ae13ad3a108f416ac6e962fbb46f656", kill_on_drop: false }`
[INFO] [stdout] fe8fedbc6a50361f5d8b0d0e429a339f5ae13ad3a108f416ac6e962fbb46f656
