[INFO] cloning repository https://github.com/shenjie002/my-overlay-handler
[INFO] running `Command { std: "git" "-c" "credential.helper=" "-c" "credential.helper=/workspace/cargo-home/bin/git-credential-null" "clone" "--bare" "https://github.com/shenjie002/my-overlay-handler" "/workspace/cache/git-repos/https%3A%2F%2Fgithub.com%2Fshenjie002%2Fmy-overlay-handler", kill_on_drop: false }`
[INFO] [stderr] Cloning into bare repository '/workspace/cache/git-repos/https%3A%2F%2Fgithub.com%2Fshenjie002%2Fmy-overlay-handler'...
[INFO] running `Command { std: "git" "rev-parse" "HEAD", kill_on_drop: false }`
[INFO] [stdout] 4f806e92be649ca5c465570dd662983dd7880a9f
[INFO] checking shenjie002/my-overlay-handler/4f806e92be649ca5c465570dd662983dd7880a9f against 0cefa27fe3deee26fc98ee44249406358d9f0d26 for pr-164789
[INFO] running `Command { std: "git" "clone" "/workspace/cache/git-repos/https%3A%2F%2Fgithub.com%2Fshenjie002%2Fmy-overlay-handler" "/workspace/builds/worker-7-tc1/source", kill_on_drop: false }`
[INFO] [stderr] Cloning into '/workspace/builds/worker-7-tc1/source'...
[INFO] [stderr] done.
[INFO] started tweaking git repo https://github.com/shenjie002/my-overlay-handler
[INFO] finished tweaking git repo https://github.com/shenjie002/my-overlay-handler
[INFO] tweaked toml for git repo https://github.com/shenjie002/my-overlay-handler written to /workspace/builds/worker-7-tc1/source/Cargo.toml
[INFO] validating manifest of git repo https://github.com/shenjie002/my-overlay-handler on toolchain 0cefa27fe3deee26fc98ee44249406358d9f0d26
[INFO] running `Command { std: CARGO_HOME="/workspace/cargo-home" RUSTUP_HOME="/workspace/rustup-home" "/workspace/cargo-home/bin/cargo" "+0cefa27fe3deee26fc98ee44249406358d9f0d26" "metadata" "--manifest-path" "Cargo.toml" "--no-deps", kill_on_drop: false }`
[INFO] crate git repo https://github.com/shenjie002/my-overlay-handler already has a lockfile, it will not be regenerated
[INFO] running `Command { std: CARGO_HOME="/workspace/cargo-home" RUSTUP_HOME="/workspace/rustup-home" "/workspace/cargo-home/bin/cargo" "+0cefa27fe3deee26fc98ee44249406358d9f0d26" "fetch" "--manifest-path" "Cargo.toml", kill_on_drop: false }`
[INFO] [stderr]     Updating crates.io index
[INFO] [stderr]      Locking 10 packages to highest compatible versions
[INFO] [stderr]       Adding itoa v1.0.18
[INFO] [stderr]       Adding memchr v2.8.3
[INFO] [stderr]       Adding ryu v1.0.23
[INFO] [stderr]       Adding serde_json v1.0.143 (available: v1.0.154)
[INFO] [stderr]     Updating windows v0.52.0 -> v0.58.0 (available: v0.62.2)
[INFO] [stderr]     Updating windows-core v0.52.0 -> v0.58.0 (available: v0.100.0)
[INFO] [stderr]       Adding windows-implement v0.58.0
[INFO] [stderr]       Adding windows-interface v0.58.0
[INFO] [stderr]       Adding windows-result v0.2.0
[INFO] [stderr]       Adding windows-strings v0.1.0
[INFO] [stderr]  Downloading crates ...
[INFO] [stderr]   Downloaded winres v0.1.12
[INFO] running `Command { std: "docker" "create" "-v" "/var/lib/crater-agent-workspace/builds/worker-7-tc1/source:/opt/rustwide/workdir:ro,Z" "-v" "/var/lib/crater-agent-workspace/builds/worker-7-tc1/target:/opt/rustwide/target:rw,Z" "-v" "/var/lib/crater-agent-workspace/cargo-home:/opt/rustwide/cargo-home:ro,Z" "-v" "/var/lib/crater-agent-workspace/rustup-home:/opt/rustwide/rustup-home:ro,Z" "-m" "1610612736" "--network" "none" "ghcr.io/rust-lang/crates-build-env/linux@sha256:c0af3998e971868164375a7dfb646c9933ddd1a3bdb00fa2041266763dc1eeab" "sleep" "infinity", kill_on_drop: false }`
[INFO] [stdout] d190c07928e5652ae8f97b4049d006d4bfe16ddff6c35c970352269d45437c4f
[INFO] running `Command { std: "docker" "start" "d190c07928e5652ae8f97b4049d006d4bfe16ddff6c35c970352269d45437c4f", kill_on_drop: false }`
[INFO] running `Command { std: "docker" "inspect" "d190c07928e5652ae8f97b4049d006d4bfe16ddff6c35c970352269d45437c4f", kill_on_drop: false }`
[INFO] running `Command { std: "docker" "exec" "-e" "SOURCE_DIR=/opt/rustwide/workdir" "-e" "CARGO_HOME=/opt/rustwide/cargo-home" "-e" "RUSTUP_HOME=/opt/rustwide/rustup-home" "-e" "CARGO_TARGET_DIR=/opt/rustwide/target" "-w" "/opt/rustwide/workdir" "--user" "0:0" "d190c07928e5652ae8f97b4049d006d4bfe16ddff6c35c970352269d45437c4f" "/opt/rustwide/cargo-home/bin/cargo" "+0cefa27fe3deee26fc98ee44249406358d9f0d26" "metadata" "--no-deps" "--format-version=1", kill_on_drop: false }`
[INFO] running `Command { std: "docker" "inspect" "d190c07928e5652ae8f97b4049d006d4bfe16ddff6c35c970352269d45437c4f", kill_on_drop: false }`
[INFO] running `Command { std: "docker" "exec" "-e" "SOURCE_DIR=/opt/rustwide/workdir" "-e" "CARGO_HOME=/opt/rustwide/cargo-home" "-e" "RUSTUP_HOME=/opt/rustwide/rustup-home" "-e" "CARGO_TARGET_DIR=/opt/rustwide/target" "-e" "CARGO_INCREMENTAL=0" "-e" "RUST_BACKTRACE=full" "-e" "RUSTFLAGS=--cap-lints=forbid" "-e" "RUSTDOCFLAGS=--cap-lints=forbid" "-w" "/opt/rustwide/workdir" "--user" "0:0" "d190c07928e5652ae8f97b4049d006d4bfe16ddff6c35c970352269d45437c4f" "/opt/rustwide/cargo-home/bin/cargo" "+0cefa27fe3deee26fc98ee44249406358d9f0d26" "check" "--frozen" "--all" "--all-targets" "--message-format=json", kill_on_drop: false }`
[INFO] [stderr]    Compiling syn v2.0.104
[INFO] [stderr]    Compiling windows_x86_64_gnu v0.52.6
[INFO] [stderr]    Compiling serde_json v1.0.143
[INFO] [stderr]    Compiling toml v0.5.11
[INFO] [stderr]     Checking windows-targets v0.52.6
[INFO] [stderr]     Checking windows-result v0.2.0
[INFO] [stderr]     Checking windows-strings v0.1.0
[INFO] [stderr]    Compiling winres v0.1.12
[INFO] [stderr]    Compiling my_overlay_handler v0.1.0 (/opt/rustwide/workdir)
[INFO] [stderr]    Compiling serde_derive v1.0.219
[INFO] [stderr]    Compiling windows-implement v0.58.0
[INFO] [stderr]    Compiling windows-interface v0.58.0
[INFO] [stderr]     Checking windows-core v0.58.0
[INFO] [stderr]     Checking windows v0.58.0
[INFO] [stderr]     Checking serde v1.0.219
[INFO] [stdout] error[E0433]: cannot find `windows` in `os`
[INFO] [stdout]  --> src/lib.rs:4:14
[INFO] [stdout]   |
[INFO] [stdout] 4 | use std::os::windows::ffi::OsStrExt;
[INFO] [stdout]   |              ^^^^^^^ could not find `windows` in `os`
[INFO] [stdout]   |
[INFO] [stdout] note: found an item that was configured out
[INFO] [stdout]  --> /rustc/0cefa27fe3deee26fc98ee44249406358d9f0d26/library/std/src/os/mod.rs:62:4
[INFO] [stdout]   |
[INFO] [stdout]   = note: the item is gated behind the `windows` feature
[INFO] [stdout] 
[INFO] [stdout] 
[INFO] [stdout] error[E0433]: cannot find `Win32` in `windows`
[INFO] [stdout]   --> src/lib.rs:11:5
[INFO] [stdout]    |
[INFO] [stdout] 11 |     Win32::{
[INFO] [stdout]    |     ^^^^^ could not find `Win32` in `windows`
[INFO] [stdout] 
[INFO] [stdout] 
[INFO] [stdout] error[E0433]: cannot find `windows` in `os`
[INFO] [stdout]  --> src/lib.rs:4:14
[INFO] [stdout]   |
[INFO] [stdout] 4 | use std::os::windows::ffi::OsStrExt;
[INFO] [stdout]   |              ^^^^^^^ could not find `windows` in `os`
[INFO] [stdout]   |
[INFO] [stdout] note: found an item that was configured out
[INFO] [stdout]  --> /rustc/0cefa27fe3deee26fc98ee44249406358d9f0d26/library/std/src/os/mod.rs:62:4
[INFO] [stdout]   |
[INFO] [stdout]   = note: the item is gated behind the `windows` feature
[INFO] [stdout] 
[INFO] [stdout] 
[INFO] [stdout] error[E0432]: unresolved import `windows::core`
[INFO] [stdout]   --> src/lib.rs:10:5
[INFO] [stdout]    |
[INFO] [stdout] 10 |     core::*,
[INFO] [stdout]    |     ^^^^ could not find `core` in `windows`
[INFO] [stdout] 
[INFO] [stdout] 
[INFO] [stdout] error[E0433]: cannot find `Win32` in `windows`
[INFO] [stdout]   --> src/lib.rs:11:5
[INFO] [stdout]    |
[INFO] [stdout] 11 |     Win32::{
[INFO] [stdout]    |     ^^^^^ could not find `Win32` in `windows`
[INFO] [stdout] 
[INFO] [stdout] 
[INFO] [stdout] error[E0432]: unresolved import `windows::core`
[INFO] [stdout]   --> src/lib.rs:10:5
[INFO] [stdout]    |
[INFO] [stdout] 10 |     core::*,
[INFO] [stdout]    |     ^^^^ could not find `core` in `windows`
[INFO] [stdout] 
[INFO] [stdout] 
[INFO] [stdout] error: cannot find attribute `implement` in this scope
[INFO] [stdout]   --> src/lib.rs:85:3
[INFO] [stdout]    |
[INFO] [stdout] 85 | #[implement(IShellIconOverlayIdentifier)]
[INFO] [stdout]    |   ^^^^^^^^^
[INFO] [stdout]    |
[INFO] [stdout] help: consider importing this attribute macro
[INFO] [stdout]    |
[INFO] [stdout]  2 + use windows_core::implement;
[INFO] [stdout]    |
[INFO] [stdout] 
[INFO] [stdout] 
[INFO] [stdout] error: cannot find attribute `implement` in this scope
[INFO] [stdout]    --> src/lib.rs:151:3
[INFO] [stdout]     |
[INFO] [stdout] 151 | #[implement(IClassFactory)]
[INFO] [stdout]     |   ^^^^^^^^^
[INFO] [stdout]     |
[INFO] [stdout] help: consider importing this attribute macro
[INFO] [stdout]     |
[INFO] [stdout]   2 + use windows_core::implement;
[INFO] [stdout]     |
[INFO] [stdout] 
[INFO] [stdout] 
[INFO] [stdout] error: cannot find attribute `implement` in this scope
[INFO] [stdout]   --> src/lib.rs:85:3
[INFO] [stdout]    |
[INFO] [stdout] 85 | #[implement(IShellIconOverlayIdentifier)]
[INFO] [stdout]    |   ^^^^^^^^^
[INFO] [stdout]    |
[INFO] [stdout] help: consider importing this attribute macro
[INFO] [stdout]    |
[INFO] [stdout]  2 + use windows_core::implement;
[INFO] [stdout]    |
[INFO] [stdout] 
[INFO] [stdout] 
[INFO] [stdout] error: cannot find attribute `implement` in this scope
[INFO] [stdout]    --> src/lib.rs:151:3
[INFO] [stdout]     |
[INFO] [stdout] 151 | #[implement(IClassFactory)]
[INFO] [stdout]     |   ^^^^^^^^^
[INFO] [stdout]     |
[INFO] [stdout] help: consider importing this attribute macro
[INFO] [stdout]     |
[INFO] [stdout]   2 + use windows_core::implement;
[INFO] [stdout]     |
[INFO] [stdout] 
[INFO] [stdout] 
[INFO] [stdout] warning: unused import: `serde::Deserialize`
[INFO] [stdout]   --> src/lib.rs:24:5
[INFO] [stdout]    |
[INFO] [stdout] 24 | use serde::Deserialize;
[INFO] [stdout]    |     ^^^^^^^^^^^^^^^^^^
[INFO] [stdout]    |
[INFO] [stdout]    = note: `#[warn(unused_imports)]` (part of `#[warn(unused)]`) on by default
[INFO] [stdout] 
[INFO] [stdout] 
[INFO] [stdout] warning: unused import: `serde::Deserialize`
[INFO] [stdout]   --> src/lib.rs:24:5
[INFO] [stdout]    |
[INFO] [stdout] 24 | use serde::Deserialize;
[INFO] [stdout]    |     ^^^^^^^^^^^^^^^^^^
[INFO] [stdout]    |
[INFO] [stdout]    = note: `#[warn(unused_imports)]` (part of `#[warn(unused)]`) on by default
[INFO] [stdout] 
[INFO] [stdout] 
[INFO] [stdout] error[E0599]: no method named `encode_wide` found for reference `&OsStr` in the current scope
[INFO] [stdout]   --> src/lib.rs:46:19
[INFO] [stdout]    |
[INFO] [stdout] 46 |     OsStr::new(s).encode_wide().chain(once(0)).collect()
[INFO] [stdout]    |                   ^^^^^^^^^^^ method not found in `&OsStr`
[INFO] [stdout] 
[INFO] [stdout] 
[INFO] [stdout] error[E0599]: no method named `encode_wide` found for reference `&OsStr` in the current scope
[INFO] [stdout]   --> src/lib.rs:46:19
[INFO] [stdout]    |
[INFO] [stdout] 46 |     OsStr::new(s).encode_wide().chain(once(0)).collect()
[INFO] [stdout]    |                   ^^^^^^^^^^^ method not found in `&OsStr`
[INFO] [stdout] 
[INFO] [stdout] 
[INFO] [stdout] Some errors have detailed explanations: E0432, E0433, E0599.
[INFO] [stdout] 
[INFO] [stdout] Some errors have detailed explanations: E0432, E0433, E0599.
[INFO] [stdout] 
[INFO] [stdout] For more information about an error, try `rustc --explain E0432`.
[INFO] [stdout] 
[INFO] [stdout] For more information about an error, try `rustc --explain E0432`.
[INFO] [stdout] 
[INFO] [stderr] error: could not compile `my_overlay_handler` (lib test) due to 6 previous errors; 1 warning emitted
[INFO] [stderr] warning: build failed, waiting for other jobs to finish...
[INFO] [stderr] error: could not compile `my_overlay_handler` (lib) due to 6 previous errors; 1 warning emitted
[INFO] running `Command { std: "docker" "inspect" "d190c07928e5652ae8f97b4049d006d4bfe16ddff6c35c970352269d45437c4f", kill_on_drop: false }`
[INFO] running `Command { std: "docker" "rm" "-f" "d190c07928e5652ae8f97b4049d006d4bfe16ddff6c35c970352269d45437c4f", kill_on_drop: false }`
[INFO] [stdout] d190c07928e5652ae8f97b4049d006d4bfe16ddff6c35c970352269d45437c4f
