[INFO] cloning repository https://github.com/rakuto/sagemaker-message-api
[INFO] running `Command { std: "git" "-c" "credential.helper=" "-c" "credential.helper=/workspace/cargo-home/bin/git-credential-null" "clone" "--bare" "https://github.com/rakuto/sagemaker-message-api" "/workspace/cache/git-repos/https%3A%2F%2Fgithub.com%2Frakuto%2Fsagemaker-message-api", kill_on_drop: false }`
[INFO] [stderr] Cloning into bare repository '/workspace/cache/git-repos/https%3A%2F%2Fgithub.com%2Frakuto%2Fsagemaker-message-api'...
[INFO] running `Command { std: "git" "rev-parse" "HEAD", kill_on_drop: false }`
[INFO] [stdout] a136a9e35fd09064a17dbebe82393a6a4d86e0b4
[INFO] checking rakuto/sagemaker-message-api against 4d7c0cd298ace72490220301fa543d63a154f8ce for pr-164789
[INFO] running `Command { std: "git" "clone" "/workspace/cache/git-repos/https%3A%2F%2Fgithub.com%2Frakuto%2Fsagemaker-message-api" "/workspace/builds/worker-3-tc2/source", kill_on_drop: false }`
[INFO] [stderr] Cloning into '/workspace/builds/worker-3-tc2/source'...
[INFO] [stderr] done.
[INFO] started tweaking git repo https://github.com/rakuto/sagemaker-message-api
[INFO] finished tweaking git repo https://github.com/rakuto/sagemaker-message-api
[INFO] tweaked toml for git repo https://github.com/rakuto/sagemaker-message-api written to /workspace/builds/worker-3-tc2/source/Cargo.toml
[INFO] validating manifest of git repo https://github.com/rakuto/sagemaker-message-api on toolchain 4d7c0cd298ace72490220301fa543d63a154f8ce
[INFO] running `Command { std: CARGO_HOME="/workspace/cargo-home" RUSTUP_HOME="/workspace/rustup-home" "/workspace/cargo-home/bin/cargo" "+4d7c0cd298ace72490220301fa543d63a154f8ce" "metadata" "--manifest-path" "Cargo.toml" "--no-deps", kill_on_drop: false }`
[INFO] crate git repo https://github.com/rakuto/sagemaker-message-api already has a lockfile, it will not be regenerated
[INFO] running `Command { std: CARGO_HOME="/workspace/cargo-home" RUSTUP_HOME="/workspace/rustup-home" "/workspace/cargo-home/bin/cargo" "+4d7c0cd298ace72490220301fa543d63a154f8ce" "fetch" "--manifest-path" "Cargo.toml", kill_on_drop: false }`
[INFO] [stderr]     Blocking waiting for file lock on package cache
[INFO] [stderr]     Blocking waiting for file lock on package cache
[INFO] [stderr]  Downloading crates ...
[INFO] [stderr]   Downloaded uuid v1.8.0
[INFO] [stderr]   Downloaded base64-simd v0.8.0
[INFO] [stderr]   Downloaded aws-credential-types v1.2.0
[INFO] [stderr]   Downloaded colorchoice v1.0.1
[INFO] [stderr]   Downloaded hyper-timeout v0.4.1
[INFO] [stderr]   Downloaded outref v0.5.1
[INFO] [stderr]   Downloaded subtle v2.6.0
[INFO] [stderr]   Downloaded anstyle-query v1.1.0
[INFO] [stderr]   Downloaded is_terminal_polyfill v1.70.0
[INFO] [stderr]   Downloaded rustls-native-certs v0.6.3
[INFO] [stderr]   Downloaded opentelemetry-otlp v0.16.0
[INFO] [stderr]   Downloaded rustversion v1.0.17
[INFO] [stderr]   Downloaded vsimd v0.8.0
[INFO] [stderr]   Downloaded windows-targets v0.52.5
[INFO] [stderr]   Downloaded tokio-io-timeout v1.2.0
[INFO] [stderr]   Downloaded anstyle-wincon v3.0.3
[INFO] [stderr]   Downloaded aws-smithy-query v0.60.7
[INFO] [stderr]   Downloaded thiserror-impl v1.0.61
[INFO] [stderr]   Downloaded http-body v1.0.0
[INFO] [stderr]   Downloaded aws-smithy-xml v0.60.8
[INFO] [stderr]   Downloaded clap_lex v0.7.1
[INFO] [stderr]   Downloaded thiserror v1.0.61
[INFO] [stderr]   Downloaded ordered-float v4.2.0
[INFO] [stderr]   Downloaded anyhow v1.0.86
[INFO] [stderr]   Downloaded axum-core v0.3.4
[INFO] [stderr]   Downloaded clap_derive v4.5.5
[INFO] [stderr]   Downloaded anstyle-parse v0.2.4
[INFO] [stderr]   Downloaded bytes-utils v0.1.4
[INFO] [stderr]   Downloaded security-framework-sys v2.11.0
[INFO] [stderr]   Downloaded aws-smithy-http v0.60.9
[INFO] [stderr]   Downloaded aws-smithy-eventstream v0.60.4
[INFO] [stderr]   Downloaded aws-smithy-json v0.60.7
[INFO] [stderr]   Downloaded prost v0.12.6
[INFO] [stderr]   Downloaded prost-derive v0.12.6
[INFO] [stderr]   Downloaded axum-core v0.4.3
[INFO] [stderr]   Downloaded aws-smithy-async v1.2.1
[INFO] [stderr]   Downloaded xmlparser v0.13.6
[INFO] [stderr]   Downloaded async-trait v0.1.80
[INFO] [stderr]   Downloaded anstyle v1.0.7
[INFO] [stderr]   Downloaded anstream v0.6.14
[INFO] [stderr]   Downloaded hyper-rustls v0.24.2
[INFO] [stderr]   Downloaded serde_derive v1.0.203
[INFO] [stderr]   Downloaded either v1.12.0
[INFO] [stderr]   Downloaded aws-types v1.3.3
[INFO] [stderr]   Downloaded schannel v0.1.23
[INFO] [stderr]   Downloaded aws-sigv4 v1.2.3
[INFO] [stderr]   Downloaded hyper-util v0.1.5
[INFO] [stderr]   Downloaded aws-sdk-sagemakerruntime v1.34.0
[INFO] [stderr]   Downloaded bytes v1.6.0
[INFO] [stderr]   Downloaded opentelemetry v0.23.0
[INFO] [stderr]   Downloaded clap v4.5.7
[INFO] [stderr]   Downloaded serde v1.0.203
[INFO] [stderr]   Downloaded security-framework v2.11.0
[INFO] [stderr]   Downloaded aws-runtime v1.4.0
[INFO] [stderr]   Downloaded aws-sdk-ssooidc v1.34.0
[INFO] [stderr]   Downloaded syn v2.0.67
[INFO] [stderr]   Downloaded aws-sdk-sso v1.33.0
[INFO] [stderr]   Downloaded tracing-opentelemetry v0.24.0
[INFO] [stderr]   Downloaded opentelemetry_sdk v0.23.0
[INFO] [stderr]   Downloaded cc v1.0.99
[INFO] [stderr]   Downloaded tonic v0.11.0
[INFO] [stderr]   Downloaded aws-smithy-types v1.2.2
[INFO] [stderr]   Downloaded aws-smithy-runtime-api v1.7.2
[INFO] [stderr]   Downloaded aws-smithy-runtime v1.6.3
[INFO] [stderr]   Downloaded aws-sdk-bedrockruntime v1.45.0
[INFO] [stderr]   Downloaded aws-config v1.5.3
[INFO] [stderr]   Downloaded axum v0.6.20
[INFO] [stderr]   Downloaded axum v0.7.5
[INFO] [stderr]   Downloaded aws-sdk-sts v1.33.0
[INFO] [stderr]   Downloaded serde_json v1.0.117
[INFO] [stderr]   Downloaded opentelemetry-proto v0.6.0
[INFO] [stderr]   Downloaded clap_builder v4.5.7
[INFO] [stderr]   Downloaded hyper v1.3.1
[INFO] [stderr]   Downloaded hyper v0.14.29
[INFO] [stderr]   Downloaded object v0.36.0
[INFO] [stderr]   Downloaded windows_x86_64_gnullvm v0.52.5
[INFO] [stderr]   Downloaded windows_aarch64_gnullvm v0.52.5
[INFO] [stderr]   Downloaded windows_i686_gnullvm v0.52.5
[INFO] [stderr]   Downloaded tokio v1.38.0
[INFO] [stderr]   Downloaded windows_i686_msvc v0.52.5
[INFO] [stderr]   Downloaded windows_aarch64_msvc v0.52.5
[INFO] [stderr]   Downloaded windows_x86_64_msvc v0.52.5
[INFO] [stderr]   Downloaded windows_x86_64_gnu v0.52.5
[INFO] [stderr]   Downloaded windows_i686_gnu v0.52.5
[INFO] running `Command { std: "docker" "create" "-v" "/var/lib/crater-agent-workspace/builds/worker-3-tc2/source:/opt/rustwide/workdir:ro,Z" "-v" "/var/lib/crater-agent-workspace/builds/worker-3-tc2/target:/opt/rustwide/target:rw,Z" "-v" "/var/lib/crater-agent-workspace/cargo-home:/opt/rustwide/cargo-home:ro,Z" "-v" "/var/lib/crater-agent-workspace/rustup-home:/opt/rustwide/rustup-home:ro,Z" "-m" "1610612736" "--network" "none" "ghcr.io/rust-lang/crates-build-env/linux@sha256:c0af3998e971868164375a7dfb646c9933ddd1a3bdb00fa2041266763dc1eeab" "sleep" "infinity", kill_on_drop: false }`
[INFO] [stdout] 32a53640aaee7a47c269282c1f330ec57e367247a2779cf490127f6b1b5dad4e
[INFO] running `Command { std: "docker" "start" "32a53640aaee7a47c269282c1f330ec57e367247a2779cf490127f6b1b5dad4e", kill_on_drop: false }`
[INFO] running `Command { std: "docker" "inspect" "32a53640aaee7a47c269282c1f330ec57e367247a2779cf490127f6b1b5dad4e", kill_on_drop: false }`
[INFO] running `Command { std: "docker" "exec" "-e" "SOURCE_DIR=/opt/rustwide/workdir" "-e" "CARGO_HOME=/opt/rustwide/cargo-home" "-e" "RUSTUP_HOME=/opt/rustwide/rustup-home" "-e" "CARGO_TARGET_DIR=/opt/rustwide/target" "-w" "/opt/rustwide/workdir" "--user" "0:0" "32a53640aaee7a47c269282c1f330ec57e367247a2779cf490127f6b1b5dad4e" "/opt/rustwide/cargo-home/bin/cargo" "+4d7c0cd298ace72490220301fa543d63a154f8ce" "metadata" "--no-deps" "--format-version=1", kill_on_drop: false }`
[INFO] running `Command { std: "docker" "inspect" "32a53640aaee7a47c269282c1f330ec57e367247a2779cf490127f6b1b5dad4e", kill_on_drop: false }`
[INFO] running `Command { std: "docker" "exec" "-e" "SOURCE_DIR=/opt/rustwide/workdir" "-e" "CARGO_HOME=/opt/rustwide/cargo-home" "-e" "RUSTUP_HOME=/opt/rustwide/rustup-home" "-e" "CARGO_TARGET_DIR=/opt/rustwide/target" "-e" "CARGO_INCREMENTAL=0" "-e" "RUST_BACKTRACE=full" "-e" "RUSTFLAGS=--cap-lints=forbid" "-e" "RUSTDOCFLAGS=--cap-lints=forbid" "-w" "/opt/rustwide/workdir" "--user" "0:0" "32a53640aaee7a47c269282c1f330ec57e367247a2779cf490127f6b1b5dad4e" "/opt/rustwide/cargo-home/bin/cargo" "+4d7c0cd298ace72490220301fa543d63a154f8ce" "check" "--frozen" "--all" "--all-targets" "--message-format=json", kill_on_drop: false }`
[INFO] [stderr]    Compiling proc-macro2 v1.0.86
[INFO] [stderr]    Compiling unicode-ident v1.0.12
[INFO] [stderr]    Compiling autocfg v1.1.0
[INFO] [stderr]    Compiling libc v0.2.155
[INFO] [stderr]     Checking pin-project-lite v0.2.14
[INFO] [stderr]     Checking bytes v1.6.0
[INFO] [stderr]     Checking futures-core v0.3.30
[INFO] [stderr]     Checking memchr v2.7.4
[INFO] [stderr]     Checking futures-sink v0.3.30
[INFO] [stderr]     Checking itoa v1.0.11
[INFO] [stderr]     Checking smallvec v1.13.2
[INFO] [stderr]    Compiling parking_lot_core v0.9.9
[INFO] [stderr]     Checking futures-channel v0.3.30
[INFO] [stderr]     Checking pin-utils v0.1.0
[INFO] [stderr]     Checking futures-task v0.3.30
[INFO] [stderr]    Compiling slab v0.4.9
[INFO] [stderr]    Compiling lock_api v0.4.11
[INFO] [stderr]     Checking futures-io v0.3.30
[INFO] [stderr]     Checking once_cell v1.19.0
[INFO] [stderr]     Checking log v0.4.21
[INFO] [stderr]    Compiling num-traits v0.2.19
[INFO] [stderr]     Checking http v0.2.12
[INFO] [stderr]     Checking ryu v1.0.18
[INFO] [stderr]     Checking http v1.1.0
[INFO] [stderr]     Checking tracing-core v0.1.32
[INFO] [stderr]     Checking percent-encoding v2.3.1
[INFO] [stderr]    Compiling quote v1.0.36
[INFO] [stderr]    Compiling httparse v1.8.0
[INFO] [stderr]     Checking tower-service v0.3.2
[INFO] [stderr]     Checking socket2 v0.5.7
[INFO] [stderr]    Compiling syn v2.0.67
[INFO] [stderr]     Checking num_cpus v1.16.0
[INFO] [stderr]     Checking signal-hook-registry v1.4.1
[INFO] [stderr]     Checking mio v0.8.11
[INFO] [stderr]     Checking getrandom v0.2.15
[INFO] [stderr]     Checking http-body v0.4.6
[INFO] [stderr]     Checking parking_lot v0.12.1
[INFO] [stderr]     Checking http-body v1.0.0
[INFO] [stderr]     Checking deranged v0.3.11
[INFO] [stderr]     Checking time-core v0.1.2
[INFO] [stderr]     Checking outref v0.5.1
[INFO] [stderr]     Checking num-conv v0.1.0
[INFO] [stderr]     Checking vsimd v0.8.0
[INFO] [stderr]     Checking either v1.12.0
[INFO] [stderr]     Checking equivalent v1.0.1
[INFO] [stderr]     Checking hashbrown v0.14.5
[INFO] [stderr]     Checking httpdate v1.0.3
[INFO] [stderr]     Checking bytes-utils v0.1.4
[INFO] [stderr]    Compiling rustversion v1.0.17
[INFO] [stderr]    Compiling typenum v1.17.0
[INFO] [stderr]     Checking time v0.3.36
[INFO] [stderr]     Checking num-integer v0.1.46
[INFO] [stderr]    Compiling version_check v0.9.4
[INFO] [stderr]     Checking base64-simd v0.8.0
[INFO] [stderr]    Compiling cc v1.0.99
[INFO] [stderr]    Compiling generic-array v0.14.7
[INFO] [stderr]     Checking try-lock v0.2.5
[INFO] [stderr]     Checking indexmap v2.2.6
[INFO] [stderr]     Checking want v0.3.1
[INFO] [stderr]     Checking base64 v0.21.7
[INFO] [stderr]     Checking untrusted v0.9.0
[INFO] [stderr]     Checking zeroize v1.8.1
[INFO] [stderr]    Compiling semver v1.0.23
[INFO] [stderr]     Checking spin v0.9.8
[INFO] [stderr]    Compiling serde v1.0.203
[INFO] [stderr]     Checking form_urlencoded v1.2.1
[INFO] [stderr]     Checking crc32fast v1.4.2
[INFO] [stderr]     Checking subtle v2.6.0
[INFO] [stderr]    Compiling rustls v0.21.12
[INFO] [stderr]     Checking rand_core v0.6.4
[INFO] [stderr]    Compiling rustc_version v0.4.0
[INFO] [stderr]     Checking ppv-lite86 v0.2.17
[INFO] [stderr]     Checking rustls-pemfile v1.0.4
[INFO] [stderr]     Checking openssl-probe v0.1.5
[INFO] [stderr]     Checking cpufeatures v0.2.12
[INFO] [stderr]     Checking tower-layer v0.3.2
[INFO] [stderr]     Checking fastrand v2.1.0
[INFO] [stderr]    Compiling aws-types v1.3.3
[INFO] [stderr]     Checking rustls-native-certs v0.6.3
[INFO] [stderr]    Compiling indexmap v1.9.3
[INFO] [stderr]    Compiling anyhow v1.0.86
[INFO] [stderr]     Checking atomic v0.5.3
[INFO] [stderr]     Checking rand_chacha v0.3.1
[INFO] [stderr]    Compiling ring v0.17.8
[INFO] [stderr]    Compiling serde_json v1.0.117
[INFO] [stderr]     Checking uuid v1.8.0
[INFO] [stderr]     Checking hashbrown v0.12.3
[INFO] [stderr]     Checking mime v0.3.17
[INFO] [stderr]     Checking rand v0.8.5
[INFO] [stderr]    Compiling thiserror v1.0.61
[INFO] [stderr]    Compiling axum-core v0.3.4
[INFO] [stderr]     Checking lazy_static v1.4.0
[INFO] [stderr]     Checking sync_wrapper v0.1.2
[INFO] [stderr]     Checking regex-lite v0.1.6
[INFO] [stderr]    Compiling itertools v0.12.1
[INFO] [stderr]    Compiling axum v0.6.20
[INFO] [stderr]     Checking block-buffer v0.10.4
[INFO] [stderr]     Checking crypto-common v0.1.6
[INFO] [stderr]     Checking tinyvec_macros v0.1.1
[INFO] [stderr]     Checking matchit v0.7.3
[INFO] [stderr]     Checking digest v0.10.7
[INFO] [stderr]     Checking tinyvec v1.6.0
[INFO] [stderr]     Checking ordered-float v4.2.0
[INFO] [stderr]     Checking sha2 v0.10.8
[INFO] [stderr]     Checking hmac v0.12.1
[INFO] [stderr]     Checking aho-corasick v1.1.3
[INFO] [stderr]     Checking regex-syntax v0.8.4
[INFO] [stderr]     Checking regex-syntax v0.6.29
[INFO] [stderr]     Checking glob v0.3.1
[INFO] [stderr]     Checking bitflags v1.3.2
[INFO] [stderr]     Checking anstyle-parse v0.2.4
[INFO] [stderr]    Compiling axum-core v0.4.3
[INFO] [stderr]     Checking is_terminal_polyfill v1.70.0
[INFO] [stderr]     Checking overload v0.1.1
[INFO] [stderr]    Compiling rustix v0.38.34
[INFO] [stderr]     Checking unicode-normalization v0.1.23
[INFO] [stderr]     Checking anstyle v1.0.7
[INFO] [stderr]     Checking unicode-bidi v0.3.15
[INFO] [stderr]     Checking urlencoding v2.1.3
[INFO] [stderr]     Checking anstyle-query v1.1.0
[INFO] [stderr]     Checking colorchoice v1.0.1
[INFO] [stderr]     Checking xmlparser v0.13.6
[INFO] [stderr]     Checking bitflags v2.5.0
[INFO] [stderr]     Checking anstream v0.6.14
[INFO] [stderr]     Checking nu-ansi-term v0.46.0
[INFO] [stderr]     Checking idna v0.5.0
[INFO] [stderr]     Checking sharded-slab v0.1.7
[INFO] [stderr]     Checking aws-smithy-xml v0.60.8
[INFO] [stderr]    Compiling axum v0.7.5
[INFO] [stderr]     Checking tracing-log v0.2.0
[INFO] [stderr]     Checking thread_local v1.1.8
[INFO] [stderr]     Checking clap_lex v0.7.1
[INFO] [stderr]     Checking linux-raw-sys v0.4.14
[INFO] [stderr]     Checking clap_builder v4.5.7
[INFO] [stderr]     Checking url v2.5.2
[INFO] [stderr]     Checking regex-automata v0.1.10
[INFO] [stderr]     Checking sync_wrapper v1.0.1
[INFO] [stderr]     Checking regex-automata v0.4.7
[INFO] [stderr]     Checking unsafe-libyaml v0.2.11
[INFO] [stderr]     Checking matchers v0.1.0
[INFO] [stderr]    Compiling futures-macro v0.3.30
[INFO] [stderr]    Compiling tokio-macros v2.3.0
[INFO] [stderr]    Compiling tracing-attributes v0.1.27
[INFO] [stderr]    Compiling serde_derive v1.0.203
[INFO] [stderr]     Checking rustls-webpki v0.101.7
[INFO] [stderr]     Checking tokio v1.38.0
[INFO] [stderr]     Checking sct v0.7.1
[INFO] [stderr]     Checking futures-util v0.3.30
[INFO] [stderr]    Compiling async-trait v0.1.80
[INFO] [stderr]    Compiling pin-project-internal v1.1.5
[INFO] [stderr]     Checking tracing v0.1.40
[INFO] [stderr]    Compiling thiserror-impl v1.0.61
[INFO] [stderr]    Compiling async-stream-impl v0.3.5
[INFO] [stderr]    Compiling prost-derive v0.12.6
[INFO] [stderr]     Checking async-stream v0.3.5
[INFO] [stderr]     Checking regex v1.10.5
[INFO] [stderr]     Checking tracing-subscriber v0.3.18
[INFO] [stderr]     Checking opentelemetry v0.23.0
[INFO] [stderr]     Checking pin-project v1.1.5
[INFO] [stderr]    Compiling clap_derive v4.5.5
[INFO] [stderr]     Checking tempfile v3.10.1
[INFO] [stderr]     Checking prost v0.12.6
[INFO] [stderr]     Checking clap v4.5.7
[INFO] [stderr]     Checking http-body-util v0.1.2
[INFO] [stderr]     Checking futures-executor v0.3.30
[INFO] [stderr]     Checking futures v0.3.30
[INFO] [stderr]     Checking tower-http v0.5.2
[INFO] [stderr]     Checking tokio-util v0.7.11
[INFO] [stderr]     Checking aws-smithy-async v1.2.1
[INFO] [stderr]     Checking tokio-rustls v0.24.1
[INFO] [stderr]     Checking tokio-stream v0.1.15
[INFO] [stderr]     Checking tokio-io-timeout v1.2.0
[INFO] [stderr]     Checking hyper v1.3.1
[INFO] [stderr]     Checking aws-smithy-types v1.2.2
[INFO] [stderr]     Checking h2 v0.3.26
[INFO] [stderr]     Checking tower v0.4.13
[INFO] [stderr]     Checking hyper-util v0.1.5
[INFO] [stderr]     Checking serde_urlencoded v0.7.1
[INFO] [stderr]     Checking serde_path_to_error v0.1.16
[INFO] [stderr]     Checking serde_yaml v0.9.34+deprecated
[INFO] [stderr]     Checking aws-smithy-runtime-api v1.7.2
[INFO] [stderr]     Checking aws-smithy-eventstream v0.60.4
[INFO] [stderr]     Checking aws-smithy-json v0.60.7
[INFO] [stderr]     Checking aws-smithy-query v0.60.7
[INFO] [stderr]     Checking opentelemetry_sdk v0.23.0
[INFO] [stderr]     Checking aws-smithy-http v0.60.9
[INFO] [stderr]     Checking aws-credential-types v1.2.0
[INFO] [stderr]     Checking aws-sigv4 v1.2.3
[INFO] [stderr]     Checking tracing-opentelemetry v0.24.0
[INFO] [stderr]     Checking aws-runtime v1.4.0
[INFO] [stderr]     Checking hyper v0.14.29
[INFO] [stderr]     Checking hyper-rustls v0.24.2
[INFO] [stderr]     Checking hyper-timeout v0.4.1
[INFO] [stderr]     Checking aws-smithy-runtime v1.6.3
[INFO] [stderr]     Checking aws-sdk-ssooidc v1.34.0
[INFO] [stderr]     Checking aws-sdk-sso v1.33.0
[INFO] [stderr]     Checking aws-sdk-sts v1.33.0
[INFO] [stderr]     Checking aws-sdk-sagemakerruntime v1.34.0
[INFO] [stderr]     Checking aws-sdk-bedrockruntime v1.45.0
[INFO] [stderr]     Checking aws-config v1.5.3
[INFO] [stderr]     Checking tonic v0.11.0
[INFO] [stderr]     Checking opentelemetry-proto v0.6.0
[INFO] [stderr]     Checking opentelemetry-otlp v0.16.0
[INFO] [stderr]     Checking msgapi v0.1.0 (/opt/rustwide/workdir)
[INFO] [stdout] warning: unused import: `std::io::Write`
[INFO] [stdout]  --> src/main.rs:4:5
[INFO] [stdout]   |
[INFO] [stdout] 4 | use std::io::Write;
[INFO] [stdout]   |     ^^^^^^^^^^^^^^
[INFO] [stdout]   |
[INFO] [stdout]   = note: `#[warn(unused_imports)]` (part of `#[warn(unused)]`) on by default
[INFO] [stdout] 
[INFO] [stdout] 
[INFO] [stdout] warning: unused import: `std::pin::Pin`
[INFO] [stdout]  --> src/main.rs:5:5
[INFO] [stdout]   |
[INFO] [stdout] 5 | use std::pin::Pin;
[INFO] [stdout]   |     ^^^^^^^^^^^^^
[INFO] [stdout] 
[INFO] [stdout] 
[INFO] [stdout] warning: unused import: `std::str::from_utf8`
[INFO] [stdout]  --> src/main.rs:6:5
[INFO] [stdout]   |
[INFO] [stdout] 6 | use std::str::from_utf8;
[INFO] [stdout]   |     ^^^^^^^^^^^^^^^^^^^
[INFO] [stdout] 
[INFO] [stdout] 
[INFO] [stdout] warning: unused import: `Duration`
[INFO] [stdout]  --> src/main.rs:8:17
[INFO] [stdout]   |
[INFO] [stdout] 8 | use std::time::{Duration, SystemTime, UNIX_EPOCH};
[INFO] [stdout]   |                 ^^^^^^^^
[INFO] [stdout] 
[INFO] [stdout] 
[INFO] [stdout] warning: unused import: `anyhow::bail`
[INFO] [stdout]   --> src/main.rs:10:5
[INFO] [stdout]    |
[INFO] [stdout] 10 | use anyhow::bail;
[INFO] [stdout]    |     ^^^^^^^^^^^^
[INFO] [stdout] 
[INFO] [stdout] 
[INFO] [stdout] warning: unused import: `aws_sdk_sagemakerruntime::primitives::Blob`
[INFO] [stdout]   --> src/main.rs:13:5
[INFO] [stdout]    |
[INFO] [stdout] 13 | use aws_sdk_sagemakerruntime::primitives::Blob;
[INFO] [stdout]    |     ^^^^^^^^^^^^^^^^^^^^^^^^^^^^^^^^^^^^^^^^^^
[INFO] [stdout] 
[INFO] [stdout] 
[INFO] [stdout] warning: unused import: `clap::builder::Str`
[INFO] [stdout]   --> src/main.rs:24:5
[INFO] [stdout]    |
[INFO] [stdout] 24 | use clap::builder::Str;
[INFO] [stdout]    |     ^^^^^^^^^^^^^^^^^^
[INFO] [stdout] 
[INFO] [stdout] 
[INFO] [stdout] warning: unused imports: `Stream` and `self as stream`
[INFO] [stdout]   --> src/main.rs:27:23
[INFO] [stdout]    |
[INFO] [stdout] 27 | use futures::stream::{self as stream, Stream};
[INFO] [stdout]    |                       ^^^^^^^^^^^^^^  ^^^^^^
[INFO] [stdout] 
[INFO] [stdout] 
[INFO] [stdout] warning: unused import: `futures::task::Poll`
[INFO] [stdout]   --> src/main.rs:28:5
[INFO] [stdout]    |
[INFO] [stdout] 28 | use futures::task::Poll;
[INFO] [stdout]    |     ^^^^^^^^^^^^^^^^^^^
[INFO] [stdout] 
[INFO] [stdout] 
[INFO] [stdout] warning: unused import: `pin_mut`
[INFO] [stdout]   --> src/main.rs:29:20
[INFO] [stdout]    |
[INFO] [stdout] 29 | use futures_util::{pin_mut, StreamExt};
[INFO] [stdout]    |                    ^^^^^^^
[INFO] [stdout] 
[INFO] [stdout] 
[INFO] [stdout] warning: unused import: `opentelemetry::trace::TracerProvider as _`
[INFO] [stdout]   --> src/main.rs:30:5
[INFO] [stdout]    |
[INFO] [stdout] 30 | use opentelemetry::trace::TracerProvider as _;
[INFO] [stdout]    |     ^^^^^^^^^^^^^^^^^^^^^^^^^^^^^^^^^^^^^^^^^
[INFO] [stdout] 
[INFO] [stdout] 
[INFO] [stdout] warning: unused import: `opentelemetry_sdk::trace::TracerProvider`
[INFO] [stdout]   --> src/main.rs:31:5
[INFO] [stdout]    |
[INFO] [stdout] 31 | use opentelemetry_sdk::trace::TracerProvider;
[INFO] [stdout]    |     ^^^^^^^^^^^^^^^^^^^^^^^^^^^^^^^^^^^^^^^^
[INFO] [stdout] 
[INFO] [stdout] 
[INFO] [stdout] warning: unused import: `serde::Deserialize`
[INFO] [stdout]   --> src/main.rs:32:5
[INFO] [stdout]    |
[INFO] [stdout] 32 | use serde::Deserialize;
[INFO] [stdout]    |     ^^^^^^^^^^^^^^^^^^
[INFO] [stdout] 
[INFO] [stdout] 
[INFO] [stdout] warning: unused import: `serde_json::json`
[INFO] [stdout]   --> src/main.rs:33:5
[INFO] [stdout]    |
[INFO] [stdout] 33 | use serde_json::json;
[INFO] [stdout]    |     ^^^^^^^^^^^^^^^^
[INFO] [stdout] 
[INFO] [stdout] 
[INFO] [stdout] warning: unused imports: `Level`, `error_span`, `event`, `instrument`, `warn_span`, and `warn`
[INFO] [stdout]   --> src/main.rs:35:22
[INFO] [stdout]    |
[INFO] [stdout] 35 | use tracing::{error, error_span, event, info, info_span, instrument, Level, warn, warn_span};
[INFO] [stdout]    |                      ^^^^^^^^^^  ^^^^^                   ^^^^^^^^^^  ^^^^^  ^^^^  ^^^^^^^^^
[INFO] [stdout] 
[INFO] [stdout] 
[INFO] [stdout] warning: unused import: `apply_chat_template_llama3`
[INFO] [stdout]   --> src/main.rs:44:49
[INFO] [stdout]    |
[INFO] [stdout] 44 | use crate::chat_template::{apply_chat_template, apply_chat_template_llama3};
[INFO] [stdout]    |                                                 ^^^^^^^^^^^^^^^^^^^^^^^^^^
[INFO] [stdout] 
[INFO] [stdout] 
[INFO] [stdout] warning: unused import: `std::error::Error`
[INFO] [stdout]  --> src/endpoint_loader.rs:1:5
[INFO] [stdout]   |
[INFO] [stdout] 1 | use std::error::Error;
[INFO] [stdout]   |     ^^^^^^^^^^^^^^^^^
[INFO] [stdout] 
[INFO] [stdout] 
[INFO] [stdout] warning: unused import: `std::io::Write`
[INFO] [stdout]  --> src/main.rs:4:5
[INFO] [stdout]   |
[INFO] [stdout] 4 | use std::io::Write;
[INFO] [stdout]   |     ^^^^^^^^^^^^^^
[INFO] [stdout]   |
[INFO] [stdout]   = note: `#[warn(unused_imports)]` (part of `#[warn(unused)]`) on by default
[INFO] [stdout] 
[INFO] [stdout] 
[INFO] [stdout] warning: unused import: `std::pin::Pin`
[INFO] [stdout]  --> src/main.rs:5:5
[INFO] [stdout]   |
[INFO] [stdout] 5 | use std::pin::Pin;
[INFO] [stdout]   |     ^^^^^^^^^^^^^
[INFO] [stdout] 
[INFO] [stdout] 
[INFO] [stdout] warning: unused import: `std::str::from_utf8`
[INFO] [stdout]  --> src/main.rs:6:5
[INFO] [stdout]   |
[INFO] [stdout] 6 | use std::str::from_utf8;
[INFO] [stdout]   |     ^^^^^^^^^^^^^^^^^^^
[INFO] [stdout] 
[INFO] [stdout] 
[INFO] [stdout] warning: unused import: `Duration`
[INFO] [stdout]  --> src/main.rs:8:17
[INFO] [stdout]   |
[INFO] [stdout] 8 | use std::time::{Duration, SystemTime, UNIX_EPOCH};
[INFO] [stdout]   |                 ^^^^^^^^
[INFO] [stdout] 
[INFO] [stdout] 
[INFO] [stdout] warning: unused import: `anyhow::bail`
[INFO] [stdout]   --> src/main.rs:10:5
[INFO] [stdout]    |
[INFO] [stdout] 10 | use anyhow::bail;
[INFO] [stdout]    |     ^^^^^^^^^^^^
[INFO] [stdout] 
[INFO] [stdout] 
[INFO] [stdout] warning: unused import: `aws_sdk_sagemakerruntime::primitives::Blob`
[INFO] [stdout]   --> src/main.rs:13:5
[INFO] [stdout]    |
[INFO] [stdout] 13 | use aws_sdk_sagemakerruntime::primitives::Blob;
[INFO] [stdout]    |     ^^^^^^^^^^^^^^^^^^^^^^^^^^^^^^^^^^^^^^^^^^
[INFO] [stdout] 
[INFO] [stdout] 
[INFO] [stdout] warning: unused import: `clap::builder::Str`
[INFO] [stdout]   --> src/main.rs:24:5
[INFO] [stdout]    |
[INFO] [stdout] 24 | use clap::builder::Str;
[INFO] [stdout]    |     ^^^^^^^^^^^^^^^^^^
[INFO] [stdout] 
[INFO] [stdout] 
[INFO] [stdout] warning: unused imports: `Stream` and `self as stream`
[INFO] [stdout]   --> src/main.rs:27:23
[INFO] [stdout]    |
[INFO] [stdout] 27 | use futures::stream::{self as stream, Stream};
[INFO] [stdout]    |                       ^^^^^^^^^^^^^^  ^^^^^^
[INFO] [stdout] 
[INFO] [stdout] 
[INFO] [stdout] warning: unused import: `futures::task::Poll`
[INFO] [stdout]   --> src/main.rs:28:5
[INFO] [stdout]    |
[INFO] [stdout] 28 | use futures::task::Poll;
[INFO] [stdout]    |     ^^^^^^^^^^^^^^^^^^^
[INFO] [stdout] 
[INFO] [stdout] 
[INFO] [stdout] warning: unused import: `pin_mut`
[INFO] [stdout]   --> src/main.rs:29:20
[INFO] [stdout]    |
[INFO] [stdout] 29 | use futures_util::{pin_mut, StreamExt};
[INFO] [stdout]    |                    ^^^^^^^
[INFO] [stdout] 
[INFO] [stdout] 
[INFO] [stdout] warning: unused import: `opentelemetry::trace::TracerProvider as _`
[INFO] [stdout]   --> src/main.rs:30:5
[INFO] [stdout]    |
[INFO] [stdout] 30 | use opentelemetry::trace::TracerProvider as _;
[INFO] [stdout]    |     ^^^^^^^^^^^^^^^^^^^^^^^^^^^^^^^^^^^^^^^^^
[INFO] [stdout] 
[INFO] [stdout] 
[INFO] [stdout] warning: unused import: `opentelemetry_sdk::trace::TracerProvider`
[INFO] [stdout]   --> src/main.rs:31:5
[INFO] [stdout]    |
[INFO] [stdout] 31 | use opentelemetry_sdk::trace::TracerProvider;
[INFO] [stdout]    |     ^^^^^^^^^^^^^^^^^^^^^^^^^^^^^^^^^^^^^^^^
[INFO] [stdout] 
[INFO] [stdout] 
[INFO] [stdout] warning: unused import: `serde::Deserialize`
[INFO] [stdout]   --> src/main.rs:32:5
[INFO] [stdout]    |
[INFO] [stdout] 32 | use serde::Deserialize;
[INFO] [stdout]    |     ^^^^^^^^^^^^^^^^^^
[INFO] [stdout] 
[INFO] [stdout] 
[INFO] [stdout] warning: unused import: `serde_json::json`
[INFO] [stdout]   --> src/main.rs:33:5
[INFO] [stdout]    |
[INFO] [stdout] 33 | use serde_json::json;
[INFO] [stdout]    |     ^^^^^^^^^^^^^^^^
[INFO] [stdout] 
[INFO] [stdout] 
[INFO] [stdout] warning: unused imports: `Level`, `error_span`, `event`, `instrument`, `warn_span`, and `warn`
[INFO] [stdout]   --> src/main.rs:35:22
[INFO] [stdout]    |
[INFO] [stdout] 35 | use tracing::{error, error_span, event, info, info_span, instrument, Level, warn, warn_span};
[INFO] [stdout]    |                      ^^^^^^^^^^  ^^^^^                   ^^^^^^^^^^  ^^^^^  ^^^^  ^^^^^^^^^
[INFO] [stdout] 
[INFO] [stdout] 
[INFO] [stdout] warning: unused import: `apply_chat_template_llama3`
[INFO] [stdout]   --> src/main.rs:44:49
[INFO] [stdout]    |
[INFO] [stdout] 44 | use crate::chat_template::{apply_chat_template, apply_chat_template_llama3};
[INFO] [stdout]    |                                                 ^^^^^^^^^^^^^^^^^^^^^^^^^^
[INFO] [stdout] 
[INFO] [stdout] 
[INFO] [stdout] warning: unused import: `std::error::Error`
[INFO] [stdout]  --> src/endpoint_loader.rs:1:5
[INFO] [stdout]   |
[INFO] [stdout] 1 | use std::error::Error;
[INFO] [stdout]   |     ^^^^^^^^^^^^^^^^^
[INFO] [stdout] 
[INFO] [stdout] 
[INFO] [stdout] warning: variable does not need to be mutable
[INFO] [stdout]    --> src/main.rs:177:17
[INFO] [stdout]     |
[INFO] [stdout] 177 |             let mut output = state.bedrock_client.invoke_model()
[INFO] [stdout]     |                 ----^^^^^^
[INFO] [stdout]     |                 |
[INFO] [stdout]     |                 help: remove this `mut`
[INFO] [stdout]     |
[INFO] [stdout]     = note: `#[warn(unused_mut)]` (part of `#[warn(unused)]`) on by default
[INFO] [stdout] 
[INFO] [stdout] 
[INFO] [stdout] warning: variable does not need to be mutable
[INFO] [stdout]    --> src/main.rs:354:17
[INFO] [stdout]     |
[INFO] [stdout] 354 |             let mut finish_reason: String;
[INFO] [stdout]     |                 ----^^^^^^^^^^^^^
[INFO] [stdout]     |                 |
[INFO] [stdout]     |                 help: remove this `mut`
[INFO] [stdout] 
[INFO] [stdout] 
[INFO] [stdout] warning: variable does not need to be mutable
[INFO] [stdout]    --> src/main.rs:355:17
[INFO] [stdout]     |
[INFO] [stdout] 355 |             let mut assistant_output: String;
[INFO] [stdout]     |                 ----^^^^^^^^^^^^^^^^
[INFO] [stdout]     |                 |
[INFO] [stdout]     |                 help: remove this `mut`
[INFO] [stdout] 
[INFO] [stdout] 
[INFO] [stdout] warning: variable does not need to be mutable
[INFO] [stdout]    --> src/main.rs:177:17
[INFO] [stdout]     |
[INFO] [stdout] 177 |             let mut output = state.bedrock_client.invoke_model()
[INFO] [stdout]     |                 ----^^^^^^
[INFO] [stdout]     |                 |
[INFO] [stdout]     |                 help: remove this `mut`
[INFO] [stdout]     |
[INFO] [stdout]     = note: `#[warn(unused_mut)]` (part of `#[warn(unused)]`) on by default
[INFO] [stdout] 
[INFO] [stdout] 
[INFO] [stdout] warning: variable does not need to be mutable
[INFO] [stdout]    --> src/main.rs:354:17
[INFO] [stdout]     |
[INFO] [stdout] 354 |             let mut finish_reason: String;
[INFO] [stdout]     |                 ----^^^^^^^^^^^^^
[INFO] [stdout]     |                 |
[INFO] [stdout]     |                 help: remove this `mut`
[INFO] [stdout] 
[INFO] [stdout] 
[INFO] [stdout] warning: variable does not need to be mutable
[INFO] [stdout]    --> src/main.rs:355:17
[INFO] [stdout]     |
[INFO] [stdout] 355 |             let mut assistant_output: String;
[INFO] [stdout]     |                 ----^^^^^^^^^^^^^^^^
[INFO] [stdout]     |                 |
[INFO] [stdout]     |                 help: remove this `mut`
[INFO] [stdout] 
[INFO] [stdout] 
[INFO] [stdout] warning: unused import: `futures::FutureExt`
[INFO] [stdout]   --> src/main.rs:26:5
[INFO] [stdout]    |
[INFO] [stdout] 26 | use futures::FutureExt;
[INFO] [stdout]    |     ^^^^^^^^^^^^^^^^^^
[INFO] [stdout] 
[INFO] [stdout] 
[INFO] [stdout] error[E0308]: mismatched types
[INFO] [stdout]   --> src/endpoint_loader.rs:71:91
[INFO] [stdout]    |
[INFO] [stdout] 71 |         assert_eq!(endpoints.get_endpoint("Llama-3-70B-instruct").unwrap().endpoint_name, "lmi-llama-3-70B-Instruct");
[INFO] [stdout]    |                                                                                           ^^^^^^^^^^^^^^^^^^^^^^^^^^ expected `Option<String>`, found `&str`
[INFO] [stdout]    |
[INFO] [stdout]    = note:   expected enum `std::option::Option<std::string::String>`
[INFO] [stdout]            found reference `&str`
[INFO] [stdout] 
[INFO] [stdout] 
[INFO] [stdout] error[E0308]: mismatched types
[INFO] [stdout]   --> src/endpoint_loader.rs:72:93
[INFO] [stdout]    |
[INFO] [stdout] 72 |         assert_eq!(endpoints.get_endpoint("Phi-3-mini-4k-instruct").unwrap().endpoint_name, "lmi-mme-20240627093303");
[INFO] [stdout]    |                                                                                             ^^^^^^^^^^^^^^^^^^^^^^^^ expected `Option<String>`, found `&str`
[INFO] [stdout]    |
[INFO] [stdout]    = note:   expected enum `std::option::Option<std::string::String>`
[INFO] [stdout]            found reference `&str`
[INFO] [stdout] 
[INFO] [stdout] 
[INFO] [stdout] error[E0308]: mismatched types
[INFO] [stdout]   --> src/endpoint_loader.rs:74:95
[INFO] [stdout]    |
[INFO] [stdout] 74 |         assert_eq!(endpoints.get_endpoint("Phi-3-medium-4k-instruct").unwrap().endpoint_name, "lmi-mme-20240627093303");
[INFO] [stdout]    |                                                                                               ^^^^^^^^^^^^^^^^^^^^^^^^ expected `Option<String>`, found `&str`
[INFO] [stdout]    |
[INFO] [stdout]    = note:   expected enum `std::option::Option<std::string::String>`
[INFO] [stdout]            found reference `&str`
[INFO] [stdout] 
[INFO] [stdout] 
[INFO] [stdout] warning: unused import: `futures::FutureExt`
[INFO] [stdout]   --> src/main.rs:26:5
[INFO] [stdout]    |
[INFO] [stdout] 26 | use futures::FutureExt;
[INFO] [stdout]    |     ^^^^^^^^^^^^^^^^^^
[INFO] [stdout] 
[INFO] [stdout] 
[INFO] [stdout] warning: variable does not need to be mutable
[INFO] [stdout]   --> src/chat_template.rs:98:13
[INFO] [stdout]    |
[INFO] [stdout] 98 |         let mut messages = &[
[INFO] [stdout]    |             ----^^^^^^^^
[INFO] [stdout]    |             |
[INFO] [stdout]    |             help: remove this `mut`
[INFO] [stdout] 
[INFO] [stdout] 
[INFO] [stdout] warning: variable does not need to be mutable
[INFO] [stdout]    --> src/chat_template.rs:102:13
[INFO] [stdout]     |
[INFO] [stdout] 102 |         let mut expected = "<|begin_of_text|><|start_header_id|>system<|end_header_id|>\n\n\
[INFO] [stdout]     |             ----^^^^^^^^
[INFO] [stdout]     |             |
[INFO] [stdout]     |             help: remove this `mut`
[INFO] [stdout] 
[INFO] [stdout] 
[INFO] [stdout] warning: variable does not need to be mutable
[INFO] [stdout]    --> src/chat_template.rs:112:13
[INFO] [stdout]     |
[INFO] [stdout] 112 |         let mut messages = &[
[INFO] [stdout]     |             ----^^^^^^^^
[INFO] [stdout]     |             |
[INFO] [stdout]     |             help: remove this `mut`
[INFO] [stdout] 
[INFO] [stdout] 
[INFO] [stdout] warning: associated function `new` is never used
[INFO] [stdout]   --> src/types.rs:25:12
[INFO] [stdout]    |
[INFO] [stdout] 24 | impl ChatCompletionsMessage {
[INFO] [stdout]    | --------------------------- associated function in this implementation
[INFO] [stdout] 25 |     pub fn new<S: AsRef<str>>(role: S, content: S) -> ChatCompletionsMessage {
[INFO] [stdout]    |            ^^^
[INFO] [stdout]    |
[INFO] [stdout]    = note: `#[warn(dead_code)]` (part of `#[warn(unused)]`) on by default
[INFO] [stdout] 
[INFO] [stdout] 
[INFO] [stdout] warning: fields `prompt_token_count` and `generation_token_count` are never read
[INFO] [stdout]    --> src/types.rs:128:9
[INFO] [stdout]     |
[INFO] [stdout] 126 | pub struct BedrockStreamResponse {
[INFO] [stdout]     |            --------------------- fields in this struct
[INFO] [stdout] 127 |     pub generation: String,
[INFO] [stdout] 128 |     pub prompt_token_count: Option<i64>,
[INFO] [stdout]     |         ^^^^^^^^^^^^^^^^^^
[INFO] [stdout] 129 |     pub generation_token_count: Option<i64>,
[INFO] [stdout]     |         ^^^^^^^^^^^^^^^^^^^^^^
[INFO] [stdout]     |
[INFO] [stdout]     = note: `BedrockStreamResponse` has a derived impl for the trait `Debug`, but this is intentionally ignored during dead code analysis
[INFO] [stdout] 
[INFO] [stdout] 
[INFO] [stdout] warning: type alias `SageMakerEndpoints` is never used
[INFO] [stdout]  --> src/sagemaker_endpoint_loader.rs:8:6
[INFO] [stdout]   |
[INFO] [stdout] 8 | type SageMakerEndpoints = HashMap<String, String>;
[INFO] [stdout]   |      ^^^^^^^^^^^^^^^^^^
[INFO] [stdout] 
[INFO] [stdout] 
[INFO] [stdout] warning: function `load_from_config_file` is never used
[INFO] [stdout]   --> src/sagemaker_endpoint_loader.rs:10:8
[INFO] [stdout]    |
[INFO] [stdout] 10 | pub fn load_from_config_file<P: AsRef<Path>>(path: P) -> Result<SageMakerEndpoints, Box<dyn Error>>
[INFO] [stdout]    |        ^^^^^^^^^^^^^^^^^^^^^
[INFO] [stdout] 
[INFO] [stdout] 
[INFO] [stdout] For more information about this error, try `rustc --explain E0308`.
[INFO] [stdout] 
[INFO] [stderr] error: could not compile `msgapi` (bin "msgapi" test) due to 3 previous errors; 24 warnings emitted
[INFO] [stderr] warning: build failed, waiting for other jobs to finish...
[INFO] running `Command { std: "docker" "inspect" "32a53640aaee7a47c269282c1f330ec57e367247a2779cf490127f6b1b5dad4e", kill_on_drop: false }`
[INFO] running `Command { std: "docker" "rm" "-f" "32a53640aaee7a47c269282c1f330ec57e367247a2779cf490127f6b1b5dad4e", kill_on_drop: false }`
[INFO] [stdout] 32a53640aaee7a47c269282c1f330ec57e367247a2779cf490127f6b1b5dad4e
