[INFO] cloning repository https://github.com/r33drichards/runjs
[INFO] running `Command { std: "git" "-c" "credential.helper=" "-c" "credential.helper=/workspace/cargo-home/bin/git-credential-null" "clone" "--bare" "https://github.com/r33drichards/runjs" "/workspace/cache/git-repos/https%3A%2F%2Fgithub.com%2Fr33drichards%2Frunjs", kill_on_drop: false }`
[INFO] [stderr] Cloning into bare repository '/workspace/cache/git-repos/https%3A%2F%2Fgithub.com%2Fr33drichards%2Frunjs'...
[INFO] running `Command { std: "git" "rev-parse" "HEAD", kill_on_drop: false }`
[INFO] [stdout] 2bad208c99400432d9f9f2543d2f3e4642b1fe8d
[INFO] checking r33drichards/runjs/2bad208c99400432d9f9f2543d2f3e4642b1fe8d against 0cefa27fe3deee26fc98ee44249406358d9f0d26 for pr-164789
[INFO] running `Command { std: "git" "clone" "/workspace/cache/git-repos/https%3A%2F%2Fgithub.com%2Fr33drichards%2Frunjs" "/workspace/builds/worker-2-tc1/source", kill_on_drop: false }`
[INFO] [stderr] Cloning into '/workspace/builds/worker-2-tc1/source'...
[INFO] [stderr] done.
[INFO] removed /workspace/builds/worker-2-tc1/source/rust-toolchain
[INFO] started tweaking git repo https://github.com/r33drichards/runjs
[INFO] finished tweaking git repo https://github.com/r33drichards/runjs
[INFO] tweaked toml for git repo https://github.com/r33drichards/runjs written to /workspace/builds/worker-2-tc1/source/Cargo.toml
[INFO] validating manifest of git repo https://github.com/r33drichards/runjs on toolchain 0cefa27fe3deee26fc98ee44249406358d9f0d26
[INFO] running `Command { std: CARGO_HOME="/workspace/cargo-home" RUSTUP_HOME="/workspace/rustup-home" "/workspace/cargo-home/bin/cargo" "+0cefa27fe3deee26fc98ee44249406358d9f0d26" "metadata" "--manifest-path" "Cargo.toml" "--no-deps", kill_on_drop: false }`
[INFO] crate git repo https://github.com/r33drichards/runjs already has a lockfile, it will not be regenerated
[INFO] running `Command { std: CARGO_HOME="/workspace/cargo-home" RUSTUP_HOME="/workspace/rustup-home" "/workspace/cargo-home/bin/cargo" "+0cefa27fe3deee26fc98ee44249406358d9f0d26" "fetch" "--manifest-path" "Cargo.toml", kill_on_drop: false }`
[INFO] [stderr]     Updating crates.io index
[INFO] [stderr]  Downloading crates ...
[INFO] [stderr]   Downloaded tokio-test v0.4.4
[INFO] [stderr]   Downloaded smallvec v1.15.0
[INFO] [stderr]   Downloaded wasm-bindgen-macro v0.2.100
[INFO] [stderr]   Downloaded wasm-bindgen-shared v0.2.100
[INFO] [stderr]   Downloaded async-stream-impl v0.3.6
[INFO] [stderr]   Downloaded form_urlencoded v1.2.1
[INFO] [stderr]   Downloaded async-stream v0.3.6
[INFO] [stderr]   Downloaded wasm-bindgen-futures v0.4.50
[INFO] [stderr]   Downloaded wit-bindgen-rt v0.39.0
[INFO] [stderr]   Downloaded futures v0.3.31
[INFO] [stderr]   Downloaded percent-encoding v2.3.1
[INFO] [stderr]   Downloaded potential_utf v0.1.2
[INFO] [stderr]   Downloaded windows-targets v0.53.0
[INFO] [stderr]   Downloaded wasm_dep_analyzer v0.3.0
[INFO] [stderr]   Downloaded gzip-header v1.0.0
[INFO] [stderr]   Downloaded if_chain v1.0.2
[INFO] [stderr]   Downloaded debugid v0.8.0
[INFO] [stderr]   Downloaded outref v0.5.2
[INFO] [stderr]   Downloaded windows-link v0.1.1
[INFO] [stderr]   Downloaded openssl-probe v0.1.6
[INFO] [stderr]   Downloaded windows-strings v0.3.1
[INFO] [stderr]   Downloaded strum v0.27.1
[INFO] [stderr]   Downloaded windows-registry v0.4.0
[INFO] [stderr]   Downloaded base64-simd v0.8.0
[INFO] [stderr]   Downloaded fslock v0.2.1
[INFO] [stderr]   Downloaded deno_ops v0.226.0
[INFO] [stderr]   Downloaded deno_error v0.6.1
[INFO] [stderr]   Downloaded deno_error_macro v0.6.1
[INFO] [stderr]   Downloaded stringcase v0.4.0
[INFO] [stderr]   Downloaded signal-hook-registry v1.4.5
[INFO] [stderr]   Downloaded redox_syscall v0.5.12
[INFO] [stderr]   Downloaded rustc-demangle v0.1.24
[INFO] [stderr]   Downloaded errno v0.3.12
[INFO] [stderr]   Downloaded wasm-bindgen-macro-support v0.2.100
[INFO] [stderr]   Downloaded rustversion v1.0.21
[INFO] [stderr]   Downloaded strum_macros v0.27.1
[INFO] [stderr]   Downloaded capacity_builder_macros v0.3.0
[INFO] [stderr]   Downloaded text_lines v0.6.0
[INFO] [stderr]   Downloaded swc_macros_common v1.0.0
[INFO] [stderr]   Downloaded swc_eq_ignore_macros v1.0.0
[INFO] [stderr]   Downloaded security-framework-sys v2.14.0
[INFO] [stderr]   Downloaded thiserror-impl v2.0.12
[INFO] [stderr]   Downloaded which v6.0.3
[INFO] [stderr]   Downloaded glob v0.3.2
[INFO] [stderr]   Downloaded proc-macro-rules-macros v0.4.0
[INFO] [stderr]   Downloaded swc_atoms v5.0.0
[INFO] [stderr]   Downloaded native-tls v0.2.14
[INFO] [stderr]   Downloaded system-configuration v0.6.1
[INFO] [stderr]   Downloaded hyper-rustls v0.27.6
[INFO] [stderr]   Downloaded tokio-rustls v0.26.2
[INFO] [stderr]   Downloaded thiserror v2.0.12
[INFO] [stderr]   Downloaded libloading v0.8.8
[INFO] [stderr]   Downloaded vsimd v0.8.0
[INFO] [stderr]   Downloaded serde_v8 v0.259.0
[INFO] [stderr]   Downloaded deno_unsync v0.4.4
[INFO] [stderr]   Downloaded cooked-waker v5.0.0
[INFO] [stderr]   Downloaded capacity_builder v0.5.0
[INFO] [stderr]   Downloaded swc_macros_common v0.3.14
[INFO] [stderr]   Downloaded swc_visit v2.0.0
[INFO] [stderr]   Downloaded ptr_meta v0.3.0
[INFO] [stderr]   Downloaded from_variant v2.0.0
[INFO] [stderr]   Downloaded string_enum v1.0.0
[INFO] [stderr]   Downloaded is-macro v0.3.7
[INFO] [stderr]   Downloaded swc_ecma_transforms_macros v1.0.0
[INFO] [stderr]   Downloaded swc_config_macro v1.0.0
[INFO] [stderr]   Downloaded swc_ecma_transforms_classes v13.0.0
[INFO] [stderr]   Downloaded swc_ecma_loader v9.0.0
[INFO] [stderr]   Downloaded swc_ecma_codegen_macros v2.0.0
[INFO] [stderr]   Downloaded anstyle-wincon v3.0.8
[INFO] [stderr]   Downloaded bitflags v2.9.1
[INFO] [stderr]   Downloaded tempfile v3.20.0
[INFO] [stderr]   Downloaded wasm-bindgen v0.2.100
[INFO] [stderr]   Downloaded wasm-bindgen-backend v0.2.100
[INFO] [stderr]   Downloaded schannel v0.1.27
[INFO] [stderr]   Downloaded tracing-attributes v0.1.28
[INFO] [stderr]   Downloaded unicode-id-start v1.3.1
[INFO] [stderr]   Downloaded uuid v1.17.0
[INFO] [stderr]   Downloaded data-encoding v2.9.0
[INFO] [stderr]   Downloaded pin-project-internal v1.1.10
[INFO] [stderr]   Downloaded deno_path_util v0.4.0
[INFO] [stderr]   Downloaded sys_traits_macros v0.1.0
[INFO] [stderr]   Downloaded proc-macro-rules v0.4.0
[INFO] [stderr]   Downloaded swc_visit_macros v0.5.13
[INFO] [stderr]   Downloaded swc_allocator v4.0.0
[INFO] [stderr]   Downloaded ptr_meta_derive v0.3.0
[INFO] [stderr]   Downloaded better_scoped_tls v1.0.0
[INFO] [stderr]   Downloaded ast_node v3.0.0
[INFO] [stderr]   Downloaded par-core v1.0.4
[INFO] [stderr]   Downloaded typed-arena v2.0.2
[INFO] [stderr]   Downloaded swc_config v3.0.0
[INFO] [stderr]   Downloaded dashmap v5.5.3
[INFO] [stderr]   Downloaded castaway v0.2.3
[INFO] [stderr]   Downloaded deno_media_type v0.2.8
[INFO] [stderr]   Downloaded once_cell_polyfill v1.70.1
[INFO] [stderr]   Downloaded r-efi v5.2.0
[INFO] [stderr]   Downloaded js-sys v0.3.77
[INFO] [stderr]   Downloaded serde_derive v1.0.219
[INFO] [stderr]   Downloaded tracing-core v0.1.33
[INFO] [stderr]   Downloaded rustls-webpki v0.103.3
[INFO] [stderr]   Downloaded prettyplease v0.2.33
[INFO] [stderr]   Downloaded sourcemap v9.2.1
[INFO] [stderr]   Downloaded pin-project v1.1.10
[INFO] [stderr]   Downloaded bincode v1.3.3
[INFO] [stderr]   Downloaded Inflector v0.11.4
[INFO] [stderr]   Downloaded stacker v0.1.21
[INFO] [stderr]   Downloaded psm v0.1.26
[INFO] [stderr]   Downloaded deno_terminal v0.2.2
[INFO] [stderr]   Downloaded data-url v0.3.1
[INFO] [stderr]   Downloaded miniz_oxide v0.8.8
[INFO] [stderr]   Downloaded bumpalo v3.17.0
[INFO] [stderr]   Downloaded url v2.5.4
[INFO] [stderr]   Downloaded security-framework v2.11.1
[INFO] [stderr]   Downloaded openssl-sys v0.9.109
[INFO] [stderr]   Downloaded sys_traits v0.1.14
[INFO] [stderr]   Downloaded az v1.2.1
[INFO] [stderr]   Downloaded hstr v1.0.0
[INFO] [stderr]   Downloaded triomphe v0.1.14
[INFO] [stderr]   Downloaded swc_ecma_utils v13.1.0
[INFO] [stderr]   Downloaded unicode-id v0.3.5
[INFO] [stderr]   Downloaded hermit-abi v0.5.1
[INFO] [stderr]   Downloaded swc_ecma_transforms_react v15.0.0
[INFO] [stderr]   Downloaded smartstring v1.0.1
[INFO] [stderr]   Downloaded swc_ecma_codegen v11.0.0
[INFO] [stderr]   Downloaded compact_str v0.7.1
[INFO] [stderr]   Downloaded ascii v1.1.0
[INFO] [stderr]   Downloaded serde v1.0.219
[INFO] [stderr]   Downloaded hyper-util v0.1.13
[INFO] [stderr]   Downloaded num-bigint v0.4.6
[INFO] [stderr]   Downloaded swc_ecma_ast v9.0.0
[INFO] [stderr]   Downloaded swc_ecma_transforms_typescript v15.0.0
[INFO] [stderr]   Downloaded swc_ecma_lexer v12.0.0
[INFO] [stderr]   Downloaded clap v4.5.39
[INFO] [stderr]   Downloaded zerocopy-derive v0.8.25
[INFO] [stderr]   Downloaded ryu-js v1.0.2
[INFO] [stderr]   Downloaded swc_ecma_transforms_base v13.0.0
[INFO] [stderr]   Downloaded dprint-swc-ext v0.24.0
[INFO] [stderr]   Downloaded idna v1.0.3
[INFO] [stderr]   Downloaded zerovec v0.11.2
[INFO] [stderr]   Downloaded tower-http v0.6.4
[INFO] [stderr]   Downloaded iri-string v0.7.8
[INFO] [stderr]   Downloaded cc v1.2.25
[INFO] [stderr]   Downloaded tokio-util v0.7.15
[INFO] [stderr]   Downloaded swc_common v9.2.0
[INFO] [stderr]   Downloaded swc_ecma_parser v12.0.0
[INFO] [stderr]   Downloaded wasi v0.14.2+wasi-0.2.4
[INFO] [stderr]   Downloaded hashbrown v0.15.3
[INFO] [stderr]   Downloaded hyper v1.6.0
[INFO] [stderr]   Downloaded h2 v0.4.10
[INFO] [stderr]   Downloaded deno_ast v0.48.0
[INFO] [stderr]   Downloaded reqwest v0.12.18
[INFO] [stderr]   Downloaded serde_json v1.0.140
[INFO] [stderr]   Downloaded syn v2.0.101
[INFO] [stderr]   Downloaded par-iter v1.0.2
[INFO] [stderr]   Downloaded clap_builder v4.5.39
[INFO] [stderr]   Downloaded bindgen v0.71.1
[INFO] [stderr]   Downloaded openssl v0.10.73
[INFO] [stderr]   Downloaded unicode-width v0.2.0
[INFO] [stderr]   Downloaded zerocopy v0.8.25
[INFO] [stderr]   Downloaded unicode-width v0.1.14
[INFO] [stderr]   Downloaded deno_core v0.350.0
[INFO] [stderr]   Downloaded swc_ecma_visit v9.0.0
[INFO] [stderr]   Downloaded rustix v1.0.7
[INFO] [stderr]   Downloaded winsafe v0.0.19
[INFO] [stderr]   Downloaded web-sys v0.3.77
[INFO] [stderr]   Downloaded tokio v1.45.1
[INFO] [stderr]   Downloaded windows_aarch64_gnullvm v0.53.0
[INFO] [stderr]   Downloaded windows_x86_64_gnullvm v0.53.0
[INFO] [stderr]   Downloaded windows_aarch64_msvc v0.53.0
[INFO] [stderr]   Downloaded windows_x86_64_msvc v0.53.0
[INFO] [stderr]   Downloaded windows_i686_gnullvm v0.53.0
[INFO] [stderr]   Downloaded windows_x86_64_gnu v0.53.0
[INFO] [stderr]   Downloaded windows_i686_msvc v0.53.0
[INFO] [stderr]   Downloaded windows_i686_gnu v0.53.0
[INFO] [stderr]   Downloaded linux-raw-sys v0.9.4
[INFO] [stderr]   Downloaded rustls v0.23.27
[INFO] [stderr]   Downloaded deno_core_icudata v0.74.0
[INFO] [stderr]   Downloaded swc_ecma_transforms_proposal v13.0.0
[INFO] [stderr]   Downloaded v8 v137.1.0
[INFO] running `Command { std: "docker" "create" "-v" "/var/lib/crater-agent-workspace/builds/worker-2-tc1/source:/opt/rustwide/workdir:ro,Z" "-v" "/var/lib/crater-agent-workspace/builds/worker-2-tc1/target:/opt/rustwide/target:rw,Z" "-v" "/var/lib/crater-agent-workspace/cargo-home:/opt/rustwide/cargo-home:ro,Z" "-v" "/var/lib/crater-agent-workspace/rustup-home:/opt/rustwide/rustup-home:ro,Z" "-m" "1610612736" "--network" "none" "ghcr.io/rust-lang/crates-build-env/linux@sha256:c0af3998e971868164375a7dfb646c9933ddd1a3bdb00fa2041266763dc1eeab" "sleep" "infinity", kill_on_drop: false }`
[INFO] [stdout] 0bee2b638da05e5d540e8f35462a5f0f186acb8b9f512c7769098ba769e689cb
[INFO] running `Command { std: "docker" "start" "0bee2b638da05e5d540e8f35462a5f0f186acb8b9f512c7769098ba769e689cb", kill_on_drop: false }`
[INFO] running `Command { std: "docker" "inspect" "0bee2b638da05e5d540e8f35462a5f0f186acb8b9f512c7769098ba769e689cb", kill_on_drop: false }`
[INFO] running `Command { std: "docker" "exec" "-e" "SOURCE_DIR=/opt/rustwide/workdir" "-e" "CARGO_HOME=/opt/rustwide/cargo-home" "-e" "RUSTUP_HOME=/opt/rustwide/rustup-home" "-e" "CARGO_TARGET_DIR=/opt/rustwide/target" "-w" "/opt/rustwide/workdir" "--user" "0:0" "0bee2b638da05e5d540e8f35462a5f0f186acb8b9f512c7769098ba769e689cb" "/opt/rustwide/cargo-home/bin/cargo" "+0cefa27fe3deee26fc98ee44249406358d9f0d26" "metadata" "--no-deps" "--format-version=1", kill_on_drop: false }`
[INFO] running `Command { std: "docker" "inspect" "0bee2b638da05e5d540e8f35462a5f0f186acb8b9f512c7769098ba769e689cb", kill_on_drop: false }`
[INFO] running `Command { std: "docker" "exec" "-e" "SOURCE_DIR=/opt/rustwide/workdir" "-e" "CARGO_HOME=/opt/rustwide/cargo-home" "-e" "RUSTUP_HOME=/opt/rustwide/rustup-home" "-e" "CARGO_TARGET_DIR=/opt/rustwide/target" "-e" "CARGO_INCREMENTAL=0" "-e" "RUST_BACKTRACE=full" "-e" "RUSTFLAGS=--cap-lints=forbid" "-e" "RUSTDOCFLAGS=--cap-lints=forbid" "-w" "/opt/rustwide/workdir" "--user" "0:0" "0bee2b638da05e5d540e8f35462a5f0f186acb8b9f512c7769098ba769e689cb" "/opt/rustwide/cargo-home/bin/cargo" "+0cefa27fe3deee26fc98ee44249406358d9f0d26" "check" "--frozen" "--all" "--all-targets" "--message-format=json", kill_on_drop: false }`
[INFO] [stderr]    Compiling proc-macro2 v1.0.95
[INFO] [stderr]    Compiling libc v0.2.172
[INFO] [stderr]     Checking smallvec v1.15.0
[INFO] [stderr]     Checking stable_deref_trait v1.2.0
[INFO] [stderr]    Compiling serde v1.0.219
[INFO] [stderr]     Checking itoa v1.0.15
[INFO] [stderr]    Compiling version_check v0.9.5
[INFO] [stderr]    Compiling shlex v1.3.0
[INFO] [stderr]     Checking writeable v0.6.1
[INFO] [stderr]     Checking litemap v0.8.0
[INFO] [stderr]     Checking equivalent v1.0.2
[INFO] [stderr]    Compiling icu_normalizer_data v2.0.0
[INFO] [stderr]     Checking hashbrown v0.15.3
[INFO] [stderr]    Compiling icu_properties_data v2.0.1
[INFO] [stderr]     Checking percent-encoding v2.3.1
[INFO] [stderr]     Checking ryu v1.0.20
[INFO] [stderr]     Checking form_urlencoded v1.2.1
[INFO] [stderr]    Compiling cc v1.2.25
[INFO] [stderr]    Compiling lock_api v0.4.13
[INFO] [stderr]     Checking utf8_iter v1.0.4
[INFO] [stderr]    Compiling parking_lot_core v0.9.11
[INFO] [stderr]     Checking scopeguard v1.2.0
[INFO] [stderr]     Checking bitflags v2.9.1
[INFO] [stderr]    Compiling serde_json v1.0.140
[INFO] [stderr]    Compiling zerocopy v0.8.25
[INFO] [stderr]    Compiling ahash v0.8.12
[INFO] [stderr]     Checking bytes v1.10.1
[INFO] [stderr]     Checking tracing-core v0.1.33
[INFO] [stderr]    Compiling quote v1.0.40
[INFO] [stderr]     Checking indexmap v2.9.0
[INFO] [stderr]    Compiling syn v2.0.101
[INFO] [stderr]    Compiling num-traits v0.2.19
[INFO] [stderr]     Checking allocator-api2 v0.2.21
[INFO] [stderr]    Compiling phf_shared v0.11.3
[INFO] [stderr]     Checking rustc-hash v2.1.1
[INFO] [stderr]    Compiling radium v0.7.0
[INFO] [stderr]     Checking parking_lot v0.12.4
[INFO] [stderr]    Compiling phf_generator v0.11.3
[INFO] [stderr]     Checking signal-hook-registry v1.4.5
[INFO] [stderr]     Checking mio v1.0.4
[INFO] [stderr]     Checking socket2 v0.5.10
[INFO] [stderr]     Checking tap v1.0.1
[INFO] [stderr]     Checking rand_core v0.6.4
[INFO] [stderr]     Checking wyz v0.5.1
[INFO] [stderr]     Checking rand v0.8.5
[INFO] [stderr]     Checking uuid v1.17.0
[INFO] [stderr]     Checking outref v0.5.2
[INFO] [stderr]     Checking funty v2.0.0
[INFO] [stderr]     Checking vsimd v0.8.0
[INFO] [stderr]     Checking new_debug_unreachable v1.0.6
[INFO] [stderr]     Checking unicode-id-start v1.3.1
[INFO] [stderr]     Checking data-encoding v2.9.0
[INFO] [stderr]     Checking bitvec v1.0.1
[INFO] [stderr]     Checking either v1.15.0
[INFO] [stderr]     Checking if_chain v1.0.2
[INFO] [stderr]     Checking bumpalo v3.17.0
[INFO] [stderr]     Checking num-integer v0.1.46
[INFO] [stderr]     Checking base64-simd v0.8.0
[INFO] [stderr]     Checking better_scoped_tls v1.0.0
[INFO] [stderr]     Checking swc_visit v2.0.0
[INFO] [stderr]     Checking siphasher v0.3.11
[INFO] [stderr]     Checking unicode-width v0.1.14
[INFO] [stderr]     Checking futures-sink v0.3.31
[INFO] [stderr]    Compiling memchr v2.7.4
[INFO] [stderr]     Checking static_assertions v1.1.0
[INFO] [stderr]    Compiling psm v0.1.26
[INFO] [stderr]     Checking futures-channel v0.3.31
[INFO] [stderr]    Compiling stacker v0.1.21
[INFO] [stderr]    Compiling smartstring v1.0.1
[INFO] [stderr]    Compiling regex-syntax v0.8.5
[INFO] [stderr]     Checking futures-task v0.3.31
[INFO] [stderr]     Checking pin-utils v0.1.0
[INFO] [stderr]     Checking futures-io v0.3.31
[INFO] [stderr]     Checking hashbrown v0.14.5
[INFO] [stderr]    Compiling glob v0.3.2
[INFO] [stderr]    Compiling typenum v1.18.0
[INFO] [stderr]    Compiling rustversion v1.0.21
[INFO] [stderr]    Compiling vcpkg v0.2.15
[INFO] [stderr]    Compiling aho-corasick v1.1.3
[INFO] [stderr]    Compiling clang-sys v1.8.1
[INFO] [stderr]    Compiling generic-array v0.14.7
[INFO] [stderr]     Checking arrayvec v0.7.6
[INFO] [stderr]     Checking fnv v1.0.7
[INFO] [stderr]     Checking typed-arena v2.0.2
[INFO] [stderr]    Compiling prettyplease v0.2.33
[INFO] [stderr]    Compiling thiserror v2.0.12
[INFO] [stderr]     Checking http v1.3.1
[INFO] [stderr]    Compiling openssl-sys v0.9.109
[INFO] [stderr]     Checking par-core v1.0.4
[INFO] [stderr]    Compiling regex-automata v0.4.9
[INFO] [stderr]    Compiling rustix v0.38.44
[INFO] [stderr]    Compiling minimal-lexical v0.2.1
[INFO] [stderr]     Checking par-iter v1.0.2
[INFO] [stderr]    Compiling nom v7.1.3
[INFO] [stderr]    Compiling libloading v0.8.8
[INFO] [stderr]     Checking num_cpus v1.17.0
[INFO] [stderr]    Compiling bindgen v0.71.1
[INFO] [stderr]    Compiling linux-raw-sys v0.4.15
[INFO] [stderr]     Checking ryu-js v1.0.2
[INFO] [stderr]     Checking unicode-id v0.3.5
[INFO] [stderr]    Compiling itertools v0.13.0
[INFO] [stderr]    Compiling synstructure v0.13.2
[INFO] [stderr]    Compiling swc_macros_common v1.0.0
[INFO] [stderr]    Compiling cexpr v0.6.0
[INFO] [stderr]     Checking http-body v1.0.1
[INFO] [stderr]    Compiling regex v1.11.1
[INFO] [stderr]    Compiling crc32fast v1.4.2
[INFO] [stderr]    Compiling adler2 v2.0.0
[INFO] [stderr]    Compiling openssl v0.10.73
[INFO] [stderr]    Compiling httparse v1.10.1
[INFO] [stderr]    Compiling zerofrom-derive v0.1.6
[INFO] [stderr]    Compiling serde_derive v1.0.219
[INFO] [stderr]    Compiling yoke-derive v0.8.0
[INFO] [stderr]    Compiling zerovec-derive v0.11.1
[INFO] [stderr]    Compiling displaydoc v0.2.5
[INFO] [stderr]    Compiling tracing-attributes v0.1.28
[INFO] [stderr]     Checking zerofrom v0.1.6
[INFO] [stderr]    Compiling tokio-macros v2.5.0
[INFO] [stderr]    Compiling phf_macros v0.11.3
[INFO] [stderr]     Checking yoke v0.8.0
[INFO] [stderr]    Compiling ptr_meta_derive v0.3.0
[INFO] [stderr]     Checking zerotrie v0.2.2
[INFO] [stderr]     Checking ptr_meta v0.3.0
[INFO] [stderr]     Checking zerovec v0.11.2
[INFO] [stderr]    Compiling swc_eq_ignore_macros v1.0.0
[INFO] [stderr]     Checking tokio v1.45.1
[INFO] [stderr]    Compiling ast_node v3.0.0
[INFO] [stderr]     Checking phf v0.11.3
[INFO] [stderr]    Compiling from_variant v2.0.0
[INFO] [stderr]    Compiling string_enum v1.0.0
[INFO] [stderr]    Compiling is-macro v0.3.7
[INFO] [stderr]     Checking tracing v0.1.41
[INFO] [stderr]    Compiling futures-macro v0.3.31
[INFO] [stderr]    Compiling thiserror-impl v2.0.12
[INFO] [stderr]    Compiling deno_error_macro v0.6.1
[INFO] [stderr]     Checking foreign-types-shared v0.1.1
[INFO] [stderr]    Compiling home v0.5.11
[INFO] [stderr]    Compiling log v0.4.27
[INFO] [stderr]     Checking base64 v0.22.1
[INFO] [stderr]     Checking tinystr v0.8.1
[INFO] [stderr]     Checking potential_utf v0.1.2
[INFO] [stderr]     Checking icu_collections v2.0.0
[INFO] [stderr]     Checking futures-util v0.3.31
[INFO] [stderr]     Checking icu_locale_core v2.0.0
[INFO] [stderr]    Compiling which v6.0.3
[INFO] [stderr]     Checking foreign-types v0.3.2
[INFO] [stderr]    Compiling openssl-macros v0.1.1
[INFO] [stderr]    Compiling miniz_oxide v0.8.8
[INFO] [stderr]    Compiling gzip-header v1.0.0
[INFO] [stderr]     Checking block-buffer v0.10.4
[INFO] [stderr]     Checking crypto-common v0.1.6
[INFO] [stderr]    Compiling fslock v0.2.1
[INFO] [stderr]     Checking icu_provider v2.0.0
[INFO] [stderr]     Checking try-lock v0.2.5
[INFO] [stderr]    Compiling native-tls v0.2.14
[INFO] [stderr]     Checking icu_properties v2.0.1
[INFO] [stderr]     Checking icu_normalizer v2.0.0
[INFO] [stderr]    Compiling paste v1.0.15
[INFO] [stderr]     Checking tower-service v0.3.3
[INFO] [stderr]     Checking unicode-ident v1.0.18
[INFO] [stderr]     Checking want v0.3.1
[INFO] [stderr]     Checking digest v0.10.7
[INFO] [stderr]    Compiling swc_config_macro v1.0.0
[INFO] [stderr]    Compiling swc_ecma_transforms_macros v1.0.0
[INFO] [stderr]     Checking openssl-probe v0.1.6
[INFO] [stderr]     Checking idna_adapter v1.2.1
[INFO] [stderr]     Checking idna v1.0.3
[INFO] [stderr]     Checking cpufeatures v0.2.17
[INFO] [stderr]    Compiling once_cell v1.21.3
[INFO] [stderr]     Checking sha1 v0.10.6
[INFO] [stderr]    Compiling proc-macro-rules-macros v0.4.0
[INFO] [stderr]     Checking url v2.5.4
[INFO] [stderr]     Checking triomphe v0.1.14
[INFO] [stderr]     Checking debugid v0.8.0
[INFO] [stderr]     Checking num-bigint v0.4.6
[INFO] [stderr]     Checking hstr v1.0.0
[INFO] [stderr]     Checking swc_allocator v4.0.0
[INFO] [stderr]     Checking swc_atoms v5.0.0
[INFO] [stderr]    Compiling sys_traits_macros v0.1.0
[INFO] [stderr]    Compiling capacity_builder_macros v0.3.0
[INFO] [stderr]     Checking sourcemap v9.2.1
[INFO] [stderr]     Checking swc_config v3.0.0
[INFO] [stderr]    Compiling strum_macros v0.27.1
[INFO] [stderr]     Checking castaway v0.2.3
[INFO] [stderr]     Checking dashmap v5.5.3
[INFO] [stderr]     Checking tokio-util v0.7.15
[INFO] [stderr]     Checking deno_error v0.6.1
[INFO] [stderr]     Checking sync_wrapper v1.0.2
[INFO] [stderr]     Checking tower-layer v0.3.3
[INFO] [stderr]     Checking ipnet v2.11.0
[INFO] [stderr]     Checking swc_common v9.2.0
[INFO] [stderr]     Checking h2 v0.4.10
[INFO] [stderr]    Compiling az v1.2.1
[INFO] [stderr]    Compiling lazy_static v1.5.0
[INFO] [stderr]    Compiling Inflector v0.11.4
[INFO] [stderr]     Checking tokio-native-tls v0.3.1
[INFO] [stderr]     Checking tower v0.5.2
[INFO] [stderr]     Checking compact_str v0.7.1
[INFO] [stderr]     Checking capacity_builder v0.5.0
[INFO] [stderr]     Checking sys_traits v0.1.14
[INFO] [stderr]    Compiling proc-macro-rules v0.4.0
[INFO] [stderr]     Checking text_lines v0.6.0
[INFO] [stderr]     Checking futures-executor v0.3.31
[INFO] [stderr]    Compiling pin-project-internal v1.1.10
[INFO] [stderr]    Compiling swc_ecma_codegen_macros v2.0.0
[INFO] [stderr]     Checking http-body-util v0.1.3
[INFO] [stderr]    Compiling strum v0.27.1
[INFO] [stderr]     Checking swc_ecma_ast v9.0.0
[INFO] [stderr]    Compiling swc_macros_common v0.3.14
[INFO] [stderr]     Checking pathdiff v0.2.3
[INFO] [stderr]     Checking termcolor v1.4.1
[INFO] [stderr]    Compiling stringcase v0.4.0
[INFO] [stderr]     Checking zeroize v1.8.1
[INFO] [stderr]    Compiling getrandom v0.3.3
[INFO] [stderr]     Checking ascii v1.1.0
[INFO] [stderr]     Checking bit-vec v0.8.0
[INFO] [stderr]     Checking iri-string v0.7.8
[INFO] [stderr]    Compiling rustix v1.0.7
[INFO] [stderr]     Checking data-url v0.3.1
[INFO] [stderr]     Checking deno_media_type v0.2.8
[INFO] [stderr]     Checking pin-project v1.1.10
[INFO] [stderr]     Checking bit-set v0.8.0
[INFO] [stderr]     Checking clap_builder v4.5.39
[INFO] [stderr]    Compiling deno_ops v0.226.0
[INFO] [stderr]    Compiling swc_visit_macros v0.5.13
[INFO] [stderr]    Compiling v8 v137.1.0
[INFO] [stderr]     Checking hyper v1.6.0
[INFO] [stderr]     Checking hyper-util v0.1.13
[INFO] [stderr]     Checking tower-http v0.6.4
[INFO] [stderr]     Checking rustls-pki-types v1.12.0
[INFO] [stderr]     Checking deno_terminal v0.2.2
[INFO] [stderr]     Checking swc_ecma_loader v9.0.0
[INFO] [stderr]     Checking futures v0.3.31
[INFO] [stderr]     Checking deno_path_util v0.4.0
[INFO] [stderr]     Checking wasm_dep_analyzer v0.3.0
[INFO] [stderr]     Checking deno_unsync v0.4.4
[INFO] [stderr]     Checking bincode v1.3.3
[INFO] [stderr]     Checking serde_urlencoded v0.7.1
[INFO] [stderr]    Compiling async-stream-impl v0.3.6
[INFO] [stderr]    Compiling clap_derive v4.5.32
[INFO] [stderr]     Checking encoding_rs v0.8.35
[INFO] [stderr]     Checking cooked-waker v5.0.0
[INFO] [stderr]     Checking hyper-tls v0.6.0
[INFO] [stderr]     Checking mime v0.3.17
[INFO] [stderr]     Checking deno_core_icudata v0.74.0
[INFO] [stderr]     Checking linux-raw-sys v0.9.4
[INFO] [stderr]     Checking unicode-width v0.2.0
[INFO] [stderr]     Checking async-stream v0.3.6
[INFO] [stderr]     Checking tokio-stream v0.1.17
[INFO] [stderr]     Checking fastrand v2.3.0
[INFO] [stderr]     Checking tokio-test v0.4.4
[INFO] [stderr]     Checking reqwest v0.12.18
[INFO] [stderr]     Checking clap v4.5.39
[INFO] [stderr]     Checking tempfile v3.20.0
[INFO] [stderr]     Checking swc_ecma_lexer v12.0.0
[INFO] [stderr]     Checking swc_ecma_visit v9.0.0
[INFO] [stderr]     Checking swc_ecma_codegen v11.0.0
[INFO] [stderr] error: failed to run custom build command for `v8 v137.1.0`
[INFO] [stderr] note: To improve backtraces for build dependencies, set the CARGO_PROFILE_DEV_BUILD_OVERRIDE_DEBUG=true environment variable to enable debug information generation.
[INFO] [stderr] 
[INFO] [stderr] Caused by:
[INFO] [stderr]   process didn't exit successfully: `/opt/rustwide/target/debug/build/v8/c3f3c4964873476d/out/build_script_build` (exit status: 101)
[INFO] [stderr]   --- stdout
[INFO] [stderr]   cargo:rerun-if-changed=.gn
[INFO] [stderr]   cargo:rerun-if-changed=BUILD.gn
[INFO] [stderr]   cargo:rerun-if-changed=src/binding.cc
[INFO] [stderr]   cargo:rerun-if-env-changed=CCACHE
[INFO] [stderr]   cargo:rerun-if-env-changed=CLANG_BASE_PATH
[INFO] [stderr]   cargo:rerun-if-env-changed=CXXSTDLIB
[INFO] [stderr]   cargo:rerun-if-env-changed=DENO_TRYBUILD
[INFO] [stderr]   cargo:rerun-if-env-changed=DOCS_RS
[INFO] [stderr]   cargo:rerun-if-env-changed=GN
[INFO] [stderr]   cargo:rerun-if-env-changed=GN_ARGS
[INFO] [stderr]   cargo:rerun-if-env-changed=HOST
[INFO] [stderr]   cargo:rerun-if-env-changed=NINJA
[INFO] [stderr]   cargo:rerun-if-env-changed=OUT_DIR
[INFO] [stderr]   cargo:rerun-if-env-changed=RUSTY_V8_ARCHIVE
[INFO] [stderr]   cargo:rerun-if-env-changed=RUSTY_V8_MIRROR
[INFO] [stderr]   cargo:rerun-if-env-changed=RUSTY_V8_SRC_BINDING_PATH
[INFO] [stderr]   cargo:rerun-if-env-changed=SCCACHE
[INFO] [stderr]   cargo:rerun-if-env-changed=V8_FORCE_DEBUG
[INFO] [stderr]   cargo:rerun-if-env-changed=V8_FROM_SOURCE
[INFO] [stderr]   cargo:rerun-if-env-changed=PYTHON
[INFO] [stderr]   cargo:rerun-if-env-changed=DISABLE_CLANG
[INFO] [stderr]   cargo:rerun-if-env-changed=EXTRA_GN_ARGS
[INFO] [stderr]   cargo:rerun-if-env-changed=PRINT_GN_ARGS
[INFO] [stderr]   cargo:rerun-if-env-changed=CARGO_ENCODED_RUSTFLAGS
[INFO] [stderr]   cargo:rustc-link-lib=static=rusty_v8
[INFO] [stderr]   lockfile: "/opt/rustwide/target/debug/build/v8/v8.fslock"
[INFO] [stderr]   cargo:rustc-env=RUSTY_V8_SRC_BINDING_PATH=/opt/rustwide/cargo-home/registry/src/index.crates.io-1949cf8c6b5b557f/v8-137.1.0/gen/src_binding_release_x86_64-unknown-linux-gnu.rs
[INFO] [stderr]   static lib URL: https://github.com/denoland/rusty_v8/releases/download/v137.1.0/librusty_v8_release_x86_64-unknown-linux-gnu.a.gz
[INFO] [stderr]   cargo:rustc-link-search=/opt/rustwide/target/debug/build/gn_out/obj
[INFO] [stderr]   Looking for download in '"/opt/rustwide/cargo-home/.rusty_v8/https___github_com_denoland_rusty_v8_releases_download_v137_1_0_librusty_v8_release_x86_64_unknown_linux_gnu_a_gz"'
[INFO] [stderr]   Downloading (using Python) https://github.com/denoland/rusty_v8/releases/download/v137.1.0/librusty_v8_release_x86_64-unknown-linux-gnu.a.gz
[INFO] [stderr]   Downloading https://github.com/denoland/rusty_v8/releases/download/v137.1.0/librusty_v8_release_x86_64-unknown-linux-gnu.a.gz...
[INFO] [stderr]   <urlopen error [Errno -3] Temporary failure in name resolution>
[INFO] [stderr]   Retrying in 5 s ...
[INFO] [stderr]   Downloading https://github.com/denoland/rusty_v8/releases/download/v137.1.0/librusty_v8_release_x86_64-unknown-linux-gnu.a.gz...
[INFO] [stderr]   <urlopen error [Errno -3] Temporary failure in name resolution>
[INFO] [stderr]   Retrying in 10 s ...
[INFO] [stderr]   Downloading https://github.com/denoland/rusty_v8/releases/download/v137.1.0/librusty_v8_release_x86_64-unknown-linux-gnu.a.gz...
[INFO] [stderr]   <urlopen error [Errno -3] Temporary failure in name resolution>
[INFO] [stderr]   Retrying in 20 s ...
[INFO] [stderr]   Downloading https://github.com/denoland/rusty_v8/releases/download/v137.1.0/librusty_v8_release_x86_64-unknown-linux-gnu.a.gz...
[INFO] [stderr]   <urlopen error [Errno -3] Temporary failure in name resolution>
[INFO] [stderr]   Python downloader failed, trying with curl.
[INFO] [stderr] 
[INFO] [stderr]   --- stderr
[INFO] [stderr]   Traceback (most recent call last):
[INFO] [stderr]     File "/usr/lib/python3.14/urllib/request.py", line 1321, in do_open
[INFO] [stderr]       h.request(req.get_method(), req.selector, req.data, headers,
[INFO] [stderr]       ~~~~~~~~~^^^^^^^^^^^^^^^^^^^^^^^^^^^^^^^^^^^^^^^^^^^^^^^^^^^
[INFO] [stderr]                 encode_chunked=req.has_header('Transfer-encoding'))
[INFO] [stderr]                 ^^^^^^^^^^^^^^^^^^^^^^^^^^^^^^^^^^^^^^^^^^^^^^^^^^^
[INFO] [stderr]     File "/usr/lib/python3.14/http/client.py", line 1367, in request
[INFO] [stderr]       self._send_request(method, url, body, headers, encode_chunked)
[INFO] [stderr]       ~~~~~~~~~~~~~~~~~~^^^^^^^^^^^^^^^^^^^^^^^^^^^^^^^^^^^^^^^^^^^^
[INFO] [stderr]     File "/usr/lib/python3.14/http/client.py", line 1413, in _send_request
[INFO] [stderr]       self.endheaders(body, encode_chunked=encode_chunked)
[INFO] [stderr]       ~~~~~~~~~~~~~~~^^^^^^^^^^^^^^^^^^^^^^^^^^^^^^^^^^^^^
[INFO] [stderr]     File "/usr/lib/python3.14/http/client.py", line 1362, in endheaders
[INFO] [stderr]       self._send_output(message_body, encode_chunked=encode_chunked)
[INFO] [stderr]       ~~~~~~~~~~~~~~~~~^^^^^^^^^^^^^^^^^^^^^^^^^^^^^^^^^^^^^^^^^^^^^
[INFO] [stderr]     File "/usr/lib/python3.14/http/client.py", line 1122, in _send_output
[INFO] [stderr]       self.send(msg)
[INFO] [stderr]       ~~~~~~~~~^^^^^
[INFO] [stderr]     File "/usr/lib/python3.14/http/client.py", line 1066, in send
[INFO] [stderr]       self.connect()
[INFO] [stderr]       ~~~~~~~~~~~~^^
[INFO] [stderr]     File "/usr/lib/python3.14/http/client.py", line 1501, in connect
[INFO] [stderr]       super().connect()
[INFO] [stderr]       ~~~~~~~~~~~~~~~^^
[INFO] [stderr]     File "/usr/lib/python3.14/http/client.py", line 1032, in connect
[INFO] [stderr]       self.sock = self._create_connection(
[INFO] [stderr]                   ~~~~~~~~~~~~~~~~~~~~~~~^
[INFO] [stderr]           (self.host,self.port), self.timeout, self.source_address)
[INFO] [stderr]           ^^^^^^^^^^^^^^^^^^^^^^^^^^^^^^^^^^^^^^^^^^^^^^^^^^^^^^^^^
[INFO] [stderr]     File "/usr/lib/python3.14/socket.py", line 846, in create_connection
[INFO] [stderr]       for res in getaddrinfo(host, port, 0, SOCK_STREAM):
[INFO] [stderr]                  ~~~~~~~~~~~^^^^^^^^^^^^^^^^^^^^^^^^^^^^
[INFO] [stderr]     File "/usr/lib/python3.14/socket.py", line 983, in getaddrinfo
[INFO] [stderr]       for res in _socket.getaddrinfo(host, port, family, type, proto, flags):
[INFO] [stderr]                  ~~~~~~~~~~~~~~~~~~~^^^^^^^^^^^^^^^^^^^^^^^^^^^^^^^^^^^^^^^^
[INFO] [stderr]   socket.gaierror: [Errno -3] Temporary failure in name resolution
[INFO] [stderr] 
[INFO] [stderr]   During handling of the above exception, another exception occurred:
[INFO] [stderr] 
[INFO] [stderr]   Traceback (most recent call last):
[INFO] [stderr]     File "/opt/rustwide/cargo-home/registry/src/index.crates.io-1949cf8c6b5b557f/v8-137.1.0/./tools/download_file.py", line 64, in <module>
[INFO] [stderr]       sys.exit(main())
[INFO] [stderr]                ~~~~^^
[INFO] [stderr]     File "/opt/rustwide/cargo-home/registry/src/index.crates.io-1949cf8c6b5b557f/v8-137.1.0/./tools/download_file.py", line 59, in main
[INFO] [stderr]       DownloadUrl(args.url, f)
[INFO] [stderr]       ~~~~~~~~~~~^^^^^^^^^^^^^
[INFO] [stderr]     File "/opt/rustwide/cargo-home/registry/src/index.crates.io-1949cf8c6b5b557f/v8-137.1.0/./tools/download_file.py", line 45, in DownloadUrl
[INFO] [stderr]       raise e
[INFO] [stderr]     File "/opt/rustwide/cargo-home/registry/src/index.crates.io-1949cf8c6b5b557f/v8-137.1.0/./tools/download_file.py", line 29, in DownloadUrl
[INFO] [stderr]       response = urlopen(url)
[INFO] [stderr]     File "/usr/lib/python3.14/urllib/request.py", line 187, in urlopen
[INFO] [stderr]       return opener.open(url, data, timeout)
[INFO] [stderr]              ~~~~~~~~~~~^^^^^^^^^^^^^^^^^^^^
[INFO] [stderr]     File "/usr/lib/python3.14/urllib/request.py", line 487, in open
[INFO] [stderr]       response = self._open(req, data)
[INFO] [stderr]     File "/usr/lib/python3.14/urllib/request.py", line 504, in _open
[INFO] [stderr]       result = self._call_chain(self.handle_open, protocol, protocol +
[INFO] [stderr]                                 '_open', req)
[INFO] [stderr]     File "/usr/lib/python3.14/urllib/request.py", line 464, in _call_chain
[INFO] [stderr]       result = func(*args)
[INFO] [stderr]     File "/usr/lib/python3.14/urllib/request.py", line 1369, in https_open
[INFO] [stderr]       return self.do_open(http.client.HTTPSConnection, req,
[INFO] [stderr]              ~~~~~~~~~~~~^^^^^^^^^^^^^^^^^^^^^^^^^^^^^^^^^^
[INFO] [stderr]                           context=self._context)
[INFO] [stderr]                           ^^^^^^^^^^^^^^^^^^^^^^
[INFO] [stderr]     File "/usr/lib/python3.14/urllib/request.py", line 1324, in do_open
[INFO] [stderr]       raise URLError(err)
[INFO] [stderr]   urllib.error.URLError: <urlopen error [Errno -3] Temporary failure in name resolution>
[INFO] [stderr] 
[INFO] [stderr]   thread 'main' (2546) panicked at /opt/rustwide/cargo-home/registry/src/index.crates.io-1949cf8c6b5b557f/v8-137.1.0/build.rs:555:3:
[INFO] [stderr]   assertion failed: status.success()
[INFO] [stderr]   stack backtrace:
[INFO] [stderr]      0:     0x62911a3d8871 - std[d54af4b6f8a28972]::backtrace_rs::backtrace::libunwind::trace
[INFO] [stderr]                                  at /rustc/0cefa27fe3deee26fc98ee44249406358d9f0d26/library/std/src/../../backtrace/src/backtrace/libunwind.rs:117:9
[INFO] [stderr]      1:     0x62911a3d8871 - std[d54af4b6f8a28972]::backtrace_rs::backtrace::trace_unsynchronized::<std[d54af4b6f8a28972]::sys::backtrace::_print_fmt::{closure#1}>
[INFO] [stderr]                                  at /rustc/0cefa27fe3deee26fc98ee44249406358d9f0d26/library/std/src/../../backtrace/src/backtrace/mod.rs:66:14
[INFO] [stderr]      2:     0x62911a3d8871 - std[d54af4b6f8a28972]::sys::backtrace::_print_fmt
[INFO] [stderr]                                  at /rustc/0cefa27fe3deee26fc98ee44249406358d9f0d26/library/std/src/sys/backtrace.rs:74:9
[INFO] [stderr]      3:     0x62911a3d8871 - <<std[d54af4b6f8a28972]::sys::backtrace::BacktraceLock>::print::DisplayBacktrace as core[cbc10812dc19a79d]::fmt::Display>::fmt
[INFO] [stderr]                                  at /rustc/0cefa27fe3deee26fc98ee44249406358d9f0d26/library/std/src/sys/backtrace.rs:44:26
[INFO] [stderr]      4:     0x62911a3eecfa - <core[cbc10812dc19a79d]::fmt::rt::Argument>::fmt
[INFO] [stderr]                                  at /rustc/0cefa27fe3deee26fc98ee44249406358d9f0d26/library/core/src/fmt/rt.rs:152:76
[INFO] [stderr]      5:     0x62911a3eecfa - core[cbc10812dc19a79d]::fmt::write
[INFO] [stderr]      6:     0x62911a3ddb5c - core[cbc10812dc19a79d]::io::write::default_write_fmt::<std[d54af4b6f8a28972]::sys::stdio::unix::Stderr>
[INFO] [stderr]                                  at /rustc/0cefa27fe3deee26fc98ee44249406358d9f0d26/library/core/src/io/write.rs:402:11
[INFO] [stderr]      7:     0x62911a3ddb5c - <std[d54af4b6f8a28972]::sys::stdio::unix::Stderr as core[cbc10812dc19a79d]::io::write::Write>::write_fmt
[INFO] [stderr]                                  at /rustc/0cefa27fe3deee26fc98ee44249406358d9f0d26/library/core/src/io/write.rs:335:13
[INFO] [stderr]      8:     0x62911a3b5b36 - <std[d54af4b6f8a28972]::sys::backtrace::BacktraceLock>::print
[INFO] [stderr]                                  at /rustc/0cefa27fe3deee26fc98ee44249406358d9f0d26/library/std/src/sys/backtrace.rs:47:9
[INFO] [stderr]      9:     0x62911a3b5b36 - std[d54af4b6f8a28972]::panicking::default_hook::{closure#0}
[INFO] [stderr]                                  at /rustc/0cefa27fe3deee26fc98ee44249406358d9f0d26/library/std/src/panicking.rs:289:27
[INFO] [stderr]     10:     0x62911a3d2241 - std[d54af4b6f8a28972]::panicking::default_hook
[INFO] [stderr]                                  at /rustc/0cefa27fe3deee26fc98ee44249406358d9f0d26/library/std/src/panicking.rs:316:9
[INFO] [stderr]     11:     0x62911a3d256b - std[d54af4b6f8a28972]::panicking::panic_with_hook
[INFO] [stderr]                                  at /rustc/0cefa27fe3deee26fc98ee44249406358d9f0d26/library/std/src/panicking.rs:811:13
[INFO] [stderr]     12:     0x62911a3b5c14 - std[d54af4b6f8a28972]::panicking::panic_handler::{closure#0}
[INFO] [stderr]                                  at /rustc/0cefa27fe3deee26fc98ee44249406358d9f0d26/library/std/src/panicking.rs:678:13
[INFO] [stderr]     13:     0x62911a3ae249 - std[d54af4b6f8a28972]::sys::backtrace::__rust_end_short_backtrace::<std[d54af4b6f8a28972]::panicking::panic_handler::{closure#0}, !>
[INFO] [stderr]                                  at /rustc/0cefa27fe3deee26fc98ee44249406358d9f0d26/library/std/src/sys/backtrace.rs:182:18
[INFO] [stderr]     14:     0x62911a3b65ad - __rustc[94f29652302a4bf4]::rust_begin_unwind
[INFO] [stderr]                                  at /rustc/0cefa27fe3deee26fc98ee44249406358d9f0d26/library/std/src/panicking.rs:676:5
[INFO] [stderr]     15:     0x62911a3ef53c - core[cbc10812dc19a79d]::panicking::panic_fmt
[INFO] [stderr]                                  at /rustc/0cefa27fe3deee26fc98ee44249406358d9f0d26/library/core/src/panicking.rs:80:14
[INFO] [stderr]     16:     0x62911a3ef502 - core[cbc10812dc19a79d]::panicking::panic
[INFO] [stderr]                                  at /rustc/0cefa27fe3deee26fc98ee44249406358d9f0d26/library/core/src/panicking.rs:150:5
[INFO] [stderr]     17:     0x629119d5a257 - build_script_build[3d062d7362d87fee]::download_file
[INFO] [stderr]     18:     0x629119d5e6ed - build_script_build[3d062d7362d87fee]::download_static_lib_binaries
[INFO] [stderr]     19:     0x629119d5fed8 - build_script_build[3d062d7362d87fee]::main
[INFO] [stderr]     20:     0x629119d5742b - <fn() as core[cbc10812dc19a79d]::ops::function::FnOnce<()>>::call_once
[INFO] [stderr]     21:     0x629119d53aee - std[d54af4b6f8a28972]::sys::backtrace::__rust_begin_short_backtrace::<fn(), ()>
[INFO] [stderr]     22:     0x629119d4ce79 - std[d54af4b6f8a28972]::rt::lang_start::<()>::{closure#0}
[INFO] [stderr]     23:     0x62911a3d1378 - <&dyn core[cbc10812dc19a79d]::ops::function::Fn<(), Output = i32> + core[cbc10812dc19a79d]::marker::Sync + core[cbc10812dc19a79d]::panic::unwind_safe::RefUnwindSafe as core[cbc10812dc19a79d]::ops::function::FnOnce<()>>::call_once
[INFO] [stderr]                                  at /rustc/0cefa27fe3deee26fc98ee44249406358d9f0d26/library/core/src/ops/function.rs:287:21
[INFO] [stderr]     24:     0x62911a3d1378 - std[d54af4b6f8a28972]::panicking::catch_unwind::do_call::<&dyn core[cbc10812dc19a79d]::ops::function::Fn<(), Output = i32> + core[cbc10812dc19a79d]::marker::Sync + core[cbc10812dc19a79d]::panic::unwind_safe::RefUnwindSafe, i32>
[INFO] [stderr]                                  at /rustc/0cefa27fe3deee26fc98ee44249406358d9f0d26/library/std/src/panicking.rs:573:43
[INFO] [stderr]     25:     0x62911a3d1378 - std[d54af4b6f8a28972]::panicking::catch_unwind::<i32, &dyn core[cbc10812dc19a79d]::ops::function::Fn<(), Output = i32> + core[cbc10812dc19a79d]::marker::Sync + core[cbc10812dc19a79d]::panic::unwind_safe::RefUnwindSafe>
[INFO] [stderr]                                  at /rustc/0cefa27fe3deee26fc98ee44249406358d9f0d26/library/std/src/panicking.rs:541:19
[INFO] [stderr]     26:     0x62911a3d1378 - std[d54af4b6f8a28972]::panic::catch_unwind::<&dyn core[cbc10812dc19a79d]::ops::function::Fn<(), Output = i32> + core[cbc10812dc19a79d]::marker::Sync + core[cbc10812dc19a79d]::panic::unwind_safe::RefUnwindSafe, i32>
[INFO] [stderr]                                  at /rustc/0cefa27fe3deee26fc98ee44249406358d9f0d26/library/std/src/panic.rs:359:14
[INFO] [stderr]     27:     0x62911a3d1378 - std[d54af4b6f8a28972]::rt::lang_start_internal::{closure#0}
[INFO] [stderr]                                  at /rustc/0cefa27fe3deee26fc98ee44249406358d9f0d26/library/std/src/rt.rs:175:24
[INFO] [stderr]     28:     0x62911a3d1378 - std[d54af4b6f8a28972]::panicking::catch_unwind::do_call::<std[d54af4b6f8a28972]::rt::lang_start_internal::{closure#0}, isize>
[INFO] [stderr]                                  at /rustc/0cefa27fe3deee26fc98ee44249406358d9f0d26/library/std/src/panicking.rs:573:43
[INFO] [stderr]     29:     0x62911a3d1378 - std[d54af4b6f8a28972]::panicking::catch_unwind::<isize, std[d54af4b6f8a28972]::rt::lang_start_internal::{closure#0}>
[INFO] [stderr]                                  at /rustc/0cefa27fe3deee26fc98ee44249406358d9f0d26/library/std/src/panicking.rs:541:19
[INFO] [stderr]     30:     0x62911a3d1378 - std[d54af4b6f8a28972]::panic::catch_unwind::<std[d54af4b6f8a28972]::rt::lang_start_internal::{closure#0}, isize>
[INFO] [stderr]                                  at /rustc/0cefa27fe3deee26fc98ee44249406358d9f0d26/library/std/src/panic.rs:359:14
[INFO] [stderr]     31:     0x62911a3d1378 - std[d54af4b6f8a28972]::rt::lang_start_internal
[INFO] [stderr]                                  at /rustc/0cefa27fe3deee26fc98ee44249406358d9f0d26/library/std/src/rt.rs:171:5
[INFO] [stderr]     32:     0x629119d4bc01 - std[d54af4b6f8a28972]::rt::lang_start::<()>
[INFO] [stderr]     33:     0x629119d64825 - main
[INFO] [stderr]     34:     0x7d636677a601 - <unknown>
[INFO] [stderr]     35:     0x7d636677a718 - __libc_start_main
[INFO] [stderr]     36:     0x629119d4a295 - _start
[INFO] [stderr]     37:                0x0 - <unknown>
[INFO] [stderr] warning: build failed, waiting for other jobs to finish...
[INFO] running `Command { std: "docker" "inspect" "0bee2b638da05e5d540e8f35462a5f0f186acb8b9f512c7769098ba769e689cb", kill_on_drop: false }`
[INFO] running `Command { std: "docker" "rm" "-f" "0bee2b638da05e5d540e8f35462a5f0f186acb8b9f512c7769098ba769e689cb", kill_on_drop: false }`
[INFO] [stdout] 0bee2b638da05e5d540e8f35462a5f0f186acb8b9f512c7769098ba769e689cb
