[INFO] cloning repository https://github.com/r3-engine/r3-engine
[INFO] running `Command { std: "git" "-c" "credential.helper=" "-c" "credential.helper=/workspace/cargo-home/bin/git-credential-null" "clone" "--bare" "https://github.com/r3-engine/r3-engine" "/workspace/cache/git-repos/https%3A%2F%2Fgithub.com%2Fr3-engine%2Fr3-engine", kill_on_drop: false }`
[INFO] [stderr] Cloning into bare repository '/workspace/cache/git-repos/https%3A%2F%2Fgithub.com%2Fr3-engine%2Fr3-engine'...
[INFO] running `Command { std: "git" "rev-parse" "HEAD", kill_on_drop: false }`
[INFO] [stdout] c29b9a0c7583864934af21c40acab25ed20e2e00
[INFO] checking r3-engine/r3-engine/c29b9a0c7583864934af21c40acab25ed20e2e00 against 0cefa27fe3deee26fc98ee44249406358d9f0d26 for pr-164789
[INFO] running `Command { std: "git" "clone" "/workspace/cache/git-repos/https%3A%2F%2Fgithub.com%2Fr3-engine%2Fr3-engine" "/workspace/builds/worker-2-tc1/source", kill_on_drop: false }`
[INFO] [stderr] Cloning into '/workspace/builds/worker-2-tc1/source'...
[INFO] [stderr] done.
[INFO] removed /workspace/builds/worker-2-tc1/source/.cargo/config.toml
[INFO] started tweaking git repo https://github.com/r3-engine/r3-engine
[INFO] finished tweaking git repo https://github.com/r3-engine/r3-engine
[INFO] tweaked toml for git repo https://github.com/r3-engine/r3-engine written to /workspace/builds/worker-2-tc1/source/Cargo.toml
[INFO] validating manifest of git repo https://github.com/r3-engine/r3-engine on toolchain 0cefa27fe3deee26fc98ee44249406358d9f0d26
[INFO] running `Command { std: CARGO_HOME="/workspace/cargo-home" RUSTUP_HOME="/workspace/rustup-home" "/workspace/cargo-home/bin/cargo" "+0cefa27fe3deee26fc98ee44249406358d9f0d26" "metadata" "--manifest-path" "Cargo.toml" "--no-deps", kill_on_drop: false }`
[INFO] crate git repo https://github.com/r3-engine/r3-engine already has a lockfile, it will not be regenerated
[INFO] running `Command { std: CARGO_HOME="/workspace/cargo-home" RUSTUP_HOME="/workspace/rustup-home" "/workspace/cargo-home/bin/cargo" "+0cefa27fe3deee26fc98ee44249406358d9f0d26" "fetch" "--manifest-path" "Cargo.toml", kill_on_drop: false }`
[INFO] [stderr]     Updating crates.io index
[INFO] [stderr]  Downloading crates ...
[INFO] [stderr]   Downloaded dary_heap v0.3.8
[INFO] [stderr]   Downloaded safetensors v0.7.0
[INFO] [stderr]   Downloaded zmij v1.0.16
[INFO] [stderr]   Downloaded tokenizers v0.22.2
[INFO] [stderr]   Downloaded inquire v0.9.2
[INFO] [stderr]   Downloaded gemm v0.19.0
[INFO] [stderr]   Downloaded candle-core v0.9.2
[INFO] [stderr]   Downloaded typed-path v0.12.1
[INFO] [stderr]   Downloaded gemm-f64 v0.19.0
[INFO] [stderr]   Downloaded zip v7.2.0
[INFO] [stderr]   Downloaded pulp-wasm-simd-flag v0.1.0
[INFO] [stderr]   Downloaded gemm-common v0.19.0
[INFO] [stderr]   Downloaded pulp v0.22.2
[INFO] [stderr]   Downloaded dyn-stack v0.13.2
[INFO] [stderr]   Downloaded dyn-stack-macros v0.1.3
[INFO] [stderr]   Downloaded gemm-f32 v0.19.0
[INFO] [stderr]   Downloaded gemm-c64 v0.19.0
[INFO] [stderr]   Downloaded gemm-c32 v0.19.0
[INFO] [stderr]   Downloaded float8 v0.6.0
[INFO] [stderr]   Downloaded gemm-f16 v0.19.0
[INFO] [stderr]   Downloaded openssl-src v300.5.4+3.5.4
[INFO] [stderr]   Downloaded aws-lc-sys v0.37.0
[INFO] running `Command { std: "docker" "create" "-v" "/var/lib/crater-agent-workspace/builds/worker-2-tc1/source:/opt/rustwide/workdir:ro,Z" "-v" "/var/lib/crater-agent-workspace/builds/worker-2-tc1/target:/opt/rustwide/target:rw,Z" "-v" "/var/lib/crater-agent-workspace/cargo-home:/opt/rustwide/cargo-home:ro,Z" "-v" "/var/lib/crater-agent-workspace/rustup-home:/opt/rustwide/rustup-home:ro,Z" "-m" "1610612736" "--network" "none" "ghcr.io/rust-lang/crates-build-env/linux@sha256:c0af3998e971868164375a7dfb646c9933ddd1a3bdb00fa2041266763dc1eeab" "sleep" "infinity", kill_on_drop: false }`
[INFO] [stdout] 8ebd38ee24dbe13937fc31520ab1a04f0790fd9afa398f6c64deebf6f4b6b2ab
[INFO] running `Command { std: "docker" "start" "8ebd38ee24dbe13937fc31520ab1a04f0790fd9afa398f6c64deebf6f4b6b2ab", kill_on_drop: false }`
[INFO] running `Command { std: "docker" "inspect" "8ebd38ee24dbe13937fc31520ab1a04f0790fd9afa398f6c64deebf6f4b6b2ab", kill_on_drop: false }`
[INFO] running `Command { std: "docker" "exec" "-e" "SOURCE_DIR=/opt/rustwide/workdir" "-e" "CARGO_HOME=/opt/rustwide/cargo-home" "-e" "RUSTUP_HOME=/opt/rustwide/rustup-home" "-e" "CARGO_TARGET_DIR=/opt/rustwide/target" "-w" "/opt/rustwide/workdir" "--user" "0:0" "8ebd38ee24dbe13937fc31520ab1a04f0790fd9afa398f6c64deebf6f4b6b2ab" "/opt/rustwide/cargo-home/bin/cargo" "+0cefa27fe3deee26fc98ee44249406358d9f0d26" "metadata" "--no-deps" "--format-version=1", kill_on_drop: false }`
[INFO] running `Command { std: "docker" "inspect" "8ebd38ee24dbe13937fc31520ab1a04f0790fd9afa398f6c64deebf6f4b6b2ab", kill_on_drop: false }`
[INFO] running `Command { std: "docker" "exec" "-e" "SOURCE_DIR=/opt/rustwide/workdir" "-e" "CARGO_HOME=/opt/rustwide/cargo-home" "-e" "RUSTUP_HOME=/opt/rustwide/rustup-home" "-e" "CARGO_TARGET_DIR=/opt/rustwide/target" "-e" "CARGO_INCREMENTAL=0" "-e" "RUST_BACKTRACE=full" "-e" "RUSTFLAGS=--cap-lints=forbid" "-e" "RUSTDOCFLAGS=--cap-lints=forbid" "-w" "/opt/rustwide/workdir" "--user" "0:0" "8ebd38ee24dbe13937fc31520ab1a04f0790fd9afa398f6c64deebf6f4b6b2ab" "/opt/rustwide/cargo-home/bin/cargo" "+0cefa27fe3deee26fc98ee44249406358d9f0d26" "check" "--frozen" "--all" "--all-targets" "--message-format=json", kill_on_drop: false }`
[INFO] [stderr]    Compiling libc v0.2.180
[INFO] [stderr]    Compiling wasm-bindgen-shared v0.2.108
[INFO] [stderr]    Compiling rustix v1.1.3
[INFO] [stderr]    Compiling bumpalo v3.19.1
[INFO] [stderr]    Compiling proc-macro2 v1.0.106
[INFO] [stderr]    Compiling getrandom v0.3.4
[INFO] [stderr]     Checking bitflags v2.10.0
[INFO] [stderr]    Compiling wasm-bindgen v0.2.108
[INFO] [stderr]     Checking linux-raw-sys v0.11.0
[INFO] [stderr]     Checking once_cell v1.21.3
[INFO] [stderr]    Compiling zerocopy v0.8.33
[INFO] [stderr]     Checking bytemuck v1.24.0
[INFO] [stderr]    Compiling quote v1.0.44
[INFO] [stderr]    Compiling syn v2.0.114
[INFO] [stderr]     Checking num_cpus v1.17.0
[INFO] [stderr]     Checking memmap2 v0.9.9
[INFO] [stderr]     Checking core_affinity v0.8.3
[INFO] [stderr]     Checking tempfile v3.24.0
[INFO] [stderr]    Compiling wasm-bindgen-macro-support v0.2.108
[INFO] [stderr]    Compiling zerocopy-derive v0.8.33
[INFO] [stderr]    Compiling wasm-bindgen-macro v0.2.108
[INFO] [stderr]     Checking r3-engine v0.1.0 (/opt/rustwide/workdir)
[INFO] [stdout] error[E0433]: cannot find module or crate `hf_hub` in this scope
[INFO] [stdout]  --> src/converter.rs:3:9
[INFO] [stdout]   |
[INFO] [stdout] 3 |     use hf_hub::api::sync::Api;
[INFO] [stdout]   |         ^^^^^^ use of unresolved module or unlinked crate `hf_hub`
[INFO] [stdout]   |
[INFO] [stdout]   = help: if you wanted to use a crate named `hf_hub`, use `cargo add hf_hub` to add it to your `Cargo.toml`
[INFO] [stdout] 
[INFO] [stdout] 
[INFO] [stdout] error[E0432]: unresolved import `safetensors`
[INFO] [stdout]  --> src/converter.rs:4:9
[INFO] [stdout]   |
[INFO] [stdout] 4 |     use safetensors::SafeTensors;
[INFO] [stdout]   |         ^^^^^^^^^^^ use of unresolved module or unlinked crate `safetensors`
[INFO] [stdout]   |
[INFO] [stdout]   = help: if you wanted to use a crate named `safetensors`, use `cargo add safetensors` to add it to your `Cargo.toml`
[INFO] [stdout] 
[INFO] [stdout] 
[INFO] [stdout] error[E0432]: unresolved import `candle_core`
[INFO] [stdout]  --> src/graph.rs:3:5
[INFO] [stdout]   |
[INFO] [stdout] 3 | use candle_core::{CpuStorage, CustomOp1, Layout, Result, Shape, Tensor};
[INFO] [stdout]   |     ^^^^^^^^^^^ use of unresolved module or unlinked crate `candle_core`
[INFO] [stdout]   |
[INFO] [stdout]   = help: if you wanted to use a crate named `candle_core`, use `cargo add candle_core` to add it to your `Cargo.toml`
[INFO] [stdout] 
[INFO] [stdout] 
[INFO] [stdout] error[E0432]: unresolved import `console`
[INFO] [stdout]   --> src/main.rs:15:5
[INFO] [stdout]    |
[INFO] [stdout] 15 | use console::{Term, style};
[INFO] [stdout]    |     ^^^^^^^ use of unresolved module or unlinked crate `console`
[INFO] [stdout]    |
[INFO] [stdout]    = help: if you wanted to use a crate named `console`, use `cargo add console` to add it to your `Cargo.toml`
[INFO] [stdout] 
[INFO] [stdout] 
[INFO] [stdout] error[E0432]: unresolved import `inquire`
[INFO] [stdout]   --> src/main.rs:17:5
[INFO] [stdout]    |
[INFO] [stdout] 17 | use inquire::Text;
[INFO] [stdout]    |     ^^^^^^^ use of unresolved module or unlinked crate `inquire`
[INFO] [stdout]    |
[INFO] [stdout]    = help: if you wanted to use a crate named `inquire`, use `cargo add inquire` to add it to your `Cargo.toml`
[INFO] [stdout] 
[INFO] [stdout] 
[INFO] [stdout] error[E0432]: unresolved import `tokenizers`
[INFO] [stdout]   --> src/main.rs:21:5
[INFO] [stdout]    |
[INFO] [stdout] 21 | use tokenizers::Tokenizer;
[INFO] [stdout]    |     ^^^^^^^^^^ use of unresolved module or unlinked crate `tokenizers`
[INFO] [stdout]    |
[INFO] [stdout]    = help: if you wanted to use a crate named `tokenizers`, use `cargo add tokenizers` to add it to your `Cargo.toml`
[INFO] [stdout] 
[INFO] [stdout] 
[INFO] [stdout] error[E0432]: unresolved import `candle_core`
[INFO] [stdout]  --> src/graph.rs:3:5
[INFO] [stdout]   |
[INFO] [stdout] 3 | use candle_core::{CpuStorage, CustomOp1, Layout, Result, Shape, Tensor};
[INFO] [stdout]   |     ^^^^^^^^^^^ use of unresolved module or unlinked crate `candle_core`
[INFO] [stdout]   |
[INFO] [stdout]   = help: if you wanted to use a crate named `candle_core`, use `cargo add candle_core` to add it to your `Cargo.toml`
[INFO] [stdout] 
[INFO] [stdout] 
[INFO] [stdout] error[E0432]: unresolved import `console`
[INFO] [stdout]   --> src/main.rs:15:5
[INFO] [stdout]    |
[INFO] [stdout] 15 | use console::{Term, style};
[INFO] [stdout]    |     ^^^^^^^ use of unresolved module or unlinked crate `console`
[INFO] [stdout]    |
[INFO] [stdout]    = help: if you wanted to use a crate named `console`, use `cargo add console` to add it to your `Cargo.toml`
[INFO] [stdout] 
[INFO] [stdout] 
[INFO] [stdout] error[E0432]: unresolved import `inquire`
[INFO] [stdout]   --> src/main.rs:17:5
[INFO] [stdout]    |
[INFO] [stdout] 17 | use inquire::Text;
[INFO] [stdout]    |     ^^^^^^^ use of unresolved module or unlinked crate `inquire`
[INFO] [stdout]    |
[INFO] [stdout]    = help: if you wanted to use a crate named `inquire`, use `cargo add inquire` to add it to your `Cargo.toml`
[INFO] [stdout] 
[INFO] [stdout] 
[INFO] [stdout] error[E0432]: unresolved import `tokenizers`
[INFO] [stdout]   --> src/main.rs:21:5
[INFO] [stdout]    |
[INFO] [stdout] 21 | use tokenizers::Tokenizer;
[INFO] [stdout]    |     ^^^^^^^^^^ use of unresolved module or unlinked crate `tokenizers`
[INFO] [stdout]    |
[INFO] [stdout]    = help: if you wanted to use a crate named `tokenizers`, use `cargo add tokenizers` to add it to your `Cargo.toml`
[INFO] [stdout] 
[INFO] [stdout] 
[INFO] [stdout] error[E0432]: unresolved import `candle_core`
[INFO] [stdout]   --> src/graph.rs:55:9
[INFO] [stdout]    |
[INFO] [stdout] 55 |     use candle_core::{CpuStorage, Layout};
[INFO] [stdout]    |         ^^^^^^^^^^^ use of unresolved module or unlinked crate `candle_core`
[INFO] [stdout]    |
[INFO] [stdout]    = help: if you wanted to use a crate named `candle_core`, use `cargo add candle_core` to add it to your `Cargo.toml`
[INFO] [stdout] 
[INFO] [stdout] 
[INFO] [stdout] error[E0433]: cannot find module or crate `anyhow` in this scope
[INFO] [stdout]  --> src/converter.rs:2:14
[INFO] [stdout]   |
[INFO] [stdout] 2 | fn main() -> anyhow::Result<()> {
[INFO] [stdout]   |              ^^^^^^ use of unresolved module or unlinked crate `anyhow`
[INFO] [stdout]   |
[INFO] [stdout]   = help: if you wanted to use a crate named `anyhow`, use `cargo add anyhow` to add it to your `Cargo.toml`
[INFO] [stdout] 
[INFO] [stdout] 
[INFO] [stdout] Some errors have detailed explanations: E0432, E0433.
[INFO] [stdout] 
[INFO] [stdout] For more information about an error, try `rustc --explain E0432`.
[INFO] [stdout] 
[INFO] [stderr] error: could not compile `r3-engine` (bin "r3-converter" test) due to 3 previous errors
[INFO] [stderr] warning: build failed, waiting for other jobs to finish...
[INFO] [stdout] For more information about this error, try `rustc --explain E0432`.
[INFO] [stdout] 
[INFO] [stdout] For more information about this error, try `rustc --explain E0432`.
[INFO] [stdout] 
[INFO] [stdout] error[E0433]: cannot find module or crate `hf_hub` in this scope
[INFO] [stdout]  --> src/converter.rs:3:9
[INFO] [stdout]   |
[INFO] [stdout] 3 |     use hf_hub::api::sync::Api;
[INFO] [stdout]   |         ^^^^^^ use of unresolved module or unlinked crate `hf_hub`
[INFO] [stdout]   |
[INFO] [stdout]   = help: if you wanted to use a crate named `hf_hub`, use `cargo add hf_hub` to add it to your `Cargo.toml`
[INFO] [stdout] 
[INFO] [stdout] 
[INFO] [stderr] error: could not compile `r3-engine` (bin "r3-engine") due to 4 previous errors
[INFO] [stdout] error[E0432]: unresolved import `safetensors`
[INFO] [stdout]  --> src/converter.rs:4:9
[INFO] [stdout]   |
[INFO] [stdout] 4 |     use safetensors::SafeTensors;
[INFO] [stdout]   |         ^^^^^^^^^^^ use of unresolved module or unlinked crate `safetensors`
[INFO] [stdout]   |
[INFO] [stdout]   = help: if you wanted to use a crate named `safetensors`, use `cargo add safetensors` to add it to your `Cargo.toml`
[INFO] [stdout] 
[INFO] [stdout] 
[INFO] [stderr] error: could not compile `r3-engine` (bin "r3-engine" test) due to 5 previous errors
[INFO] [stdout] error[E0433]: cannot find module or crate `anyhow` in this scope
[INFO] [stdout]  --> src/converter.rs:2:14
[INFO] [stdout]   |
[INFO] [stdout] 2 | fn main() -> anyhow::Result<()> {
[INFO] [stdout]   |              ^^^^^^ use of unresolved module or unlinked crate `anyhow`
[INFO] [stdout]   |
[INFO] [stdout]   = help: if you wanted to use a crate named `anyhow`, use `cargo add anyhow` to add it to your `Cargo.toml`
[INFO] [stdout] 
[INFO] [stdout] 
[INFO] [stdout] Some errors have detailed explanations: E0432, E0433.
[INFO] [stdout] 
[INFO] [stdout] For more information about an error, try `rustc --explain E0432`.
[INFO] [stdout] 
[INFO] [stderr] error: could not compile `r3-engine` (bin "r3-converter") due to 3 previous errors
[INFO] [stderr] warning: unused dependency `wasm-bindgen`
[INFO] [stderr]   --> Cargo.toml:15:1
[INFO] [stderr]    |
[INFO] [stderr] 15 | wasm-bindgen = "0.2.108"
[INFO] [stderr]    | ^^^^^^^^^^^^^^^^^^^^^^^^
[INFO] [stderr]    |
[INFO] [stderr]    = note: `cargo::unused_dependencies` is set to `warn` by default
[INFO] [stderr] help: consider removing the dependency on `wasm-bindgen`
[INFO] [stderr] warning: `r3-engine` (manifest) generated 1 warning
[INFO] running `Command { std: "docker" "inspect" "8ebd38ee24dbe13937fc31520ab1a04f0790fd9afa398f6c64deebf6f4b6b2ab", kill_on_drop: false }`
[INFO] running `Command { std: "docker" "rm" "-f" "8ebd38ee24dbe13937fc31520ab1a04f0790fd9afa398f6c64deebf6f4b6b2ab", kill_on_drop: false }`
[INFO] [stdout] 8ebd38ee24dbe13937fc31520ab1a04f0790fd9afa398f6c64deebf6f4b6b2ab
