[INFO] cloning repository https://github.com/peterdn/advent-of-code-2020
[INFO] running `Command { std: "git" "-c" "credential.helper=" "-c" "credential.helper=/workspace/cargo-home/bin/git-credential-null" "clone" "--bare" "https://github.com/peterdn/advent-of-code-2020" "/workspace/cache/git-repos/https%3A%2F%2Fgithub.com%2Fpeterdn%2Fadvent-of-code-2020", kill_on_drop: false }`
[INFO] [stderr] Cloning into bare repository '/workspace/cache/git-repos/https%3A%2F%2Fgithub.com%2Fpeterdn%2Fadvent-of-code-2020'...
[INFO] running `Command { std: "git" "rev-parse" "HEAD", kill_on_drop: false }`
[INFO] [stdout] fd820e57c591f207ceaaacd078aa9c61cc344d53
[INFO] checking peterdn/advent-of-code-2020 against 4d7c0cd298ace72490220301fa543d63a154f8ce for pr-164789
[INFO] running `Command { std: "git" "clone" "/workspace/cache/git-repos/https%3A%2F%2Fgithub.com%2Fpeterdn%2Fadvent-of-code-2020" "/workspace/builds/worker-7-tc2/source", kill_on_drop: false }`
[INFO] [stderr] Cloning into '/workspace/builds/worker-7-tc2/source'...
[INFO] [stderr] done.
[INFO] started tweaking git repo https://github.com/peterdn/advent-of-code-2020
[INFO] finished tweaking git repo https://github.com/peterdn/advent-of-code-2020
[INFO] tweaked toml for git repo https://github.com/peterdn/advent-of-code-2020 written to /workspace/builds/worker-7-tc2/source/Cargo.toml
[INFO] validating manifest of git repo https://github.com/peterdn/advent-of-code-2020 on toolchain 4d7c0cd298ace72490220301fa543d63a154f8ce
[INFO] running `Command { std: CARGO_HOME="/workspace/cargo-home" RUSTUP_HOME="/workspace/rustup-home" "/workspace/cargo-home/bin/cargo" "+4d7c0cd298ace72490220301fa543d63a154f8ce" "metadata" "--manifest-path" "Cargo.toml" "--no-deps", kill_on_drop: false }`
[INFO] crate git repo https://github.com/peterdn/advent-of-code-2020 already has a lockfile, it will not be regenerated
[INFO] running `Command { std: CARGO_HOME="/workspace/cargo-home" RUSTUP_HOME="/workspace/rustup-home" "/workspace/cargo-home/bin/cargo" "+4d7c0cd298ace72490220301fa543d63a154f8ce" "fetch" "--manifest-path" "Cargo.toml", kill_on_drop: false }`
[INFO] [stderr]     Blocking waiting for file lock on package cache
[INFO] [stderr]     Blocking waiting for file lock on package cache
[INFO] [stderr]  Downloading crates ...
[INFO] [stderr]   Downloaded bit-set v0.5.2
[INFO] running `Command { std: "docker" "create" "-v" "/var/lib/crater-agent-workspace/builds/worker-7-tc2/source:/opt/rustwide/workdir:ro,Z" "-v" "/var/lib/crater-agent-workspace/builds/worker-7-tc2/target:/opt/rustwide/target:rw,Z" "-v" "/var/lib/crater-agent-workspace/cargo-home:/opt/rustwide/cargo-home:ro,Z" "-v" "/var/lib/crater-agent-workspace/rustup-home:/opt/rustwide/rustup-home:ro,Z" "-m" "1610612736" "--network" "none" "ghcr.io/rust-lang/crates-build-env/linux@sha256:c0af3998e971868164375a7dfb646c9933ddd1a3bdb00fa2041266763dc1eeab" "sleep" "infinity", kill_on_drop: false }`
[INFO] [stdout] b4fd841f470e90df7789cef0261d724242c269e3af81d51ebc66be58aaeca4be
[INFO] running `Command { std: "docker" "start" "b4fd841f470e90df7789cef0261d724242c269e3af81d51ebc66be58aaeca4be", kill_on_drop: false }`
[INFO] running `Command { std: "docker" "inspect" "b4fd841f470e90df7789cef0261d724242c269e3af81d51ebc66be58aaeca4be", kill_on_drop: false }`
[INFO] running `Command { std: "docker" "exec" "-e" "SOURCE_DIR=/opt/rustwide/workdir" "-e" "CARGO_HOME=/opt/rustwide/cargo-home" "-e" "RUSTUP_HOME=/opt/rustwide/rustup-home" "-e" "CARGO_TARGET_DIR=/opt/rustwide/target" "-w" "/opt/rustwide/workdir" "--user" "0:0" "b4fd841f470e90df7789cef0261d724242c269e3af81d51ebc66be58aaeca4be" "/opt/rustwide/cargo-home/bin/cargo" "+4d7c0cd298ace72490220301fa543d63a154f8ce" "metadata" "--no-deps" "--format-version=1", kill_on_drop: false }`
[INFO] running `Command { std: "docker" "inspect" "b4fd841f470e90df7789cef0261d724242c269e3af81d51ebc66be58aaeca4be", kill_on_drop: false }`
[INFO] running `Command { std: "docker" "exec" "-e" "SOURCE_DIR=/opt/rustwide/workdir" "-e" "CARGO_HOME=/opt/rustwide/cargo-home" "-e" "RUSTUP_HOME=/opt/rustwide/rustup-home" "-e" "CARGO_TARGET_DIR=/opt/rustwide/target" "-e" "CARGO_INCREMENTAL=0" "-e" "RUST_BACKTRACE=full" "-e" "RUSTFLAGS=--cap-lints=forbid" "-e" "RUSTDOCFLAGS=--cap-lints=forbid" "-w" "/opt/rustwide/workdir" "--user" "0:0" "b4fd841f470e90df7789cef0261d724242c269e3af81d51ebc66be58aaeca4be" "/opt/rustwide/cargo-home/bin/cargo" "+4d7c0cd298ace72490220301fa543d63a154f8ce" "check" "--frozen" "--all" "--all-targets" "--message-format=json", kill_on_drop: false }`
[INFO] [stderr]     Checking bit-vec v0.6.3
[INFO] [stderr]     Checking bit-set v0.5.2
[INFO] [stderr]     Checking advent-of-code-2020 v0.1.0 (/opt/rustwide/workdir)
[INFO] [stdout] error[E0599]: no method named `source_file` found for struct `Span` in the current scope
[INFO] [stdout]  --> src/aoc_macros.rs:8:41
[INFO] [stdout]   |
[INFO] [stdout] 8 |     let source_stem = Span::call_site().source_file().path();
[INFO] [stdout]   |                                         ^^^^^^^^^^^
[INFO] [stdout]   |
[INFO] [stdout] help: there is a method `source` with a similar name
[INFO] [stdout]   |
[INFO] [stdout] 8 -     let source_stem = Span::call_site().source_file().path();
[INFO] [stdout] 8 +     let source_stem = Span::call_site().source().path();
[INFO] [stdout]   |
[INFO] [stdout] 
[INFO] [stdout] 
[INFO] [stdout] error[E0599]: no method named `source_file` found for struct `Span` in the current scope
[INFO] [stdout]  --> src/aoc_macros.rs:8:41
[INFO] [stdout]   |
[INFO] [stdout] 8 |     let source_stem = Span::call_site().source_file().path();
[INFO] [stdout]   |                                         ^^^^^^^^^^^
[INFO] [stdout]   |
[INFO] [stdout] help: there is a method `source` with a similar name
[INFO] [stdout]   |
[INFO] [stdout] 8 -     let source_stem = Span::call_site().source_file().path();
[INFO] [stdout] 8 +     let source_stem = Span::call_site().source().path();
[INFO] [stdout]   |
[INFO] [stdout] 
[INFO] [stdout] 
[INFO] [stdout] error[E0599]: no method named `source_file` found for struct `Span` in the current scope
[INFO] [stdout]  --> src/aoc_macros.rs:8:41
[INFO] [stdout]   |
[INFO] [stdout] 8 |     let source_stem = Span::call_site().source_file().path();
[INFO] [stdout]   |                                         ^^^^^^^^^^^
[INFO] [stdout]   |
[INFO] [stdout] help: there is a method `source` with a similar name
[INFO] [stdout]   |
[INFO] [stdout] 8 -     let source_stem = Span::call_site().source_file().path();
[INFO] [stdout] 8 +     let source_stem = Span::call_site().source().path();
[INFO] [stdout]   |
[INFO] [stdout] 
[INFO] [stdout] 
[INFO] [stdout] For more information about this error, try `rustc --explain E0599`.
[INFO] [stdout] 
[INFO] [stdout] For more information about this error, try `rustc --explain E0599`.
[INFO] [stdout] 
[INFO] [stdout] For more information about this error, try `rustc --explain E0599`.
[INFO] [stdout] 
[INFO] [stderr] error: could not compile `advent-of-code-2020` (lib) due to 1 previous error
[INFO] [stderr] warning: build failed, waiting for other jobs to finish...
[INFO] [stderr] error: could not compile `advent-of-code-2020` (lib test) due to 1 previous error
[INFO] [stderr] error: could not compile `advent-of-code-2020` (lib) due to 1 previous error
[INFO] running `Command { std: "docker" "inspect" "b4fd841f470e90df7789cef0261d724242c269e3af81d51ebc66be58aaeca4be", kill_on_drop: false }`
[INFO] running `Command { std: "docker" "rm" "-f" "b4fd841f470e90df7789cef0261d724242c269e3af81d51ebc66be58aaeca4be", kill_on_drop: false }`
[INFO] [stdout] b4fd841f470e90df7789cef0261d724242c269e3af81d51ebc66be58aaeca4be
