[INFO] cloning repository https://github.com/mirko-geno/mape_2025
[INFO] running `Command { std: "git" "-c" "credential.helper=" "-c" "credential.helper=/workspace/cargo-home/bin/git-credential-null" "clone" "--bare" "https://github.com/mirko-geno/mape_2025" "/workspace/cache/git-repos/https%3A%2F%2Fgithub.com%2Fmirko-geno%2Fmape_2025", kill_on_drop: false }`
[INFO] [stderr] Cloning into bare repository '/workspace/cache/git-repos/https%3A%2F%2Fgithub.com%2Fmirko-geno%2Fmape_2025'...
[INFO] running `Command { std: "git" "rev-parse" "HEAD", kill_on_drop: false }`
[INFO] [stdout] 706629122d5017e55ae54f3734ff73797c000530
[INFO] checking mirko-geno/mape_2025 against 4d7c0cd298ace72490220301fa543d63a154f8ce for pr-164789
[INFO] running `Command { std: "git" "clone" "/workspace/cache/git-repos/https%3A%2F%2Fgithub.com%2Fmirko-geno%2Fmape_2025" "/workspace/builds/worker-3-tc2/source", kill_on_drop: false }`
[INFO] [stderr] Cloning into '/workspace/builds/worker-3-tc2/source'...
[INFO] [stderr] done.
[INFO] started tweaking git repo https://github.com/mirko-geno/mape_2025
[INFO] finished tweaking git repo https://github.com/mirko-geno/mape_2025
[INFO] tweaked toml for git repo https://github.com/mirko-geno/mape_2025 written to /workspace/builds/worker-3-tc2/source/Cargo.toml
[INFO] validating manifest of git repo https://github.com/mirko-geno/mape_2025 on toolchain 4d7c0cd298ace72490220301fa543d63a154f8ce
[INFO] running `Command { std: CARGO_HOME="/workspace/cargo-home" RUSTUP_HOME="/workspace/rustup-home" "/workspace/cargo-home/bin/cargo" "+4d7c0cd298ace72490220301fa543d63a154f8ce" "metadata" "--manifest-path" "Cargo.toml" "--no-deps", kill_on_drop: false }`
[INFO] crate git repo https://github.com/mirko-geno/mape_2025 already has a lockfile, it will not be regenerated
[INFO] running `Command { std: CARGO_HOME="/workspace/cargo-home" RUSTUP_HOME="/workspace/rustup-home" "/workspace/cargo-home/bin/cargo" "+4d7c0cd298ace72490220301fa543d63a154f8ce" "fetch" "--manifest-path" "Cargo.toml", kill_on_drop: false }`
[INFO] [stderr]     Blocking waiting for file lock on package cache
[INFO] [stderr]     Blocking waiting for file lock on package cache
[INFO] [stderr]  Downloading crates ...
[INFO] [stderr]   Downloaded usbd-hid-descriptors v0.8.2
[INFO] [stderr]   Downloaded usbd-hid-macros v0.8.2
[INFO] [stderr]   Downloaded bitfield v0.14.0
[INFO] [stderr]   Downloaded usbd-hid v0.8.2
[INFO] [stderr]   Downloaded defmt v0.3.100
[INFO] [stderr]   Downloaded embassy-net-driver-channel v0.3.2
[INFO] [stderr]   Downloaded smart-leds v0.4.0
[INFO] [stderr]   Downloaded pio-parser v0.3.0
[INFO] [stderr]   Downloaded embassy-time-queue-utils v0.3.0
[INFO] [stderr]   Downloaded embedded-nal-async v0.8.0
[INFO] [stderr]   Downloaded ssmarshal v1.0.0
[INFO] [stderr]   Downloaded embassy-executor-macros v0.7.0
[INFO] [stderr]   Downloaded cyw43-pio v0.8.0
[INFO] [stderr]   Downloaded embassy-usb-logger v0.5.1
[INFO] [stderr]   Downloaded pio-core v0.3.0
[INFO] [stderr]   Downloaded embassy-usb-driver v0.2.0
[INFO] [stderr]   Downloaded smart-leds-trait v0.3.2
[INFO] [stderr]   Downloaded debug-helper v0.3.13
[INFO] [stderr]   Downloaded pio-proc v0.3.0
[INFO] [stderr]   Downloaded embassy-embedded-hal v0.5.0
[INFO] [stderr]   Downloaded defmt-macros v1.0.1
[INFO] [stderr]   Downloaded embassy-time-driver v0.2.1
[INFO] [stderr]   Downloaded pio v0.3.0
[INFO] [stderr]   Downloaded defmt-rtt v1.1.0
[INFO] [stderr]   Downloaded defmt v1.0.1
[INFO] [stderr]   Downloaded embassy-hal-internal v0.3.0
[INFO] [stderr]   Downloaded embassy-time v0.5.0
[INFO] [stderr]   Downloaded rp2040-boot2 v0.3.0
[INFO] [stderr]   Downloaded embassy-net v0.7.1
[INFO] [stderr]   Downloaded cyw43 v0.5.0
[INFO] [stderr]   Downloaded usb-device v0.3.2
[INFO] [stderr]   Downloaded embassy-usb v0.5.1
[INFO] [stderr]   Downloaded crc-any v2.5.0
[INFO] [stderr]   Downloaded term v1.2.0
[INFO] [stderr]   Downloaded embassy-executor v0.9.1
[INFO] [stderr]   Downloaded btuuid v0.1.0
[INFO] [stderr]   Downloaded bt-hci v0.4.0
[INFO] [stderr]   Downloaded zerocopy v0.8.30
[INFO] [stderr]   Downloaded zerocopy-derive v0.8.30
[INFO] [stderr]   Downloaded embassy-rp v0.8.0
[INFO] [stderr]   Downloaded smoltcp v0.12.0
[INFO] [stderr]   Downloaded rp-pac v7.0.0
[INFO] running `Command { std: "docker" "create" "-v" "/var/lib/crater-agent-workspace/builds/worker-3-tc2/source:/opt/rustwide/workdir:ro,Z" "-v" "/var/lib/crater-agent-workspace/builds/worker-3-tc2/target:/opt/rustwide/target:rw,Z" "-v" "/var/lib/crater-agent-workspace/cargo-home:/opt/rustwide/cargo-home:ro,Z" "-v" "/var/lib/crater-agent-workspace/rustup-home:/opt/rustwide/rustup-home:ro,Z" "-m" "1610612736" "--network" "none" "ghcr.io/rust-lang/crates-build-env/linux@sha256:c0af3998e971868164375a7dfb646c9933ddd1a3bdb00fa2041266763dc1eeab" "sleep" "infinity", kill_on_drop: false }`
[INFO] [stdout] 2e7b39e589f567061f37adb00c942ae2e0c4e988f2e144af147eca4bf5b32df2
[INFO] running `Command { std: "docker" "start" "2e7b39e589f567061f37adb00c942ae2e0c4e988f2e144af147eca4bf5b32df2", kill_on_drop: false }`
[INFO] running `Command { std: "docker" "inspect" "2e7b39e589f567061f37adb00c942ae2e0c4e988f2e144af147eca4bf5b32df2", kill_on_drop: false }`
[INFO] running `Command { std: "docker" "exec" "-e" "SOURCE_DIR=/opt/rustwide/workdir" "-e" "CARGO_HOME=/opt/rustwide/cargo-home" "-e" "RUSTUP_HOME=/opt/rustwide/rustup-home" "-e" "CARGO_TARGET_DIR=/opt/rustwide/target" "-w" "/opt/rustwide/workdir" "--user" "0:0" "2e7b39e589f567061f37adb00c942ae2e0c4e988f2e144af147eca4bf5b32df2" "/opt/rustwide/cargo-home/bin/cargo" "+4d7c0cd298ace72490220301fa543d63a154f8ce" "metadata" "--no-deps" "--format-version=1", kill_on_drop: false }`
[INFO] running `Command { std: "docker" "inspect" "2e7b39e589f567061f37adb00c942ae2e0c4e988f2e144af147eca4bf5b32df2", kill_on_drop: false }`
[INFO] running `Command { std: "docker" "exec" "-e" "SOURCE_DIR=/opt/rustwide/workdir" "-e" "CARGO_HOME=/opt/rustwide/cargo-home" "-e" "RUSTUP_HOME=/opt/rustwide/rustup-home" "-e" "CARGO_TARGET_DIR=/opt/rustwide/target" "-e" "CARGO_INCREMENTAL=0" "-e" "RUST_BACKTRACE=full" "-e" "RUSTFLAGS=--cap-lints=forbid" "-e" "RUSTDOCFLAGS=--cap-lints=forbid" "-w" "/opt/rustwide/workdir" "--user" "0:0" "2e7b39e589f567061f37adb00c942ae2e0c4e988f2e144af147eca4bf5b32df2" "/opt/rustwide/cargo-home/bin/cargo" "+4d7c0cd298ace72490220301fa543d63a154f8ce" "check" "--frozen" "--all" "--all-targets" "--message-format=json", kill_on_drop: false }`
[INFO] [stderr]    Compiling proc-macro2 v1.0.103
[INFO] [stderr]    Compiling defmt v1.0.1
[INFO] [stderr]    Compiling defmt-macros v1.0.1
[INFO] [stderr]     Checking critical-section v1.2.0
[INFO] [stderr]    Compiling thiserror v2.0.17
[INFO] [stderr]    Compiling heapless v0.8.0
[INFO] [stderr]    Compiling cortex-m v0.7.7
[INFO] [stderr]    Compiling typenum v1.19.0
[INFO] [stderr]    Compiling log v0.4.28
[INFO] [stderr]     Checking futures-core v0.3.31
[INFO] [stderr]    Compiling embedded-io-async v0.6.1
[INFO] [stderr]    Compiling libc v0.2.177
[INFO] [stderr]    Compiling serde_core v1.0.228
[INFO] [stderr]     Checking futures-sink v0.3.31
[INFO] [stderr]    Compiling parking_lot_core v0.9.12
[INFO] [stderr]    Compiling aho-corasick v1.1.4
[INFO] [stderr]    Compiling regex-syntax v0.8.8
[INFO] [stderr]    Compiling smallvec v1.15.1
[INFO] [stderr]    Compiling embedded-hal-async v1.0.0
[INFO] [stderr]    Compiling embassy-time-driver v0.2.1
[INFO] [stderr]    Compiling embassy-sync v0.7.2
[INFO] [stderr]    Compiling serde v1.0.228
[INFO] [stderr]    Compiling siphasher v1.0.1
[INFO] [stderr]    Compiling zerocopy v0.8.30
[INFO] [stderr]    Compiling indexmap v2.12.1
[INFO] [stderr]    Compiling quote v1.0.42
[INFO] [stderr]    Compiling phf_shared v0.11.3
[INFO] [stderr]    Compiling syn v2.0.111
[INFO] [stderr]    Compiling syn v1.0.109
[INFO] [stderr]    Compiling proc-macro-error-attr2 v2.0.0
[INFO] [stderr]    Compiling parking_lot v0.12.5
[INFO] [stderr]    Compiling bit-vec v0.8.0
[INFO] [stderr]    Compiling either v1.15.0
[INFO] [stderr]    Compiling generic-array v0.14.7
[INFO] [stderr]    Compiling portable-atomic v1.11.1
[INFO] [stderr]    Compiling keccak v0.1.5
[INFO] [stderr]    Compiling block-buffer v0.10.4
[INFO] [stderr]    Compiling crypto-common v0.1.7
[INFO] [stderr]    Compiling fixedbitset v0.5.7
[INFO] [stderr]    Compiling digest v0.10.7
[INFO] [stderr]    Compiling term v1.2.0
[INFO] [stderr]    Compiling sha3 v0.10.8
[INFO] [stderr]    Compiling string_cache v0.8.9
[INFO] [stderr]    Compiling petgraph v0.7.1
[INFO] [stderr]    Compiling itertools v0.14.0
[INFO] [stdout] error[E0425]: cannot find function `__basepri_r` in module `crate::asm::inline`
[INFO] [stdout]   --> /opt/rustwide/cargo-home/registry/src/index.crates.io-1949cf8c6b5b557f/cortex-m-0.7.7/src/register/basepri.rs:6:15
[INFO] [stdout]    |
[INFO] [stdout]  6 |     call_asm!(__basepri_r() -> u8)
[INFO] [stdout]    |               ^^^^^^^^^^^ not found in `crate::asm::inline`
[INFO] [stdout]    |
[INFO] [stdout]   ::: /opt/rustwide/cargo-home/registry/src/index.crates.io-1949cf8c6b5b557f/cortex-m-0.7.7/src/call_asm.rs:11:43
[INFO] [stdout]    |
[INFO] [stdout] 11 |                 () => crate::asm::inline::$func($($args),*),
[INFO] [stdout]    |                                           ----- due to this macro variable
[INFO] [stdout] 
[INFO] [stdout] 
[INFO] [stdout] error[E0425]: cannot find function `__basepri_w` in module `crate::asm::inline`
[INFO] [stdout]   --> /opt/rustwide/cargo-home/registry/src/index.crates.io-1949cf8c6b5b557f/cortex-m-0.7.7/src/register/basepri.rs:22:19
[INFO] [stdout]    |
[INFO] [stdout] 22 |         call_asm!(__basepri_w(basepri: u8));
[INFO] [stdout]    |                   ^^^^^^^^^^^ not found in `crate::asm::inline`
[INFO] [stdout]    |
[INFO] [stdout]   ::: /opt/rustwide/cargo-home/registry/src/index.crates.io-1949cf8c6b5b557f/cortex-m-0.7.7/src/call_asm.rs:11:43
[INFO] [stdout]    |
[INFO] [stdout] 11 |                 () => crate::asm::inline::$func($($args),*),
[INFO] [stdout]    |                                           ----- due to this macro variable
[INFO] [stdout] 
[INFO] [stdout] 
[INFO] [stdout] error[E0425]: cannot find function `__basepri_max` in module `crate::asm::inline`
[INFO] [stdout]   --> /opt/rustwide/cargo-home/registry/src/index.crates.io-1949cf8c6b5b557f/cortex-m-0.7.7/src/register/basepri_max.rs:19:19
[INFO] [stdout]    |
[INFO] [stdout] 19 |         call_asm!(__basepri_max(basepri: u8));
[INFO] [stdout]    |                   ^^^^^^^^^^^^^ not found in `crate::asm::inline`
[INFO] [stdout]    |
[INFO] [stdout]   ::: /opt/rustwide/cargo-home/registry/src/index.crates.io-1949cf8c6b5b557f/cortex-m-0.7.7/src/call_asm.rs:11:43
[INFO] [stdout]    |
[INFO] [stdout] 11 |                 () => crate::asm::inline::$func($($args),*),
[INFO] [stdout]    |                                           ----- due to this macro variable
[INFO] [stdout] 
[INFO] [stdout] 
[INFO] [stdout] error[E0425]: cannot find function `__faultmask_r` in module `crate::asm::inline`
[INFO] [stdout]   --> /opt/rustwide/cargo-home/registry/src/index.crates.io-1949cf8c6b5b557f/cortex-m-0.7.7/src/register/faultmask.rs:29:28
[INFO] [stdout]    |
[INFO] [stdout] 29 |     let r: u32 = call_asm!(__faultmask_r() -> u32);
[INFO] [stdout]    |                            ^^^^^^^^^^^^^ not found in `crate::asm::inline`
[INFO] [stdout]    |
[INFO] [stdout]   ::: /opt/rustwide/cargo-home/registry/src/index.crates.io-1949cf8c6b5b557f/cortex-m-0.7.7/src/call_asm.rs:11:43
[INFO] [stdout]    |
[INFO] [stdout] 11 |                 () => crate::asm::inline::$func($($args),*),
[INFO] [stdout]    |                                           ----- due to this macro variable
[INFO] [stdout] 
[INFO] [stdout] 
[INFO] [stdout] error: invalid register `r0`: unknown register
[INFO] [stdout]    --> /opt/rustwide/cargo-home/registry/src/index.crates.io-1949cf8c6b5b557f/cortex-m-0.7.7/src/../asm/inline.rs:197:24
[INFO] [stdout]     |
[INFO] [stdout] 197 |     asm!("bkpt #0xab", inout("r0") nr, in("r1") arg, options(nomem, nostack, preserves_flags));
[INFO] [stdout]     |                        ^^^^^^^^^^^^^^
[INFO] [stdout] 
[INFO] [stdout] 
[INFO] [stdout] error: invalid register `r1`: unknown register
[INFO] [stdout]    --> /opt/rustwide/cargo-home/registry/src/index.crates.io-1949cf8c6b5b557f/cortex-m-0.7.7/src/../asm/inline.rs:197:40
[INFO] [stdout]     |
[INFO] [stdout] 197 |     asm!("bkpt #0xab", inout("r0") nr, in("r1") arg, options(nomem, nostack, preserves_flags));
[INFO] [stdout]     |                                        ^^^^^^^^^^^^
[INFO] [stdout] 
[INFO] [stdout] 
[INFO] [stderr]    Compiling ascii-canvas v4.0.0
[INFO] [stdout] For more information about this error, try `rustc --explain E0425`.
[INFO] [stdout] 
[INFO] [stderr] error: could not compile `cortex-m` (lib) due to 6 previous errors
[INFO] [stderr] warning: build failed, waiting for other jobs to finish...
[INFO] running `Command { std: "docker" "inspect" "2e7b39e589f567061f37adb00c942ae2e0c4e988f2e144af147eca4bf5b32df2", kill_on_drop: false }`
[INFO] running `Command { std: "docker" "rm" "-f" "2e7b39e589f567061f37adb00c942ae2e0c4e988f2e144af147eca4bf5b32df2", kill_on_drop: false }`
[INFO] [stdout] 2e7b39e589f567061f37adb00c942ae2e0c4e988f2e144af147eca4bf5b32df2
