[INFO] cloning repository https://github.com/hey-ewan/get_target_quote
[INFO] running `Command { std: "git" "-c" "credential.helper=" "-c" "credential.helper=/workspace/cargo-home/bin/git-credential-null" "clone" "--bare" "https://github.com/hey-ewan/get_target_quote" "/workspace/cache/git-repos/https%3A%2F%2Fgithub.com%2Fhey-ewan%2Fget_target_quote", kill_on_drop: false }`
[INFO] [stderr] Cloning into bare repository '/workspace/cache/git-repos/https%3A%2F%2Fgithub.com%2Fhey-ewan%2Fget_target_quote'...
[INFO] running `Command { std: "git" "rev-parse" "HEAD", kill_on_drop: false }`
[INFO] [stdout] ec6ab958a3f7387788415205af912432fef1cbac
[INFO] checking hey-ewan/get_target_quote against 4d7c0cd298ace72490220301fa543d63a154f8ce for pr-164789
[INFO] running `Command { std: "git" "clone" "/workspace/cache/git-repos/https%3A%2F%2Fgithub.com%2Fhey-ewan%2Fget_target_quote" "/workspace/builds/worker-3-tc2/source", kill_on_drop: false }`
[INFO] [stderr] Cloning into '/workspace/builds/worker-3-tc2/source'...
[INFO] [stderr] done.
[INFO] removed /workspace/builds/worker-3-tc2/source/.cargo/config.toml
[INFO] started tweaking git repo https://github.com/hey-ewan/get_target_quote
[INFO] finished tweaking git repo https://github.com/hey-ewan/get_target_quote
[INFO] tweaked toml for git repo https://github.com/hey-ewan/get_target_quote written to /workspace/builds/worker-3-tc2/source/Cargo.toml
[INFO] validating manifest of git repo https://github.com/hey-ewan/get_target_quote on toolchain 4d7c0cd298ace72490220301fa543d63a154f8ce
[INFO] running `Command { std: CARGO_HOME="/workspace/cargo-home" RUSTUP_HOME="/workspace/rustup-home" "/workspace/cargo-home/bin/cargo" "+4d7c0cd298ace72490220301fa543d63a154f8ce" "metadata" "--manifest-path" "Cargo.toml" "--no-deps", kill_on_drop: false }`
[INFO] crate git repo https://github.com/hey-ewan/get_target_quote already has a lockfile, it will not be regenerated
[INFO] running `Command { std: CARGO_HOME="/workspace/cargo-home" RUSTUP_HOME="/workspace/rustup-home" "/workspace/cargo-home/bin/cargo" "+4d7c0cd298ace72490220301fa543d63a154f8ce" "fetch" "--manifest-path" "Cargo.toml", kill_on_drop: false }`
[INFO] [stderr]     Blocking waiting for file lock on package cache
[INFO] [stderr]     Blocking waiting for file lock on package cache
[INFO] [stderr]  Downloading crates ...
[INFO] [stderr]   Downloaded sgx-isa v0.4.1
[INFO] [stderr]   Downloaded sgxs-loaders v0.4.0
[INFO] [stderr]   Downloaded sgxs v0.8.0
[INFO] [stderr]   Downloaded ipc-queue v0.4.0
[INFO] [stderr]   Downloaded insecure-time v0.1.0
[INFO] [stderr]   Downloaded fortanix-sgx-abi v0.6.1
[INFO] [stderr]   Downloaded nix v0.13.1
[INFO] [stderr]   Downloaded enclave-runner v0.7.1
[INFO] [stderr]   Downloaded dcap-ql-sys v0.2.1
[INFO] [stderr]   Downloaded sgxs-loaders v0.5.0
[INFO] [stderr]   Downloaded dcap-ql v0.4.1
[INFO] running `Command { std: "docker" "create" "-v" "/var/lib/crater-agent-workspace/builds/worker-3-tc2/source:/opt/rustwide/workdir:ro,Z" "-v" "/var/lib/crater-agent-workspace/builds/worker-3-tc2/target:/opt/rustwide/target:rw,Z" "-v" "/var/lib/crater-agent-workspace/cargo-home:/opt/rustwide/cargo-home:ro,Z" "-v" "/var/lib/crater-agent-workspace/rustup-home:/opt/rustwide/rustup-home:ro,Z" "-m" "1610612736" "--network" "none" "ghcr.io/rust-lang/crates-build-env/linux@sha256:c0af3998e971868164375a7dfb646c9933ddd1a3bdb00fa2041266763dc1eeab" "sleep" "infinity", kill_on_drop: false }`
[INFO] [stdout] 285e1853eaaac2edcaaeb80450867ea12bb3b1350ec8c435b605b0abfc5737fb
[INFO] running `Command { std: "docker" "start" "285e1853eaaac2edcaaeb80450867ea12bb3b1350ec8c435b605b0abfc5737fb", kill_on_drop: false }`
[INFO] running `Command { std: "docker" "inspect" "285e1853eaaac2edcaaeb80450867ea12bb3b1350ec8c435b605b0abfc5737fb", kill_on_drop: false }`
[INFO] running `Command { std: "docker" "exec" "-e" "SOURCE_DIR=/opt/rustwide/workdir" "-e" "CARGO_HOME=/opt/rustwide/cargo-home" "-e" "RUSTUP_HOME=/opt/rustwide/rustup-home" "-e" "CARGO_TARGET_DIR=/opt/rustwide/target" "-w" "/opt/rustwide/workdir" "--user" "0:0" "285e1853eaaac2edcaaeb80450867ea12bb3b1350ec8c435b605b0abfc5737fb" "/opt/rustwide/cargo-home/bin/cargo" "+4d7c0cd298ace72490220301fa543d63a154f8ce" "metadata" "--no-deps" "--format-version=1", kill_on_drop: false }`
[INFO] running `Command { std: "docker" "inspect" "285e1853eaaac2edcaaeb80450867ea12bb3b1350ec8c435b605b0abfc5737fb", kill_on_drop: false }`
[INFO] running `Command { std: "docker" "exec" "-e" "SOURCE_DIR=/opt/rustwide/workdir" "-e" "CARGO_HOME=/opt/rustwide/cargo-home" "-e" "RUSTUP_HOME=/opt/rustwide/rustup-home" "-e" "CARGO_TARGET_DIR=/opt/rustwide/target" "-e" "CARGO_INCREMENTAL=0" "-e" "RUST_BACKTRACE=full" "-e" "RUSTFLAGS=--cap-lints=forbid" "-e" "RUSTDOCFLAGS=--cap-lints=forbid" "-w" "/opt/rustwide/workdir" "--user" "0:0" "285e1853eaaac2edcaaeb80450867ea12bb3b1350ec8c435b605b0abfc5737fb" "/opt/rustwide/cargo-home/bin/cargo" "+4d7c0cd298ace72490220301fa543d63a154f8ce" "check" "--frozen" "--all" "--all-targets" "--message-format=json", kill_on_drop: false }`
[INFO] [stderr]    Compiling libc v0.2.174
[INFO] [stderr]    Compiling serde v1.0.219
[INFO] [stderr]    Compiling cc v1.2.31
[INFO] [stderr]    Compiling syn v2.0.104
[INFO] [stderr]     Checking http v0.2.12
[INFO] [stderr]    Compiling time-core v0.1.4
[INFO] [stderr]     Checking crypto-common v0.1.6
[INFO] [stderr]     Checking deranged v0.4.0
[INFO] [stderr]     Checking bitflags v2.9.1
[INFO] [stderr]    Compiling nix v0.15.0
[INFO] [stderr]    Compiling serde_json v1.0.142
[INFO] [stderr]    Compiling syn v0.15.44
[INFO] [stderr]    Compiling quote v0.6.13
[INFO] [stderr]     Checking tracing-core v0.1.34
[INFO] [stderr]     Checking hashbrown v0.15.4
[INFO] [stderr]     Checking digest v0.10.7
[INFO] [stderr]     Checking clap_builder v4.5.42
[INFO] [stderr]    Compiling dcap-ql-sys v0.2.1
[INFO] [stderr]    Compiling time-macros v0.2.22
[INFO] [stderr]    Compiling nix v0.13.1
[INFO] [stderr]     Checking crossbeam-deque v0.8.6
[INFO] [stderr]     Checking crossbeam-channel v0.5.15
[INFO] [stderr]     Checking crossbeam-queue v0.3.12
[INFO] [stderr]     Checking encoding_rs v0.8.35
[INFO] [stderr]     Checking sha1 v0.10.6
[INFO] [stderr]    Compiling enclave-runner v0.7.1
[INFO] [stderr]     Checking fortanix-sgx-abi v0.6.1
[INFO] [stderr]     Checking bytemuck v1.23.1
[INFO] [stderr]     Checking ipc-queue v0.4.0
[INFO] [stderr]     Checking tracing v0.1.41
[INFO] [stderr]     Checking crossbeam v0.8.4
[INFO] [stderr]     Checking indexmap v2.10.0
[INFO] [stderr]     Checking headers-core v0.2.0
[INFO] [stderr]     Checking http-body v0.4.6
[INFO] [stderr]     Checking headers v0.3.9
[INFO] [stderr]    Compiling openssl-sys v0.9.109
[INFO] [stderr]    Compiling libloading v0.5.2
[INFO] [stderr]     Checking iovec v0.1.4
[INFO] [stderr]     Checking parking_lot_core v0.9.11
[INFO] [stderr]     Checking socket2 v0.6.0
[INFO] [stderr]     Checking mio v1.0.4
[INFO] [stderr]     Checking signal-hook-registry v1.4.6
[INFO] [stderr]     Checking getrandom v0.2.16
[INFO] [stderr]     Checking time v0.3.41
[INFO] [stderr]     Checking socket2 v0.5.10
[INFO] [stderr]     Checking num_cpus v1.17.0
[INFO] [stderr]    Compiling num-derive v0.2.5
[INFO] [stderr]     Checking bytes v0.4.12
[INFO] [stderr]     Checking parking_lot v0.12.4
[INFO] [stderr]     Checking rand_core v0.6.4
[INFO] [stderr]    Compiling openssl v0.10.73
[INFO] [stderr]     Checking rand_chacha v0.3.1
[INFO] [stderr]     Checking tokio-io v0.1.13
[INFO] [stderr]     Checking rand v0.8.5
[INFO] [stderr]    Compiling synstructure v0.13.2
[INFO] [stderr]    Compiling zerovec-derive v0.11.1
[INFO] [stderr]    Compiling serde_derive v1.0.219
[INFO] [stderr]    Compiling displaydoc v0.2.5
[INFO] [stderr]    Compiling tokio-macros v2.5.0
[INFO] [stderr]    Compiling thiserror-impl v1.0.69
[INFO] [stderr]    Compiling futures-macro v0.3.31
[INFO] [stderr]    Compiling openssl-macros v0.1.1
[INFO] [stderr]    Compiling clap_derive v4.5.41
[INFO] [stderr]    Compiling pin-project-internal v1.1.10
[INFO] [stderr]    Compiling zerofrom-derive v0.1.6
[INFO] [stderr]    Compiling yoke-derive v0.8.0
[INFO] [stderr]     Checking tokio v1.47.1
[INFO] [stderr]     Checking pin-project v1.1.10
[INFO] [stderr]     Checking futures-util v0.3.31
[INFO] [stderr]     Checking zerofrom v0.1.6
[INFO] [stderr]     Checking yoke v0.8.0
[INFO] [stderr]     Checking thiserror v1.0.69
[INFO] [stderr]     Checking zerotrie v0.2.2
[INFO] [stderr]     Checking zerovec v0.11.2
[INFO] [stderr]     Checking clap v4.5.42
[INFO] [stderr]     Checking insecure-time v0.1.0
[INFO] [stderr]     Checking tinystr v0.8.1
[INFO] [stderr]     Checking potential_utf v0.1.2
[INFO] [stderr]     Checking icu_collections v2.0.0
[INFO] [stderr]     Checking icu_locale_core v2.0.0
[INFO] [stderr]     Checking icu_provider v2.0.0
[INFO] [stderr]     Checking icu_normalizer v2.0.0
[INFO] [stderr]     Checking icu_properties v2.0.1
[INFO] [stderr]     Checking futures-executor v0.3.31
[INFO] [stderr]     Checking multer v2.1.0
[INFO] [stderr]     Checking futures v0.3.31
[INFO] [stderr]     Checking idna_adapter v1.2.1
[INFO] [stderr]     Checking idna v1.0.3
[INFO] [stderr]     Checking url v2.5.4
[INFO] [stderr]     Checking tokio-util v0.7.16
[INFO] [stderr]     Checking hyper v1.6.0
[INFO] [stderr]     Checking tungstenite v0.21.0
[INFO] [stderr]     Checking h2 v0.3.27
[INFO] [stderr]     Checking tokio-tungstenite v0.21.0
[INFO] [stderr]     Checking sgx-isa v0.4.1
[INFO] [stderr]     Checking serde_urlencoded v0.7.1
[INFO] [stderr]     Checking sgxs v0.8.0
[INFO] [stderr]     Checking enclave v0.1.0 (/opt/rustwide/workdir)
[INFO] [stderr]     Checking sgxs-loaders v0.5.0
[INFO] [stderr]     Checking sgxs-loaders v0.4.0
[INFO] [stdout] error[E0599]: no associated function or constant named `for_target` found for struct `sgx_isa::Report` in the current scope
[INFO] [stdout]    --> src/main.rs:20:38
[INFO] [stdout]     |
[INFO] [stdout]  20 |     println!("report: {:?}", Report::for_target(&target_info, &[0u8; 64]));
[INFO] [stdout]     |                                      ^^^^^^^^^^ associated function or constant not found in `sgx_isa::Report`
[INFO] [stdout]     |
[INFO] [stdout] note: if you're trying to build a new `sgx_isa::Report`, consider using `sgx_isa::Report::try_copy_from` which returns `std::option::Option<sgx_isa::Report>`
[INFO] [stdout]    --> /opt/rustwide/cargo-home/registry/src/index.crates.io-1949cf8c6b5b557f/sgx-isa-0.4.1/src/lib.rs:163:13
[INFO] [stdout]     |
[INFO] [stdout] 163 |               pub fn try_copy_from(src: &[u8]) -> Option<Self> {
[INFO] [stdout]     |               ^^^^^^^^^^^^^^^^^^^^^^^^^^^^^^^^^^^^^^^^^^^^^^^^
[INFO] [stdout] ...
[INFO] [stdout] 633 | / struct_def! {
[INFO] [stdout] 634 | | #[repr(C, align(512))]
[INFO] [stdout] 635 | | #[cfg_attr(
[INFO] [stdout] 636 | |     feature = "large_array_derive",
[INFO] [stdout] ...   |
[INFO] [stdout] 661 | | }
[INFO] [stdout]     | |_- in this macro invocation
[INFO] [stdout]     = note: this error originates in the macro `struct_def` (in Nightly builds, run with -Z macro-backtrace for more info)
[INFO] [stdout] 
[INFO] [stdout] 
[INFO] [stdout] error[E0599]: no associated function or constant named `for_target` found for struct `sgx_isa::Report` in the current scope
[INFO] [stdout]    --> src/main.rs:23:18
[INFO] [stdout]     |
[INFO] [stdout]  23 |         &Report::for_target(&target_info, &[0u8; 64]),
[INFO] [stdout]     |                  ^^^^^^^^^^ associated function or constant not found in `sgx_isa::Report`
[INFO] [stdout]     |
[INFO] [stdout] note: if you're trying to build a new `sgx_isa::Report`, consider using `sgx_isa::Report::try_copy_from` which returns `std::option::Option<sgx_isa::Report>`
[INFO] [stdout]    --> /opt/rustwide/cargo-home/registry/src/index.crates.io-1949cf8c6b5b557f/sgx-isa-0.4.1/src/lib.rs:163:13
[INFO] [stdout]     |
[INFO] [stdout] 163 |               pub fn try_copy_from(src: &[u8]) -> Option<Self> {
[INFO] [stdout]     |               ^^^^^^^^^^^^^^^^^^^^^^^^^^^^^^^^^^^^^^^^^^^^^^^^
[INFO] [stdout] ...
[INFO] [stdout] 633 | / struct_def! {
[INFO] [stdout] 634 | | #[repr(C, align(512))]
[INFO] [stdout] 635 | | #[cfg_attr(
[INFO] [stdout] 636 | |     feature = "large_array_derive",
[INFO] [stdout] ...   |
[INFO] [stdout] 661 | | }
[INFO] [stdout]     | |_- in this macro invocation
[INFO] [stdout]     = note: this error originates in the macro `struct_def` (in Nightly builds, run with -Z macro-backtrace for more info)
[INFO] [stdout] 
[INFO] [stdout] 
[INFO] [stdout] error[E0599]: no associated function or constant named `for_target` found for struct `sgx_isa::Report` in the current scope
[INFO] [stdout]    --> src/main.rs:20:38
[INFO] [stdout]     |
[INFO] [stdout]  20 |     println!("report: {:?}", Report::for_target(&target_info, &[0u8; 64]));
[INFO] [stdout]     |                                      ^^^^^^^^^^ associated function or constant not found in `sgx_isa::Report`
[INFO] [stdout]     |
[INFO] [stdout] note: if you're trying to build a new `sgx_isa::Report`, consider using `sgx_isa::Report::try_copy_from` which returns `std::option::Option<sgx_isa::Report>`
[INFO] [stdout]    --> /opt/rustwide/cargo-home/registry/src/index.crates.io-1949cf8c6b5b557f/sgx-isa-0.4.1/src/lib.rs:163:13
[INFO] [stdout]     |
[INFO] [stdout] 163 |               pub fn try_copy_from(src: &[u8]) -> Option<Self> {
[INFO] [stdout]     |               ^^^^^^^^^^^^^^^^^^^^^^^^^^^^^^^^^^^^^^^^^^^^^^^^
[INFO] [stdout] ...
[INFO] [stdout] 633 | / struct_def! {
[INFO] [stdout] 634 | | #[repr(C, align(512))]
[INFO] [stdout] 635 | | #[cfg_attr(
[INFO] [stdout] 636 | |     feature = "large_array_derive",
[INFO] [stdout] ...   |
[INFO] [stdout] 661 | | }
[INFO] [stdout]     | |_- in this macro invocation
[INFO] [stdout]     = note: this error originates in the macro `struct_def` (in Nightly builds, run with -Z macro-backtrace for more info)
[INFO] [stdout] 
[INFO] [stdout] 
[INFO] [stderr] error: could not compile `enclave` (bin "enclave" test) due to 2 previous errors
[INFO] [stdout] error[E0599]: no associated function or constant named `for_target` found for struct `sgx_isa::Report` in the current scope
[INFO] [stdout]    --> src/main.rs:23:18
[INFO] [stdout]     |
[INFO] [stdout]  23 |         &Report::for_target(&target_info, &[0u8; 64]),
[INFO] [stdout]     |                  ^^^^^^^^^^ associated function or constant not found in `sgx_isa::Report`
[INFO] [stdout]     |
[INFO] [stdout] note: if you're trying to build a new `sgx_isa::Report`, consider using `sgx_isa::Report::try_copy_from` which returns `std::option::Option<sgx_isa::Report>`
[INFO] [stdout]    --> /opt/rustwide/cargo-home/registry/src/index.crates.io-1949cf8c6b5b557f/sgx-isa-0.4.1/src/lib.rs:163:13
[INFO] [stdout]     |
[INFO] [stdout] 163 |               pub fn try_copy_from(src: &[u8]) -> Option<Self> {
[INFO] [stdout]     |               ^^^^^^^^^^^^^^^^^^^^^^^^^^^^^^^^^^^^^^^^^^^^^^^^
[INFO] [stdout] ...
[INFO] [stdout] 633 | / struct_def! {
[INFO] [stdout] 634 | | #[repr(C, align(512))]
[INFO] [stdout] 635 | | #[cfg_attr(
[INFO] [stdout] 636 | |     feature = "large_array_derive",
[INFO] [stdout] ...   |
[INFO] [stdout] 661 | | }
[INFO] [stdout]     | |_- in this macro invocation
[INFO] [stdout]     = note: this error originates in the macro `struct_def` (in Nightly builds, run with -Z macro-backtrace for more info)
[INFO] [stdout] 
[INFO] [stdout] 
[INFO] [stderr] warning: build failed, waiting for other jobs to finish...
[INFO] [stdout] For more information about this error, try `rustc --explain E0599`.
[INFO] [stdout] 
[INFO] [stdout] For more information about this error, try `rustc --explain E0599`.
[INFO] [stdout] 
[INFO] [stderr] error: could not compile `enclave` (bin "enclave") due to 2 previous errors
[INFO] [stderr] warning: unused dependency `base64`
[INFO] [stderr]  --> Cargo.toml:2:1
[INFO] [stderr]   |
[INFO] [stderr] 2 | base64 = "0.22.1"
[INFO] [stderr]   | ^^^^^^^^^^^^^^^^^
[INFO] [stderr]   |
[INFO] [stderr]   = note: `cargo::unused_dependencies` is set to `warn` by default
[INFO] [stderr] help: consider removing the dependency on `base64`
[INFO] [stderr] warning: unused dependency `hex`
[INFO] [stderr]  --> Cargo.toml:3:1
[INFO] [stderr]   |
[INFO] [stderr] 3 | hex = "0.4.3"
[INFO] [stderr]   | ^^^^^^^^^^^^^
[INFO] [stderr]   |
[INFO] [stderr] help: consider removing the dependency on `hex`
[INFO] [stderr] warning: unused dependency `hyper`
[INFO] [stderr]  --> Cargo.toml:4:1
[INFO] [stderr]   |
[INFO] [stderr] 4 | hyper = "1.6.0"
[INFO] [stderr]   | ^^^^^^^^^^^^^^^
[INFO] [stderr]   |
[INFO] [stderr] help: consider removing the dependency on `hyper`
[INFO] [stderr] warning: `enclave` (manifest) generated 3 warnings
[INFO] running `Command { std: "docker" "inspect" "285e1853eaaac2edcaaeb80450867ea12bb3b1350ec8c435b605b0abfc5737fb", kill_on_drop: false }`
[INFO] running `Command { std: "docker" "rm" "-f" "285e1853eaaac2edcaaeb80450867ea12bb3b1350ec8c435b605b0abfc5737fb", kill_on_drop: false }`
[INFO] [stdout] 285e1853eaaac2edcaaeb80450867ea12bb3b1350ec8c435b605b0abfc5737fb
