[INFO] cloning repository https://github.com/harrybrwn/pax
[INFO] running `Command { std: "git" "-c" "credential.helper=" "-c" "credential.helper=/workspace/cargo-home/bin/git-credential-null" "clone" "--bare" "https://github.com/harrybrwn/pax" "/workspace/cache/git-repos/https%3A%2F%2Fgithub.com%2Fharrybrwn%2Fpax", kill_on_drop: false }`
[INFO] [stderr] Cloning into bare repository '/workspace/cache/git-repos/https%3A%2F%2Fgithub.com%2Fharrybrwn%2Fpax'...
[INFO] running `Command { std: "git" "rev-parse" "HEAD", kill_on_drop: false }`
[INFO] [stdout] 2a8ea32861940aa584c6f0491a70b7d42023851a
[INFO] checking harrybrwn/pax/2a8ea32861940aa584c6f0491a70b7d42023851a against 0cefa27fe3deee26fc98ee44249406358d9f0d26 for pr-164789
[INFO] running `Command { std: "git" "clone" "/workspace/cache/git-repos/https%3A%2F%2Fgithub.com%2Fharrybrwn%2Fpax" "/workspace/builds/worker-4-tc1/source", kill_on_drop: false }`
[INFO] [stderr] Cloning into '/workspace/builds/worker-4-tc1/source'...
[INFO] [stderr] done.
[INFO] started tweaking git repo https://github.com/harrybrwn/pax
[INFO] finished tweaking git repo https://github.com/harrybrwn/pax
[INFO] tweaked toml for git repo https://github.com/harrybrwn/pax written to /workspace/builds/worker-4-tc1/source/Cargo.toml
[INFO] validating manifest of git repo https://github.com/harrybrwn/pax on toolchain 0cefa27fe3deee26fc98ee44249406358d9f0d26
[INFO] running `Command { std: CARGO_HOME="/workspace/cargo-home" RUSTUP_HOME="/workspace/rustup-home" "/workspace/cargo-home/bin/cargo" "+0cefa27fe3deee26fc98ee44249406358d9f0d26" "metadata" "--manifest-path" "Cargo.toml" "--no-deps", kill_on_drop: false }`
[INFO] crate git repo https://github.com/harrybrwn/pax already has a lockfile, it will not be regenerated
[INFO] running `Command { std: CARGO_HOME="/workspace/cargo-home" RUSTUP_HOME="/workspace/rustup-home" "/workspace/cargo-home/bin/cargo" "+0cefa27fe3deee26fc98ee44249406358d9f0d26" "fetch" "--manifest-path" "Cargo.toml", kill_on_drop: false }`
[INFO] [stderr] warning: Cargo.toml: unused manifest key: workspace.default-memebers
[INFO] [stderr] warning: workspace (manifest) generated 1 warning
[INFO] [stderr]     Updating crates.io index
[INFO] [stderr]  Downloading crates ...
[INFO] [stderr]   Downloaded mlua-sys v0.9.0
[INFO] [stderr]   Downloaded proc-macro2 v1.0.104
[INFO] [stderr]   Downloaded mlua_derive v0.11.0
[INFO] [stderr]   Downloaded target-triple v1.0.0
[INFO] [stderr]   Downloaded serde_spanned v1.0.4
[INFO] [stderr]   Downloaded wasm-bindgen-macro v0.2.106
[INFO] [stderr]   Downloaded wasm-bindgen-shared v0.2.106
[INFO] [stderr]   Downloaded zmij v1.0.7
[INFO] [stderr]   Downloaded filetime v0.2.26
[INFO] [stderr]   Downloaded libredox v0.1.12
[INFO] [stderr]   Downloaded openssl-probe v0.2.0
[INFO] [stderr]   Downloaded getset v0.1.6
[INFO] [stderr]   Downloaded terminal_size v0.4.3
[INFO] [stderr]   Downloaded clap_lex v0.7.6
[INFO] [stderr]   Downloaded which v8.0.0
[INFO] [stderr]   Downloaded env_home v0.1.0
[INFO] [stderr]   Downloaded wasm-bindgen v0.2.106
[INFO] [stderr]   Downloaded js-sys v0.3.83
[INFO] [stderr]   Downloaded find-msvc-tools v0.1.6
[INFO] [stderr]   Downloaded trybuild v1.0.114
[INFO] [stderr]   Downloaded toml_writer v1.0.6+spec-1.1.0
[INFO] [stderr]   Downloaded toml_parser v1.0.6+spec-1.1.0
[INFO] [stderr]   Downloaded dissimilar v1.0.10
[INFO] [stderr]   Downloaded which v7.0.3
[INFO] [stderr]   Downloaded redox_syscall v0.7.0
[INFO] [stderr]   Downloaded wasm-bindgen-futures v0.4.56
[INFO] [stderr]   Downloaded rustls-pki-types v1.13.2
[INFO] [stderr]   Downloaded cmake v0.1.57
[INFO] [stderr]   Downloaded git-url-parse v0.6.0
[INFO] [stderr]   Downloaded simd-adler32 v0.3.8
[INFO] [stderr]   Downloaded anstyle v1.0.13
[INFO] [stderr]   Downloaded anstream v0.6.21
[INFO] [stderr]   Downloaded unicase v2.8.1
[INFO] [stderr]   Downloaded serde_ignored v0.1.14
[INFO] [stderr]   Downloaded rustc-stable-hash v0.1.2
[INFO] [stderr]   Downloaded cc v1.2.51
[INFO] [stderr]   Downloaded wasm-bindgen-macro-support v0.2.106
[INFO] [stderr]   Downloaded bumpalo v3.19.1
[INFO] [stderr]   Downloaded toml v0.9.10+spec-1.1.0
[INFO] [stderr]   Downloaded indexmap v2.12.1
[INFO] [stderr]   Downloaded icu_properties v2.1.2
[INFO] [stderr]   Downloaded iri-string v0.7.10
[INFO] [stderr]   Downloaded zerocopy-derive v0.8.31
[INFO] [stderr]   Downloaded openssl-sys v0.9.111
[INFO] [stderr]   Downloaded libz-rs-sys v0.5.5
[INFO] [stderr]   Downloaded clap v4.5.53
[INFO] [stderr]   Downloaded clap_derive v4.5.49
[INFO] [stderr]   Downloaded tracing-chrome v0.7.2
[INFO] [stderr]   Downloaded supports-unicode v3.0.0
[INFO] [stderr]   Downloaded supports-hyperlinks v3.2.0
[INFO] [stderr]   Downloaded shell-escape v0.1.5
[INFO] [stderr]   Downloaded rustfix v0.9.4
[INFO] [stderr]   Downloaded primeorder v0.13.6
[INFO] [stderr]   Downloaded base64ct v1.8.2
[INFO] [stderr]   Downloaded serde_json v1.0.148
[INFO] [stderr]   Downloaded mio v1.1.1
[INFO] [stderr]   Downloaded tower-http v0.6.8
[INFO] [stderr]   Downloaded hyper-util v0.1.19
[INFO] [stderr]   Downloaded toml_edit v0.23.10+spec-1.0.0
[INFO] [stderr]   Downloaded tempfile v3.24.0
[INFO] [stderr]   Downloaded erased-serde v0.4.9
[INFO] [stderr]   Downloaded mlua v0.11.5
[INFO] [stderr]   Downloaded syn v2.0.112
[INFO] [stderr]   Downloaded winnow v0.7.14
[INFO] [stderr]   Downloaded icu_properties_data v2.1.2
[INFO] [stderr]   Downloaded reqwest v0.13.1
[INFO] [stderr]   Downloaded webpki-root-certs v1.0.5
[INFO] [stderr]   Downloaded zlib-rs v0.5.5
[INFO] [stderr]   Downloaded clap_builder v4.5.53
[INFO] [stderr]   Downloaded rusqlite v0.37.0
[INFO] [stderr]   Downloaded pasetors v0.7.7
[INFO] [stderr]   Downloaded aws-lc-rs v1.15.2
[INFO] [stderr]   Downloaded zerocopy v0.8.31
[INFO] [stderr]   Downloaded git2 v0.20.3
[INFO] [stderr]   Downloaded tracing-subscriber v0.3.22
[INFO] [stderr]   Downloaded p384 v0.13.1
[INFO] [stderr]   Downloaded rustix v1.1.3
[INFO] [stderr]   Downloaded bstr v1.12.1
[INFO] [stderr]   Downloaded ed25519-compact v2.2.0
[INFO] [stderr]   Downloaded ct-codecs v1.1.6
[INFO] [stderr]   Downloaded os_info v3.14.0
[INFO] [stderr]   Downloaded gix-revwalk v0.21.0
[INFO] [stderr]   Downloaded winsafe v0.0.19
[INFO] [stderr]   Downloaded normpath v1.5.0
[INFO] [stderr]   Downloaded gix-revision v0.35.0
[INFO] [stderr]   Downloaded lua-src v548.1.2
[INFO] [stderr]   Downloaded web-sys v0.3.83
[INFO] [stderr]   Downloaded libssh2-sys v0.3.1
[INFO] [stderr]   Downloaded orion v0.17.11
[INFO] [stderr]   Downloaded objc2-user-notifications v0.3.2
[INFO] [stderr]   Downloaded objc2-core-location v0.3.2
[INFO] [stderr]   Downloaded objc2-core-data v0.3.2
[INFO] [stderr]   Downloaded objc2-cloud-kit v0.3.2
[INFO] [stderr]   Downloaded opener v0.8.3
[INFO] [stderr]   Downloaded gix-ref v0.53.1
[INFO] [stderr]   Downloaded objc2-quartz-core v0.3.2
[INFO] [stderr]   Downloaded libz-sys v1.1.23
[INFO] [stderr]   Downloaded objc2 v0.6.3
[INFO] [stderr]   Downloaded objc2-core-text v0.3.2
[INFO] [stderr]   Downloaded objc2-core-image v0.3.2
[INFO] [stderr]   Downloaded gix-pathspec v0.12.0
[INFO] [stderr]   Downloaded gix-status v0.20.0
[INFO] [stderr]   Downloaded cargo-credential-wincred v0.4.18
[INFO] [stderr]   Downloaded luajit-src v210.6.5+7152e15
[INFO] [stderr]   Downloaded objc2-ui-kit v0.3.2
[INFO] [stderr]   Downloaded openssl v0.10.75
[INFO] [stderr]   Downloaded gix-validate v0.10.1
[INFO] [stderr]   Downloaded gix-hashtable v0.9.0
[INFO] [stderr]   Downloaded gix-negotiate v0.21.0
[INFO] [stderr]   Downloaded git2-curl v0.21.0
[INFO] [stderr]   Downloaded crates-io v0.40.15
[INFO] [stderr]   Downloaded color-print v0.3.7
[INFO] [stderr]   Downloaded is_executable v1.0.5
[INFO] [stderr]   Downloaded cargo-platform v0.3.2
[INFO] [stderr]   Downloaded jiff-tzdb-platform v0.1.3
[INFO] [stderr]   Downloaded bitmaps v2.1.0
[INFO] [stderr]   Downloaded rand_xoshiro v0.6.0
[INFO] [stderr]   Downloaded globset v0.4.18
[INFO] [stderr]   Downloaded gix-worktree v0.42.0
[INFO] [stderr]   Downloaded gix-path v0.10.22
[INFO] [stderr]   Downloaded gix-trace v0.1.16
[INFO] [stderr]   Downloaded gix-utils v0.3.1
[INFO] [stderr]   Downloaded gix-hash v0.19.0
[INFO] [stderr]   Downloaded gix-features v0.43.1
[INFO] [stderr]   Downloaded faster-hex v0.10.0
[INFO] [stderr]   Downloaded gix-date v0.10.7
[INFO] [stderr]   Downloaded gix-actor v0.35.6
[INFO] [stderr]   Downloaded gix-traverse v0.47.0
[INFO] [stderr]   Downloaded jiff-tzdb v0.1.5
[INFO] [stderr]   Downloaded jiff-static v0.2.17
[INFO] [stderr]   Downloaded sized-chunks v0.6.5
[INFO] [stderr]   Downloaded ignore v0.4.25
[INFO] [stderr]   Downloaded http-auth v0.1.10
[INFO] [stderr]   Downloaded prodash v30.0.1
[INFO] [stderr]   Downloaded gix-object v0.50.2
[INFO] [stderr]   Downloaded heapless v0.8.0
[INFO] [stderr]   Downloaded gix-index v0.41.0
[INFO] [stderr]   Downloaded gix-chunk v0.4.12
[INFO] [stderr]   Downloaded portable-atomic v1.13.0
[INFO] [stderr]   Downloaded gix-lock v18.0.0
[INFO] [stderr]   Downloaded gix-fs v0.16.1
[INFO] [stderr]   Downloaded gix-bitmap v0.2.15
[INFO] [stderr]   Downloaded gix-ignore v0.16.0
[INFO] [stderr]   Downloaded serde-value v0.7.0
[INFO] [stderr]   Downloaded ordered-float v2.10.1
[INFO] [stderr]   Downloaded cargo-credential-macos-keychain v0.4.18
[INFO] [stderr]   Downloaded im-rc v15.1.0
[INFO] [stderr]   Downloaded gix-commitgraph v0.29.0
[INFO] [stderr]   Downloaded gix-tempfile v18.0.0
[INFO] [stderr]   Downloaded gix-attributes v0.27.0
[INFO] [stderr]   Downloaded gix-quote v0.6.1
[INFO] [stderr]   Downloaded gix-transport v0.48.0
[INFO] [stderr]   Downloaded gix-credentials v0.30.0
[INFO] [stderr]   Downloaded gix-config-value v0.15.3
[INFO] [stderr]   Downloaded gix-shallow v0.5.0
[INFO] [stderr]   Downloaded ar v0.9.0
[INFO] [stderr]   Downloaded unicode-bom v2.0.3
[INFO] [stderr]   Downloaded gix-url v0.32.0
[INFO] [stderr]   Downloaded gix-prompt v0.11.2
[INFO] [stderr]   Downloaded clru v0.6.2
[INFO] [stderr]   Downloaded gix-sec v0.12.2
[INFO] [stderr]   Downloaded gix v0.73.0
[INFO] [stderr]   Downloaded gix-glob v0.21.0
[INFO] [stderr]   Downloaded kstring v2.0.2
[INFO] [stderr]   Downloaded gix-discover v0.41.0
[INFO] [stderr]   Downloaded cargo-credential v0.4.9
[INFO] [stderr]   Downloaded gix-packetline v0.19.3
[INFO] [stderr]   Downloaded gix-command v0.6.4
[INFO] [stderr]   Downloaded gix-refspec v0.31.0
[INFO] [stderr]   Downloaded maybe-async v0.2.10
[INFO] [stderr]   Downloaded color-print-proc-macro v0.3.7
[INFO] [stderr]   Downloaded shell-words v1.1.1
[INFO] [stderr]   Downloaded gix-submodule v0.20.0
[INFO] [stderr]   Downloaded gix-packetline-blocking v0.19.3
[INFO] [stderr]   Downloaded cargo-util v0.2.25
[INFO] [stderr]   Downloaded miow v0.6.1
[INFO] [stderr]   Downloaded gix-odb v0.70.0
[INFO] [stderr]   Downloaded curl v0.4.49
[INFO] [stderr]   Downloaded gix-filter v0.20.0
[INFO] [stderr]   Downloaded gix-diff v0.53.0
[INFO] [stderr]   Downloaded gix-protocol v0.51.0
[INFO] [stderr]   Downloaded clap_complete v4.5.64
[INFO] [stderr]   Downloaded cargo-util-schemas v0.10.2
[INFO] [stderr]   Downloaded annotate-snippets v0.12.10
[INFO] [stderr]   Downloaded gix-config v0.46.0
[INFO] [stderr]   Downloaded gix-dir v0.15.0
[INFO] [stderr]   Downloaded arc-swap v1.8.0
[INFO] [stderr]   Downloaded gix-pack v0.60.0
[INFO] [stderr]   Downloaded imara-diff v0.1.8
[INFO] [stderr]   Downloaded libgit2-sys v0.18.3+1.9.2
[INFO] [stderr]   Downloaded sha1-checked v0.10.0
[INFO] [stderr]   Downloaded jiff v0.2.17
[INFO] [stderr]   Downloaded cargo-credential-libsecret v0.5.3
[INFO] [stderr]   Downloaded cargo v0.93.0
[INFO] [stderr]   Downloaded curl-sys v0.4.84+curl-8.17.0
[INFO] [stderr]   Downloaded libnghttp2-sys v0.1.11+1.64.0
[INFO] [stderr]   Downloaded libsqlite3-sys v0.35.0
[INFO] [stderr]   Downloaded openssl-src v300.5.4+3.5.4
[INFO] [stderr]   Downloaded aws-lc-sys v0.35.0
[INFO] running `Command { std: "docker" "create" "-v" "/var/lib/crater-agent-workspace/builds/worker-4-tc1/source:/opt/rustwide/workdir:ro,Z" "-v" "/var/lib/crater-agent-workspace/builds/worker-4-tc1/target:/opt/rustwide/target:rw,Z" "-v" "/var/lib/crater-agent-workspace/cargo-home:/opt/rustwide/cargo-home:ro,Z" "-v" "/var/lib/crater-agent-workspace/rustup-home:/opt/rustwide/rustup-home:ro,Z" "-m" "1610612736" "--network" "none" "ghcr.io/rust-lang/crates-build-env/linux@sha256:c0af3998e971868164375a7dfb646c9933ddd1a3bdb00fa2041266763dc1eeab" "sleep" "infinity", kill_on_drop: false }`
[INFO] [stdout] d90e00861d06764f3280b43451e7bb92b65a3e3c4c32b72a48a0706f1e071a6d
[INFO] running `Command { std: "docker" "start" "d90e00861d06764f3280b43451e7bb92b65a3e3c4c32b72a48a0706f1e071a6d", kill_on_drop: false }`
[INFO] running `Command { std: "docker" "inspect" "d90e00861d06764f3280b43451e7bb92b65a3e3c4c32b72a48a0706f1e071a6d", kill_on_drop: false }`
[INFO] running `Command { std: "docker" "exec" "-e" "SOURCE_DIR=/opt/rustwide/workdir" "-e" "CARGO_HOME=/opt/rustwide/cargo-home" "-e" "RUSTUP_HOME=/opt/rustwide/rustup-home" "-e" "CARGO_TARGET_DIR=/opt/rustwide/target" "-w" "/opt/rustwide/workdir" "--user" "0:0" "d90e00861d06764f3280b43451e7bb92b65a3e3c4c32b72a48a0706f1e071a6d" "/opt/rustwide/cargo-home/bin/cargo" "+0cefa27fe3deee26fc98ee44249406358d9f0d26" "metadata" "--no-deps" "--format-version=1", kill_on_drop: false }`
[INFO] running `Command { std: "docker" "inspect" "d90e00861d06764f3280b43451e7bb92b65a3e3c4c32b72a48a0706f1e071a6d", kill_on_drop: false }`
[INFO] running `Command { std: "docker" "exec" "-e" "SOURCE_DIR=/opt/rustwide/workdir" "-e" "CARGO_HOME=/opt/rustwide/cargo-home" "-e" "RUSTUP_HOME=/opt/rustwide/rustup-home" "-e" "CARGO_TARGET_DIR=/opt/rustwide/target" "-e" "CARGO_INCREMENTAL=0" "-e" "RUST_BACKTRACE=full" "-e" "RUSTFLAGS=--cap-lints=forbid" "-e" "RUSTDOCFLAGS=--cap-lints=forbid" "-w" "/opt/rustwide/workdir" "--user" "0:0" "d90e00861d06764f3280b43451e7bb92b65a3e3c4c32b72a48a0706f1e071a6d" "/opt/rustwide/cargo-home/bin/cargo" "+0cefa27fe3deee26fc98ee44249406358d9f0d26" "check" "--frozen" "--all" "--all-targets" "--message-format=json", kill_on_drop: false }`
[INFO] [stderr] warning: Cargo.toml: unused manifest key: workspace.default-memebers
[INFO] [stderr] warning: workspace (manifest) generated 1 warning
[INFO] [stderr]    Compiling libc v0.2.178
[INFO] [stderr]    Compiling quote v1.0.42
[INFO] [stderr]    Compiling proc-macro2 v1.0.104
[INFO] [stderr]    Compiling unicode-ident v1.0.22
[INFO] [stderr]    Compiling find-msvc-tools v0.1.6
[INFO] [stderr]    Compiling pkg-config v0.3.32
[INFO] [stderr]    Compiling rustix v1.1.3
[INFO] [stderr]     Checking pin-project-lite v0.2.16
[INFO] [stderr]    Compiling linux-raw-sys v0.11.0
[INFO] [stderr]    Compiling bitflags v2.10.0
[INFO] [stderr]    Compiling env_home v0.1.0
[INFO] [stderr]     Checking slab v0.4.11
[INFO] [stderr]    Compiling cfg-if v1.0.4
[INFO] [stderr]    Compiling memchr v2.7.6
[INFO] [stderr]     Checking smallvec v1.15.1
[INFO] [stderr]    Compiling autocfg v1.5.0
[INFO] [stderr]    Compiling serde_core v1.0.228
[INFO] [stderr]     Checking futures-task v0.3.31
[INFO] [stderr]     Checking itoa v1.0.17
[INFO] [stderr]    Compiling regex-syntax v0.8.8
[INFO] [stderr]     Checking bytes v1.11.0
[INFO] [stderr]    Compiling either v1.15.0
[INFO] [stderr]    Compiling rustversion v1.0.22
[INFO] [stderr]    Compiling once_cell v1.21.3
[INFO] [stderr]     Checking lock_api v0.4.14
[INFO] [stderr]     Checking writeable v0.6.2
[INFO] [stderr]     Checking litemap v0.8.1
[INFO] [stderr]    Compiling num-traits v0.2.19
[INFO] [stderr]    Compiling itertools v0.14.0
[INFO] [stderr]     Checking futures-util v0.3.31
[INFO] [stderr]    Compiling icu_normalizer_data v2.1.1
[INFO] [stderr]     Checking zeroize v1.8.2
[INFO] [stderr]    Compiling aws-lc-rs v1.15.2
[INFO] [stderr]    Compiling icu_properties_data v2.1.2
[INFO] [stderr]     Checking rustc-hash v2.1.1
[INFO] [stderr]    Compiling serde v1.0.228
[INFO] [stderr]    Compiling aho-corasick v1.1.4
[INFO] [stderr]     Checking bstr v1.12.1
[INFO] [stderr]     Checking http v1.4.0
[INFO] [stderr]    Compiling zmij v1.0.7
[INFO] [stderr]    Compiling syn v2.0.112
[INFO] [stderr]     Checking rustls-pki-types v1.13.2
[INFO] [stderr]    Compiling typenum v1.19.0
[INFO] [stderr]    Compiling proc-macro-error-attr2 v2.0.0
[INFO] [stderr]    Compiling serde_json v1.0.148
[INFO] [stderr]    Compiling generic-array v0.14.9
[INFO] [stderr]     Checking tracing-core v0.1.36
[INFO] [stderr]     Checking winnow v0.7.14
[INFO] [stderr]    Compiling scopeguard v1.2.0
[INFO] [stderr]    Compiling rustls v0.23.35
[INFO] [stderr]     Checking equivalent v1.0.2
[INFO] [stderr]     Checking hashbrown v0.16.1
[INFO] [stderr]     Checking http-body v1.0.1
[INFO] [stderr]     Checking errno v0.3.14
[INFO] [stderr]     Checking mio v1.1.1
[INFO] [stderr]     Checking socket2 v0.6.1
[INFO] [stderr]     Checking signal-hook-registry v1.4.8
[INFO] [stderr]     Checking parking_lot_core v0.9.12
[INFO] [stderr]    Compiling jobserver v0.1.34
[INFO] [stderr]    Compiling futures-core v0.3.31
[INFO] [stderr]    Compiling getrandom v0.3.4
[INFO] [stderr]     Checking tracing v0.1.44
[INFO] [stderr]    Compiling cc v1.2.51
[INFO] [stderr]     Checking toml_writer v1.0.6+spec-1.1.0
[INFO] [stderr]    Compiling pin-utils v0.1.0
[INFO] [stderr]    Compiling zerocopy v0.8.31
[INFO] [stderr]    Compiling parking_lot v0.12.5
[INFO] [stderr]     Checking indexmap v2.12.1
[INFO] [stderr]     Checking form_urlencoded v1.2.2
[INFO] [stderr]    Compiling regex-automata v0.4.13
[INFO] [stderr]    Compiling target-triple v1.0.0
[INFO] [stderr]    Compiling which v8.0.0
[INFO] [stderr]     Checking anstyle-parse v0.2.7
[INFO] [stderr]     Checking sync_wrapper v1.0.2
[INFO] [stderr]    Compiling thiserror v2.0.17
[INFO] [stderr]     Checking colorchoice v1.0.4
[INFO] [stderr]     Checking log v0.4.29
[INFO] [stderr]     Checking ipnet v2.11.0
[INFO] [stderr]     Checking anstyle v1.0.13
[INFO] [stderr]    Compiling rayon-core v1.13.0
[INFO] [stderr]     Checking base64 v0.22.1
[INFO] [stderr]     Checking openssl-probe v0.2.0
[INFO] [stderr]     Checking anstream v0.6.21
[INFO] [stderr]    Compiling luajit-src v210.6.5+7152e15
[INFO] [stderr]    Compiling lua-src v548.1.2
[INFO] [stderr]    Compiling cmake v0.1.57
[INFO] [stderr]    Compiling openssl-src v300.5.4+3.5.4
[INFO] [stderr]     Checking rustls-native-certs v0.8.3
[INFO] [stderr]     Checking rand_core v0.9.3
[INFO] [stderr]     Checking crossbeam-deque v0.8.6
[INFO] [stderr]     Checking crypto-common v0.1.6
[INFO] [stderr]     Checking block-buffer v0.10.4
[INFO] [stderr]     Checking toml_datetime v0.7.5+spec-1.1.0
[INFO] [stderr]     Checking serde_spanned v1.0.4
[INFO] [stderr]    Compiling anyhow v1.0.100
[INFO] [stderr]     Checking toml_parser v1.0.6+spec-1.1.0
[INFO] [stderr]     Checking simd-adler32 v0.3.8
[INFO] [stderr]     Checking termcolor v1.4.1
[INFO] [stderr]     Checking dissimilar v1.0.10
[INFO] [stderr]     Checking glob v0.3.3
[INFO] [stderr]    Compiling mlua-sys v0.9.0
[INFO] [stderr]    Compiling aws-lc-sys v0.35.0
[INFO] [stderr]    Compiling openssl-sys v0.9.111
[INFO] [stderr]    Compiling libz-sys v1.1.23
[INFO] [stderr]    Compiling libssh2-sys v0.3.1
[INFO] [stderr]    Compiling lzma-sys v0.1.20
[INFO] [stderr]    Compiling libgit2-sys v0.18.3+1.9.2
[INFO] [stderr]     Checking toml v0.9.10+spec-1.1.0
[INFO] [stderr]     Checking iri-string v0.7.10
[INFO] [stderr]     Checking clap_lex v0.7.6
[INFO] [stderr]     Checking clap_builder v4.5.53
[INFO] [stderr]     Checking miniz_oxide v0.8.9
[INFO] [stderr]     Checking digest v0.10.7
[INFO] [stderr]     Checking http-body-util v0.1.3
[INFO] [stderr]     Checking filetime v0.2.26
[INFO] [stderr]     Checking nom v8.0.0
[INFO] [stderr]     Checking encoding_rs v0.8.35
[INFO] [stderr]     Checking xattr v1.6.1
[INFO] [stderr]     Checking openssl-probe v0.1.6
[INFO] [stderr]     Checking iana-time-zone v0.1.64
[INFO] [stderr]     Checking tar v0.4.44
[INFO] [stderr]     Checking which v7.0.3
[INFO] [stderr]     Checking ppv-lite86 v0.2.21
[INFO] [stderr]     Checking flate2 v1.1.5
[INFO] [stderr]     Checking chrono v0.4.42
[INFO] [stderr]     Checking rayon v1.11.0
[INFO] [stderr]     Checking md-5 v0.10.6
[INFO] [stderr]    Compiling synstructure v0.13.2
[INFO] [stderr]    Compiling proc-macro-error2 v2.0.1
[INFO] [stderr]     Checking rand_chacha v0.9.0
[INFO] [stderr]    Compiling regex v1.12.2
[INFO] [stderr]     Checking rand v0.9.2
[INFO] [stderr]     Checking xz2 v0.1.7
[INFO] [stderr]     Checking num_cpus v1.17.0
[INFO] [stderr]     Checking ar v0.9.0
[INFO] [stderr]    Compiling zerofrom-derive v0.1.6
[INFO] [stderr]    Compiling yoke-derive v0.8.1
[INFO] [stderr]    Compiling zerovec-derive v0.11.2
[INFO] [stderr]    Compiling displaydoc v0.2.5
[INFO] [stderr]    Compiling mlua_derive v0.11.0
[INFO] [stderr]    Compiling tokio-macros v2.6.0
[INFO] [stderr]    Compiling serde_derive v1.0.228
[INFO] [stderr]    Compiling thiserror-impl v2.0.17
[INFO] [stderr]    Compiling clap_derive v4.5.49
[INFO] [stderr]     Checking tokio v1.48.0
[INFO] [stderr]    Compiling getset v0.1.6
[INFO] [stderr]     Checking mlua v0.11.5
[INFO] [stderr]     Checking zerofrom v0.1.6
[INFO] [stderr]     Checking yoke v0.8.1
[INFO] [stderr]     Checking zerovec v0.11.5
[INFO] [stderr]     Checking zerotrie v0.2.3
[INFO] [stderr]     Checking tinystr v0.8.2
[INFO] [stderr]     Checking potential_utf v0.1.4
[INFO] [stderr]     Checking icu_collections v2.1.1
[INFO] [stderr]     Checking icu_locale_core v2.1.1
[INFO] [stderr]     Checking clap v4.5.53
[INFO] [stderr]     Checking trybuild v1.0.114
[INFO] [stderr]     Checking pax-util v0.0.1 (/opt/rustwide/workdir/pax-util)
[INFO] [stderr]     Checking pax-derive v0.1.0 (/opt/rustwide/workdir/pax-derive)
[INFO] [stderr]     Checking icu_provider v2.1.1
[INFO] [stderr]     Checking icu_properties v2.1.2
[INFO] [stderr]     Checking icu_normalizer v2.1.1
[INFO] [stderr]     Checking idna_adapter v1.2.1
[INFO] [stderr]     Checking idna v1.1.0
[INFO] [stderr]     Checking url v2.5.7
[INFO] [stderr]     Checking git-url-parse v0.6.0
[INFO] [stdout] error[E0271]: type mismatch resolving `UrlSpecParser::path_abempty_parser<'url>::{opaque#0}<'url> == _`
[INFO] [stdout]    --> /opt/rustwide/cargo-home/registry/src/index.crates.io-1949cf8c6b5b557f/git-url-parse-0.6.0/src/types/spec.rs:374:10
[INFO] [stdout]     |
[INFO] [stdout] 374 |       ) -> impl Parser<
[INFO] [stdout]     |  __________^
[INFO] [stdout] 375 | |         &'url str,
[INFO] [stdout] 376 | |         Output = <dyn Parser<&'url str, Output = &'url str, Error = nom::error::Error<&'url str>> as Parser<
[INFO] [stdout] 377 | |             &'url str,
[INFO] [stdout] 378 | |         >>::Output,
[INFO] [stdout] 379 | |         Error = nom::error::Error<&'url str>,
[INFO] [stdout] 380 | |     >{
[INFO] [stdout]     | |_____^ types differ
[INFO] [stdout] 
[INFO] [stdout] 
[INFO] [stdout] error[E0271]: type mismatch resolving `UrlSpecParser::path_ssh_parser<'url>::{opaque#0}<'url> == _`
[INFO] [stdout]    --> /opt/rustwide/cargo-home/registry/src/index.crates.io-1949cf8c6b5b557f/git-url-parse-0.6.0/src/types/spec.rs:398:10
[INFO] [stdout]     |
[INFO] [stdout] 398 |       ) -> impl Parser<
[INFO] [stdout]     |  __________^
[INFO] [stdout] 399 | |         &'url str,
[INFO] [stdout] 400 | |         Output = <dyn Parser<&'url str, Output = &'url str, Error = nom::error::Error<&'url str>> as Parser<
[INFO] [stdout] 401 | |             &'url str,
[INFO] [stdout] 402 | |         >>::Output,
[INFO] [stdout] 403 | |         Error = nom::error::Error<&'url str>,
[INFO] [stdout] 404 | |     >{
[INFO] [stdout]     | |_____^ types differ
[INFO] [stdout] 
[INFO] [stdout] 
[INFO] [stdout] error[E0271]: type mismatch resolving `UrlSpecParser::path_rootless_parser<'url>::{opaque#0}<'url> == _`
[INFO] [stdout]    --> /opt/rustwide/cargo-home/registry/src/index.crates.io-1949cf8c6b5b557f/git-url-parse-0.6.0/src/types/spec.rs:422:10
[INFO] [stdout]     |
[INFO] [stdout] 422 |       ) -> impl Parser<
[INFO] [stdout]     |  __________^
[INFO] [stdout] 423 | |         &'url str,
[INFO] [stdout] 424 | |         Output = <dyn Parser<&'url str, Output = &'url str, Error = nom::error::Error<&'url str>> as Parser<
[INFO] [stdout] 425 | |             &'url str,
[INFO] [stdout] 426 | |         >>::Output,
[INFO] [stdout] 427 | |         Error = nom::error::Error<&'url str>,
[INFO] [stdout] 428 | |     >{
[INFO] [stdout]     | |_____^ types differ
[INFO] [stdout] 
[INFO] [stdout] 
[INFO] [stdout] error[E0271]: type mismatch resolving `UrlSpecParser::short_git_scheme_parser<'url>::{opaque#0}<'url> == _`
[INFO] [stdout]    --> /opt/rustwide/cargo-home/registry/src/index.crates.io-1949cf8c6b5b557f/git-url-parse-0.6.0/src/types/spec.rs:444:43
[INFO] [stdout]     |
[INFO] [stdout] 444 |       fn short_git_scheme_parser<'url>() -> impl Parser<
[INFO] [stdout]     |  ___________________________________________^
[INFO] [stdout] 445 | |         &'url str,
[INFO] [stdout] 446 | |         Output = <dyn Parser<
[INFO] [stdout] 447 | |             &'url str,
[INFO] [stdout] ...   |
[INFO] [stdout] 451 | |         Error = nom::error::Error<&'url str>,
[INFO] [stdout] 452 | |     > {
[INFO] [stdout]     | |_____^ types differ
[INFO] [stdout] 
[INFO] [stdout] 
[INFO] [stdout] error[E0599]: the method `map` exists for associated type `<impl Parser<&str, Output = _, Error = Error<_>> as Parser<_>>::Output`, but its trait bounds were not satisfied
[INFO] [stdout]   --> /opt/rustwide/cargo-home/registry/src/index.crates.io-1949cf8c6b5b557f/git-url-parse-0.6.0/src/types/spec.rs:79:42
[INFO] [stdout]    |
[INFO] [stdout] 79 |                 return Ok((input, scheme.map(|s| s.to_string())));
[INFO] [stdout]    |                                          ^^^ method cannot be called due to unsatisfied trait bounds
[INFO] [stdout]    |
[INFO] [stdout]    = note: the following trait bounds were not satisfied:
[INFO] [stdout]            `<impl Parser<&str, Output = <(dyn Parser<&str, Error = nom::error::Error<&str>, Output = Option<&str>> + 'static) as Parser<&str>>::Output, Error = nom::error::Error<&str>> as Parser<&str>>::Output: FnOnce<(_,)>`
[INFO] [stdout]            which is required by `<impl Parser<&str, Output = <(dyn Parser<&str, Error = nom::error::Error<&str>, Output = Option<&str>> + 'static) as Parser<&str>>::Output, Error = nom::error::Error<&str>> as Parser<&str>>::Output: Parser<_>`
[INFO] [stdout]            `<impl Parser<&str, Output = <(dyn Parser<&str, Error = nom::error::Error<&str>, Output = Option<&str>> + 'static) as Parser<&str>>::Output, Error = nom::error::Error<&str>> as Parser<&str>>::Output: Fn<(_,)>`
[INFO] [stdout]            which is required by `&<impl Parser<&str, Output = <(dyn Parser<&str, Error = nom::error::Error<&str>, Output = Option<&str>> + 'static) as Parser<&str>>::Output, Error = nom::error::Error<&str>> as Parser<&str>>::Output: Parser<_>`
[INFO] [stdout]            `<impl Parser<&str, Output = <(dyn Parser<&str, Error = nom::error::Error<&str>, Output = Option<&str>> + 'static) as Parser<&str>>::Output, Error = nom::error::Error<&str>> as Parser<&str>>::Output: FnMut<(_,)>`
[INFO] [stdout]            which is required by `&mut <impl Parser<&str, Output = <(dyn Parser<&str, Error = nom::error::Error<&str>, Output = Option<&str>> + 'static) as Parser<&str>>::Output, Error = nom::error::Error<&str>> as Parser<&str>>::Output: Parser<_>`
[INFO] [stdout]            `<impl Parser<&str, Output = <(dyn Parser<&str, Error = nom::error::Error<&str>, Output = Option<&str>> + 'static) as Parser<&str>>::Output, Error = nom::error::Error<&str>> as Parser<&str>>::Output: Iterator`
[INFO] [stdout]            which is required by `&mut <impl Parser<&str, Output = <(dyn Parser<&str, Error = nom::error::Error<&str>, Output = Option<&str>> + 'static) as Parser<&str>>::Output, Error = nom::error::Error<&str>> as Parser<&str>>::Output: Iterator`
[INFO] [stdout]    = note: the full name for the type has been written to '/opt/rustwide/target/debug/build/git-url-parse/a2624bd055873ddb/out/git_url_parse-a2624bd055873ddb.long-type-9821812386532303479.txt'
[INFO] [stdout]    = note: consider using `--verbose` to print the full type name to the console
[INFO] [stdout] 
[INFO] [stdout] 
[INFO] [stdout] error[E0277]: the trait bound `Choice<(_, _, _)>: Parser<_>` is not satisfied
[INFO] [stdout]    --> /opt/rustwide/cargo-home/registry/src/index.crates.io-1949cf8c6b5b557f/git-url-parse-0.6.0/src/types/spec.rs:144:17
[INFO] [stdout]     |
[INFO] [stdout] 143 |               verify(
[INFO] [stdout]     |               ------ required by a bound introduced by this call
[INFO] [stdout] 144 | /                 alt((
[INFO] [stdout] 145 | |                     //preceded(tag("//"), Self::path_abempty_parser()),
[INFO] [stdout] 146 | |                     Self::path_abempty_parser(),
[INFO] [stdout] 147 | |                     Self::path_rootless_parser(),
[INFO] [stdout] 148 | |                     Self::path_ssh_parser(),
[INFO] [stdout] 149 | |                 )),
[INFO] [stdout]     | |__________________^ the trait `Parser<_>` is not implemented for `Choice<(impl Parser<&str, Output = _, Error = Error<_>>, _, _)>`
[INFO] [stdout]     |
[INFO] [stdout]     = help: the following other types implement trait `Parser<Input>`:
[INFO] [stdout]               Choice<&mut [A]>
[INFO] [stdout]               Choice<(A, B)>
[INFO] [stdout]               Choice<(A, B, C)>
[INFO] [stdout]               Choice<(A, B, C, D)>
[INFO] [stdout]               Choice<(A, B, C, D, E)>
[INFO] [stdout]               Choice<(A, B, C, D, E, F)>
[INFO] [stdout]               Choice<(A, B, C, D, E, F, G)>
[INFO] [stdout]               Choice<(A, B, C, D, E, F, G, H)>
[INFO] [stdout]             and 15 others
[INFO] [stdout] note: required by a bound in `verify`
[INFO] [stdout]    --> /opt/rustwide/cargo-home/registry/src/index.crates.io-1949cf8c6b5b557f/nom-8.0.0/src/combinator/mod.rs:500:6
[INFO] [stdout]     |
[INFO] [stdout] 495 | pub fn verify<I: Clone, O2, E: ParseError<I>, F, G>(
[INFO] [stdout] ...
[INFO] [stdout] 500 |   F: Parser<I, Error = E>,
[INFO] [stdout]     |      ^^^^^^^^^^^^^^^^^^^^ required by this bound in `verify`
[INFO] [stdout]     = note: the full name for the type has been written to '/opt/rustwide/target/debug/build/git-url-parse/a2624bd055873ddb/out/git_url_parse-a2624bd055873ddb.long-type-9093611715958494392.txt'
[INFO] [stdout]     = note: consider using `--verbose` to print the full type name to the console
[INFO] [stdout] 
[INFO] [stdout] 
[INFO] [stdout] error: the type `impl Parser<_, Output = <Choice<(impl Parser<&str, Output = <(dyn Parser<&str, Error = nom::error::Error<&str>, Output = &str> + 'static) as Parser<&str>>::Output, Error = nom::error::Error<&str>>, impl Parser<&str, Output = <(dyn Parser<&str, Error = nom::error::Error<&str>, Output = &str> + 'static) as Parser<&str>>::Output, Error = nom::error::Error<&str>>, impl Parser<&str, Output = <(dyn Parser<&str, Error = nom::error::Error<&str>, Output = &str> + 'static) as Parser<&str>>::Output, Error = nom::error::Error<&str>>)> as Parser<_>>::Output, Error = _>` is not well-formed
[INFO] [stdout]    --> /opt/rustwide/cargo-home/registry/src/index.crates.io-1949cf8c6b5b557f/git-url-parse-0.6.0/src/types/spec.rs:143:13
[INFO] [stdout]     |
[INFO] [stdout] 143 | /             verify(
[INFO] [stdout] 144 | |                 alt((
[INFO] [stdout] 145 | |                     //preceded(tag("//"), Self::path_abempty_parser()),
[INFO] [stdout] 146 | |                     Self::path_abempty_parser(),
[INFO] [stdout] ...   |
[INFO] [stdout] 150 | |                 |s: &str| !s.is_empty(),
[INFO] [stdout] 151 | |             ),
[INFO] [stdout]     | |_____________^
[INFO] [stdout] 
[INFO] [stdout] 
[INFO] [stdout] error: the type `nom::error::Context<impl Parser<_, Output = <Choice<(impl Parser<&str, Output = <(dyn Parser<&str, Error = nom::error::Error<&str>, Output = &str> + 'static) as Parser<&str>>::Output, Error = nom::error::Error<&str>>, impl Parser<&str, Output = <(dyn Parser<&str, Error = nom::error::Error<&str>, Output = &str> + 'static) as Parser<&str>>::Output, Error = nom::error::Error<&str>>, impl Parser<&str, Output = <(dyn Parser<&str, Error = nom::error::Error<&str>, Output = &str> + 'static) as Parser<&str>>::Output, Error = nom::error::Error<&str>>)> as Parser<_>>::Output, Error = _>>` is not well-formed
[INFO] [stdout]    --> /opt/rustwide/cargo-home/registry/src/index.crates.io-1949cf8c6b5b557f/git-url-parse-0.6.0/src/types/spec.rs:141:29
[INFO] [stdout]     |
[INFO] [stdout] 141 |           let (input, path) = context(
[INFO] [stdout]     |  _____________________________^
[INFO] [stdout] 142 | |             "Top of path parsers",
[INFO] [stdout] 143 | |             verify(
[INFO] [stdout] 144 | |                 alt((
[INFO] [stdout] ...   |
[INFO] [stdout] 151 | |             ),
[INFO] [stdout] 152 | |         )
[INFO] [stdout]     | |_________^
[INFO] [stdout] 
[INFO] [stdout] 
[INFO] [stdout] error: the type `&mut nom::error::Context<impl Parser<_, Output = <Choice<(impl Parser<&str, Output = <(dyn Parser<&str, Error = nom::error::Error<&str>, Output = &str> + 'static) as Parser<&str>>::Output, Error = nom::error::Error<&str>>, impl Parser<&str, Output = <(dyn Parser<&str, Error = nom::error::Error<&str>, Output = &str> + 'static) as Parser<&str>>::Output, Error = nom::error::Error<&str>>, impl Parser<&str, Output = <(dyn Parser<&str, Error = nom::error::Error<&str>, Output = &str> + 'static) as Parser<&str>>::Output, Error = nom::error::Error<&str>>)> as Parser<_>>::Output, Error = _>>` is not well-formed
[INFO] [stdout]    --> /opt/rustwide/cargo-home/registry/src/index.crates.io-1949cf8c6b5b557f/git-url-parse-0.6.0/src/types/spec.rs:153:10
[INFO] [stdout]     |
[INFO] [stdout] 153 |         .parse(input)?;
[INFO] [stdout]     |          ^^^^^
[INFO] [stdout] 
[INFO] [stdout] 
[INFO] [stdout] error: the type `Result<(_, <impl Parser<_, Output = <Choice<(impl Parser<&str, Output = <(dyn Parser<&str, Error = nom::error::Error<&str>, Output = &str> + 'static) as Parser<&str>>::Output, Error = nom::error::Error<&str>>, impl Parser<&str, Output = <(dyn Parser<&str, Error = nom::error::Error<&str>, Output = &str> + 'static) as Parser<&str>>::Output, Error = nom::error::Error<&str>>, impl Parser<&str, Output = <(dyn Parser<&str, Error = nom::error::Error<&str>, Output = &str> + 'static) as Parser<&str>>::Output, Error = nom::error::Error<&str>>)> as Parser<_>>::Output, Error = _> as Parser<_>>::Output), nom::Err<_>>` is not well-formed
[INFO] [stdout]    --> /opt/rustwide/cargo-home/registry/src/index.crates.io-1949cf8c6b5b557f/git-url-parse-0.6.0/src/types/spec.rs:153:10
[INFO] [stdout]     |
[INFO] [stdout] 153 |         .parse(input)?;
[INFO] [stdout]     |          ^^^^^
[INFO] [stdout] 
[INFO] [stdout] 
[INFO] [stdout] error: the type `Result<(&str, <impl Parser<&str, Output = <Choice<(impl Parser<&str, Output = <(dyn Parser<&str, Error = nom::error::Error<&str>, Output = &str> + 'static) as Parser<&str>>::Output, Error = nom::error::Error<&str>>, impl Parser<&str, Output = <(dyn Parser<&str, Error = nom::error::Error<&str>, Output = &str> + 'static) as Parser<&str>>::Output, Error = nom::error::Error<&str>>, impl Parser<&str, Output = <(dyn Parser<&str, Error = nom::error::Error<&str>, Output = &str> + 'static) as Parser<&str>>::Output, Error = nom::error::Error<&str>>)> as Parser<&str>>::Output, Error = _> as Parser<&str>>::Output), nom::Err<_>>` is not well-formed
[INFO] [stdout]    --> /opt/rustwide/cargo-home/registry/src/index.crates.io-1949cf8c6b5b557f/git-url-parse-0.6.0/src/types/spec.rs:141:29
[INFO] [stdout]     |
[INFO] [stdout] 141 |           let (input, path) = context(
[INFO] [stdout]     |  _____________________________^
[INFO] [stdout] 142 | |             "Top of path parsers",
[INFO] [stdout] 143 | |             verify(
[INFO] [stdout] 144 | |                 alt((
[INFO] [stdout] ...   |
[INFO] [stdout] 153 | |         .parse(input)?;
[INFO] [stdout]     | |_____________________^
[INFO] [stdout] 
[INFO] [stdout] 
[INFO] [stdout] error: the type `ControlFlow<Result<!, nom::Err<_>>, (&str, <impl Parser<&str, Output = <Choice<(impl Parser<&str, Output = <(dyn Parser<&str, Error = nom::error::Error<&str>, Output = &str> + 'static) as Parser<&str>>::Output, Error = nom::error::Error<&str>>, impl Parser<&str, Output = <(dyn Parser<&str, Error = nom::error::Error<&str>, Output = &str> + 'static) as Parser<&str>>::Output, Error = nom::error::Error<&str>>, impl Parser<&str, Output = <(dyn Parser<&str, Error = nom::error::Error<&str>, Output = &str> + 'static) as Parser<&str>>::Output, Error = nom::error::Error<&str>>)> as Parser<&str>>::Output, Error = _> as Parser<&str>>::Output)>` is not well-formed
[INFO] [stdout]    --> /opt/rustwide/cargo-home/registry/src/index.crates.io-1949cf8c6b5b557f/git-url-parse-0.6.0/src/types/spec.rs:141:29
[INFO] [stdout]     |
[INFO] [stdout] 141 |           let (input, path) = context(
[INFO] [stdout]     |  _____________________________^
[INFO] [stdout] 142 | |             "Top of path parsers",
[INFO] [stdout] 143 | |             verify(
[INFO] [stdout] 144 | |                 alt((
[INFO] [stdout] ...   |
[INFO] [stdout] 153 | |         .parse(input)?;
[INFO] [stdout]     | |______________________^
[INFO] [stdout] 
[INFO] [stdout] 
[INFO] [stdout] error[E0599]: the method `to_string` exists for associated type `<impl Parser<&str, Output = _, Error = Error<_>> as Parser<_>>::Output`, but its trait bounds were not satisfied
[INFO] [stdout]    --> /opt/rustwide/cargo-home/registry/src/index.crates.io-1949cf8c6b5b557f/git-url-parse-0.6.0/src/types/spec.rs:157:24
[INFO] [stdout]     |
[INFO] [stdout] 157 |             path: path.to_string(),
[INFO] [stdout]     |                        ^^^^^^^^^ method cannot be called due to unsatisfied trait bounds
[INFO] [stdout]     |
[INFO] [stdout]     = note: the following trait bounds were not satisfied:
[INFO] [stdout]             `<impl Parser<&str, Output = <Choice<(impl Parser<&str, Output = <(dyn Parser<&str, Error = nom::error::Error<&str>, Output = &str> + 'static) as Parser<&str>>::Output, Error = nom::error::Error<&str>>, impl Parser<&str, Output = <(dyn Parser<&str, Error = nom::error::Error<&str>, Output = &str> + 'static) as Parser<&str>>::Output, Error = nom::error::Error<&str>>, impl Parser<&str, Output = <(dyn Parser<&str, Error = nom::error::Error<&str>, Output = &str> + 'static) as Parser<&str>>::Output, Error = nom::error::Error<&str>>)> as Parser<&str>>::Output, Error = nom::error::Error<&str>> as Parser<&str>>::Output: std::fmt::Display`
[INFO] [stdout]             which is required by `<impl Parser<&str, Output = <Choice<(impl Parser<&str, Output = <(dyn Parser<&str, Error = nom::error::Error<&str>, Output = &str> + 'static) as Parser<&str>>::Output, Error = nom::error::Error<&str>>, impl Parser<&str, Output = <(dyn Parser<&str, Error = nom::error::Error<&str>, Output = &str> + 'static) as Parser<&str>>::Output, Error = nom::error::Error<&str>>, impl Parser<&str, Output = <(dyn Parser<&str, Error = nom::error::Error<&str>, Output = &str> + 'static) as Parser<&str>>::Output, Error = nom::error::Error<&str>>)> as Parser<&str>>::Output, Error = nom::error::Error<&str>> as Parser<&str>>::Output: ToString`
[INFO] [stdout]     = note: the full name for the type has been written to '/opt/rustwide/target/debug/build/git-url-parse/a2624bd055873ddb/out/git_url_parse-a2624bd055873ddb.long-type-16362889902225521337.txt'
[INFO] [stdout]     = note: consider using `--verbose` to print the full type name to the console
[INFO] [stdout] 
[INFO] [stdout] 
[INFO] [stdout] Some errors have detailed explanations: E0271, E0277, E0599.
[INFO] [stdout] 
[INFO] [stdout] For more information about an error, try `rustc --explain E0271`.
[INFO] [stdout] 
[INFO] [stderr] error: could not compile `git-url-parse` (lib) due to 13 previous errors
[INFO] [stderr] warning: build failed, waiting for other jobs to finish...
[INFO] running `Command { std: "docker" "inspect" "d90e00861d06764f3280b43451e7bb92b65a3e3c4c32b72a48a0706f1e071a6d", kill_on_drop: false }`
[INFO] running `Command { std: "docker" "rm" "-f" "d90e00861d06764f3280b43451e7bb92b65a3e3c4c32b72a48a0706f1e071a6d", kill_on_drop: false }`
[INFO] [stdout] d90e00861d06764f3280b43451e7bb92b65a3e3c4c32b72a48a0706f1e071a6d
