[INFO] cloning repository https://github.com/funsafemath/tracing-py
[INFO] running `Command { std: "git" "-c" "credential.helper=" "-c" "credential.helper=/workspace/cargo-home/bin/git-credential-null" "clone" "--bare" "https://github.com/funsafemath/tracing-py" "/workspace/cache/git-repos/https%3A%2F%2Fgithub.com%2Ffunsafemath%2Ftracing-py", kill_on_drop: false }`
[INFO] [stderr] Cloning into bare repository '/workspace/cache/git-repos/https%3A%2F%2Fgithub.com%2Ffunsafemath%2Ftracing-py'...
[INFO] running `Command { std: "git" "rev-parse" "HEAD", kill_on_drop: false }`
[INFO] [stdout] a1c725ac892db47e2a7527e14b4677493add5bcc
[INFO] checking funsafemath/tracing-py/a1c725ac892db47e2a7527e14b4677493add5bcc against 0cefa27fe3deee26fc98ee44249406358d9f0d26 for pr-164789
[INFO] running `Command { std: "git" "clone" "/workspace/cache/git-repos/https%3A%2F%2Fgithub.com%2Ffunsafemath%2Ftracing-py" "/workspace/builds/worker-6-tc1/source", kill_on_drop: false }`
[INFO] [stderr] Cloning into '/workspace/builds/worker-6-tc1/source'...
[INFO] [stderr] done.
[INFO] removed /workspace/builds/worker-6-tc1/source/.cargo/config.toml
[INFO] removed /workspace/builds/worker-6-tc1/source/rust-toolchain.toml
[INFO] started tweaking git repo https://github.com/funsafemath/tracing-py
[INFO] finished tweaking git repo https://github.com/funsafemath/tracing-py
[INFO] tweaked toml for git repo https://github.com/funsafemath/tracing-py written to /workspace/builds/worker-6-tc1/source/Cargo.toml
[INFO] validating manifest of git repo https://github.com/funsafemath/tracing-py on toolchain 0cefa27fe3deee26fc98ee44249406358d9f0d26
[INFO] running `Command { std: CARGO_HOME="/workspace/cargo-home" RUSTUP_HOME="/workspace/rustup-home" "/workspace/cargo-home/bin/cargo" "+0cefa27fe3deee26fc98ee44249406358d9f0d26" "metadata" "--manifest-path" "Cargo.toml" "--no-deps", kill_on_drop: false }`
[INFO] crate git repo https://github.com/funsafemath/tracing-py already has a lockfile, it will not be regenerated
[INFO] running `Command { std: CARGO_HOME="/workspace/cargo-home" RUSTUP_HOME="/workspace/rustup-home" "/workspace/cargo-home/bin/cargo" "+0cefa27fe3deee26fc98ee44249406358d9f0d26" "fetch" "--manifest-path" "Cargo.toml", kill_on_drop: false }`
[INFO] [stderr]     Updating git repository `https://github.com/PyO3/pyo3`
[INFO] [stderr]     Updating git repository `https://codeberg.org/funsafemath/valuable-py`
[INFO] [stderr]     Updating crates.io index
[INFO] [stderr]     Blocking waiting for file lock on package cache
[INFO] [stderr]  Downloading crates ...
[INFO] [stderr]   Downloaded mimalloc v0.1.48
[INFO] [stderr]   Downloaded tracing-appender v0.2.4
[INFO] [stderr]   Downloaded target-lexicon v0.13.4
[INFO] [stderr]   Downloaded rapidhash v4.2.1
[INFO] [stderr]   Downloaded libmimalloc-sys v0.1.44
[INFO] running `Command { std: "docker" "create" "-v" "/var/lib/crater-agent-workspace/builds/worker-6-tc1/source:/opt/rustwide/workdir:ro,Z" "-v" "/var/lib/crater-agent-workspace/builds/worker-6-tc1/target:/opt/rustwide/target:rw,Z" "-v" "/var/lib/crater-agent-workspace/cargo-home:/opt/rustwide/cargo-home:ro,Z" "-v" "/var/lib/crater-agent-workspace/rustup-home:/opt/rustwide/rustup-home:ro,Z" "-m" "1610612736" "--network" "none" "ghcr.io/rust-lang/crates-build-env/linux@sha256:c0af3998e971868164375a7dfb646c9933ddd1a3bdb00fa2041266763dc1eeab" "sleep" "infinity", kill_on_drop: false }`
[INFO] [stdout] 088c2f0b0cace1eb936a17b4703eb4ba54c1c5ff8cbe6dcbb9d88e14ca87fd44
[INFO] running `Command { std: "docker" "start" "088c2f0b0cace1eb936a17b4703eb4ba54c1c5ff8cbe6dcbb9d88e14ca87fd44", kill_on_drop: false }`
[INFO] running `Command { std: "docker" "inspect" "088c2f0b0cace1eb936a17b4703eb4ba54c1c5ff8cbe6dcbb9d88e14ca87fd44", kill_on_drop: false }`
[INFO] running `Command { std: "docker" "exec" "-e" "SOURCE_DIR=/opt/rustwide/workdir" "-e" "CARGO_HOME=/opt/rustwide/cargo-home" "-e" "RUSTUP_HOME=/opt/rustwide/rustup-home" "-e" "CARGO_TARGET_DIR=/opt/rustwide/target" "-w" "/opt/rustwide/workdir" "--user" "0:0" "088c2f0b0cace1eb936a17b4703eb4ba54c1c5ff8cbe6dcbb9d88e14ca87fd44" "/opt/rustwide/cargo-home/bin/cargo" "+0cefa27fe3deee26fc98ee44249406358d9f0d26" "metadata" "--no-deps" "--format-version=1", kill_on_drop: false }`
[INFO] running `Command { std: "docker" "inspect" "088c2f0b0cace1eb936a17b4703eb4ba54c1c5ff8cbe6dcbb9d88e14ca87fd44", kill_on_drop: false }`
[INFO] running `Command { std: "docker" "exec" "-e" "SOURCE_DIR=/opt/rustwide/workdir" "-e" "CARGO_HOME=/opt/rustwide/cargo-home" "-e" "RUSTUP_HOME=/opt/rustwide/rustup-home" "-e" "CARGO_TARGET_DIR=/opt/rustwide/target" "-e" "CARGO_INCREMENTAL=0" "-e" "RUST_BACKTRACE=full" "-e" "RUSTFLAGS=--cap-lints=forbid" "-e" "RUSTDOCFLAGS=--cap-lints=forbid" "-w" "/opt/rustwide/workdir" "--user" "0:0" "088c2f0b0cace1eb936a17b4703eb4ba54c1c5ff8cbe6dcbb9d88e14ca87fd44" "/opt/rustwide/cargo-home/bin/cargo" "+0cefa27fe3deee26fc98ee44249406358d9f0d26" "check" "--frozen" "--all" "--all-targets" "--message-format=json", kill_on_drop: false }`
[INFO] [stderr]    Compiling target-lexicon v0.13.4
[INFO] [stderr]    Compiling proc-macro2 v1.0.105
[INFO] [stderr]    Compiling quote v1.0.43
[INFO] [stderr]    Compiling libc v0.2.180
[INFO] [stderr]     Checking tracing-core v0.1.36
[INFO] [stderr]    Compiling serde v1.0.228
[INFO] [stderr]    Compiling zmij v1.0.16
[INFO] [stderr]    Compiling cc v1.2.55
[INFO] [stderr]    Compiling time-core v0.1.8
[INFO] [stderr]    Compiling num-conv v0.2.0
[INFO] [stderr]    Compiling crossbeam-utils v0.8.21
[INFO] [stderr]     Checking deranged v0.5.5
[INFO] [stderr]    Compiling time-macros v0.2.27
[INFO] [stderr]     Checking memchr v2.7.6
[INFO] [stderr]    Compiling pyo3-build-config v0.28.0 (https://github.com/PyO3/pyo3#d9284fec)
[INFO] [stderr]    Compiling eyre v0.6.12
[INFO] [stderr]    Compiling syn v2.0.114
[INFO] [stderr]     Checking serde_json v1.0.149
[INFO] [stderr]     Checking tracing-log v0.2.0
[INFO] [stderr]     Checking tracing-serde v0.2.0
[INFO] [stderr]     Checking indenter v0.3.4
[INFO] [stderr]    Compiling valuable v0.1.1 (https://codeberg.org/funsafemath/valuable-py#61d35bb7)
[INFO] [stderr]     Checking inventory v0.3.21
[INFO] [stderr]    Compiling libmimalloc-sys v0.1.44
[INFO] [stderr]     Checking rapidhash v4.2.1
[INFO] [stderr]     Checking time v0.3.47
[INFO] [stderr]     Checking crossbeam-channel v0.5.15
[INFO] [stderr]    Compiling pyo3-macros-backend v0.28.0 (https://github.com/PyO3/pyo3#d9284fec)
[INFO] [stderr]    Compiling pyo3-ffi v0.28.0 (https://github.com/PyO3/pyo3#d9284fec)
[INFO] [stderr]    Compiling pyo3 v0.28.0 (https://github.com/PyO3/pyo3#d9284fec)
[INFO] [stderr]     Checking mimalloc v0.1.48
[INFO] [stderr]     Checking tracing-subscriber v0.3.22
[INFO] [stderr]    Compiling thiserror-impl v2.0.18
[INFO] [stderr]    Compiling tracing-attributes v0.1.31
[INFO] [stderr]     Checking tracing v0.1.44
[INFO] [stderr]     Checking thiserror v2.0.18
[INFO] [stderr]     Checking tracing-appender v0.2.4
[INFO] [stderr]    Compiling pyo3-macros v0.28.0 (https://github.com/PyO3/pyo3#d9284fec)
[INFO] [stderr]     Checking tracing-py v0.1.0 (/opt/rustwide/workdir)
[INFO] [stdout] warning: trailing semicolon in macro used in expression position
[INFO] [stdout]   --> src/instrument/signature.rs:77:13
[INFO] [stdout]    |
[INFO] [stdout] 77 |             bail!("too many positional arguments")
[INFO] [stdout]    |             ^^^^^^^^^^^^^^^^^^^^^^^^^^^^^^^^^^^^^^
[INFO] [stdout]    |
[INFO] [stdout]    = note: macro invocations at the end of a block are treated as expressions
[INFO] [stdout]    = note: to ignore the value produced by the macro, add a semicolon after the invocation of `bail`
[INFO] [stdout]    = warning: this was previously accepted by the compiler but is being phased out; it will become a hard error in a future release!
[INFO] [stdout]    = note: for more information, see issue #79813 <https://github.com/rust-lang/rust/issues/79813>
[INFO] [stdout]    = note: `#[warn(semicolon_in_expressions_from_non_local_macros)]` (part of `#[warn(future_incompatible)]`) on by default
[INFO] [stdout]    = note: this warning originates in the macro `bail` (in Nightly builds, run with -Z macro-backtrace for more info)
[INFO] [stdout] 
[INFO] [stdout] 
[INFO] [stdout] warning: trailing semicolon in macro used in expression position
[INFO] [stdout]   --> src/instrument/signature.rs:89:29
[INFO] [stdout]    |
[INFO] [stdout] 89 | ...                   bail!(r#"arg "{kw_name}" passed twice"#)
[INFO] [stdout]    |                       ^^^^^^^^^^^^^^^^^^^^^^^^^^^^^^^^^^^^^^^^
[INFO] [stdout]    |
[INFO] [stdout]    = note: macro invocations at the end of a block are treated as expressions
[INFO] [stdout]    = note: to ignore the value produced by the macro, add a semicolon after the invocation of `bail`
[INFO] [stdout]    = warning: this was previously accepted by the compiler but is being phased out; it will become a hard error in a future release!
[INFO] [stdout]    = note: for more information, see issue #79813 <https://github.com/rust-lang/rust/issues/79813>
[INFO] [stdout]    = note: this warning originates in the macro `bail` (in Nightly builds, run with -Z macro-backtrace for more info)
[INFO] [stdout] 
[INFO] [stdout] 
[INFO] [stdout] warning: trailing semicolon in macro used in expression position
[INFO] [stdout]   --> src/instrument/signature.rs:97:29
[INFO] [stdout]    |
[INFO] [stdout] 97 | ...                   bail!("too many keyword arguments")
[INFO] [stdout]    |                       ^^^^^^^^^^^^^^^^^^^^^^^^^^^^^^^^^^^
[INFO] [stdout]    |
[INFO] [stdout]    = note: macro invocations at the end of a block are treated as expressions
[INFO] [stdout]    = note: to ignore the value produced by the macro, add a semicolon after the invocation of `bail`
[INFO] [stdout]    = warning: this was previously accepted by the compiler but is being phased out; it will become a hard error in a future release!
[INFO] [stdout]    = note: for more information, see issue #79813 <https://github.com/rust-lang/rust/issues/79813>
[INFO] [stdout]    = note: this warning originates in the macro `bail` (in Nightly builds, run with -Z macro-backtrace for more info)
[INFO] [stdout] 
[INFO] [stdout] 
[INFO] [stdout] warning: trailing semicolon in macro used in expression position
[INFO] [stdout]   --> src/instrument/signature.rs:77:13
[INFO] [stdout]    |
[INFO] [stdout] 77 |             bail!("too many positional arguments")
[INFO] [stdout]    |             ^^^^^^^^^^^^^^^^^^^^^^^^^^^^^^^^^^^^^^
[INFO] [stdout]    |
[INFO] [stdout]    = note: macro invocations at the end of a block are treated as expressions
[INFO] [stdout]    = note: to ignore the value produced by the macro, add a semicolon after the invocation of `bail`
[INFO] [stdout]    = warning: this was previously accepted by the compiler but is being phased out; it will become a hard error in a future release!
[INFO] [stdout]    = note: for more information, see issue #79813 <https://github.com/rust-lang/rust/issues/79813>
[INFO] [stdout]    = note: `#[warn(semicolon_in_expressions_from_non_local_macros)]` (part of `#[warn(future_incompatible)]`) on by default
[INFO] [stdout]    = note: this warning originates in the macro `bail` (in Nightly builds, run with -Z macro-backtrace for more info)
[INFO] [stdout] 
[INFO] [stdout] 
[INFO] [stdout] warning: trailing semicolon in macro used in expression position
[INFO] [stdout]   --> src/instrument/signature.rs:89:29
[INFO] [stdout]    |
[INFO] [stdout] 89 | ...                   bail!(r#"arg "{kw_name}" passed twice"#)
[INFO] [stdout]    |                       ^^^^^^^^^^^^^^^^^^^^^^^^^^^^^^^^^^^^^^^^
[INFO] [stdout]    |
[INFO] [stdout]    = note: macro invocations at the end of a block are treated as expressions
[INFO] [stdout]    = note: to ignore the value produced by the macro, add a semicolon after the invocation of `bail`
[INFO] [stdout]    = warning: this was previously accepted by the compiler but is being phased out; it will become a hard error in a future release!
[INFO] [stdout]    = note: for more information, see issue #79813 <https://github.com/rust-lang/rust/issues/79813>
[INFO] [stdout]    = note: this warning originates in the macro `bail` (in Nightly builds, run with -Z macro-backtrace for more info)
[INFO] [stdout] 
[INFO] [stdout] 
[INFO] [stdout] warning: trailing semicolon in macro used in expression position
[INFO] [stdout]   --> src/instrument/signature.rs:97:29
[INFO] [stdout]    |
[INFO] [stdout] 97 | ...                   bail!("too many keyword arguments")
[INFO] [stdout]    |                       ^^^^^^^^^^^^^^^^^^^^^^^^^^^^^^^^^^^
[INFO] [stdout]    |
[INFO] [stdout]    = note: macro invocations at the end of a block are treated as expressions
[INFO] [stdout]    = note: to ignore the value produced by the macro, add a semicolon after the invocation of `bail`
[INFO] [stdout]    = warning: this was previously accepted by the compiler but is being phased out; it will become a hard error in a future release!
[INFO] [stdout]    = note: for more information, see issue #79813 <https://github.com/rust-lang/rust/issues/79813>
[INFO] [stdout]    = note: this warning originates in the macro `bail` (in Nightly builds, run with -Z macro-backtrace for more info)
[INFO] [stdout] 
[INFO] [stdout] 
[INFO] [stdout] error[E0277]: the trait bound `&&dyn Valuable: CoerceUnsized<&dyn tracing::Value>` is not satisfied
[INFO] [stdout]    --> src/event.rs:133:27
[INFO] [stdout]     |
[INFO] [stdout] 133 |             .map(|x| Some(x as &dyn Value))
[INFO] [stdout]     |                           ^ the trait `tracing::Value` is not implemented for `dyn Valuable`
[INFO] [stdout]     |
[INFO] [stdout] help: the following other types implement trait `tracing::Value`
[INFO] [stdout]    --> /opt/rustwide/cargo-home/registry/src/index.crates.io-1949cf8c6b5b557f/tracing-core-0.1.36/src/field.rs:590:1
[INFO] [stdout]     |
[INFO] [stdout] 590 | impl Value for dyn std::error::Error + 'static {
[INFO] [stdout]     | ^^^^^^^^^^^^^^^^^^^^^^^^^^^^^^^^^^^^^^^^^^^^^^ `dyn std::error::Error`
[INFO] [stdout] ...
[INFO] [stdout] 601 | impl Value for dyn std::error::Error + Send + 'static {
[INFO] [stdout]     | ^^^^^^^^^^^^^^^^^^^^^^^^^^^^^^^^^^^^^^^^^^^^^^^^^^^^^ `dyn std::error::Error + Send`
[INFO] [stdout] ...
[INFO] [stdout] 612 | impl Value for dyn std::error::Error + Sync + 'static {
[INFO] [stdout]     | ^^^^^^^^^^^^^^^^^^^^^^^^^^^^^^^^^^^^^^^^^^^^^^^^^^^^^ `dyn std::error::Error + Sync`
[INFO] [stdout] ...
[INFO] [stdout] 623 | impl Value for dyn std::error::Error + Send + Sync + 'static {
[INFO] [stdout]     | ^^^^^^^^^^^^^^^^^^^^^^^^^^^^^^^^^^^^^^^^^^^^^^^^^^^^^^^^^^^^ `dyn std::error::Error + Send + Sync`
[INFO] [stdout]     = note: required for `&dyn Valuable` to implement `tracing::Value`
[INFO] [stdout]     = note: required because it appears within the type `&dyn Valuable`
[INFO] [stdout]     = note: required for `&&dyn Valuable` to implement `CoerceUnsized<&dyn tracing::Value>`
[INFO] [stdout]     = note: required for the cast from `&&dyn Valuable` to `&dyn tracing::Value`
[INFO] [stdout] 
[INFO] [stdout] 
[INFO] [stdout] error[E0277]: the trait bound `&&dyn Valuable: CoerceUnsized<&dyn tracing::Value>` is not satisfied
[INFO] [stdout]    --> src/event.rs:141:39
[INFO] [stdout]     |
[INFO] [stdout] 141 |                 values.insert(0, Some(&message as &dyn Value));
[INFO] [stdout]     |                                       ^^^^^^^^ the trait `tracing::Value` is not implemented for `dyn Valuable`
[INFO] [stdout]     |
[INFO] [stdout] help: the following other types implement trait `tracing::Value`
[INFO] [stdout]    --> /opt/rustwide/cargo-home/registry/src/index.crates.io-1949cf8c6b5b557f/tracing-core-0.1.36/src/field.rs:590:1
[INFO] [stdout]     |
[INFO] [stdout] 590 | impl Value for dyn std::error::Error + 'static {
[INFO] [stdout]     | ^^^^^^^^^^^^^^^^^^^^^^^^^^^^^^^^^^^^^^^^^^^^^^ `dyn std::error::Error`
[INFO] [stdout] ...
[INFO] [stdout] 601 | impl Value for dyn std::error::Error + Send + 'static {
[INFO] [stdout]     | ^^^^^^^^^^^^^^^^^^^^^^^^^^^^^^^^^^^^^^^^^^^^^^^^^^^^^ `dyn std::error::Error + Send`
[INFO] [stdout] ...
[INFO] [stdout] 612 | impl Value for dyn std::error::Error + Sync + 'static {
[INFO] [stdout]     | ^^^^^^^^^^^^^^^^^^^^^^^^^^^^^^^^^^^^^^^^^^^^^^^^^^^^^ `dyn std::error::Error + Sync`
[INFO] [stdout] ...
[INFO] [stdout] 623 | impl Value for dyn std::error::Error + Send + Sync + 'static {
[INFO] [stdout]     | ^^^^^^^^^^^^^^^^^^^^^^^^^^^^^^^^^^^^^^^^^^^^^^^^^^^^^^^^^^^^ `dyn std::error::Error + Send + Sync`
[INFO] [stdout]     = note: required for `&dyn Valuable` to implement `tracing::Value`
[INFO] [stdout]     = note: required because it appears within the type `&dyn Valuable`
[INFO] [stdout]     = note: required for `&&dyn Valuable` to implement `CoerceUnsized<&dyn tracing::Value>`
[INFO] [stdout]     = note: required for the cast from `&&dyn Valuable` to `&dyn tracing::Value`
[INFO] [stdout] 
[INFO] [stdout] 
[INFO] [stdout] error[E0277]: the trait bound `&&dyn Valuable: CoerceUnsized<&dyn tracing::Value>` is not satisfied
[INFO] [stdout]    --> src/event.rs:196:30
[INFO] [stdout]     |
[INFO] [stdout] 165 | macro single_field_event($struct:ident, $fn_create:ident, $fn_emit:ident, $field:literal) {
[INFO] [stdout] ...
[INFO] [stdout] 196 |             f(FIELDS, &[Some(&(&value as &dyn Valuable) as &dyn Value)])
[INFO] [stdout]     |                              ^^^^^^^^^^^^^^^^^^^^^^^^^^ the trait `tracing::Value` is not implemented for `dyn Valuable`
[INFO] [stdout] ...
[INFO] [stdout] 227 | single_field_event!(RetCallsite, ret_callsite, ret_event, "return");
[INFO] [stdout]     | ------------------------------------------------------------------- in this macro invocation
[INFO] [stdout]     |
[INFO] [stdout] help: the following other types implement trait `tracing::Value`
[INFO] [stdout]    --> /opt/rustwide/cargo-home/registry/src/index.crates.io-1949cf8c6b5b557f/tracing-core-0.1.36/src/field.rs:590:1
[INFO] [stdout]     |
[INFO] [stdout] 590 | impl Value for dyn std::error::Error + 'static {
[INFO] [stdout]     | ^^^^^^^^^^^^^^^^^^^^^^^^^^^^^^^^^^^^^^^^^^^^^^ `dyn std::error::Error`
[INFO] [stdout] ...
[INFO] [stdout] 601 | impl Value for dyn std::error::Error + Send + 'static {
[INFO] [stdout]     | ^^^^^^^^^^^^^^^^^^^^^^^^^^^^^^^^^^^^^^^^^^^^^^^^^^^^^ `dyn std::error::Error + Send`
[INFO] [stdout] ...
[INFO] [stdout] 612 | impl Value for dyn std::error::Error + Sync + 'static {
[INFO] [stdout]     | ^^^^^^^^^^^^^^^^^^^^^^^^^^^^^^^^^^^^^^^^^^^^^^^^^^^^^ `dyn std::error::Error + Sync`
[INFO] [stdout] ...
[INFO] [stdout] 623 | impl Value for dyn std::error::Error + Send + Sync + 'static {
[INFO] [stdout]     | ^^^^^^^^^^^^^^^^^^^^^^^^^^^^^^^^^^^^^^^^^^^^^^^^^^^^^^^^^^^^ `dyn std::error::Error + Send + Sync`
[INFO] [stdout]     = note: required for `&dyn Valuable` to implement `tracing::Value`
[INFO] [stdout]     = note: required because it appears within the type `&dyn Valuable`
[INFO] [stdout]     = note: required for `&&dyn Valuable` to implement `CoerceUnsized<&dyn tracing::Value>`
[INFO] [stdout]     = note: required for the cast from `&&dyn Valuable` to `&dyn tracing::Value`
[INFO] [stdout] 
[INFO] [stdout] 
[INFO] [stdout] error[E0277]: the trait bound `&&dyn Valuable: CoerceUnsized<&dyn tracing::Value>` is not satisfied
[INFO] [stdout]    --> src/event.rs:196:30
[INFO] [stdout]     |
[INFO] [stdout] 165 | macro single_field_event($struct:ident, $fn_create:ident, $fn_emit:ident, $field:literal) {
[INFO] [stdout] ...
[INFO] [stdout] 196 |             f(FIELDS, &[Some(&(&value as &dyn Valuable) as &dyn Value)])
[INFO] [stdout]     |                              ^^^^^^^^^^^^^^^^^^^^^^^^^^ the trait `tracing::Value` is not implemented for `dyn Valuable`
[INFO] [stdout] ...
[INFO] [stdout] 228 | single_field_event!(ErrCallsite, err_callsite, err_event, "exception");
[INFO] [stdout]     | ---------------------------------------------------------------------- in this macro invocation
[INFO] [stdout]     |
[INFO] [stdout] help: the following other types implement trait `tracing::Value`
[INFO] [stdout]    --> /opt/rustwide/cargo-home/registry/src/index.crates.io-1949cf8c6b5b557f/tracing-core-0.1.36/src/field.rs:590:1
[INFO] [stdout]     |
[INFO] [stdout] 590 | impl Value for dyn std::error::Error + 'static {
[INFO] [stdout]     | ^^^^^^^^^^^^^^^^^^^^^^^^^^^^^^^^^^^^^^^^^^^^^^ `dyn std::error::Error`
[INFO] [stdout] ...
[INFO] [stdout] 601 | impl Value for dyn std::error::Error + Send + 'static {
[INFO] [stdout]     | ^^^^^^^^^^^^^^^^^^^^^^^^^^^^^^^^^^^^^^^^^^^^^^^^^^^^^ `dyn std::error::Error + Send`
[INFO] [stdout] ...
[INFO] [stdout] 612 | impl Value for dyn std::error::Error + Sync + 'static {
[INFO] [stdout]     | ^^^^^^^^^^^^^^^^^^^^^^^^^^^^^^^^^^^^^^^^^^^^^^^^^^^^^ `dyn std::error::Error + Sync`
[INFO] [stdout] ...
[INFO] [stdout] 623 | impl Value for dyn std::error::Error + Send + Sync + 'static {
[INFO] [stdout]     | ^^^^^^^^^^^^^^^^^^^^^^^^^^^^^^^^^^^^^^^^^^^^^^^^^^^^^^^^^^^^ `dyn std::error::Error + Send + Sync`
[INFO] [stdout]     = note: required for `&dyn Valuable` to implement `tracing::Value`
[INFO] [stdout]     = note: required because it appears within the type `&dyn Valuable`
[INFO] [stdout]     = note: required for `&&dyn Valuable` to implement `CoerceUnsized<&dyn tracing::Value>`
[INFO] [stdout]     = note: required for the cast from `&&dyn Valuable` to `&dyn tracing::Value`
[INFO] [stdout] 
[INFO] [stdout] 
[INFO] [stdout] error[E0277]: the trait bound `&&dyn Valuable: CoerceUnsized<&dyn tracing::Value>` is not satisfied
[INFO] [stdout]    --> src/event.rs:196:30
[INFO] [stdout]     |
[INFO] [stdout] 165 | macro single_field_event($struct:ident, $fn_create:ident, $fn_emit:ident, $field:literal) {
[INFO] [stdout] ...
[INFO] [stdout] 196 |             f(FIELDS, &[Some(&(&value as &dyn Valuable) as &dyn Value)])
[INFO] [stdout]     |                              ^^^^^^^^^^^^^^^^^^^^^^^^^^ the trait `tracing::Value` is not implemented for `dyn Valuable`
[INFO] [stdout] ...
[INFO] [stdout] 229 | single_field_event!(YieldCallsite, yield_callsite, yield_event, "yield");
[INFO] [stdout]     | ------------------------------------------------------------------------ in this macro invocation
[INFO] [stdout]     |
[INFO] [stdout] help: the following other types implement trait `tracing::Value`
[INFO] [stdout]    --> /opt/rustwide/cargo-home/registry/src/index.crates.io-1949cf8c6b5b557f/tracing-core-0.1.36/src/field.rs:590:1
[INFO] [stdout]     |
[INFO] [stdout] 590 | impl Value for dyn std::error::Error + 'static {
[INFO] [stdout]     | ^^^^^^^^^^^^^^^^^^^^^^^^^^^^^^^^^^^^^^^^^^^^^^ `dyn std::error::Error`
[INFO] [stdout] ...
[INFO] [stdout] 601 | impl Value for dyn std::error::Error + Send + 'static {
[INFO] [stdout]     | ^^^^^^^^^^^^^^^^^^^^^^^^^^^^^^^^^^^^^^^^^^^^^^^^^^^^^ `dyn std::error::Error + Send`
[INFO] [stdout] ...
[INFO] [stdout] 612 | impl Value for dyn std::error::Error + Sync + 'static {
[INFO] [stdout]     | ^^^^^^^^^^^^^^^^^^^^^^^^^^^^^^^^^^^^^^^^^^^^^^^^^^^^^ `dyn std::error::Error + Sync`
[INFO] [stdout] ...
[INFO] [stdout] 623 | impl Value for dyn std::error::Error + Send + Sync + 'static {
[INFO] [stdout]     | ^^^^^^^^^^^^^^^^^^^^^^^^^^^^^^^^^^^^^^^^^^^^^^^^^^^^^^^^^^^^ `dyn std::error::Error + Send + Sync`
[INFO] [stdout]     = note: required for `&dyn Valuable` to implement `tracing::Value`
[INFO] [stdout]     = note: required because it appears within the type `&dyn Valuable`
[INFO] [stdout]     = note: required for `&&dyn Valuable` to implement `CoerceUnsized<&dyn tracing::Value>`
[INFO] [stdout]     = note: required for the cast from `&&dyn Valuable` to `&dyn tracing::Value`
[INFO] [stdout] 
[INFO] [stdout] 
[INFO] [stdout] error[E0277]: the trait bound `&&dyn Valuable: CoerceUnsized<&dyn tracing::Value>` is not satisfied
[INFO] [stdout]    --> src/event.rs:133:27
[INFO] [stdout]     |
[INFO] [stdout] 133 |             .map(|x| Some(x as &dyn Value))
[INFO] [stdout]     |                           ^ the trait `tracing::Value` is not implemented for `dyn Valuable`
[INFO] [stdout]     |
[INFO] [stdout] help: the following other types implement trait `tracing::Value`
[INFO] [stdout]    --> /opt/rustwide/cargo-home/registry/src/index.crates.io-1949cf8c6b5b557f/tracing-core-0.1.36/src/field.rs:590:1
[INFO] [stdout]     |
[INFO] [stdout] 590 | impl Value for dyn std::error::Error + 'static {
[INFO] [stdout]     | ^^^^^^^^^^^^^^^^^^^^^^^^^^^^^^^^^^^^^^^^^^^^^^ `dyn std::error::Error`
[INFO] [stdout] ...
[INFO] [stdout] 601 | impl Value for dyn std::error::Error + Send + 'static {
[INFO] [stdout]     | ^^^^^^^^^^^^^^^^^^^^^^^^^^^^^^^^^^^^^^^^^^^^^^^^^^^^^ `dyn std::error::Error + Send`
[INFO] [stdout] ...
[INFO] [stdout] 612 | impl Value for dyn std::error::Error + Sync + 'static {
[INFO] [stdout]     | ^^^^^^^^^^^^^^^^^^^^^^^^^^^^^^^^^^^^^^^^^^^^^^^^^^^^^ `dyn std::error::Error + Sync`
[INFO] [stdout] ...
[INFO] [stdout] 623 | impl Value for dyn std::error::Error + Send + Sync + 'static {
[INFO] [stdout]     | ^^^^^^^^^^^^^^^^^^^^^^^^^^^^^^^^^^^^^^^^^^^^^^^^^^^^^^^^^^^^ `dyn std::error::Error + Send + Sync`
[INFO] [stdout]     = note: required for `&dyn Valuable` to implement `tracing::Value`
[INFO] [stdout]     = note: required because it appears within the type `&dyn Valuable`
[INFO] [stdout]     = note: required for `&&dyn Valuable` to implement `CoerceUnsized<&dyn tracing::Value>`
[INFO] [stdout]     = note: required for the cast from `&&dyn Valuable` to `&dyn tracing::Value`
[INFO] [stdout] 
[INFO] [stdout] 
[INFO] [stdout] error[E0277]: the trait bound `&&dyn Valuable: CoerceUnsized<&dyn tracing::Value>` is not satisfied
[INFO] [stdout]    --> src/event.rs:141:39
[INFO] [stdout]     |
[INFO] [stdout] 141 |                 values.insert(0, Some(&message as &dyn Value));
[INFO] [stdout]     |                                       ^^^^^^^^ the trait `tracing::Value` is not implemented for `dyn Valuable`
[INFO] [stdout]     |
[INFO] [stdout] help: the following other types implement trait `tracing::Value`
[INFO] [stdout]    --> /opt/rustwide/cargo-home/registry/src/index.crates.io-1949cf8c6b5b557f/tracing-core-0.1.36/src/field.rs:590:1
[INFO] [stdout]     |
[INFO] [stdout] 590 | impl Value for dyn std::error::Error + 'static {
[INFO] [stdout]     | ^^^^^^^^^^^^^^^^^^^^^^^^^^^^^^^^^^^^^^^^^^^^^^ `dyn std::error::Error`
[INFO] [stdout] ...
[INFO] [stdout] 601 | impl Value for dyn std::error::Error + Send + 'static {
[INFO] [stdout]     | ^^^^^^^^^^^^^^^^^^^^^^^^^^^^^^^^^^^^^^^^^^^^^^^^^^^^^ `dyn std::error::Error + Send`
[INFO] [stdout] ...
[INFO] [stdout] 612 | impl Value for dyn std::error::Error + Sync + 'static {
[INFO] [stdout]     | ^^^^^^^^^^^^^^^^^^^^^^^^^^^^^^^^^^^^^^^^^^^^^^^^^^^^^ `dyn std::error::Error + Sync`
[INFO] [stdout] ...
[INFO] [stdout] 623 | impl Value for dyn std::error::Error + Send + Sync + 'static {
[INFO] [stdout]     | ^^^^^^^^^^^^^^^^^^^^^^^^^^^^^^^^^^^^^^^^^^^^^^^^^^^^^^^^^^^^ `dyn std::error::Error + Send + Sync`
[INFO] [stdout]     = note: required for `&dyn Valuable` to implement `tracing::Value`
[INFO] [stdout]     = note: required because it appears within the type `&dyn Valuable`
[INFO] [stdout]     = note: required for `&&dyn Valuable` to implement `CoerceUnsized<&dyn tracing::Value>`
[INFO] [stdout]     = note: required for the cast from `&&dyn Valuable` to `&dyn tracing::Value`
[INFO] [stdout] 
[INFO] [stdout] 
[INFO] [stdout] error[E0277]: the trait bound `&&dyn Valuable: CoerceUnsized<&dyn tracing::Value>` is not satisfied
[INFO] [stdout]    --> src/event.rs:196:30
[INFO] [stdout]     |
[INFO] [stdout] 165 | macro single_field_event($struct:ident, $fn_create:ident, $fn_emit:ident, $field:literal) {
[INFO] [stdout] ...
[INFO] [stdout] 196 |             f(FIELDS, &[Some(&(&value as &dyn Valuable) as &dyn Value)])
[INFO] [stdout]     |                              ^^^^^^^^^^^^^^^^^^^^^^^^^^ the trait `tracing::Value` is not implemented for `dyn Valuable`
[INFO] [stdout] ...
[INFO] [stdout] 227 | single_field_event!(RetCallsite, ret_callsite, ret_event, "return");
[INFO] [stdout]     | ------------------------------------------------------------------- in this macro invocation
[INFO] [stdout]     |
[INFO] [stdout] help: the following other types implement trait `tracing::Value`
[INFO] [stdout]    --> /opt/rustwide/cargo-home/registry/src/index.crates.io-1949cf8c6b5b557f/tracing-core-0.1.36/src/field.rs:590:1
[INFO] [stdout]     |
[INFO] [stdout] 590 | impl Value for dyn std::error::Error + 'static {
[INFO] [stdout]     | ^^^^^^^^^^^^^^^^^^^^^^^^^^^^^^^^^^^^^^^^^^^^^^ `dyn std::error::Error`
[INFO] [stdout] ...
[INFO] [stdout] 601 | impl Value for dyn std::error::Error + Send + 'static {
[INFO] [stdout]     | ^^^^^^^^^^^^^^^^^^^^^^^^^^^^^^^^^^^^^^^^^^^^^^^^^^^^^ `dyn std::error::Error + Send`
[INFO] [stdout] ...
[INFO] [stdout] 612 | impl Value for dyn std::error::Error + Sync + 'static {
[INFO] [stdout]     | ^^^^^^^^^^^^^^^^^^^^^^^^^^^^^^^^^^^^^^^^^^^^^^^^^^^^^ `dyn std::error::Error + Sync`
[INFO] [stdout] ...
[INFO] [stdout] 623 | impl Value for dyn std::error::Error + Send + Sync + 'static {
[INFO] [stdout]     | ^^^^^^^^^^^^^^^^^^^^^^^^^^^^^^^^^^^^^^^^^^^^^^^^^^^^^^^^^^^^ `dyn std::error::Error + Send + Sync`
[INFO] [stdout]     = note: required for `&dyn Valuable` to implement `tracing::Value`
[INFO] [stdout]     = note: required because it appears within the type `&dyn Valuable`
[INFO] [stdout]     = note: required for `&&dyn Valuable` to implement `CoerceUnsized<&dyn tracing::Value>`
[INFO] [stdout]     = note: required for the cast from `&&dyn Valuable` to `&dyn tracing::Value`
[INFO] [stdout] 
[INFO] [stdout] 
[INFO] [stdout] error[E0277]: the trait bound `&&dyn Valuable: CoerceUnsized<&dyn tracing::Value>` is not satisfied
[INFO] [stdout]    --> src/event.rs:196:30
[INFO] [stdout]     |
[INFO] [stdout] 165 | macro single_field_event($struct:ident, $fn_create:ident, $fn_emit:ident, $field:literal) {
[INFO] [stdout] ...
[INFO] [stdout] 196 |             f(FIELDS, &[Some(&(&value as &dyn Valuable) as &dyn Value)])
[INFO] [stdout]     |                              ^^^^^^^^^^^^^^^^^^^^^^^^^^ the trait `tracing::Value` is not implemented for `dyn Valuable`
[INFO] [stdout] ...
[INFO] [stdout] 228 | single_field_event!(ErrCallsite, err_callsite, err_event, "exception");
[INFO] [stdout]     | ---------------------------------------------------------------------- in this macro invocation
[INFO] [stdout]     |
[INFO] [stdout] help: the following other types implement trait `tracing::Value`
[INFO] [stdout]    --> /opt/rustwide/cargo-home/registry/src/index.crates.io-1949cf8c6b5b557f/tracing-core-0.1.36/src/field.rs:590:1
[INFO] [stdout]     |
[INFO] [stdout] 590 | impl Value for dyn std::error::Error + 'static {
[INFO] [stdout]     | ^^^^^^^^^^^^^^^^^^^^^^^^^^^^^^^^^^^^^^^^^^^^^^ `dyn std::error::Error`
[INFO] [stdout] ...
[INFO] [stdout] 601 | impl Value for dyn std::error::Error + Send + 'static {
[INFO] [stdout]     | ^^^^^^^^^^^^^^^^^^^^^^^^^^^^^^^^^^^^^^^^^^^^^^^^^^^^^ `dyn std::error::Error + Send`
[INFO] [stdout] ...
[INFO] [stdout] 612 | impl Value for dyn std::error::Error + Sync + 'static {
[INFO] [stdout]     | ^^^^^^^^^^^^^^^^^^^^^^^^^^^^^^^^^^^^^^^^^^^^^^^^^^^^^ `dyn std::error::Error + Sync`
[INFO] [stdout] ...
[INFO] [stdout] 623 | impl Value for dyn std::error::Error + Send + Sync + 'static {
[INFO] [stdout]     | ^^^^^^^^^^^^^^^^^^^^^^^^^^^^^^^^^^^^^^^^^^^^^^^^^^^^^^^^^^^^ `dyn std::error::Error + Send + Sync`
[INFO] [stdout]     = note: required for `&dyn Valuable` to implement `tracing::Value`
[INFO] [stdout]     = note: required because it appears within the type `&dyn Valuable`
[INFO] [stdout]     = note: required for `&&dyn Valuable` to implement `CoerceUnsized<&dyn tracing::Value>`
[INFO] [stdout]     = note: required for the cast from `&&dyn Valuable` to `&dyn tracing::Value`
[INFO] [stdout] 
[INFO] [stdout] 
[INFO] [stdout] error[E0277]: the trait bound `&&dyn Valuable: CoerceUnsized<&dyn tracing::Value>` is not satisfied
[INFO] [stdout]    --> src/event.rs:196:30
[INFO] [stdout]     |
[INFO] [stdout] 165 | macro single_field_event($struct:ident, $fn_create:ident, $fn_emit:ident, $field:literal) {
[INFO] [stdout] ...
[INFO] [stdout] 196 |             f(FIELDS, &[Some(&(&value as &dyn Valuable) as &dyn Value)])
[INFO] [stdout]     |                              ^^^^^^^^^^^^^^^^^^^^^^^^^^ the trait `tracing::Value` is not implemented for `dyn Valuable`
[INFO] [stdout] ...
[INFO] [stdout] 229 | single_field_event!(YieldCallsite, yield_callsite, yield_event, "yield");
[INFO] [stdout]     | ------------------------------------------------------------------------ in this macro invocation
[INFO] [stdout]     |
[INFO] [stdout] help: the following other types implement trait `tracing::Value`
[INFO] [stdout]    --> /opt/rustwide/cargo-home/registry/src/index.crates.io-1949cf8c6b5b557f/tracing-core-0.1.36/src/field.rs:590:1
[INFO] [stdout]     |
[INFO] [stdout] 590 | impl Value for dyn std::error::Error + 'static {
[INFO] [stdout]     | ^^^^^^^^^^^^^^^^^^^^^^^^^^^^^^^^^^^^^^^^^^^^^^ `dyn std::error::Error`
[INFO] [stdout] ...
[INFO] [stdout] 601 | impl Value for dyn std::error::Error + Send + 'static {
[INFO] [stdout]     | ^^^^^^^^^^^^^^^^^^^^^^^^^^^^^^^^^^^^^^^^^^^^^^^^^^^^^ `dyn std::error::Error + Send`
[INFO] [stdout] ...
[INFO] [stdout] 612 | impl Value for dyn std::error::Error + Sync + 'static {
[INFO] [stdout]     | ^^^^^^^^^^^^^^^^^^^^^^^^^^^^^^^^^^^^^^^^^^^^^^^^^^^^^ `dyn std::error::Error + Sync`
[INFO] [stdout] ...
[INFO] [stdout] 623 | impl Value for dyn std::error::Error + Send + Sync + 'static {
[INFO] [stdout]     | ^^^^^^^^^^^^^^^^^^^^^^^^^^^^^^^^^^^^^^^^^^^^^^^^^^^^^^^^^^^^ `dyn std::error::Error + Send + Sync`
[INFO] [stdout]     = note: required for `&dyn Valuable` to implement `tracing::Value`
[INFO] [stdout]     = note: required because it appears within the type `&dyn Valuable`
[INFO] [stdout]     = note: required for `&&dyn Valuable` to implement `CoerceUnsized<&dyn tracing::Value>`
[INFO] [stdout]     = note: required for the cast from `&&dyn Valuable` to `&dyn tracing::Value`
[INFO] [stdout] 
[INFO] [stdout] 
[INFO] [stdout] error[E0277]: the trait bound `&&dyn Valuable: CoerceUnsized<&dyn tracing::Value>` is not satisfied
[INFO] [stdout]    --> src/span.rs:38:27
[INFO] [stdout]     |
[INFO] [stdout]  38 |             .map(|x| Some(x as &dyn Value))
[INFO] [stdout]     |                           ^ the trait `tracing::Value` is not implemented for `dyn Valuable`
[INFO] [stdout]     |
[INFO] [stdout] help: the following other types implement trait `tracing::Value`
[INFO] [stdout]    --> /opt/rustwide/cargo-home/registry/src/index.crates.io-1949cf8c6b5b557f/tracing-core-0.1.36/src/field.rs:590:1
[INFO] [stdout]     |
[INFO] [stdout] 590 | impl Value for dyn std::error::Error + 'static {
[INFO] [stdout]     | ^^^^^^^^^^^^^^^^^^^^^^^^^^^^^^^^^^^^^^^^^^^^^^ `dyn std::error::Error`
[INFO] [stdout] ...
[INFO] [stdout] 601 | impl Value for dyn std::error::Error + Send + 'static {
[INFO] [stdout]     | ^^^^^^^^^^^^^^^^^^^^^^^^^^^^^^^^^^^^^^^^^^^^^^^^^^^^^ `dyn std::error::Error + Send`
[INFO] [stdout] ...
[INFO] [stdout] 612 | impl Value for dyn std::error::Error + Sync + 'static {
[INFO] [stdout]     | ^^^^^^^^^^^^^^^^^^^^^^^^^^^^^^^^^^^^^^^^^^^^^^^^^^^^^ `dyn std::error::Error + Sync`
[INFO] [stdout] ...
[INFO] [stdout] 623 | impl Value for dyn std::error::Error + Send + Sync + 'static {
[INFO] [stdout]     | ^^^^^^^^^^^^^^^^^^^^^^^^^^^^^^^^^^^^^^^^^^^^^^^^^^^^^^^^^^^^ `dyn std::error::Error + Send + Sync`
[INFO] [stdout]     = note: required for `&dyn Valuable` to implement `tracing::Value`
[INFO] [stdout]     = note: required because it appears within the type `&dyn Valuable`
[INFO] [stdout]     = note: required for `&&dyn Valuable` to implement `CoerceUnsized<&dyn tracing::Value>`
[INFO] [stdout]     = note: required for the cast from `&&dyn Valuable` to `&dyn tracing::Value`
[INFO] [stdout] 
[INFO] [stdout] 
[INFO] [stdout] error[E0277]: the trait bound `&&dyn Valuable: CoerceUnsized<&dyn tracing::Value>` is not satisfied
[INFO] [stdout]    --> src/span.rs:38:27
[INFO] [stdout]     |
[INFO] [stdout]  38 |             .map(|x| Some(x as &dyn Value))
[INFO] [stdout]     |                           ^ the trait `tracing::Value` is not implemented for `dyn Valuable`
[INFO] [stdout]     |
[INFO] [stdout] help: the following other types implement trait `tracing::Value`
[INFO] [stdout]    --> /opt/rustwide/cargo-home/registry/src/index.crates.io-1949cf8c6b5b557f/tracing-core-0.1.36/src/field.rs:590:1
[INFO] [stdout]     |
[INFO] [stdout] 590 | impl Value for dyn std::error::Error + 'static {
[INFO] [stdout]     | ^^^^^^^^^^^^^^^^^^^^^^^^^^^^^^^^^^^^^^^^^^^^^^ `dyn std::error::Error`
[INFO] [stdout] ...
[INFO] [stdout] 601 | impl Value for dyn std::error::Error + Send + 'static {
[INFO] [stdout]     | ^^^^^^^^^^^^^^^^^^^^^^^^^^^^^^^^^^^^^^^^^^^^^^^^^^^^^ `dyn std::error::Error + Send`
[INFO] [stdout] ...
[INFO] [stdout] 612 | impl Value for dyn std::error::Error + Sync + 'static {
[INFO] [stdout]     | ^^^^^^^^^^^^^^^^^^^^^^^^^^^^^^^^^^^^^^^^^^^^^^^^^^^^^ `dyn std::error::Error + Sync`
[INFO] [stdout] ...
[INFO] [stdout] 623 | impl Value for dyn std::error::Error + Send + Sync + 'static {
[INFO] [stdout]     | ^^^^^^^^^^^^^^^^^^^^^^^^^^^^^^^^^^^^^^^^^^^^^^^^^^^^^^^^^^^^ `dyn std::error::Error + Send + Sync`
[INFO] [stdout]     = note: required for `&dyn Valuable` to implement `tracing::Value`
[INFO] [stdout]     = note: required because it appears within the type `&dyn Valuable`
[INFO] [stdout]     = note: required for `&&dyn Valuable` to implement `CoerceUnsized<&dyn tracing::Value>`
[INFO] [stdout]     = note: required for the cast from `&&dyn Valuable` to `&dyn tracing::Value`
[INFO] [stdout] 
[INFO] [stdout] 
[INFO] [stdout] For more information about this error, try `rustc --explain E0277`.
[INFO] [stdout] 
[INFO] [stderr] error: could not compile `tracing-py` (lib test) due to 6 previous errors; 3 warnings emitted
[INFO] [stderr] warning: build failed, waiting for other jobs to finish...
[INFO] [stdout] For more information about this error, try `rustc --explain E0277`.
[INFO] [stdout] 
[INFO] [stderr] error: could not compile `tracing-py` (lib) due to 6 previous errors; 3 warnings emitted
[INFO] running `Command { std: "docker" "inspect" "088c2f0b0cace1eb936a17b4703eb4ba54c1c5ff8cbe6dcbb9d88e14ca87fd44", kill_on_drop: false }`
[INFO] running `Command { std: "docker" "rm" "-f" "088c2f0b0cace1eb936a17b4703eb4ba54c1c5ff8cbe6dcbb9d88e14ca87fd44", kill_on_drop: false }`
[INFO] [stdout] 088c2f0b0cace1eb936a17b4703eb4ba54c1c5ff8cbe6dcbb9d88e14ca87fd44
