[INFO] cloning repository https://github.com/funnsam/stable-intrinsics
[INFO] running `Command { std: "git" "-c" "credential.helper=" "-c" "credential.helper=/workspace/cargo-home/bin/git-credential-null" "clone" "--bare" "https://github.com/funnsam/stable-intrinsics" "/workspace/cache/git-repos/https%3A%2F%2Fgithub.com%2Ffunnsam%2Fstable-intrinsics", kill_on_drop: false }`
[INFO] [stderr] Cloning into bare repository '/workspace/cache/git-repos/https%3A%2F%2Fgithub.com%2Ffunnsam%2Fstable-intrinsics'...
[INFO] running `Command { std: "git" "rev-parse" "HEAD", kill_on_drop: false }`
[INFO] [stdout] 586a139ccb758488f109daf5165ecef574723b3e
[INFO] checking funnsam/stable-intrinsics against 4d7c0cd298ace72490220301fa543d63a154f8ce for pr-164789
[INFO] running `Command { std: "git" "clone" "/workspace/cache/git-repos/https%3A%2F%2Fgithub.com%2Ffunnsam%2Fstable-intrinsics" "/workspace/builds/worker-2-tc2/source", kill_on_drop: false }`
[INFO] [stderr] Cloning into '/workspace/builds/worker-2-tc2/source'...
[INFO] [stderr] done.
[INFO] started tweaking git repo https://github.com/funnsam/stable-intrinsics
[INFO] finished tweaking git repo https://github.com/funnsam/stable-intrinsics
[INFO] tweaked toml for git repo https://github.com/funnsam/stable-intrinsics written to /workspace/builds/worker-2-tc2/source/Cargo.toml
[INFO] validating manifest of git repo https://github.com/funnsam/stable-intrinsics on toolchain 4d7c0cd298ace72490220301fa543d63a154f8ce
[INFO] running `Command { std: CARGO_HOME="/workspace/cargo-home" RUSTUP_HOME="/workspace/rustup-home" "/workspace/cargo-home/bin/cargo" "+4d7c0cd298ace72490220301fa543d63a154f8ce" "metadata" "--manifest-path" "Cargo.toml" "--no-deps", kill_on_drop: false }`
[INFO] crate git repo https://github.com/funnsam/stable-intrinsics already has a lockfile, it will not be regenerated
[INFO] running `Command { std: CARGO_HOME="/workspace/cargo-home" RUSTUP_HOME="/workspace/rustup-home" "/workspace/cargo-home/bin/cargo" "+4d7c0cd298ace72490220301fa543d63a154f8ce" "fetch" "--manifest-path" "Cargo.toml", kill_on_drop: false }`
[INFO] [stderr] warning: `package.homepage` is redundant with `package.repository`
[INFO] [stderr]   --> Cargo.toml:13:12
[INFO] [stderr]    |
[INFO] [stderr] 13 | homepage = "https://github.com/funnsam/stable-intrinsics"
[INFO] [stderr]    |            ^^^^^^^^^^^^^^^^^^^^^^^^^^^^^^^^^^^^^^^^^^^^^^
[INFO] [stderr] ...
[INFO] [stderr] 17 | repository = "https://github.com/funnsam/stable-intrinsics"
[INFO] [stderr]    |              ----------------------------------------------
[INFO] [stderr]    |
[INFO] [stderr]    = note: `cargo::redundant_homepage` is set to `warn` by default
[INFO] [stderr] help: consider removing `package.homepage`
[INFO] [stderr] warning: `stable-intrinsics` (manifest) generated 1 warning
[INFO] [stderr]     Blocking waiting for file lock on package cache
[INFO] [stderr]     Blocking waiting for file lock on package cache
[ERROR] error running command: no output for 300 seconds
[INFO] checking funnsam/stable-intrinsics against 4d7c0cd298ace72490220301fa543d63a154f8ce for pr-164789
[INFO] running `Command { std: "git" "clone" "/workspace/cache/git-repos/https%3A%2F%2Fgithub.com%2Ffunnsam%2Fstable-intrinsics" "/workspace/builds/worker-2-tc2/source", kill_on_drop: false }`
[INFO] [stderr] Cloning into '/workspace/builds/worker-2-tc2/source'...
[INFO] [stderr] done.
[INFO] started tweaking git repo https://github.com/funnsam/stable-intrinsics
[INFO] finished tweaking git repo https://github.com/funnsam/stable-intrinsics
[INFO] tweaked toml for git repo https://github.com/funnsam/stable-intrinsics written to /workspace/builds/worker-2-tc2/source/Cargo.toml
[INFO] validating manifest of git repo https://github.com/funnsam/stable-intrinsics on toolchain 4d7c0cd298ace72490220301fa543d63a154f8ce
[INFO] running `Command { std: CARGO_HOME="/workspace/cargo-home" RUSTUP_HOME="/workspace/rustup-home" "/workspace/cargo-home/bin/cargo" "+4d7c0cd298ace72490220301fa543d63a154f8ce" "metadata" "--manifest-path" "Cargo.toml" "--no-deps", kill_on_drop: false }`
[INFO] crate git repo https://github.com/funnsam/stable-intrinsics already has a lockfile, it will not be regenerated
[INFO] running `Command { std: CARGO_HOME="/workspace/cargo-home" RUSTUP_HOME="/workspace/rustup-home" "/workspace/cargo-home/bin/cargo" "+4d7c0cd298ace72490220301fa543d63a154f8ce" "fetch" "--manifest-path" "Cargo.toml", kill_on_drop: false }`
[INFO] [stderr] warning: `package.homepage` is redundant with `package.repository`
[INFO] [stderr]   --> Cargo.toml:13:12
[INFO] [stderr]    |
[INFO] [stderr] 13 | homepage = "https://github.com/funnsam/stable-intrinsics"
[INFO] [stderr]    |            ^^^^^^^^^^^^^^^^^^^^^^^^^^^^^^^^^^^^^^^^^^^^^^
[INFO] [stderr] ...
[INFO] [stderr] 17 | repository = "https://github.com/funnsam/stable-intrinsics"
[INFO] [stderr]    |              ----------------------------------------------
[INFO] [stderr]    |
[INFO] [stderr]    = note: `cargo::redundant_homepage` is set to `warn` by default
[INFO] [stderr] help: consider removing `package.homepage`
[INFO] [stderr] warning: `stable-intrinsics` (manifest) generated 1 warning
[INFO] [stderr]     Blocking waiting for file lock on package cache
[INFO] [stderr]     Blocking waiting for file lock on package cache
[INFO] running `Command { std: "docker" "create" "-v" "/var/lib/crater-agent-workspace/builds/worker-2-tc2/source:/opt/rustwide/workdir:ro,Z" "-v" "/var/lib/crater-agent-workspace/builds/worker-2-tc2/target:/opt/rustwide/target:rw,Z" "-v" "/var/lib/crater-agent-workspace/cargo-home:/opt/rustwide/cargo-home:ro,Z" "-v" "/var/lib/crater-agent-workspace/rustup-home:/opt/rustwide/rustup-home:ro,Z" "-m" "1610612736" "--network" "none" "ghcr.io/rust-lang/crates-build-env/linux@sha256:c0af3998e971868164375a7dfb646c9933ddd1a3bdb00fa2041266763dc1eeab" "sleep" "infinity", kill_on_drop: false }`
[INFO] [stdout] 3fc0ba7b471d094e5db9c5cfbe4622ff47296275561d3c881e953cc7efe433c5
[INFO] running `Command { std: "docker" "start" "3fc0ba7b471d094e5db9c5cfbe4622ff47296275561d3c881e953cc7efe433c5", kill_on_drop: false }`
[INFO] running `Command { std: "docker" "inspect" "3fc0ba7b471d094e5db9c5cfbe4622ff47296275561d3c881e953cc7efe433c5", kill_on_drop: false }`
[INFO] running `Command { std: "docker" "exec" "-e" "SOURCE_DIR=/opt/rustwide/workdir" "-e" "CARGO_HOME=/opt/rustwide/cargo-home" "-e" "RUSTUP_HOME=/opt/rustwide/rustup-home" "-e" "CARGO_TARGET_DIR=/opt/rustwide/target" "-w" "/opt/rustwide/workdir" "--user" "0:0" "3fc0ba7b471d094e5db9c5cfbe4622ff47296275561d3c881e953cc7efe433c5" "/opt/rustwide/cargo-home/bin/cargo" "+4d7c0cd298ace72490220301fa543d63a154f8ce" "metadata" "--no-deps" "--format-version=1", kill_on_drop: false }`
[INFO] running `Command { std: "docker" "inspect" "3fc0ba7b471d094e5db9c5cfbe4622ff47296275561d3c881e953cc7efe433c5", kill_on_drop: false }`
[INFO] running `Command { std: "docker" "exec" "-e" "SOURCE_DIR=/opt/rustwide/workdir" "-e" "CARGO_HOME=/opt/rustwide/cargo-home" "-e" "RUSTUP_HOME=/opt/rustwide/rustup-home" "-e" "CARGO_TARGET_DIR=/opt/rustwide/target" "-e" "CARGO_INCREMENTAL=0" "-e" "RUST_BACKTRACE=full" "-e" "RUSTFLAGS=--cap-lints=forbid" "-e" "RUSTDOCFLAGS=--cap-lints=forbid" "-w" "/opt/rustwide/workdir" "--user" "0:0" "3fc0ba7b471d094e5db9c5cfbe4622ff47296275561d3c881e953cc7efe433c5" "/opt/rustwide/cargo-home/bin/cargo" "+4d7c0cd298ace72490220301fa543d63a154f8ce" "check" "--frozen" "--all" "--all-targets" "--message-format=json", kill_on_drop: false }`
[INFO] [stderr] warning: `package.homepage` is redundant with `package.repository`
[INFO] [stderr]   --> Cargo.toml:13:12
[INFO] [stderr]    |
[INFO] [stderr] 13 | homepage = "https://github.com/funnsam/stable-intrinsics"
[INFO] [stderr]    |            ^^^^^^^^^^^^^^^^^^^^^^^^^^^^^^^^^^^^^^^^^^^^^^
[INFO] [stderr] ...
[INFO] [stderr] 17 | repository = "https://github.com/funnsam/stable-intrinsics"
[INFO] [stderr]    |              ----------------------------------------------
[INFO] [stderr]    |
[INFO] [stderr]    = note: `cargo::redundant_homepage` is set to `warn` by default
[INFO] [stderr] help: consider removing `package.homepage`
[INFO] [stderr] warning: `stable-intrinsics` (manifest) generated 1 warning
[INFO] [stderr]    Compiling stable-intrinsics v0.1.0 (/opt/rustwide/workdir)
[INFO] [stdout] error[E0425]: cannot find function `abort` in module `core::intrinsics`
[INFO] [stdout]   --> src/lib.rs:20:23
[INFO] [stdout]    |
[INFO] [stdout] 20 |     core::intrinsics::abort();
[INFO] [stdout]    |                       ^^^^^ not found in `core::intrinsics`
[INFO] [stdout]    |
[INFO] [stdout] help: consider importing this function
[INFO] [stdout]    |
[INFO] [stdout] 10 + use std::process::abort;
[INFO] [stdout]    |
[INFO] [stdout] help: if you import `abort`, refer to it directly
[INFO] [stdout]    |
[INFO] [stdout] 20 -     core::intrinsics::abort();
[INFO] [stdout] 20 +     abort();
[INFO] [stdout]    |
[INFO] [stdout] 
[INFO] [stdout] 
[INFO] [stdout] error[E0425]: cannot find function `abort` in module `core::intrinsics`
[INFO] [stdout]   --> src/lib.rs:20:23
[INFO] [stdout]    |
[INFO] [stdout] 20 |     core::intrinsics::abort();
[INFO] [stdout]    |                       ^^^^^ not found in `core::intrinsics`
[INFO] [stdout]    |
[INFO] [stdout] help: consider importing this function
[INFO] [stdout]    |
[INFO] [stdout] 10 + use std::process::abort;
[INFO] [stdout]    |
[INFO] [stdout] help: if you import `abort`, refer to it directly
[INFO] [stdout]    |
[INFO] [stdout] 20 -     core::intrinsics::abort();
[INFO] [stdout] 20 +     abort();
[INFO] [stdout]    |
[INFO] [stdout] 
[INFO] [stdout] 
[INFO] [stdout] error[E0308]: mismatched types
[INFO] [stdout]   --> src/lib.rs:18:19
[INFO] [stdout]    |
[INFO] [stdout] 18 | pub fn abort() -> ! {
[INFO] [stdout]    |        -----      ^ expected `!`, found `()`
[INFO] [stdout]    |        |
[INFO] [stdout]    |        implicitly returns `()` as its body has no tail or `return` expression
[INFO] [stdout]    |
[INFO] [stdout]    = note:   expected type `!`
[INFO] [stdout]            found unit type `()`
[INFO] [stdout] 
[INFO] [stdout] 
[INFO] [stdout] error[E0061]: this function takes 1 argument but 2 arguments were supplied
[INFO] [stdout]    --> src/lib.rs:106:9
[INFO] [stdout]     |
[INFO] [stdout] 106 |         core::intrinsics::prefetch_read_data(_data, _locality);
[INFO] [stdout]     |         ^^^^^^^^^^^^^^^^^^^^^^^^^^^^^^^^^^^^        --------- unexpected argument #2 of type `i32`
[INFO] [stdout]     |
[INFO] [stdout] note: function defined here
[INFO] [stdout]    --> /rustc/4d7c0cd298ace72490220301fa543d63a154f8ce/library/core/src/intrinsics/mod.rs:511:13
[INFO] [stdout] help: remove the extra argument
[INFO] [stdout]     |
[INFO] [stdout] 106 -         core::intrinsics::prefetch_read_data(_data, _locality);
[INFO] [stdout] 106 +         core::intrinsics::prefetch_read_data(_data);
[INFO] [stdout]     |
[INFO] [stdout] 
[INFO] [stdout] 
[INFO] [stdout] error[E0061]: this function takes 1 argument but 2 arguments were supplied
[INFO] [stdout]    --> src/lib.rs:118:9
[INFO] [stdout]     |
[INFO] [stdout] 118 |         core::intrinsics::prefetch_read_instruction(_data, _locality);
[INFO] [stdout]     |         ^^^^^^^^^^^^^^^^^^^^^^^^^^^^^^^^^^^^^^^^^^^        --------- unexpected argument #2 of type `i32`
[INFO] [stdout]     |
[INFO] [stdout] note: function defined here
[INFO] [stdout]    --> /rustc/4d7c0cd298ace72490220301fa543d63a154f8ce/library/core/src/intrinsics/mod.rs:545:13
[INFO] [stdout] help: remove the extra argument
[INFO] [stdout]     |
[INFO] [stdout] 118 -         core::intrinsics::prefetch_read_instruction(_data, _locality);
[INFO] [stdout] 118 +         core::intrinsics::prefetch_read_instruction(_data);
[INFO] [stdout]     |
[INFO] [stdout] 
[INFO] [stdout] 
[INFO] [stdout] error[E0061]: this function takes 1 argument but 2 arguments were supplied
[INFO] [stdout]    --> src/lib.rs:130:9
[INFO] [stdout]     |
[INFO] [stdout] 130 |         core::intrinsics::prefetch_write_data(_data, _locality);
[INFO] [stdout]     |         ^^^^^^^^^^^^^^^^^^^^^^^^^^^^^^^^^^^^^        --------- unexpected argument #2 of type `i32`
[INFO] [stdout]     |
[INFO] [stdout] note: function defined here
[INFO] [stdout]    --> /rustc/4d7c0cd298ace72490220301fa543d63a154f8ce/library/core/src/intrinsics/mod.rs:528:13
[INFO] [stdout] help: remove the extra argument
[INFO] [stdout]     |
[INFO] [stdout] 130 -         core::intrinsics::prefetch_write_data(_data, _locality);
[INFO] [stdout] 130 +         core::intrinsics::prefetch_write_data(_data);
[INFO] [stdout]     |
[INFO] [stdout] 
[INFO] [stdout] 
[INFO] [stdout] error[E0061]: this function takes 1 argument but 2 arguments were supplied
[INFO] [stdout]    --> src/lib.rs:142:9
[INFO] [stdout]     |
[INFO] [stdout] 142 |         core::intrinsics::prefetch_write_instruction(_data, _locality);
[INFO] [stdout]     |         ^^^^^^^^^^^^^^^^^^^^^^^^^^^^^^^^^^^^^^^^^^^^        --------- unexpected argument #2 of type `i32`
[INFO] [stdout]     |
[INFO] [stdout] note: function defined here
[INFO] [stdout]    --> /rustc/4d7c0cd298ace72490220301fa543d63a154f8ce/library/core/src/intrinsics/mod.rs:562:13
[INFO] [stdout] help: remove the extra argument
[INFO] [stdout]     |
[INFO] [stdout] 142 -         core::intrinsics::prefetch_write_instruction(_data, _locality);
[INFO] [stdout] 142 +         core::intrinsics::prefetch_write_instruction(_data);
[INFO] [stdout]     |
[INFO] [stdout] 
[INFO] [stdout] 
[INFO] [stdout] error[E0308]: mismatched types
[INFO] [stdout]   --> src/lib.rs:18:19
[INFO] [stdout]    |
[INFO] [stdout] 18 | pub fn abort() -> ! {
[INFO] [stdout]    |        -----      ^ expected `!`, found `()`
[INFO] [stdout]    |        |
[INFO] [stdout]    |        implicitly returns `()` as its body has no tail or `return` expression
[INFO] [stdout]    |
[INFO] [stdout]    = note:   expected type `!`
[INFO] [stdout]            found unit type `()`
[INFO] [stdout] 
[INFO] [stdout] 
[INFO] [stdout] error[E0061]: this function takes 1 argument but 2 arguments were supplied
[INFO] [stdout]    --> src/lib.rs:106:9
[INFO] [stdout]     |
[INFO] [stdout] 106 |         core::intrinsics::prefetch_read_data(_data, _locality);
[INFO] [stdout]     |         ^^^^^^^^^^^^^^^^^^^^^^^^^^^^^^^^^^^^        --------- unexpected argument #2 of type `i32`
[INFO] [stdout]     |
[INFO] [stdout] note: function defined here
[INFO] [stdout]    --> /rustc/4d7c0cd298ace72490220301fa543d63a154f8ce/library/core/src/intrinsics/mod.rs:511:13
[INFO] [stdout] help: remove the extra argument
[INFO] [stdout]     |
[INFO] [stdout] 106 -         core::intrinsics::prefetch_read_data(_data, _locality);
[INFO] [stdout] 106 +         core::intrinsics::prefetch_read_data(_data);
[INFO] [stdout]     |
[INFO] [stdout] 
[INFO] [stdout] 
[INFO] [stdout] error[E0061]: this function takes 1 argument but 2 arguments were supplied
[INFO] [stdout]    --> src/lib.rs:118:9
[INFO] [stdout]     |
[INFO] [stdout] 118 |         core::intrinsics::prefetch_read_instruction(_data, _locality);
[INFO] [stdout]     |         ^^^^^^^^^^^^^^^^^^^^^^^^^^^^^^^^^^^^^^^^^^^        --------- unexpected argument #2 of type `i32`
[INFO] [stdout]     |
[INFO] [stdout] note: function defined here
[INFO] [stdout]    --> /rustc/4d7c0cd298ace72490220301fa543d63a154f8ce/library/core/src/intrinsics/mod.rs:545:13
[INFO] [stdout] help: remove the extra argument
[INFO] [stdout]     |
[INFO] [stdout] 118 -         core::intrinsics::prefetch_read_instruction(_data, _locality);
[INFO] [stdout] 118 +         core::intrinsics::prefetch_read_instruction(_data);
[INFO] [stdout]     |
[INFO] [stdout] 
[INFO] [stdout] 
[INFO] [stdout] error[E0061]: this function takes 1 argument but 2 arguments were supplied
[INFO] [stdout]    --> src/lib.rs:130:9
[INFO] [stdout]     |
[INFO] [stdout] 130 |         core::intrinsics::prefetch_write_data(_data, _locality);
[INFO] [stdout]     |         ^^^^^^^^^^^^^^^^^^^^^^^^^^^^^^^^^^^^^        --------- unexpected argument #2 of type `i32`
[INFO] [stdout]     |
[INFO] [stdout] note: function defined here
[INFO] [stdout]    --> /rustc/4d7c0cd298ace72490220301fa543d63a154f8ce/library/core/src/intrinsics/mod.rs:528:13
[INFO] [stdout] help: remove the extra argument
[INFO] [stdout]     |
[INFO] [stdout] 130 -         core::intrinsics::prefetch_write_data(_data, _locality);
[INFO] [stdout] 130 +         core::intrinsics::prefetch_write_data(_data);
[INFO] [stdout]     |
[INFO] [stdout] 
[INFO] [stdout] 
[INFO] [stdout] error[E0061]: this function takes 1 argument but 2 arguments were supplied
[INFO] [stdout]    --> src/lib.rs:142:9
[INFO] [stdout]     |
[INFO] [stdout] 142 |         core::intrinsics::prefetch_write_instruction(_data, _locality);
[INFO] [stdout]     |         ^^^^^^^^^^^^^^^^^^^^^^^^^^^^^^^^^^^^^^^^^^^^        --------- unexpected argument #2 of type `i32`
[INFO] [stdout]     |
[INFO] [stdout] note: function defined here
[INFO] [stdout]    --> /rustc/4d7c0cd298ace72490220301fa543d63a154f8ce/library/core/src/intrinsics/mod.rs:562:13
[INFO] [stdout] help: remove the extra argument
[INFO] [stdout]     |
[INFO] [stdout] 142 -         core::intrinsics::prefetch_write_instruction(_data, _locality);
[INFO] [stdout] 142 +         core::intrinsics::prefetch_write_instruction(_data);
[INFO] [stdout]     |
[INFO] [stdout] 
[INFO] [stdout] 
[INFO] [stdout] Some errors have detailed explanations: E0061, E0308, E0425.
[INFO] [stdout] 
[INFO] [stdout] For more information about an error, try `rustc --explain E0061`.
[INFO] [stdout] 
[INFO] [stderr] error: could not compile `stable-intrinsics` (lib) due to 6 previous errors
[INFO] [stderr] warning: build failed, waiting for other jobs to finish...
[INFO] [stdout] Some errors have detailed explanations: E0061, E0308, E0425.
[INFO] [stdout] 
[INFO] [stdout] For more information about an error, try `rustc --explain E0061`.
[INFO] [stdout] 
[INFO] [stderr] error: could not compile `stable-intrinsics` (lib test) due to 6 previous errors
[INFO] running `Command { std: "docker" "inspect" "3fc0ba7b471d094e5db9c5cfbe4622ff47296275561d3c881e953cc7efe433c5", kill_on_drop: false }`
[INFO] running `Command { std: "docker" "rm" "-f" "3fc0ba7b471d094e5db9c5cfbe4622ff47296275561d3c881e953cc7efe433c5", kill_on_drop: false }`
[INFO] [stdout] 3fc0ba7b471d094e5db9c5cfbe4622ff47296275561d3c881e953cc7efe433c5
