[INFO] cloning repository https://github.com/eaasna/simulate
[INFO] running `Command { std: "git" "-c" "credential.helper=" "-c" "credential.helper=/workspace/cargo-home/bin/git-credential-null" "clone" "--bare" "https://github.com/eaasna/simulate" "/workspace/cache/git-repos/https%3A%2F%2Fgithub.com%2Feaasna%2Fsimulate", kill_on_drop: false }`
[INFO] [stderr] Cloning into bare repository '/workspace/cache/git-repos/https%3A%2F%2Fgithub.com%2Feaasna%2Fsimulate'...
[INFO] running `Command { std: "git" "rev-parse" "HEAD", kill_on_drop: false }`
[INFO] [stdout] 7dc6fdd704850887a186f864a4a3ede3bc8791c4
[INFO] checking eaasna/simulate against 4d7c0cd298ace72490220301fa543d63a154f8ce for pr-164789
[INFO] running `Command { std: "git" "clone" "/workspace/cache/git-repos/https%3A%2F%2Fgithub.com%2Feaasna%2Fsimulate" "/workspace/builds/worker-0-tc2/source", kill_on_drop: false }`
[INFO] [stderr] Cloning into '/workspace/builds/worker-0-tc2/source'...
[INFO] [stderr] done.
[INFO] started tweaking git repo https://github.com/eaasna/simulate
[INFO] finished tweaking git repo https://github.com/eaasna/simulate
[INFO] tweaked toml for git repo https://github.com/eaasna/simulate written to /workspace/builds/worker-0-tc2/source/Cargo.toml
[INFO] validating manifest of git repo https://github.com/eaasna/simulate on toolchain 4d7c0cd298ace72490220301fa543d63a154f8ce
[INFO] running `Command { std: CARGO_HOME="/workspace/cargo-home" RUSTUP_HOME="/workspace/rustup-home" "/workspace/cargo-home/bin/cargo" "+4d7c0cd298ace72490220301fa543d63a154f8ce" "metadata" "--manifest-path" "Cargo.toml" "--no-deps", kill_on_drop: false }`
[INFO] crate git repo https://github.com/eaasna/simulate already has a lockfile, it will not be regenerated
[INFO] running `Command { std: CARGO_HOME="/workspace/cargo-home" RUSTUP_HOME="/workspace/rustup-home" "/workspace/cargo-home/bin/cargo" "+4d7c0cd298ace72490220301fa543d63a154f8ce" "fetch" "--manifest-path" "Cargo.toml", kill_on_drop: false }`
[INFO] [stderr]     Blocking waiting for file lock on package cache
[INFO] [stderr]     Updating crates.io index
[INFO] [stderr]     Blocking waiting for file lock on package cache
[ERROR] error running command: no output for 300 seconds
[INFO] checking eaasna/simulate against 4d7c0cd298ace72490220301fa543d63a154f8ce for pr-164789
[INFO] running `Command { std: "git" "clone" "/workspace/cache/git-repos/https%3A%2F%2Fgithub.com%2Feaasna%2Fsimulate" "/workspace/builds/worker-0-tc2/source", kill_on_drop: false }`
[INFO] [stderr] Cloning into '/workspace/builds/worker-0-tc2/source'...
[INFO] [stderr] done.
[INFO] started tweaking git repo https://github.com/eaasna/simulate
[INFO] finished tweaking git repo https://github.com/eaasna/simulate
[INFO] tweaked toml for git repo https://github.com/eaasna/simulate written to /workspace/builds/worker-0-tc2/source/Cargo.toml
[INFO] validating manifest of git repo https://github.com/eaasna/simulate on toolchain 4d7c0cd298ace72490220301fa543d63a154f8ce
[INFO] running `Command { std: CARGO_HOME="/workspace/cargo-home" RUSTUP_HOME="/workspace/rustup-home" "/workspace/cargo-home/bin/cargo" "+4d7c0cd298ace72490220301fa543d63a154f8ce" "metadata" "--manifest-path" "Cargo.toml" "--no-deps", kill_on_drop: false }`
[INFO] crate git repo https://github.com/eaasna/simulate already has a lockfile, it will not be regenerated
[INFO] running `Command { std: CARGO_HOME="/workspace/cargo-home" RUSTUP_HOME="/workspace/rustup-home" "/workspace/cargo-home/bin/cargo" "+4d7c0cd298ace72490220301fa543d63a154f8ce" "fetch" "--manifest-path" "Cargo.toml", kill_on_drop: false }`
[INFO] [stderr]     Blocking waiting for file lock on package cache
[INFO] [stderr]     Blocking waiting for file lock on package cache
[INFO] [stderr]  Downloading crates ...
[INFO] [stderr]   Downloaded bitflags v2.9.2
[INFO] [stderr]   Downloaded rand v0.9.2
[INFO] [stderr]   Downloaded rand_core v0.9.3
[INFO] [stderr]   Downloaded getrandom v0.3.3
[INFO] [stderr]   Downloaded num-complex v0.4.6
[INFO] [stderr]   Downloaded approx v0.5.1
[INFO] [stderr]   Downloaded nalgebra-macros v0.1.0
[INFO] [stderr]   Downloaded anstyle-wincon v3.0.9
[INFO] [stderr]   Downloaded fixedbitset v0.2.0
[INFO] [stderr]   Downloaded vec_map v0.8.2
[INFO] [stderr]   Downloaded newtype_derive v0.1.6
[INFO] [stderr]   Downloaded feature-probe v0.1.1
[INFO] [stderr]   Downloaded rustc_version v0.1.7
[INFO] [stderr]   Downloaded bit-set v0.5.3
[INFO] [stderr]   Downloaded multimap v0.9.1
[INFO] [stderr]   Downloaded enum-map-derive v0.17.0
[INFO] [stderr]   Downloaded editdistancek v1.0.2
[INFO] [stderr]   Downloaded custom_derive v0.1.7
[INFO] [stderr]   Downloaded anstyle-query v1.1.3
[INFO] [stderr]   Downloaded num-rational v0.4.2
[INFO] [stderr]   Downloaded itertools-num v0.1.3
[INFO] [stderr]   Downloaded csv-core v0.1.12
[INFO] [stderr]   Downloaded bio-types v1.0.4
[INFO] [stderr]   Downloaded rawpointer v0.2.1
[INFO] [stderr]   Downloaded rand_chacha v0.9.0
[INFO] [stderr]   Downloaded bytecount v0.6.9
[INFO] [stderr]   Downloaded derive-new v0.6.0
[INFO] [stderr]   Downloaded strum v0.25.0
[INFO] [stderr]   Downloaded cfg-if v1.0.1
[INFO] [stderr]   Downloaded anstream v0.6.19
[INFO] [stderr]   Downloaded rustversion v1.0.21
[INFO] [stderr]   Downloaded strum_macros v0.25.3
[INFO] [stderr]   Downloaded semver v0.1.20
[INFO] [stderr]   Downloaded num-integer v0.1.46
[INFO] [stderr]   Downloaded bv v0.11.1
[INFO] [stderr]   Downloaded ppv-lite86 v0.2.21
[INFO] [stderr]   Downloaded enum-map v2.7.3
[INFO] [stderr]   Downloaded bit-vec v0.6.3
[INFO] [stderr]   Downloaded clap_derive v4.5.41
[INFO] [stderr]   Downloaded triple_accel v0.4.0
[INFO] [stderr]   Downloaded getrandom v0.2.16
[INFO] [stderr]   Downloaded simba v0.6.0
[INFO] [stderr]   Downloaded matrixmultiply v0.3.10
[INFO] [stderr]   Downloaded anyhow v1.0.98
[INFO] [stderr]   Downloaded safe_arch v0.7.4
[INFO] [stderr]   Downloaded ordered-float v3.9.2
[INFO] [stderr]   Downloaded clap v4.5.42
[INFO] [stderr]   Downloaded bytemuck v1.23.1
[INFO] [stderr]   Downloaded rand_distr v0.4.3
[INFO] [stderr]   Downloaded memchr v2.7.5
[INFO] [stderr]   Downloaded zerocopy-derive v0.8.26
[INFO] [stderr]   Downloaded wide v0.7.33
[INFO] [stderr]   Downloaded itertools v0.9.0
[INFO] [stderr]   Downloaded statrs v0.16.1
[INFO] [stderr]   Downloaded petgraph v0.5.1
[INFO] [stderr]   Downloaded libm v0.2.15
[INFO] [stderr]   Downloaded clap_builder v4.5.42
[INFO] [stderr]   Downloaded bio v1.6.0
[INFO] [stderr]   Downloaded zerocopy v0.8.26
[INFO] [stderr]   Downloaded ndarray v0.15.6
[INFO] [stderr]   Downloaded syn v2.0.104
[INFO] [stderr]   Downloaded nalgebra v0.29.0
[INFO] [stderr]   Downloaded libc v0.2.174
[INFO] [stderr]   Downloaded csv v1.3.1
[INFO] running `Command { std: "docker" "create" "-v" "/var/lib/crater-agent-workspace/builds/worker-0-tc2/source:/opt/rustwide/workdir:ro,Z" "-v" "/var/lib/crater-agent-workspace/builds/worker-0-tc2/target:/opt/rustwide/target:rw,Z" "-v" "/var/lib/crater-agent-workspace/cargo-home:/opt/rustwide/cargo-home:ro,Z" "-v" "/var/lib/crater-agent-workspace/rustup-home:/opt/rustwide/rustup-home:ro,Z" "-m" "1610612736" "--network" "none" "ghcr.io/rust-lang/crates-build-env/linux@sha256:c0af3998e971868164375a7dfb646c9933ddd1a3bdb00fa2041266763dc1eeab" "sleep" "infinity", kill_on_drop: false }`
[INFO] [stdout] 096555f9b1e3c905cd52c3cf583c79f5b6a225d62d8a420de2594dcc9fa8e6c2
[INFO] running `Command { std: "docker" "start" "096555f9b1e3c905cd52c3cf583c79f5b6a225d62d8a420de2594dcc9fa8e6c2", kill_on_drop: false }`
[INFO] running `Command { std: "docker" "inspect" "096555f9b1e3c905cd52c3cf583c79f5b6a225d62d8a420de2594dcc9fa8e6c2", kill_on_drop: false }`
[INFO] running `Command { std: "docker" "exec" "-e" "SOURCE_DIR=/opt/rustwide/workdir" "-e" "CARGO_HOME=/opt/rustwide/cargo-home" "-e" "RUSTUP_HOME=/opt/rustwide/rustup-home" "-e" "CARGO_TARGET_DIR=/opt/rustwide/target" "-w" "/opt/rustwide/workdir" "--user" "0:0" "096555f9b1e3c905cd52c3cf583c79f5b6a225d62d8a420de2594dcc9fa8e6c2" "/opt/rustwide/cargo-home/bin/cargo" "+4d7c0cd298ace72490220301fa543d63a154f8ce" "metadata" "--no-deps" "--format-version=1", kill_on_drop: false }`
[INFO] running `Command { std: "docker" "inspect" "096555f9b1e3c905cd52c3cf583c79f5b6a225d62d8a420de2594dcc9fa8e6c2", kill_on_drop: false }`
[INFO] running `Command { std: "docker" "exec" "-e" "SOURCE_DIR=/opt/rustwide/workdir" "-e" "CARGO_HOME=/opt/rustwide/cargo-home" "-e" "RUSTUP_HOME=/opt/rustwide/rustup-home" "-e" "CARGO_TARGET_DIR=/opt/rustwide/target" "-e" "CARGO_INCREMENTAL=0" "-e" "RUST_BACKTRACE=full" "-e" "RUSTFLAGS=--cap-lints=forbid" "-e" "RUSTDOCFLAGS=--cap-lints=forbid" "-w" "/opt/rustwide/workdir" "--user" "0:0" "096555f9b1e3c905cd52c3cf583c79f5b6a225d62d8a420de2594dcc9fa8e6c2" "/opt/rustwide/cargo-home/bin/cargo" "+4d7c0cd298ace72490220301fa543d63a154f8ce" "check" "--frozen" "--all" "--all-targets" "--message-format=json", kill_on_drop: false }`
[INFO] [stderr]    Compiling proc-macro2 v1.0.95
[INFO] [stderr]    Compiling unicode-ident v1.0.18
[INFO] [stderr]    Compiling autocfg v1.5.0
[INFO] [stderr]    Compiling libm v0.2.15
[INFO] [stderr]    Compiling libc v0.2.174
[INFO] [stderr]     Checking cfg-if v1.0.1
[INFO] [stderr]    Compiling zerocopy v0.8.26
[INFO] [stderr]    Compiling serde v1.0.219
[INFO] [stderr]     Checking memchr v2.7.5
[INFO] [stderr]    Compiling syn v1.0.109
[INFO] [stderr]     Checking bytemuck v1.23.1
[INFO] [stderr]    Compiling rustversion v1.0.21
[INFO] [stderr]    Compiling paste v1.0.15
[INFO] [stderr]     Checking rawpointer v0.2.1
[INFO] [stderr]    Compiling typenum v1.18.0
[INFO] [stderr]    Compiling getrandom v0.3.3
[INFO] [stderr]    Compiling semver v0.1.20
[INFO] [stderr]     Checking regex-syntax v0.8.5
[INFO] [stderr]    Compiling feature-probe v0.1.1
[INFO] [stderr]    Compiling rustc_version v0.1.7
[INFO] [stderr]     Checking utf8parse v0.2.2
[INFO] [stderr]    Compiling thiserror v1.0.69
[INFO] [stderr]    Compiling bv v0.11.1
[INFO] [stderr]     Checking safe_arch v0.7.4
[INFO] [stderr]     Checking anstyle-parse v0.2.7
[INFO] [stderr]    Compiling newtype_derive v0.1.6
[INFO] [stderr]     Checking lazy_static v1.5.0
[INFO] [stderr]     Checking colorchoice v1.0.4
[INFO] [stderr]     Checking is_terminal_polyfill v1.70.1
[INFO] [stderr]     Checking hashbrown v0.12.3
[INFO] [stderr]     Checking anstyle v1.0.11
[INFO] [stderr]    Compiling anyhow v1.0.98
[INFO] [stderr]     Checking anstyle-query v1.1.3
[INFO] [stderr]     Checking clap_lex v0.7.5
[INFO] [stderr]     Checking anstream v0.6.19
[INFO] [stderr]    Compiling heck v0.4.1
[INFO] [stderr]     Checking either v1.15.0
[INFO] [stderr]     Checking fixedbitset v0.2.0
[INFO] [stderr]    Compiling num-traits v0.2.19
[INFO] [stderr]    Compiling matrixmultiply v0.3.10
[INFO] [stderr]    Compiling indexmap v1.9.3
[INFO] [stderr]     Checking wide v0.7.33
[INFO] [stderr]     Checking bit-vec v0.6.3
[INFO] [stderr]     Checking strsim v0.11.1
[INFO] [stderr]    Compiling quote v1.0.40
[INFO] [stderr]     Checking itoa v1.0.15
[INFO] [stderr]     Checking aho-corasick v1.1.3
[INFO] [stderr]     Checking csv-core v0.1.12
[INFO] [stderr]     Checking byteorder v1.5.0
[INFO] [stderr]     Checking ryu v1.0.20
[INFO] [stderr]     Checking bit-set v0.5.3
[INFO] [stderr]     Checking clap_builder v4.5.42
[INFO] [stderr]     Checking fxhash v0.2.1
[INFO] [stderr]    Compiling syn v2.0.104
[INFO] [stderr]     Checking itertools v0.9.0
[INFO] [stderr]     Checking custom_derive v0.1.7
[INFO] [stderr]     Checking editdistancek v1.0.2
[INFO] [stderr]     Checking triple_accel v0.4.0
[INFO] [stderr]     Checking bytecount v0.6.9
[INFO] [stderr]     Checking strum v0.25.0
[INFO] [stderr]     Checking getrandom v0.2.16
[INFO] [stderr]     Checking petgraph v0.5.1
[INFO] [stderr]     Checking rand_core v0.6.4
[INFO] [stderr]     Checking rand_core v0.9.3
[INFO] [stderr]     Checking num-integer v0.1.46
[INFO] [stderr]     Checking num-complex v0.4.6
[INFO] [stderr]     Checking approx v0.5.1
[INFO] [stderr]     Checking itertools-num v0.1.3
[INFO] [stderr]     Checking ordered-float v3.9.2
[INFO] [stderr]     Checking ppv-lite86 v0.2.21
[INFO] [stderr]     Checking num-rational v0.4.2
[INFO] [stderr]     Checking regex-automata v0.4.9
[INFO] [stderr]     Checking rand_chacha v0.3.1
[INFO] [stderr]     Checking rand_chacha v0.9.0
[INFO] [stderr]     Checking ndarray v0.15.6
[INFO] [stderr]     Checking rand v0.8.5
[INFO] [stderr]     Checking rand v0.9.2
[INFO] [stderr]     Checking simba v0.6.0
[INFO] [stderr]     Checking rand_distr v0.4.3
[INFO] [stderr]    Compiling nalgebra-macros v0.1.0
[INFO] [stderr]     Checking regex v1.11.1
[INFO] [stderr]    Compiling serde_derive v1.0.219
[INFO] [stderr]    Compiling thiserror-impl v1.0.69
[INFO] [stderr]    Compiling enum-map-derive v0.17.0
[INFO] [stderr]    Compiling strum_macros v0.26.4
[INFO] [stderr]    Compiling derive-new v0.6.0
[INFO] [stderr]    Compiling strum_macros v0.25.3
[INFO] [stderr]    Compiling clap_derive v4.5.41
[INFO] [stderr]     Checking enum-map v2.7.3
[INFO] [stderr]     Checking bio-types v1.0.4
[INFO] [stderr]     Checking clap v4.5.42
[INFO] [stderr]     Checking nalgebra v0.29.0
[INFO] [stderr]     Checking vec_map v0.8.2
[INFO] [stderr]     Checking multimap v0.9.1
[INFO] [stderr]     Checking csv v1.3.1
[INFO] [stderr]     Checking statrs v0.16.1
[INFO] [stderr]     Checking bio v1.6.0
[INFO] [stderr]     Checking markov_genome v0.1.0 (/opt/rustwide/workdir)
[INFO] [stdout] error[E0583]: file not found for module `sequence_model`
[INFO] [stdout]   --> src/main.rs:16:1
[INFO] [stdout]    |
[INFO] [stdout] 16 | mod sequence_model;
[INFO] [stdout]    | ^^^^^^^^^^^^^^^^^^^
[INFO] [stdout]    |
[INFO] [stdout]    = help: to create the module `sequence_model`, create file "src/sequence_model.rs" or "src/sequence_model/mod.rs"
[INFO] [stdout]    = note: if there is a `mod sequence_model` elsewhere in the crate already, import it with `use crate::...` instead
[INFO] [stdout] 
[INFO] [stdout] 
[INFO] [stdout] error[E0583]: file not found for module `sequence_model`
[INFO] [stdout]   --> src/main.rs:16:1
[INFO] [stdout]    |
[INFO] [stdout] 16 | mod sequence_model;
[INFO] [stdout]    | ^^^^^^^^^^^^^^^^^^^
[INFO] [stdout]    |
[INFO] [stdout]    = help: to create the module `sequence_model`, create file "src/sequence_model.rs" or "src/sequence_model/mod.rs"
[INFO] [stdout]    = note: if there is a `mod sequence_model` elsewhere in the crate already, import it with `use crate::...` instead
[INFO] [stdout] 
[INFO] [stdout] 
[INFO] [stdout] For more information about this error, try `rustc --explain E0583`.
[INFO] [stdout] 
[INFO] [stdout] For more information about this error, try `rustc --explain E0583`.
[INFO] [stdout] 
[INFO] [stderr] error: could not compile `markov_genome` (bin "markov_genome") due to 1 previous error
[INFO] [stderr] warning: build failed, waiting for other jobs to finish...
[INFO] [stderr] error: could not compile `markov_genome` (bin "markov_genome" test) due to 1 previous error
[INFO] running `Command { std: "docker" "inspect" "096555f9b1e3c905cd52c3cf583c79f5b6a225d62d8a420de2594dcc9fa8e6c2", kill_on_drop: false }`
[INFO] running `Command { std: "docker" "rm" "-f" "096555f9b1e3c905cd52c3cf583c79f5b6a225d62d8a420de2594dcc9fa8e6c2", kill_on_drop: false }`
[INFO] [stdout] 096555f9b1e3c905cd52c3cf583c79f5b6a225d62d8a420de2594dcc9fa8e6c2
