[INFO] cloning repository https://github.com/dnlzrgz/realworld-axum-sqlx
[INFO] running `Command { std: "git" "-c" "credential.helper=" "-c" "credential.helper=/workspace/cargo-home/bin/git-credential-null" "clone" "--bare" "https://github.com/dnlzrgz/realworld-axum-sqlx" "/workspace/cache/git-repos/https%3A%2F%2Fgithub.com%2Fdnlzrgz%2Frealworld-axum-sqlx", kill_on_drop: false }`
[INFO] [stderr] Cloning into bare repository '/workspace/cache/git-repos/https%3A%2F%2Fgithub.com%2Fdnlzrgz%2Frealworld-axum-sqlx'...
[INFO] running `Command { std: "git" "rev-parse" "HEAD", kill_on_drop: false }`
[INFO] [stdout] 5201ab9bf4adca85ae9720fa9511086a2f57b7c2
[INFO] checking dnlzrgz/realworld-axum-sqlx against 4d7c0cd298ace72490220301fa543d63a154f8ce for pr-164789
[INFO] running `Command { std: "git" "clone" "/workspace/cache/git-repos/https%3A%2F%2Fgithub.com%2Fdnlzrgz%2Frealworld-axum-sqlx" "/workspace/builds/worker-4-tc2/source", kill_on_drop: false }`
[INFO] [stderr] Cloning into '/workspace/builds/worker-4-tc2/source'...
[INFO] [stderr] done.
[INFO] started tweaking git repo https://github.com/dnlzrgz/realworld-axum-sqlx
[INFO] finished tweaking git repo https://github.com/dnlzrgz/realworld-axum-sqlx
[INFO] tweaked toml for git repo https://github.com/dnlzrgz/realworld-axum-sqlx written to /workspace/builds/worker-4-tc2/source/Cargo.toml
[INFO] validating manifest of git repo https://github.com/dnlzrgz/realworld-axum-sqlx on toolchain 4d7c0cd298ace72490220301fa543d63a154f8ce
[INFO] running `Command { std: CARGO_HOME="/workspace/cargo-home" RUSTUP_HOME="/workspace/rustup-home" "/workspace/cargo-home/bin/cargo" "+4d7c0cd298ace72490220301fa543d63a154f8ce" "metadata" "--manifest-path" "Cargo.toml" "--no-deps", kill_on_drop: false }`
[INFO] crate git repo https://github.com/dnlzrgz/realworld-axum-sqlx already has a lockfile, it will not be regenerated
[INFO] running `Command { std: CARGO_HOME="/workspace/cargo-home" RUSTUP_HOME="/workspace/rustup-home" "/workspace/cargo-home/bin/cargo" "+4d7c0cd298ace72490220301fa543d63a154f8ce" "fetch" "--manifest-path" "Cargo.toml", kill_on_drop: false }`
[INFO] [stderr]     Blocking waiting for file lock on package cache
[INFO] [stderr]     Blocking waiting for file lock on package cache
[INFO] [stderr]  Downloading crates ...
[INFO] [stderr]   Downloaded zerocopy-derive v0.8.53
[INFO] [stderr]   Downloaded zerocopy v0.8.53
[INFO] running `Command { std: "docker" "create" "-v" "/var/lib/crater-agent-workspace/builds/worker-4-tc2/source:/opt/rustwide/workdir:ro,Z" "-v" "/var/lib/crater-agent-workspace/builds/worker-4-tc2/target:/opt/rustwide/target:rw,Z" "-v" "/var/lib/crater-agent-workspace/cargo-home:/opt/rustwide/cargo-home:ro,Z" "-v" "/var/lib/crater-agent-workspace/rustup-home:/opt/rustwide/rustup-home:ro,Z" "-m" "1610612736" "--network" "none" "ghcr.io/rust-lang/crates-build-env/linux@sha256:c0af3998e971868164375a7dfb646c9933ddd1a3bdb00fa2041266763dc1eeab" "sleep" "infinity", kill_on_drop: false }`
[INFO] [stdout] 1c6946c678ef9b1db700006eb59a050bcbb46b6149cdda678eb8a6428fa03cc9
[INFO] running `Command { std: "docker" "start" "1c6946c678ef9b1db700006eb59a050bcbb46b6149cdda678eb8a6428fa03cc9", kill_on_drop: false }`
[INFO] running `Command { std: "docker" "inspect" "1c6946c678ef9b1db700006eb59a050bcbb46b6149cdda678eb8a6428fa03cc9", kill_on_drop: false }`
[INFO] running `Command { std: "docker" "exec" "-e" "SOURCE_DIR=/opt/rustwide/workdir" "-e" "CARGO_HOME=/opt/rustwide/cargo-home" "-e" "RUSTUP_HOME=/opt/rustwide/rustup-home" "-e" "CARGO_TARGET_DIR=/opt/rustwide/target" "-w" "/opt/rustwide/workdir" "--user" "0:0" "1c6946c678ef9b1db700006eb59a050bcbb46b6149cdda678eb8a6428fa03cc9" "/opt/rustwide/cargo-home/bin/cargo" "+4d7c0cd298ace72490220301fa543d63a154f8ce" "metadata" "--no-deps" "--format-version=1", kill_on_drop: false }`
[INFO] running `Command { std: "docker" "inspect" "1c6946c678ef9b1db700006eb59a050bcbb46b6149cdda678eb8a6428fa03cc9", kill_on_drop: false }`
[INFO] running `Command { std: "docker" "exec" "-e" "SOURCE_DIR=/opt/rustwide/workdir" "-e" "CARGO_HOME=/opt/rustwide/cargo-home" "-e" "RUSTUP_HOME=/opt/rustwide/rustup-home" "-e" "CARGO_TARGET_DIR=/opt/rustwide/target" "-e" "CARGO_INCREMENTAL=0" "-e" "RUST_BACKTRACE=full" "-e" "RUSTFLAGS=--cap-lints=forbid" "-e" "RUSTDOCFLAGS=--cap-lints=forbid" "-w" "/opt/rustwide/workdir" "--user" "0:0" "1c6946c678ef9b1db700006eb59a050bcbb46b6149cdda678eb8a6428fa03cc9" "/opt/rustwide/cargo-home/bin/cargo" "+4d7c0cd298ace72490220301fa543d63a154f8ce" "check" "--frozen" "--all" "--all-targets" "--message-format=json", kill_on_drop: false }`
[INFO] [stderr]    Compiling typenum v1.20.1
[INFO] [stderr]     Checking base64ct v1.8.3
[INFO] [stderr]    Compiling crossbeam-utils v0.8.22
[INFO] [stderr]    Compiling libc v0.2.186
[INFO] [stderr]    Compiling num-traits v0.2.19
[INFO] [stderr]    Compiling syn v2.0.118
[INFO] [stderr]    Compiling serde_json v1.0.150
[INFO] [stderr]    Compiling litemap v0.8.2
[INFO] [stderr]    Compiling writeable v0.6.3
[INFO] [stderr]     Checking futures-sink v0.3.32
[INFO] [stderr]    Compiling cmov v0.5.4
[INFO] [stderr]    Compiling pin-project-lite v0.2.17
[INFO] [stderr]    Compiling icu_properties_data v2.2.0
[INFO] [stderr]     Checking mio v1.2.1
[INFO] [stderr]     Checking socket2 v0.6.4
[INFO] [stderr]    Compiling icu_normalizer_data v2.2.0
[INFO] [stderr]     Checking futures-channel v0.3.32
[INFO] [stderr]    Compiling ctutils v0.4.2
[INFO] [stderr]    Compiling futures-core v0.3.32
[INFO] [stderr]     Checking pem-rfc7468 v0.7.0
[INFO] [stderr]    Compiling zerocopy v0.8.53
[INFO] [stderr]     Checking crypto-common v0.2.2
[INFO] [stderr]     Checking block-buffer v0.12.1
[INFO] [stderr]     Checking ff v0.13.1
[INFO] [stderr]    Compiling tinyvec_macros v0.1.1
[INFO] [stderr]    Compiling cpufeatures v0.3.0
[INFO] [stderr]    Compiling foldhash v0.2.0
[INFO] [stderr]    Compiling rand_core v0.10.1
[INFO] [stderr]    Compiling bytes v1.12.1
[INFO] [stderr]    Compiling thiserror v2.0.18
[INFO] [stderr]    Compiling hashbrown v0.16.1
[INFO] [stderr]    Compiling tinyvec v1.11.0
[INFO] [stderr]    Compiling form_urlencoded v1.2.2
[INFO] [stderr]    Compiling tracing-core v0.1.36
[INFO] [stderr]     Checking group v0.13.0
[INFO] [stderr]     Checking http-body v1.0.1
[INFO] [stderr]    Compiling crc-catalog v2.5.0
[INFO] [stderr]    Compiling log v0.4.33
[INFO] [stderr]    Compiling futures-io v0.3.32
[INFO] [stderr]    Compiling slab v0.4.12
[INFO] [stderr]     Checking spin v0.9.8
[INFO] [stderr]    Compiling concurrent-queue v2.5.0
[INFO] [stderr]     Checking digest v0.11.3
[INFO] [stderr]    Compiling futures-task v0.3.32
[INFO] [stderr]    Compiling iana-time-zone v0.1.65
[INFO] [stderr]     Checking num-integer v0.1.46
[INFO] [stderr]    Compiling event-listener v5.4.1
[INFO] [stderr]    Compiling crossbeam-queue v0.3.13
[INFO] [stderr]    Compiling crc v3.4.0
[INFO] [stderr]     Checking lazy_static v1.5.0
[INFO] [stderr]    Compiling futures-util v0.3.32
[INFO] [stderr]    Compiling getrandom v0.4.3
[INFO] [stderr]    Compiling unicode-normalization v0.1.25
[INFO] [stderr]    Compiling chacha20 v0.10.1
[INFO] [stderr]    Compiling hashlink v0.11.1
[INFO] [stderr]    Compiling uuid v1.23.4
[INFO] [stderr]    Compiling unicode-bidi v0.3.18
[INFO] [stderr]    Compiling unicode-properties v0.1.4
[INFO] [stderr]    Compiling tokio v1.52.3
[INFO] [stderr]    Compiling base64 v0.22.1
[INFO] [stderr]    Compiling rand v0.10.2
[INFO] [stderr]    Compiling chrono v0.4.45
[INFO] [stderr]    Compiling atoi v2.0.0
[INFO] [stderr]    Compiling byteorder v1.5.0
[INFO] [stderr]    Compiling bitflags v2.13.0
[INFO] [stderr]    Compiling stringprep v0.1.5
[INFO] [stderr]    Compiling num-bigint-dig v0.8.6
[INFO] [stderr]    Compiling whoami v2.1.2
[INFO] [stderr]    Compiling time-macros v0.2.31
[INFO] [stderr]     Checking num-iter v0.1.46
[INFO] [stderr]     Checking hmac v0.13.0
[INFO] [stderr]    Compiling hybrid-array v0.4.13
[INFO] [stderr]    Compiling generic-array v0.14.9
[INFO] [stderr]     Checking hkdf v0.13.0
[INFO] [stderr]     Checking num-bigint v0.4.8
[INFO] [stderr]     Checking sha2 v0.11.0
[INFO] [stderr]     Checking md-5 v0.11.0
[INFO] [stderr]     Checking http-body-util v0.1.3
[INFO] [stderr]    Compiling anyhow v1.0.103
[INFO] [stderr]     Checking pem v3.0.6
[INFO] [stderr]     Checking sharded-slab v0.1.7
[INFO] [stderr]     Checking password-hash v0.5.0
[INFO] [stderr]    Compiling block-buffer v0.10.4
[INFO] [stderr]    Compiling crypto-common v0.1.6
[INFO] [stderr]     Checking serde_path_to_error v0.1.20
[INFO] [stderr]    Compiling digest v0.10.7
[INFO] [stderr]    Compiling sha2 v0.10.9
[INFO] [stderr]     Checking time v0.3.53
[INFO] [stderr]    Compiling synstructure v0.13.2
[INFO] [stderr]    Compiling serde_derive v1.0.228
[INFO] [stderr]    Compiling zeroize_derive v1.5.0
[INFO] [stderr]    Compiling zerovec-derive v0.11.3
[INFO] [stderr]    Compiling displaydoc v0.2.6
[INFO] [stderr]    Compiling tracing-attributes v0.1.31
[INFO] [stderr]    Compiling thiserror-impl v2.0.18
[INFO] [stderr]    Compiling tokio-macros v2.7.0
[INFO] [stderr]    Compiling futures-macro v0.3.32
[INFO] [stderr]    Compiling curve25519-dalek-derive v0.1.1
[INFO] [stderr]    Compiling clap_derive v4.6.1
[INFO] [stderr]    Compiling zerofrom-derive v0.1.7
[INFO] [stderr]    Compiling yoke-derive v0.8.2
[INFO] [stderr]     Checking zeroize v1.9.0
[INFO] [stderr]     Checking ppv-lite86 v0.2.21
[INFO] [stderr]     Checking der v0.7.10
[INFO] [stderr]     Checking tracing v0.1.44
[INFO] [stderr]    Compiling zerofrom v0.1.8
[INFO] [stderr]     Checking crypto-bigint v0.5.5
[INFO] [stderr]     Checking axum-core v0.5.6
[INFO] [stderr]     Checking tower-http v0.7.0
[INFO] [stderr]     Checking rand_chacha v0.3.1
[INFO] [stderr]     Checking simple_asn1 v0.6.4
[INFO] [stderr]     Checking clap v4.6.1
[INFO] [stderr]    Compiling yoke v0.8.3
[INFO] [stderr]    Compiling tokio-stream v0.1.18
[INFO] [stderr]     Checking rand v0.8.6
[INFO] [stderr]     Checking hmac v0.12.1
[INFO] [stderr]    Compiling zerovec v0.11.6
[INFO] [stderr]    Compiling zerotrie v0.2.4
[INFO] [stderr]     Checking signature v2.2.0
[INFO] [stderr]     Checking hkdf v0.12.4
[INFO] [stderr]     Checking rfc6979 v0.4.0
[INFO] [stderr]     Checking curve25519-dalek v4.1.3
[INFO] [stderr]     Checking blake2 v0.10.6
[INFO] [stderr]     Checking spki v0.7.3
[INFO] [stderr]     Checking argon2 v0.5.3
[INFO] [stderr]     Checking pkcs8 v0.10.2
[INFO] [stderr]     Checking sec1 v0.7.3
[INFO] [stderr]     Checking ed25519 v2.2.3
[INFO] [stderr]     Checking pkcs1 v0.7.5
[INFO] [stderr]     Checking tinystr v0.8.3
[INFO] [stderr]     Checking potential_utf v0.1.5
[INFO] [stderr]     Checking icu_collections v2.2.0
[INFO] [stderr]     Checking icu_locale_core v2.2.0
[INFO] [stderr]     Checking serde v1.0.228
[INFO] [stderr]     Checking elliptic-curve v0.13.8
[INFO] [stderr]     Checking ecdsa v0.16.9
[INFO] [stderr]     Checking primeorder v0.13.6
[INFO] [stderr]    Compiling smallvec v1.15.2
[INFO] [stderr]    Compiling either v1.16.0
[INFO] [stderr]     Checking serde_urlencoded v0.7.1
[INFO] [stderr]     Checking icu_provider v2.2.0
[INFO] [stderr]    Compiling parking_lot_core v0.9.12
[INFO] [stderr]     Checking ed25519-dalek v2.2.0
[INFO] [stderr]     Checking futures-executor v0.3.32
[INFO] [stderr]     Checking tracing-subscriber v0.3.23
[INFO] [stderr]     Checking futures v0.3.32
[INFO] [stderr]    Compiling parking_lot v0.12.5
[INFO] [stderr]     Checking icu_normalizer v2.2.0
[INFO] [stderr]     Checking icu_properties v2.2.0
[INFO] [stderr]    Compiling futures-intrusive v0.5.0
[INFO] [stderr]     Checking p384 v0.13.1
[INFO] [stderr]     Checking p256 v0.13.2
[INFO] [stderr]     Checking rsa v0.9.10
[INFO] [stderr]     Checking idna_adapter v1.2.2
[INFO] [stderr]     Checking idna v1.1.0
[INFO] [stderr]     Checking url v2.5.8
[INFO] [stderr]     Checking jsonwebtoken v10.4.0
[INFO] [stderr]     Checking hyper v1.10.1
[INFO] [stderr]     Checking tower v0.5.3
[INFO] [stderr]     Checking sqlx-core v0.9.0
[INFO] [stderr]     Checking hyper-util v0.1.20
[INFO] [stderr]     Checking axum v0.8.9
[INFO] [stderr]     Checking sqlx-postgres v0.9.0
[INFO] [stderr]    Compiling sqlx-macros-core v0.9.0
[INFO] [stderr]    Compiling sqlx-macros v0.9.0
[INFO] [stderr]     Checking sqlx v0.9.0
[INFO] [stderr]     Checking conduit v0.1.0 (/opt/rustwide/workdir)
[INFO] [stdout] error: set `DATABASE_URL` to use query macros online, or run `cargo sqlx prepare` to update the query cache
[INFO] [stdout]   --> src/articles/handlers.rs:23:19
[INFO] [stdout]    |
[INFO] [stdout] 23 |       let article = sqlx::query_as!(
[INFO] [stdout]    |  ___________________^
[INFO] [stdout] 24 | |         ArticleFromQuery,
[INFO] [stdout] 25 | |         r#"
[INFO] [stdout] 26 | |             with inserted_article as (
[INFO] [stdout] ...  |
[INFO] [stdout] 54 | |         &req.article.tag_list[..],
[INFO] [stdout] 55 | |     )
[INFO] [stdout]    | |_____^
[INFO] [stdout]    |
[INFO] [stdout]    = note: this error originates in the macro `$crate::sqlx_macros::expand_query` which comes from the expansion of the macro `sqlx::query_as` (in Nightly builds, run with -Z macro-backtrace for more info)
[INFO] [stdout] 
[INFO] [stdout] 
[INFO] [stdout] error: set `DATABASE_URL` to use query macros online, or run `cargo sqlx prepare` to update the query cache
[INFO] [stdout]   --> src/articles/handlers.rs:23:19
[INFO] [stdout]    |
[INFO] [stdout] 23 |       let article = sqlx::query_as!(
[INFO] [stdout]    |  ___________________^
[INFO] [stdout] 24 | |         ArticleFromQuery,
[INFO] [stdout] 25 | |         r#"
[INFO] [stdout] 26 | |             with inserted_article as (
[INFO] [stdout] ...  |
[INFO] [stdout] 54 | |         &req.article.tag_list[..],
[INFO] [stdout] 55 | |     )
[INFO] [stdout]    | |_____^
[INFO] [stdout]    |
[INFO] [stdout]    = note: this error originates in the macro `$crate::sqlx_macros::expand_query` which comes from the expansion of the macro `sqlx::query_as` (in Nightly builds, run with -Z macro-backtrace for more info)
[INFO] [stdout] 
[INFO] [stdout] 
[INFO] [stdout] error: set `DATABASE_URL` to use query macros online, or run `cargo sqlx prepare` to update the query cache
[INFO] [stdout]   --> src/articles/handlers.rs:75:24
[INFO] [stdout]    |
[INFO] [stdout] 75 |       let article_meta = sqlx::query!(
[INFO] [stdout]    |  ________________________^
[INFO] [stdout] 76 | |         "select article_id, user_id from articles where slug = $1 for update",
[INFO] [stdout] 77 | |         slug
[INFO] [stdout] 78 | |     )
[INFO] [stdout]    | |_____^
[INFO] [stdout]    |
[INFO] [stdout]    = note: this error originates in the macro `$crate::sqlx_macros::expand_query` which comes from the expansion of the macro `sqlx::query` (in Nightly builds, run with -Z macro-backtrace for more info)
[INFO] [stdout] 
[INFO] [stdout] 
[INFO] [stdout] error: set `DATABASE_URL` to use query macros online, or run `cargo sqlx prepare` to update the query cache
[INFO] [stdout]   --> src/articles/handlers.rs:75:24
[INFO] [stdout]    |
[INFO] [stdout] 75 |       let article_meta = sqlx::query!(
[INFO] [stdout]    |  ________________________^
[INFO] [stdout] 76 | |         "select article_id, user_id from articles where slug = $1 for update",
[INFO] [stdout] 77 | |         slug
[INFO] [stdout] 78 | |     )
[INFO] [stdout]    | |_____^
[INFO] [stdout]    |
[INFO] [stdout]    = note: this error originates in the macro `$crate::sqlx_macros::expand_query` which comes from the expansion of the macro `sqlx::query` (in Nightly builds, run with -Z macro-backtrace for more info)
[INFO] [stdout] 
[INFO] [stdout] 
[INFO] [stdout] error: set `DATABASE_URL` to use query macros online, or run `cargo sqlx prepare` to update the query cache
[INFO] [stdout]    --> src/articles/handlers.rs:87:19
[INFO] [stdout]     |
[INFO] [stdout]  87 |       let article = sqlx::query_as!(
[INFO] [stdout]     |  ___________________^
[INFO] [stdout]  88 | |         ArticleFromQuery,
[INFO] [stdout]  89 | |         r#"
[INFO] [stdout]  90 | |             with updated_article as (
[INFO] [stdout] ...   |
[INFO] [stdout] 128 | |         auth_user.user_id
[INFO] [stdout] 129 | |     )
[INFO] [stdout]     | |_____^
[INFO] [stdout]     |
[INFO] [stdout]     = note: this error originates in the macro `$crate::sqlx_macros::expand_query` which comes from the expansion of the macro `sqlx::query_as` (in Nightly builds, run with -Z macro-backtrace for more info)
[INFO] [stdout] 
[INFO] [stdout] 
[INFO] [stdout] error: set `DATABASE_URL` to use query macros online, or run `cargo sqlx prepare` to update the query cache
[INFO] [stdout]    --> src/articles/handlers.rs:145:18
[INFO] [stdout]     |
[INFO] [stdout] 145 |       let result = sqlx::query!(
[INFO] [stdout]     |  __________________^
[INFO] [stdout] 146 | |         r#"
[INFO] [stdout] 147 | |         with deleted_article as (
[INFO] [stdout] 148 | |             delete from articles
[INFO] [stdout] ...   |
[INFO] [stdout] 157 | |         auth_user.user_id
[INFO] [stdout] 158 | |     )
[INFO] [stdout]     | |_____^
[INFO] [stdout]     |
[INFO] [stdout]     = note: this error originates in the macro `$crate::sqlx_macros::expand_query` which comes from the expansion of the macro `sqlx::query` (in Nightly builds, run with -Z macro-backtrace for more info)
[INFO] [stdout] 
[INFO] [stdout] 
[INFO] [stdout] error: set `DATABASE_URL` to use query macros online, or run `cargo sqlx prepare` to update the query cache
[INFO] [stdout]    --> src/articles/handlers.rs:87:19
[INFO] [stdout]     |
[INFO] [stdout]  87 |       let article = sqlx::query_as!(
[INFO] [stdout]     |  ___________________^
[INFO] [stdout]  88 | |         ArticleFromQuery,
[INFO] [stdout]  89 | |         r#"
[INFO] [stdout]  90 | |             with updated_article as (
[INFO] [stdout] ...   |
[INFO] [stdout] 128 | |         auth_user.user_id
[INFO] [stdout] 129 | |     )
[INFO] [stdout]     | |_____^
[INFO] [stdout]     |
[INFO] [stdout]     = note: this error originates in the macro `$crate::sqlx_macros::expand_query` which comes from the expansion of the macro `sqlx::query_as` (in Nightly builds, run with -Z macro-backtrace for more info)
[INFO] [stdout] 
[INFO] [stdout] 
[INFO] [stdout] error: set `DATABASE_URL` to use query macros online, or run `cargo sqlx prepare` to update the query cache
[INFO] [stdout]    --> src/articles/handlers.rs:145:18
[INFO] [stdout]     |
[INFO] [stdout] 145 |       let result = sqlx::query!(
[INFO] [stdout]     |  __________________^
[INFO] [stdout] 146 | |         r#"
[INFO] [stdout] 147 | |         with deleted_article as (
[INFO] [stdout] 148 | |             delete from articles
[INFO] [stdout] ...   |
[INFO] [stdout] 157 | |         auth_user.user_id
[INFO] [stdout] 158 | |     )
[INFO] [stdout]     | |_____^
[INFO] [stdout]     |
[INFO] [stdout]     = note: this error originates in the macro `$crate::sqlx_macros::expand_query` which comes from the expansion of the macro `sqlx::query` (in Nightly builds, run with -Z macro-backtrace for more info)
[INFO] [stdout] 
[INFO] [stdout] 
[INFO] [stdout] error: set `DATABASE_URL` to use query macros online, or run `cargo sqlx prepare` to update the query cache
[INFO] [stdout]    --> src/articles/handlers.rs:176:19
[INFO] [stdout]     |
[INFO] [stdout] 176 |       let article = sqlx::query_as!(
[INFO] [stdout]     |  ___________________^
[INFO] [stdout] 177 | |         ArticleFromQuery,
[INFO] [stdout] 178 | |         r#"
[INFO] [stdout] 179 | |         select
[INFO] [stdout] ...   |
[INFO] [stdout] 207 | |         slug
[INFO] [stdout] 208 | |     )
[INFO] [stdout]     | |_____^
[INFO] [stdout]     |
[INFO] [stdout]     = note: this error originates in the macro `$crate::sqlx_macros::expand_query` which comes from the expansion of the macro `sqlx::query_as` (in Nightly builds, run with -Z macro-backtrace for more info)
[INFO] [stdout] 
[INFO] [stdout] 
[INFO] [stdout] error: set `DATABASE_URL` to use query macros online, or run `cargo sqlx prepare` to update the query cache
[INFO] [stdout]    --> src/articles/handlers.rs:176:19
[INFO] [stdout]     |
[INFO] [stdout] 176 |       let article = sqlx::query_as!(
[INFO] [stdout]     |  ___________________^
[INFO] [stdout] 177 | |         ArticleFromQuery,
[INFO] [stdout] 178 | |         r#"
[INFO] [stdout] 179 | |         select
[INFO] [stdout] ...   |
[INFO] [stdout] 207 | |         slug
[INFO] [stdout] 208 | |     )
[INFO] [stdout]     | |_____^
[INFO] [stdout]     |
[INFO] [stdout]     = note: this error originates in the macro `$crate::sqlx_macros::expand_query` which comes from the expansion of the macro `sqlx::query_as` (in Nightly builds, run with -Z macro-backtrace for more info)
[INFO] [stdout] 
[INFO] [stdout] 
[INFO] [stdout] error: set `DATABASE_URL` to use query macros online, or run `cargo sqlx prepare` to update the query cache
[INFO] [stdout]    --> src/articles/handlers.rs:222:19
[INFO] [stdout]     |
[INFO] [stdout] 222 |       let article = sqlx::query_as!(
[INFO] [stdout]     |  ___________________^
[INFO] [stdout] 223 | |         ArticleFromQuery,
[INFO] [stdout] 224 | |         r#"
[INFO] [stdout] 225 | |         with inserted_favorite as (
[INFO] [stdout] ...   |
[INFO] [stdout] 257 | |         auth_user.user_id
[INFO] [stdout] 258 | |     )
[INFO] [stdout]     | |_____^
[INFO] [stdout]     |
[INFO] [stdout]     = note: this error originates in the macro `$crate::sqlx_macros::expand_query` which comes from the expansion of the macro `sqlx::query_as` (in Nightly builds, run with -Z macro-backtrace for more info)
[INFO] [stdout] 
[INFO] [stdout] 
[INFO] [stdout] error: set `DATABASE_URL` to use query macros online, or run `cargo sqlx prepare` to update the query cache
[INFO] [stdout]    --> src/articles/handlers.rs:272:19
[INFO] [stdout]     |
[INFO] [stdout] 272 |       let article = sqlx::query_as!(
[INFO] [stdout]     |  ___________________^
[INFO] [stdout] 273 | |         ArticleFromQuery,
[INFO] [stdout] 274 | |         r#"
[INFO] [stdout] 275 | |         with deleted_favorite as (
[INFO] [stdout] ...   |
[INFO] [stdout] 309 | |         auth_user.user_id
[INFO] [stdout] 310 | |     )
[INFO] [stdout]     | |_____^
[INFO] [stdout]     |
[INFO] [stdout]     = note: this error originates in the macro `$crate::sqlx_macros::expand_query` which comes from the expansion of the macro `sqlx::query_as` (in Nightly builds, run with -Z macro-backtrace for more info)
[INFO] [stdout] 
[INFO] [stdout] 
[INFO] [stdout] error: set `DATABASE_URL` to use query macros online, or run `cargo sqlx prepare` to update the query cache
[INFO] [stdout]    --> src/articles/handlers.rs:222:19
[INFO] [stdout]     |
[INFO] [stdout] 222 |       let article = sqlx::query_as!(
[INFO] [stdout]     |  ___________________^
[INFO] [stdout] 223 | |         ArticleFromQuery,
[INFO] [stdout] 224 | |         r#"
[INFO] [stdout] 225 | |         with inserted_favorite as (
[INFO] [stdout] ...   |
[INFO] [stdout] 257 | |         auth_user.user_id
[INFO] [stdout] 258 | |     )
[INFO] [stdout]     | |_____^
[INFO] [stdout]     |
[INFO] [stdout]     = note: this error originates in the macro `$crate::sqlx_macros::expand_query` which comes from the expansion of the macro `sqlx::query_as` (in Nightly builds, run with -Z macro-backtrace for more info)
[INFO] [stdout] 
[INFO] [stdout] 
[INFO] [stdout] error: set `DATABASE_URL` to use query macros online, or run `cargo sqlx prepare` to update the query cache
[INFO] [stdout]    --> src/articles/handlers.rs:320:16
[INFO] [stdout]     |
[INFO] [stdout] 320 |       let tags = sqlx::query_scalar!(
[INFO] [stdout]     |  ________________^
[INFO] [stdout] 321 | |         r#"
[INFO] [stdout] 322 | |         select distinct tag "tag!"
[INFO] [stdout] 323 | |         from articles, unnest (articles.tag_list) tags(tag)
[INFO] [stdout] 324 | |         order by tag
[INFO] [stdout] 325 | |     "#
[INFO] [stdout] 326 | |     )
[INFO] [stdout]     | |_____^
[INFO] [stdout]     |
[INFO] [stdout]     = note: this error originates in the macro `$crate::sqlx_macros::expand_query` which comes from the expansion of the macro `sqlx::query_scalar` (in Nightly builds, run with -Z macro-backtrace for more info)
[INFO] [stdout] 
[INFO] [stdout] 
[INFO] [stdout] error: set `DATABASE_URL` to use query macros online, or run `cargo sqlx prepare` to update the query cache
[INFO] [stdout]    --> src/articles/handlers.rs:272:19
[INFO] [stdout]     |
[INFO] [stdout] 272 |       let article = sqlx::query_as!(
[INFO] [stdout]     |  ___________________^
[INFO] [stdout] 273 | |         ArticleFromQuery,
[INFO] [stdout] 274 | |         r#"
[INFO] [stdout] 275 | |         with deleted_favorite as (
[INFO] [stdout] ...   |
[INFO] [stdout] 309 | |         auth_user.user_id
[INFO] [stdout] 310 | |     )
[INFO] [stdout]     | |_____^
[INFO] [stdout]     |
[INFO] [stdout]     = note: this error originates in the macro `$crate::sqlx_macros::expand_query` which comes from the expansion of the macro `sqlx::query_as` (in Nightly builds, run with -Z macro-backtrace for more info)
[INFO] [stdout] 
[INFO] [stdout] 
[INFO] [stdout] error: set `DATABASE_URL` to use query macros online, or run `cargo sqlx prepare` to update the query cache
[INFO] [stdout]    --> src/articles/handlers.rs:320:16
[INFO] [stdout]     |
[INFO] [stdout] 320 |       let tags = sqlx::query_scalar!(
[INFO] [stdout]     |  ________________^
[INFO] [stdout] 321 | |         r#"
[INFO] [stdout] 322 | |         select distinct tag "tag!"
[INFO] [stdout] 323 | |         from articles, unnest (articles.tag_list) tags(tag)
[INFO] [stdout] 324 | |         order by tag
[INFO] [stdout] 325 | |     "#
[INFO] [stdout] 326 | |     )
[INFO] [stdout]     | |_____^
[INFO] [stdout]     |
[INFO] [stdout]     = note: this error originates in the macro `$crate::sqlx_macros::expand_query` which comes from the expansion of the macro `sqlx::query_scalar` (in Nightly builds, run with -Z macro-backtrace for more info)
[INFO] [stdout] 
[INFO] [stdout] 
[INFO] [stdout] error: set `DATABASE_URL` to use query macros online, or run `cargo sqlx prepare` to update the query cache
[INFO] [stdout]    --> src/articles/handlers.rs:338:28
[INFO] [stdout]     |
[INFO] [stdout] 338 |       let articles: Vec<_> = sqlx::query_as!(
[INFO] [stdout]     |  ____________________________^
[INFO] [stdout] 339 | |         ArticleFromQuery,
[INFO] [stdout] 340 | |         r#"
[INFO] [stdout] 341 | |         select
[INFO] [stdout] ...   |
[INFO] [stdout] 400 | |         query.offset.unwrap_or(0)
[INFO] [stdout] 401 | |     )
[INFO] [stdout]     | |_____^
[INFO] [stdout]     |
[INFO] [stdout]     = note: this error originates in the macro `$crate::sqlx_macros::expand_query` which comes from the expansion of the macro `sqlx::query_as` (in Nightly builds, run with -Z macro-backtrace for more info)
[INFO] [stdout] 
[INFO] [stdout] 
[INFO] [stdout] error: set `DATABASE_URL` to use query macros online, or run `cargo sqlx prepare` to update the query cache
[INFO] [stdout]    --> src/articles/handlers.rs:418:28
[INFO] [stdout]     |
[INFO] [stdout] 418 |       let articles: Vec<_> = sqlx::query_as!(
[INFO] [stdout]     |  ____________________________^
[INFO] [stdout] 419 | |         ArticleFromQuery,
[INFO] [stdout] 420 | |         r#"
[INFO] [stdout] 421 | |             select
[INFO] [stdout] ...   |
[INFO] [stdout] 452 | |         query.offset.unwrap_or(0)
[INFO] [stdout] 453 | |     )
[INFO] [stdout]     | |_____^
[INFO] [stdout]     |
[INFO] [stdout]     = note: this error originates in the macro `$crate::sqlx_macros::expand_query` which comes from the expansion of the macro `sqlx::query_as` (in Nightly builds, run with -Z macro-backtrace for more info)
[INFO] [stdout] 
[INFO] [stdout] 
[INFO] [stdout] error: set `DATABASE_URL` to use query macros online, or run `cargo sqlx prepare` to update the query cache
[INFO] [stdout]    --> src/articles/handlers.rs:338:28
[INFO] [stdout]     |
[INFO] [stdout] 338 |       let articles: Vec<_> = sqlx::query_as!(
[INFO] [stdout]     |  ____________________________^
[INFO] [stdout] 339 | |         ArticleFromQuery,
[INFO] [stdout] 340 | |         r#"
[INFO] [stdout] 341 | |         select
[INFO] [stdout] ...   |
[INFO] [stdout] 400 | |         query.offset.unwrap_or(0)
[INFO] [stdout] 401 | |     )
[INFO] [stdout]     | |_____^
[INFO] [stdout]     |
[INFO] [stdout]     = note: this error originates in the macro `$crate::sqlx_macros::expand_query` which comes from the expansion of the macro `sqlx::query_as` (in Nightly builds, run with -Z macro-backtrace for more info)
[INFO] [stdout] 
[INFO] [stdout] 
[INFO] [stdout] error: set `DATABASE_URL` to use query macros online, or run `cargo sqlx prepare` to update the query cache
[INFO] [stdout]    --> src/articles/handlers.rs:418:28
[INFO] [stdout]     |
[INFO] [stdout] 418 |       let articles: Vec<_> = sqlx::query_as!(
[INFO] [stdout]     |  ____________________________^
[INFO] [stdout] 419 | |         ArticleFromQuery,
[INFO] [stdout] 420 | |         r#"
[INFO] [stdout] 421 | |             select
[INFO] [stdout] ...   |
[INFO] [stdout] 452 | |         query.offset.unwrap_or(0)
[INFO] [stdout] 453 | |     )
[INFO] [stdout]     | |_____^
[INFO] [stdout]     |
[INFO] [stdout]     = note: this error originates in the macro `$crate::sqlx_macros::expand_query` which comes from the expansion of the macro `sqlx::query_as` (in Nightly builds, run with -Z macro-backtrace for more info)
[INFO] [stdout] 
[INFO] [stdout] 
[INFO] [stdout] error: set `DATABASE_URL` to use query macros online, or run `cargo sqlx prepare` to update the query cache
[INFO] [stdout]   --> src/comments/handlers.rs:21:22
[INFO] [stdout]    |
[INFO] [stdout] 21 |     let article_id = sqlx::query_scalar!("select article_id from articles where slug = $1", slug)
[INFO] [stdout]    |                      ^^^^^^^^^^^^^^^^^^^^^^^^^^^^^^^^^^^^^^^^^^^^^^^^^^^^^^^^^^^^^^^^^^^^^^^^^^^^
[INFO] [stdout]    |
[INFO] [stdout]    = note: this error originates in the macro `$crate::sqlx_macros::expand_query` which comes from the expansion of the macro `sqlx::query_scalar` (in Nightly builds, run with -Z macro-backtrace for more info)
[INFO] [stdout] 
[INFO] [stdout] 
[INFO] [stdout] error: set `DATABASE_URL` to use query macros online, or run `cargo sqlx prepare` to update the query cache
[INFO] [stdout]   --> src/comments/handlers.rs:21:22
[INFO] [stdout]    |
[INFO] [stdout] 21 |     let article_id = sqlx::query_scalar!("select article_id from articles where slug = $1", slug)
[INFO] [stdout]    |                      ^^^^^^^^^^^^^^^^^^^^^^^^^^^^^^^^^^^^^^^^^^^^^^^^^^^^^^^^^^^^^^^^^^^^^^^^^^^^
[INFO] [stdout]    |
[INFO] [stdout]    = note: this error originates in the macro `$crate::sqlx_macros::expand_query` which comes from the expansion of the macro `sqlx::query_scalar` (in Nightly builds, run with -Z macro-backtrace for more info)
[INFO] [stdout] 
[INFO] [stdout] 
[INFO] [stdout] error: set `DATABASE_URL` to use query macros online, or run `cargo sqlx prepare` to update the query cache
[INFO] [stdout]   --> src/comments/handlers.rs:26:20
[INFO] [stdout]    |
[INFO] [stdout] 26 |       let comments = sqlx::query_as!(
[INFO] [stdout]    |  ____________________^
[INFO] [stdout] 27 | |         CommentFromQuery,
[INFO] [stdout] 28 | |         r#"
[INFO] [stdout] 29 | |             select
[INFO] [stdout] ...  |
[INFO] [stdout] 44 | |         article_id
[INFO] [stdout] 45 | |     )
[INFO] [stdout]    | |_____^
[INFO] [stdout]    |
[INFO] [stdout]    = note: this error originates in the macro `$crate::sqlx_macros::expand_query` which comes from the expansion of the macro `sqlx::query_as` (in Nightly builds, run with -Z macro-backtrace for more info)
[INFO] [stdout] 
[INFO] [stdout] 
[INFO] [stdout] error: set `DATABASE_URL` to use query macros online, or run `cargo sqlx prepare` to update the query cache
[INFO] [stdout]   --> src/comments/handlers.rs:26:20
[INFO] [stdout]    |
[INFO] [stdout] 26 |       let comments = sqlx::query_as!(
[INFO] [stdout]    |  ____________________^
[INFO] [stdout] 27 | |         CommentFromQuery,
[INFO] [stdout] 28 | |         r#"
[INFO] [stdout] 29 | |             select
[INFO] [stdout] ...  |
[INFO] [stdout] 44 | |         article_id
[INFO] [stdout] 45 | |     )
[INFO] [stdout]    | |_____^
[INFO] [stdout]    |
[INFO] [stdout]    = note: this error originates in the macro `$crate::sqlx_macros::expand_query` which comes from the expansion of the macro `sqlx::query_as` (in Nightly builds, run with -Z macro-backtrace for more info)
[INFO] [stdout] 
[INFO] [stdout] 
[INFO] [stdout] error: set `DATABASE_URL` to use query macros online, or run `cargo sqlx prepare` to update the query cache
[INFO] [stdout]   --> src/comments/handlers.rs:60:19
[INFO] [stdout]    |
[INFO] [stdout] 60 |       let comment = sqlx::query_as!(
[INFO] [stdout]    |  ___________________^
[INFO] [stdout] 61 | |         CommentFromQuery,
[INFO] [stdout] 62 | |         r#"
[INFO] [stdout] 63 | |             with inserted_comment as (
[INFO] [stdout] ...  |
[INFO] [stdout] 84 | |         slug
[INFO] [stdout] 85 | |     )
[INFO] [stdout]    | |_____^
[INFO] [stdout]    |
[INFO] [stdout]    = note: this error originates in the macro `$crate::sqlx_macros::expand_query` which comes from the expansion of the macro `sqlx::query_as` (in Nightly builds, run with -Z macro-backtrace for more info)
[INFO] [stdout] 
[INFO] [stdout] 
[INFO] [stdout] error: set `DATABASE_URL` to use query macros online, or run `cargo sqlx prepare` to update the query cache
[INFO] [stdout]   --> src/comments/handlers.rs:60:19
[INFO] [stdout]    |
[INFO] [stdout] 60 |       let comment = sqlx::query_as!(
[INFO] [stdout]    |  ___________________^
[INFO] [stdout] 61 | |         CommentFromQuery,
[INFO] [stdout] 62 | |         r#"
[INFO] [stdout] 63 | |             with inserted_comment as (
[INFO] [stdout] ...  |
[INFO] [stdout] 84 | |         slug
[INFO] [stdout] 85 | |     )
[INFO] [stdout]    | |_____^
[INFO] [stdout]    |
[INFO] [stdout]    = note: this error originates in the macro `$crate::sqlx_macros::expand_query` which comes from the expansion of the macro `sqlx::query_as` (in Nightly builds, run with -Z macro-backtrace for more info)
[INFO] [stdout] 
[INFO] [stdout] 
[INFO] [stdout] error: set `DATABASE_URL` to use query macros online, or run `cargo sqlx prepare` to update the query cache
[INFO] [stdout]    --> src/comments/handlers.rs:99:18
[INFO] [stdout]     |
[INFO] [stdout]  99 |       let result = sqlx::query!(
[INFO] [stdout]     |  __________________^
[INFO] [stdout] 100 | |         r#"
[INFO] [stdout] 101 | |             with deleted_comment as (
[INFO] [stdout] 102 | |                 delete from comments
[INFO] [stdout] ...   |
[INFO] [stdout] 119 | |         auth_user.user_id
[INFO] [stdout] 120 | |     )
[INFO] [stdout]     | |_____^
[INFO] [stdout]     |
[INFO] [stdout]     = note: this error originates in the macro `$crate::sqlx_macros::expand_query` which comes from the expansion of the macro `sqlx::query` (in Nightly builds, run with -Z macro-backtrace for more info)
[INFO] [stdout] 
[INFO] [stdout] 
[INFO] [stdout] error: set `DATABASE_URL` to use query macros online, or run `cargo sqlx prepare` to update the query cache
[INFO] [stdout]    --> src/comments/handlers.rs:99:18
[INFO] [stdout]     |
[INFO] [stdout]  99 |       let result = sqlx::query!(
[INFO] [stdout]     |  __________________^
[INFO] [stdout] 100 | |         r#"
[INFO] [stdout] 101 | |             with deleted_comment as (
[INFO] [stdout] 102 | |                 delete from comments
[INFO] [stdout] ...   |
[INFO] [stdout] 119 | |         auth_user.user_id
[INFO] [stdout] 120 | |     )
[INFO] [stdout]     | |_____^
[INFO] [stdout]     |
[INFO] [stdout]     = note: this error originates in the macro `$crate::sqlx_macros::expand_query` which comes from the expansion of the macro `sqlx::query` (in Nightly builds, run with -Z macro-backtrace for more info)
[INFO] [stdout] 
[INFO] [stdout] 
[INFO] [stdout] error: set `DATABASE_URL` to use query macros online, or run `cargo sqlx prepare` to update the query cache
[INFO] [stdout]   --> src/profiles/handlers.rs:18:19
[INFO] [stdout]    |
[INFO] [stdout] 18 |       let profile = sqlx::query_as!(
[INFO] [stdout]    |  ___________________^
[INFO] [stdout] 19 | |         Profile,
[INFO] [stdout] 20 | |         r#"
[INFO] [stdout] 21 | |             select
[INFO] [stdout] ...  |
[INFO] [stdout] 33 | |         maybe_auth_user.user_id()
[INFO] [stdout] 34 | |     )
[INFO] [stdout]    | |_____^
[INFO] [stdout]    |
[INFO] [stdout]    = note: this error originates in the macro `$crate::sqlx_macros::expand_query` which comes from the expansion of the macro `sqlx::query_as` (in Nightly builds, run with -Z macro-backtrace for more info)
[INFO] [stdout] 
[INFO] [stdout] 
[INFO] [stdout] error: set `DATABASE_URL` to use query macros online, or run `cargo sqlx prepare` to update the query cache
[INFO] [stdout]   --> src/profiles/handlers.rs:18:19
[INFO] [stdout]    |
[INFO] [stdout] 18 |       let profile = sqlx::query_as!(
[INFO] [stdout]    |  ___________________^
[INFO] [stdout] 19 | |         Profile,
[INFO] [stdout] 20 | |         r#"
[INFO] [stdout] 21 | |             select
[INFO] [stdout] ...  |
[INFO] [stdout] 33 | |         maybe_auth_user.user_id()
[INFO] [stdout] 34 | |     )
[INFO] [stdout]    | |_____^
[INFO] [stdout]    |
[INFO] [stdout]    = note: this error originates in the macro `$crate::sqlx_macros::expand_query` which comes from the expansion of the macro `sqlx::query_as` (in Nightly builds, run with -Z macro-backtrace for more info)
[INFO] [stdout] 
[INFO] [stdout] 
[INFO] [stdout] error: set `DATABASE_URL` to use query macros online, or run `cargo sqlx prepare` to update the query cache
[INFO] [stdout]   --> src/profiles/handlers.rs:49:16
[INFO] [stdout]    |
[INFO] [stdout] 49 |       let user = sqlx::query!(
[INFO] [stdout]    |  ________________^
[INFO] [stdout] 50 | |         r#"select user_id, username, bio, image from users where username = $1"#,
[INFO] [stdout] 51 | |         username
[INFO] [stdout] 52 | |     )
[INFO] [stdout]    | |_____^
[INFO] [stdout]    |
[INFO] [stdout]    = note: this error originates in the macro `$crate::sqlx_macros::expand_query` which comes from the expansion of the macro `sqlx::query` (in Nightly builds, run with -Z macro-backtrace for more info)
[INFO] [stdout] 
[INFO] [stdout] 
[INFO] [stdout] error: set `DATABASE_URL` to use query macros online, or run `cargo sqlx prepare` to update the query cache
[INFO] [stdout]   --> src/profiles/handlers.rs:49:16
[INFO] [stdout]    |
[INFO] [stdout] 49 |       let user = sqlx::query!(
[INFO] [stdout]    |  ________________^
[INFO] [stdout] 50 | |         r#"select user_id, username, bio, image from users where username = $1"#,
[INFO] [stdout] 51 | |         username
[INFO] [stdout] 52 | |     )
[INFO] [stdout]    | |_____^
[INFO] [stdout]    |
[INFO] [stdout]    = note: this error originates in the macro `$crate::sqlx_macros::expand_query` which comes from the expansion of the macro `sqlx::query` (in Nightly builds, run with -Z macro-backtrace for more info)
[INFO] [stdout] 
[INFO] [stdout] 
[INFO] [stdout] error: set `DATABASE_URL` to use query macros online, or run `cargo sqlx prepare` to update the query cache
[INFO] [stdout]   --> src/profiles/handlers.rs:57:13
[INFO] [stdout]    |
[INFO] [stdout] 57 |       let _ = sqlx::query!(
[INFO] [stdout]    |  _____________^
[INFO] [stdout] 58 | |         "insert into follow(following_user_id, follower_user_id) values ($1, $2) \
[INFO] [stdout] 59 | |          on conflict do nothing",
[INFO] [stdout] 60 | |         auth_user.user_id,
[INFO] [stdout] 61 | |         user.user_id
[INFO] [stdout] 62 | |     )
[INFO] [stdout]    | |_____^
[INFO] [stdout]    |
[INFO] [stdout]    = note: this error originates in the macro `$crate::sqlx_macros::expand_query` which comes from the expansion of the macro `sqlx::query` (in Nightly builds, run with -Z macro-backtrace for more info)
[INFO] [stdout] 
[INFO] [stdout] 
[INFO] [stdout] error: set `DATABASE_URL` to use query macros online, or run `cargo sqlx prepare` to update the query cache
[INFO] [stdout]   --> src/profiles/handlers.rs:57:13
[INFO] [stdout]    |
[INFO] [stdout] 57 |       let _ = sqlx::query!(
[INFO] [stdout]    |  _____________^
[INFO] [stdout] 58 | |         "insert into follow(following_user_id, follower_user_id) values ($1, $2) \
[INFO] [stdout] 59 | |          on conflict do nothing",
[INFO] [stdout] 60 | |         auth_user.user_id,
[INFO] [stdout] 61 | |         user.user_id
[INFO] [stdout] 62 | |     )
[INFO] [stdout]    | |_____^
[INFO] [stdout]    |
[INFO] [stdout]    = note: this error originates in the macro `$crate::sqlx_macros::expand_query` which comes from the expansion of the macro `sqlx::query` (in Nightly builds, run with -Z macro-backtrace for more info)
[INFO] [stdout] 
[INFO] [stdout] 
[INFO] [stdout] error: set `DATABASE_URL` to use query macros online, or run `cargo sqlx prepare` to update the query cache
[INFO] [stdout]   --> src/profiles/handlers.rs:86:16
[INFO] [stdout]    |
[INFO] [stdout] 86 |       let user = sqlx::query!(
[INFO] [stdout]    |  ________________^
[INFO] [stdout] 87 | |         r#"select user_id, username, bio, image from users where username = $1"#,
[INFO] [stdout] 88 | |         username
[INFO] [stdout] 89 | |     )
[INFO] [stdout]    | |_____^
[INFO] [stdout]    |
[INFO] [stdout]    = note: this error originates in the macro `$crate::sqlx_macros::expand_query` which comes from the expansion of the macro `sqlx::query` (in Nightly builds, run with -Z macro-backtrace for more info)
[INFO] [stdout] 
[INFO] [stdout] 
[INFO] [stdout] error: set `DATABASE_URL` to use query macros online, or run `cargo sqlx prepare` to update the query cache
[INFO] [stdout]   --> src/profiles/handlers.rs:86:16
[INFO] [stdout]    |
[INFO] [stdout] 86 |       let user = sqlx::query!(
[INFO] [stdout]    |  ________________^
[INFO] [stdout] 87 | |         r#"select user_id, username, bio, image from users where username = $1"#,
[INFO] [stdout] 88 | |         username
[INFO] [stdout] 89 | |     )
[INFO] [stdout]    | |_____^
[INFO] [stdout]    |
[INFO] [stdout]    = note: this error originates in the macro `$crate::sqlx_macros::expand_query` which comes from the expansion of the macro `sqlx::query` (in Nightly builds, run with -Z macro-backtrace for more info)
[INFO] [stdout] 
[INFO] [stdout] 
[INFO] [stdout] error: set `DATABASE_URL` to use query macros online, or run `cargo sqlx prepare` to update the query cache
[INFO] [stdout]   --> src/profiles/handlers.rs:94:13
[INFO] [stdout]    |
[INFO] [stdout] 94 |       let _ = sqlx::query!(
[INFO] [stdout]    |  _____________^
[INFO] [stdout] 95 | |         "delete from follow where following_user_id = $1 and follower_user_id = $2",
[INFO] [stdout] 96 | |         auth_user.user_id,
[INFO] [stdout] 97 | |         user.user_id
[INFO] [stdout] 98 | |     )
[INFO] [stdout]    | |_____^
[INFO] [stdout]    |
[INFO] [stdout]    = note: this error originates in the macro `$crate::sqlx_macros::expand_query` which comes from the expansion of the macro `sqlx::query` (in Nightly builds, run with -Z macro-backtrace for more info)
[INFO] [stdout] 
[INFO] [stdout] 
[INFO] [stdout] error: set `DATABASE_URL` to use query macros online, or run `cargo sqlx prepare` to update the query cache
[INFO] [stdout]   --> src/profiles/handlers.rs:94:13
[INFO] [stdout]    |
[INFO] [stdout] 94 |       let _ = sqlx::query!(
[INFO] [stdout]    |  _____________^
[INFO] [stdout] 95 | |         "delete from follow where following_user_id = $1 and follower_user_id = $2",
[INFO] [stdout] 96 | |         auth_user.user_id,
[INFO] [stdout] 97 | |         user.user_id
[INFO] [stdout] 98 | |     )
[INFO] [stdout]    | |_____^
[INFO] [stdout]    |
[INFO] [stdout]    = note: this error originates in the macro `$crate::sqlx_macros::expand_query` which comes from the expansion of the macro `sqlx::query` (in Nightly builds, run with -Z macro-backtrace for more info)
[INFO] [stdout] 
[INFO] [stdout] 
[INFO] [stdout] error: set `DATABASE_URL` to use query macros online, or run `cargo sqlx prepare` to update the query cache
[INFO] [stdout]   --> src/users/handlers.rs:52:20
[INFO] [stdout]    |
[INFO] [stdout] 52 |       let _user_id = sqlx::query_scalar!(
[INFO] [stdout]    |  ____________________^
[INFO] [stdout] 53 | |         r#"
[INFO] [stdout] 54 | |         insert into "users" (username, email, password_hash)
[INFO] [stdout] 55 | |         values ($1, $2, $3)
[INFO] [stdout] ...  |
[INFO] [stdout] 60 | |         &hashed_password
[INFO] [stdout] 61 | |     )
[INFO] [stdout]    | |_____^
[INFO] [stdout]    |
[INFO] [stdout]    = note: this error originates in the macro `$crate::sqlx_macros::expand_query` which comes from the expansion of the macro `sqlx::query_scalar` (in Nightly builds, run with -Z macro-backtrace for more info)
[INFO] [stdout] 
[INFO] [stdout] 
[INFO] [stdout] error: set `DATABASE_URL` to use query macros online, or run `cargo sqlx prepare` to update the query cache
[INFO] [stdout]   --> src/users/handlers.rs:52:20
[INFO] [stdout]    |
[INFO] [stdout] 52 |       let _user_id = sqlx::query_scalar!(
[INFO] [stdout]    |  ____________________^
[INFO] [stdout] 53 | |         r#"
[INFO] [stdout] 54 | |         insert into "users" (username, email, password_hash)
[INFO] [stdout] 55 | |         values ($1, $2, $3)
[INFO] [stdout] ...  |
[INFO] [stdout] 60 | |         &hashed_password
[INFO] [stdout] 61 | |     )
[INFO] [stdout]    | |_____^
[INFO] [stdout]    |
[INFO] [stdout]    = note: this error originates in the macro `$crate::sqlx_macros::expand_query` which comes from the expansion of the macro `sqlx::query_scalar` (in Nightly builds, run with -Z macro-backtrace for more info)
[INFO] [stdout] 
[INFO] [stdout] 
[INFO] [stdout] error: set `DATABASE_URL` to use query macros online, or run `cargo sqlx prepare` to update the query cache
[INFO] [stdout]   --> src/users/handlers.rs:81:16
[INFO] [stdout]    |
[INFO] [stdout] 81 |       let user = sqlx::query!(
[INFO] [stdout]    |  ________________^
[INFO] [stdout] 82 | |         r#"
[INFO] [stdout] 83 | |         select email, username, bio, image from "users" where user_id = $1
[INFO] [stdout] 84 | |     "#,
[INFO] [stdout] 85 | |         auth_user.user_id
[INFO] [stdout] 86 | |     )
[INFO] [stdout]    | |_____^
[INFO] [stdout]    |
[INFO] [stdout]    = note: this error originates in the macro `$crate::sqlx_macros::expand_query` which comes from the expansion of the macro `sqlx::query` (in Nightly builds, run with -Z macro-backtrace for more info)
[INFO] [stdout] 
[INFO] [stdout] 
[INFO] [stdout] error: set `DATABASE_URL` to use query macros online, or run `cargo sqlx prepare` to update the query cache
[INFO] [stdout]   --> src/users/handlers.rs:81:16
[INFO] [stdout]    |
[INFO] [stdout] 81 |       let user = sqlx::query!(
[INFO] [stdout]    |  ________________^
[INFO] [stdout] 82 | |         r#"
[INFO] [stdout] 83 | |         select email, username, bio, image from "users" where user_id = $1
[INFO] [stdout] 84 | |     "#,
[INFO] [stdout] 85 | |         auth_user.user_id
[INFO] [stdout] 86 | |     )
[INFO] [stdout]    | |_____^
[INFO] [stdout]    |
[INFO] [stdout]    = note: this error originates in the macro `$crate::sqlx_macros::expand_query` which comes from the expansion of the macro `sqlx::query` (in Nightly builds, run with -Z macro-backtrace for more info)
[INFO] [stdout] 
[INFO] [stdout] 
[INFO] [stdout] error: set `DATABASE_URL` to use query macros online, or run `cargo sqlx prepare` to update the query cache
[INFO] [stdout]    --> src/users/handlers.rs:107:16
[INFO] [stdout]     |
[INFO] [stdout] 107 |       let user = sqlx::query!(
[INFO] [stdout]     |  ________________^
[INFO] [stdout] 108 | |         r#"
[INFO] [stdout] 109 | |             select user_id, email, username, bio, image, password_hash
[INFO] [stdout] 110 | |             from "users" where email = $1
[INFO] [stdout] 111 | |         "#,
[INFO] [stdout] 112 | |         &email,
[INFO] [stdout] 113 | |     )
[INFO] [stdout]     | |_____^
[INFO] [stdout]     |
[INFO] [stdout]     = note: this error originates in the macro `$crate::sqlx_macros::expand_query` which comes from the expansion of the macro `sqlx::query` (in Nightly builds, run with -Z macro-backtrace for more info)
[INFO] [stdout] 
[INFO] [stdout] 
[INFO] [stdout] error: set `DATABASE_URL` to use query macros online, or run `cargo sqlx prepare` to update the query cache
[INFO] [stdout]    --> src/users/handlers.rs:107:16
[INFO] [stdout]     |
[INFO] [stdout] 107 |       let user = sqlx::query!(
[INFO] [stdout]     |  ________________^
[INFO] [stdout] 108 | |         r#"
[INFO] [stdout] 109 | |             select user_id, email, username, bio, image, password_hash
[INFO] [stdout] 110 | |             from "users" where email = $1
[INFO] [stdout] 111 | |         "#,
[INFO] [stdout] 112 | |         &email,
[INFO] [stdout] 113 | |     )
[INFO] [stdout]     | |_____^
[INFO] [stdout]     |
[INFO] [stdout]     = note: this error originates in the macro `$crate::sqlx_macros::expand_query` which comes from the expansion of the macro `sqlx::query` (in Nightly builds, run with -Z macro-backtrace for more info)
[INFO] [stdout] 
[INFO] [stdout] 
[INFO] [stdout] error: set `DATABASE_URL` to use query macros online, or run `cargo sqlx prepare` to update the query cache
[INFO] [stdout]    --> src/users/handlers.rs:149:16
[INFO] [stdout]     |
[INFO] [stdout] 149 |       let user = sqlx::query!(
[INFO] [stdout]     |  ________________^
[INFO] [stdout] 150 | |         r#"
[INFO] [stdout] 151 | |         update "users"
[INFO] [stdout] 152 | |         set email = coalesce($1, "users".email),
[INFO] [stdout] ...   |
[INFO] [stdout] 165 | |         auth_user.user_id
[INFO] [stdout] 166 | |     )
[INFO] [stdout]     | |_____^
[INFO] [stdout]     |
[INFO] [stdout]     = note: this error originates in the macro `$crate::sqlx_macros::expand_query` which comes from the expansion of the macro `sqlx::query` (in Nightly builds, run with -Z macro-backtrace for more info)
[INFO] [stdout] 
[INFO] [stdout] 
[INFO] [stdout] error: set `DATABASE_URL` to use query macros online, or run `cargo sqlx prepare` to update the query cache
[INFO] [stdout]    --> src/users/handlers.rs:149:16
[INFO] [stdout]     |
[INFO] [stdout] 149 |       let user = sqlx::query!(
[INFO] [stdout]     |  ________________^
[INFO] [stdout] 150 | |         r#"
[INFO] [stdout] 151 | |         update "users"
[INFO] [stdout] 152 | |         set email = coalesce($1, "users".email),
[INFO] [stdout] ...   |
[INFO] [stdout] 165 | |         auth_user.user_id
[INFO] [stdout] 166 | |     )
[INFO] [stdout]     | |_____^
[INFO] [stdout]     |
[INFO] [stdout]     = note: this error originates in the macro `$crate::sqlx_macros::expand_query` which comes from the expansion of the macro `sqlx::query` (in Nightly builds, run with -Z macro-backtrace for more info)
[INFO] [stdout] 
[INFO] [stdout] 
[INFO] [stdout] warning: method call on a diverging inference variable
[INFO] [stdout]   --> src/articles/handlers.rs:81:6
[INFO] [stdout]    |
[INFO] [stdout] 81 |     .ok_or(Error::NotFound)?;
[INFO] [stdout]    |      ^^^^^
[INFO] [stdout]    |
[INFO] [stdout]    = help: consider providing a type annotation
[INFO] [stdout]    = warning: this was previously accepted by the compiler but is being phased out; it will become a hard error in a future release!
[INFO] [stdout]    = note: for more information, see issue #156047 <https://github.com/rust-lang/rust/issues/156047>
[INFO] [stdout]    = note: `#[warn(method_call_on_diverging_infer_var)]` (part of `#[warn(future_incompatible)]`) on by default
[INFO] [stdout] 
[INFO] [stdout] 
[INFO] [stdout] warning: method call on a diverging inference variable
[INFO] [stdout]   --> src/articles/handlers.rs:81:6
[INFO] [stdout]    |
[INFO] [stdout] 81 |     .ok_or(Error::NotFound)?;
[INFO] [stdout]    |      ^^^^^
[INFO] [stdout]    |
[INFO] [stdout]    = help: consider providing a type annotation
[INFO] [stdout]    = warning: this was previously accepted by the compiler but is being phased out; it will become a hard error in a future release!
[INFO] [stdout]    = note: for more information, see issue #156047 <https://github.com/rust-lang/rust/issues/156047>
[INFO] [stdout]    = note: `#[warn(method_call_on_diverging_infer_var)]` (part of `#[warn(future_incompatible)]`) on by default
[INFO] [stdout] 
[INFO] [stdout] 
[INFO] [stdout] error[E0599]: no method named `ok_or` found for type `!` in the current scope
[INFO] [stdout]   --> src/articles/handlers.rs:81:6
[INFO] [stdout]    |
[INFO] [stdout] 75 |     let article_meta = sqlx::query!(
[INFO] [stdout] 76 |         "select article_id, user_id from articles where slug = $1 for update",
[INFO] [stdout] 77 |         slug
[INFO] [stdout] 78 |     )
[INFO] [stdout] 79 |     .fetch_optional(&mut *tx)
[INFO] [stdout] 80 |     .await?
[INFO] [stdout] 81 |     .ok_or(Error::NotFound)?;
[INFO] [stdout]    |      ^^^^^ method not found in `!`
[INFO] [stdout] 
[INFO] [stdout] 
[INFO] [stdout] error[E0599]: no method named `ok_or` found for type `!` in the current scope
[INFO] [stdout]   --> src/articles/handlers.rs:81:6
[INFO] [stdout]    |
[INFO] [stdout] 75 |     let article_meta = sqlx::query!(
[INFO] [stdout] 76 |         "select article_id, user_id from articles where slug = $1 for update",
[INFO] [stdout] 77 |         slug
[INFO] [stdout] 78 |     )
[INFO] [stdout] 79 |     .fetch_optional(&mut *tx)
[INFO] [stdout] 80 |     .await?
[INFO] [stdout] 81 |     .ok_or(Error::NotFound)?;
[INFO] [stdout]    |      ^^^^^ method not found in `!`
[INFO] [stdout] 
[INFO] [stdout] 
[INFO] [stdout] warning: method call on a diverging inference variable
[INFO] [stdout]    --> src/articles/handlers.rs:211:6
[INFO] [stdout]     |
[INFO] [stdout] 211 |     .ok_or(Error::NotFound)?
[INFO] [stdout]     |      ^^^^^
[INFO] [stdout]     |
[INFO] [stdout]     = help: consider providing a type annotation
[INFO] [stdout]     = warning: this was previously accepted by the compiler but is being phased out; it will become a hard error in a future release!
[INFO] [stdout]     = note: for more information, see issue #156047 <https://github.com/rust-lang/rust/issues/156047>
[INFO] [stdout] 
[INFO] [stdout] 
[INFO] [stdout] warning: method call on a diverging inference variable
[INFO] [stdout]    --> src/articles/handlers.rs:211:6
[INFO] [stdout]     |
[INFO] [stdout] 211 |     .ok_or(Error::NotFound)?
[INFO] [stdout]     |      ^^^^^
[INFO] [stdout]     |
[INFO] [stdout]     = help: consider providing a type annotation
[INFO] [stdout]     = warning: this was previously accepted by the compiler but is being phased out; it will become a hard error in a future release!
[INFO] [stdout]     = note: for more information, see issue #156047 <https://github.com/rust-lang/rust/issues/156047>
[INFO] [stdout] 
[INFO] [stdout] 
[INFO] [stdout] error[E0599]: no method named `ok_or` found for type `!` in the current scope
[INFO] [stdout]    --> src/articles/handlers.rs:211:6
[INFO] [stdout]     |
[INFO] [stdout] 176 |     let article = sqlx::query_as!(
[INFO] [stdout] 177 |         ArticleFromQuery,
[INFO] [stdout] 178 |         r#"
[INFO] [stdout] 179 |         select
[INFO] [stdout] 180 |             slug,
[INFO] [stdout] 181 |             title,
[INFO] [stdout] 182 |             description,
[INFO] [stdout] 183 |             body,
[INFO] [stdout] 184 |             tag_list,
[INFO] [stdout] 185 |             articles.created_at,
[INFO] [stdout] 186 |             articles.updated_at,
[INFO] [stdout] 187 |             exists(
[INFO] [stdout] 188 |                 select 1 from favorites
[INFO] [stdout] 189 |                 where user_id = $1 and article_id = articles.article_id
[INFO] [stdout] 190 |             ) "favorited!",
[INFO] [stdout] 191 |             coalesce(
[INFO] [stdout] 192 |                 (select count(*) from favorites fav where fav.article_id = articles.article_id),
[INFO] [stdout] 193 |                 0
[INFO] [stdout] 194 |             ) "favorites_count!",
[INFO] [stdout] 195 |             author.username author_username,
[INFO] [stdout] 196 |             author.bio author_bio,
[INFO] [stdout] 197 |             author.image author_image,
[INFO] [stdout] 198 |             exists(
[INFO] [stdout] 199 |                 select 1 from follow
[INFO] [stdout] 200 |                 where follower_user_id = $1 and following_user_id = author.user_id
[INFO] [stdout] 201 |             ) "following_author!"
[INFO] [stdout] 202 |         from articles
[INFO] [stdout] 203 |         inner join users author using (user_id)
[INFO] [stdout] 204 |         where slug = $2
[INFO] [stdout] 205 |     "#,
[INFO] [stdout] 206 |         maybe_auth_user.user_id(),
[INFO] [stdout] 207 |         slug
[INFO] [stdout] 208 |     )
[INFO] [stdout] 209 |     .fetch_optional(&state.db)
[INFO] [stdout] 210 |     .await?
[INFO] [stdout] 211 |     .ok_or(Error::NotFound)?
[INFO] [stdout]     |      ^^^^^ method not found in `!`
[INFO] [stdout] 
[INFO] [stdout] 
[INFO] [stdout] error[E0599]: no method named `ok_or` found for type `!` in the current scope
[INFO] [stdout]    --> src/articles/handlers.rs:211:6
[INFO] [stdout]     |
[INFO] [stdout] 176 |     let article = sqlx::query_as!(
[INFO] [stdout] 177 |         ArticleFromQuery,
[INFO] [stdout] 178 |         r#"
[INFO] [stdout] 179 |         select
[INFO] [stdout] 180 |             slug,
[INFO] [stdout] 181 |             title,
[INFO] [stdout] 182 |             description,
[INFO] [stdout] 183 |             body,
[INFO] [stdout] 184 |             tag_list,
[INFO] [stdout] 185 |             articles.created_at,
[INFO] [stdout] 186 |             articles.updated_at,
[INFO] [stdout] 187 |             exists(
[INFO] [stdout] 188 |                 select 1 from favorites
[INFO] [stdout] 189 |                 where user_id = $1 and article_id = articles.article_id
[INFO] [stdout] 190 |             ) "favorited!",
[INFO] [stdout] 191 |             coalesce(
[INFO] [stdout] 192 |                 (select count(*) from favorites fav where fav.article_id = articles.article_id),
[INFO] [stdout] 193 |                 0
[INFO] [stdout] 194 |             ) "favorites_count!",
[INFO] [stdout] 195 |             author.username author_username,
[INFO] [stdout] 196 |             author.bio author_bio,
[INFO] [stdout] 197 |             author.image author_image,
[INFO] [stdout] 198 |             exists(
[INFO] [stdout] 199 |                 select 1 from follow
[INFO] [stdout] 200 |                 where follower_user_id = $1 and following_user_id = author.user_id
[INFO] [stdout] 201 |             ) "following_author!"
[INFO] [stdout] 202 |         from articles
[INFO] [stdout] 203 |         inner join users author using (user_id)
[INFO] [stdout] 204 |         where slug = $2
[INFO] [stdout] 205 |     "#,
[INFO] [stdout] 206 |         maybe_auth_user.user_id(),
[INFO] [stdout] 207 |         slug
[INFO] [stdout] 208 |     )
[INFO] [stdout] 209 |     .fetch_optional(&state.db)
[INFO] [stdout] 210 |     .await?
[INFO] [stdout] 211 |     .ok_or(Error::NotFound)?
[INFO] [stdout]     |      ^^^^^ method not found in `!`
[INFO] [stdout] 
[INFO] [stdout] 
[INFO] [stdout] warning: method call on a diverging inference variable
[INFO] [stdout]    --> src/articles/handlers.rs:261:6
[INFO] [stdout]     |
[INFO] [stdout] 261 |     .ok_or(Error::NotFound)?
[INFO] [stdout]     |      ^^^^^
[INFO] [stdout]     |
[INFO] [stdout]     = help: consider providing a type annotation
[INFO] [stdout]     = warning: this was previously accepted by the compiler but is being phased out; it will become a hard error in a future release!
[INFO] [stdout]     = note: for more information, see issue #156047 <https://github.com/rust-lang/rust/issues/156047>
[INFO] [stdout] 
[INFO] [stdout] 
[INFO] [stdout] warning: method call on a diverging inference variable
[INFO] [stdout]    --> src/articles/handlers.rs:261:6
[INFO] [stdout]     |
[INFO] [stdout] 261 |     .ok_or(Error::NotFound)?
[INFO] [stdout]     |      ^^^^^
[INFO] [stdout]     |
[INFO] [stdout]     = help: consider providing a type annotation
[INFO] [stdout]     = warning: this was previously accepted by the compiler but is being phased out; it will become a hard error in a future release!
[INFO] [stdout]     = note: for more information, see issue #156047 <https://github.com/rust-lang/rust/issues/156047>
[INFO] [stdout] 
[INFO] [stdout] 
[INFO] [stdout] error[E0599]: no method named `ok_or` found for type `!` in the current scope
[INFO] [stdout]    --> src/articles/handlers.rs:261:6
[INFO] [stdout]     |
[INFO] [stdout] 222 |     let article = sqlx::query_as!(
[INFO] [stdout] 223 |         ArticleFromQuery,
[INFO] [stdout] 224 |         r#"
[INFO] [stdout] 225 |         with inserted_favorite as (
[INFO] [stdout] 226 |             insert into favorites (article_id, user_id)
[INFO] [stdout] 227 |             select article_id, $2
[INFO] [stdout] 228 |             from articles
[INFO] [stdout] 229 |             where slug = $1
[INFO] [stdout] 230 |             on conflict do nothing
[INFO] [stdout] 231 |         )
[INFO] [stdout] 232 |         select
[INFO] [stdout] 233 |             slug,
[INFO] [stdout] 234 |             title,
[INFO] [stdout] 235 |             description,
[INFO] [stdout] 236 |             body,
[INFO] [stdout] 237 |             tag_list,
[INFO] [stdout] 238 |             articles.created_at,
[INFO] [stdout] 239 |             articles.updated_at,
[INFO] [stdout] 240 |             true "favorited!",
[INFO] [stdout] 241 |             coalesce(
[INFO] [stdout] 242 |                 (select count(*) from favorites fav where fav.article_id = articles.article_id),
[INFO] [stdout] 243 |                 0
[INFO] [stdout] 244 |             ) "favorites_count!",
[INFO] [stdout] 245 |             author.username author_username,
[INFO] [stdout] 246 |             author.bio author_bio,
[INFO] [stdout] 247 |             author.image author_image,
[INFO] [stdout] 248 |             exists(
[INFO] [stdout] 249 |                 select 1 from follow
[INFO] [stdout] 250 |                 where follower_user_id = $2 and following_user_id = author.user_id
[INFO] [stdout] 251 |             ) "following_author!"
[INFO] [stdout] 252 |         from articles
[INFO] [stdout] 253 |         inner join users author using (user_id)
[INFO] [stdout] 254 |         where slug = $1
[INFO] [stdout] 255 |     "#,
[INFO] [stdout] 256 |         slug,
[INFO] [stdout] 257 |         auth_user.user_id
[INFO] [stdout] 258 |     )
[INFO] [stdout] 259 |     .fetch_optional(&state.db)
[INFO] [stdout] 260 |     .await?
[INFO] [stdout] 261 |     .ok_or(Error::NotFound)?
[INFO] [stdout]     |      ^^^^^ method not found in `!`
[INFO] [stdout] 
[INFO] [stdout] 
[INFO] [stdout] error[E0599]: no method named `ok_or` found for type `!` in the current scope
[INFO] [stdout]    --> src/articles/handlers.rs:261:6
[INFO] [stdout]     |
[INFO] [stdout] 222 |     let article = sqlx::query_as!(
[INFO] [stdout] 223 |         ArticleFromQuery,
[INFO] [stdout] 224 |         r#"
[INFO] [stdout] 225 |         with inserted_favorite as (
[INFO] [stdout] 226 |             insert into favorites (article_id, user_id)
[INFO] [stdout] 227 |             select article_id, $2
[INFO] [stdout] 228 |             from articles
[INFO] [stdout] 229 |             where slug = $1
[INFO] [stdout] 230 |             on conflict do nothing
[INFO] [stdout] 231 |         )
[INFO] [stdout] 232 |         select
[INFO] [stdout] 233 |             slug,
[INFO] [stdout] 234 |             title,
[INFO] [stdout] 235 |             description,
[INFO] [stdout] 236 |             body,
[INFO] [stdout] 237 |             tag_list,
[INFO] [stdout] 238 |             articles.created_at,
[INFO] [stdout] 239 |             articles.updated_at,
[INFO] [stdout] 240 |             true "favorited!",
[INFO] [stdout] 241 |             coalesce(
[INFO] [stdout] 242 |                 (select count(*) from favorites fav where fav.article_id = articles.article_id),
[INFO] [stdout] 243 |                 0
[INFO] [stdout] 244 |             ) "favorites_count!",
[INFO] [stdout] 245 |             author.username author_username,
[INFO] [stdout] 246 |             author.bio author_bio,
[INFO] [stdout] 247 |             author.image author_image,
[INFO] [stdout] 248 |             exists(
[INFO] [stdout] 249 |                 select 1 from follow
[INFO] [stdout] 250 |                 where follower_user_id = $2 and following_user_id = author.user_id
[INFO] [stdout] 251 |             ) "following_author!"
[INFO] [stdout] 252 |         from articles
[INFO] [stdout] 253 |         inner join users author using (user_id)
[INFO] [stdout] 254 |         where slug = $1
[INFO] [stdout] 255 |     "#,
[INFO] [stdout] 256 |         slug,
[INFO] [stdout] 257 |         auth_user.user_id
[INFO] [stdout] 258 |     )
[INFO] [stdout] 259 |     .fetch_optional(&state.db)
[INFO] [stdout] 260 |     .await?
[INFO] [stdout] 261 |     .ok_or(Error::NotFound)?
[INFO] [stdout]     |      ^^^^^ method not found in `!`
[INFO] [stdout] 
[INFO] [stdout] 
[INFO] [stdout] warning: method call on a diverging inference variable
[INFO] [stdout]    --> src/articles/handlers.rs:313:6
[INFO] [stdout]     |
[INFO] [stdout] 313 |     .ok_or(Error::NotFound)?
[INFO] [stdout]     |      ^^^^^
[INFO] [stdout]     |
[INFO] [stdout]     = help: consider providing a type annotation
[INFO] [stdout]     = warning: this was previously accepted by the compiler but is being phased out; it will become a hard error in a future release!
[INFO] [stdout]     = note: for more information, see issue #156047 <https://github.com/rust-lang/rust/issues/156047>
[INFO] [stdout] 
[INFO] [stdout] 
[INFO] [stdout] warning: method call on a diverging inference variable
[INFO] [stdout]    --> src/articles/handlers.rs:313:6
[INFO] [stdout]     |
[INFO] [stdout] 313 |     .ok_or(Error::NotFound)?
[INFO] [stdout]     |      ^^^^^
[INFO] [stdout]     |
[INFO] [stdout]     = help: consider providing a type annotation
[INFO] [stdout]     = warning: this was previously accepted by the compiler but is being phased out; it will become a hard error in a future release!
[INFO] [stdout]     = note: for more information, see issue #156047 <https://github.com/rust-lang/rust/issues/156047>
[INFO] [stdout] 
[INFO] [stdout] 
[INFO] [stdout] error[E0599]: no method named `ok_or` found for type `!` in the current scope
[INFO] [stdout]    --> src/articles/handlers.rs:313:6
[INFO] [stdout]     |
[INFO] [stdout] 272 |     let article = sqlx::query_as!(
[INFO] [stdout] 273 |         ArticleFromQuery,
[INFO] [stdout] 274 |         r#"
[INFO] [stdout] 275 |         with deleted_favorite as (
[INFO] [stdout] 276 |             delete from favorites
[INFO] [stdout] 277 |             where article_id = (
[INFO] [stdout] 278 |                 select article_id
[INFO] [stdout] 279 |                 from articles
[INFO] [stdout] 280 |                 where slug = $1
[INFO] [stdout] 281 |             )
[INFO] [stdout] 282 |             and user_id = $2
[INFO] [stdout] 283 |         )
[INFO] [stdout] 284 |         select
[INFO] [stdout] 285 |             slug,
[INFO] [stdout] 286 |             title,
[INFO] [stdout] 287 |             description,
[INFO] [stdout] 288 |             body,
[INFO] [stdout] 289 |             tag_list,
[INFO] [stdout] 290 |             articles.created_at,
[INFO] [stdout] 291 |             articles.updated_at,
[INFO] [stdout] 292 |             true "favorited!",
[INFO] [stdout] 293 |             coalesce(
[INFO] [stdout] 294 |                 (select count(*) from favorites fav where fav.article_id = articles.article_id),
[INFO] [stdout] 295 |                 0
[INFO] [stdout] 296 |             ) "favorites_count!",
[INFO] [stdout] 297 |             author.username author_username,
[INFO] [stdout] 298 |             author.bio author_bio,
[INFO] [stdout] 299 |             author.image author_image,
[INFO] [stdout] 300 |             exists(
[INFO] [stdout] 301 |                 select 1 from follow
[INFO] [stdout] 302 |                 where follower_user_id = $2 and following_user_id = author.user_id
[INFO] [stdout] 303 |             ) "following_author!"
[INFO] [stdout] 304 |         from articles
[INFO] [stdout] 305 |         inner join users author using (user_id)
[INFO] [stdout] 306 |         where slug = $1
[INFO] [stdout] 307 |     "#,
[INFO] [stdout] 308 |         slug,
[INFO] [stdout] 309 |         auth_user.user_id
[INFO] [stdout] 310 |     )
[INFO] [stdout] 311 |     .fetch_optional(&state.db)
[INFO] [stdout] 312 |     .await?
[INFO] [stdout] 313 |     .ok_or(Error::NotFound)?
[INFO] [stdout]     |      ^^^^^ method not found in `!`
[INFO] [stdout] 
[INFO] [stdout] 
[INFO] [stdout] error[E0599]: no method named `ok_or` found for type `!` in the current scope
[INFO] [stdout]    --> src/articles/handlers.rs:313:6
[INFO] [stdout]     |
[INFO] [stdout] 272 |     let article = sqlx::query_as!(
[INFO] [stdout] 273 |         ArticleFromQuery,
[INFO] [stdout] 274 |         r#"
[INFO] [stdout] 275 |         with deleted_favorite as (
[INFO] [stdout] 276 |             delete from favorites
[INFO] [stdout] 277 |             where article_id = (
[INFO] [stdout] 278 |                 select article_id
[INFO] [stdout] 279 |                 from articles
[INFO] [stdout] 280 |                 where slug = $1
[INFO] [stdout] 281 |             )
[INFO] [stdout] 282 |             and user_id = $2
[INFO] [stdout] 283 |         )
[INFO] [stdout] 284 |         select
[INFO] [stdout] 285 |             slug,
[INFO] [stdout] 286 |             title,
[INFO] [stdout] 287 |             description,
[INFO] [stdout] 288 |             body,
[INFO] [stdout] 289 |             tag_list,
[INFO] [stdout] 290 |             articles.created_at,
[INFO] [stdout] 291 |             articles.updated_at,
[INFO] [stdout] 292 |             true "favorited!",
[INFO] [stdout] 293 |             coalesce(
[INFO] [stdout] 294 |                 (select count(*) from favorites fav where fav.article_id = articles.article_id),
[INFO] [stdout] 295 |                 0
[INFO] [stdout] 296 |             ) "favorites_count!",
[INFO] [stdout] 297 |             author.username author_username,
[INFO] [stdout] 298 |             author.bio author_bio,
[INFO] [stdout] 299 |             author.image author_image,
[INFO] [stdout] 300 |             exists(
[INFO] [stdout] 301 |                 select 1 from follow
[INFO] [stdout] 302 |                 where follower_user_id = $2 and following_user_id = author.user_id
[INFO] [stdout] 303 |             ) "following_author!"
[INFO] [stdout] 304 |         from articles
[INFO] [stdout] 305 |         inner join users author using (user_id)
[INFO] [stdout] 306 |         where slug = $1
[INFO] [stdout] 307 |     "#,
[INFO] [stdout] 308 |         slug,
[INFO] [stdout] 309 |         auth_user.user_id
[INFO] [stdout] 310 |     )
[INFO] [stdout] 311 |     .fetch_optional(&state.db)
[INFO] [stdout] 312 |     .await?
[INFO] [stdout] 313 |     .ok_or(Error::NotFound)?
[INFO] [stdout]     |      ^^^^^ method not found in `!`
[INFO] [stdout] 
[INFO] [stdout] 
[INFO] [stdout] warning: method call on a diverging inference variable
[INFO] [stdout]   --> src/comments/handlers.rs:24:10
[INFO] [stdout]    |
[INFO] [stdout] 24 |         .ok_or(Error::NotFound)?;
[INFO] [stdout]    |          ^^^^^
[INFO] [stdout]    |
[INFO] [stdout]    = help: consider providing a type annotation
[INFO] [stdout]    = warning: this was previously accepted by the compiler but is being phased out; it will become a hard error in a future release!
[INFO] [stdout]    = note: for more information, see issue #156047 <https://github.com/rust-lang/rust/issues/156047>
[INFO] [stdout] 
[INFO] [stdout] 
[INFO] [stdout] warning: method call on a diverging inference variable
[INFO] [stdout]   --> src/comments/handlers.rs:24:10
[INFO] [stdout]    |
[INFO] [stdout] 24 |         .ok_or(Error::NotFound)?;
[INFO] [stdout]    |          ^^^^^
[INFO] [stdout]    |
[INFO] [stdout]    = help: consider providing a type annotation
[INFO] [stdout]    = warning: this was previously accepted by the compiler but is being phased out; it will become a hard error in a future release!
[INFO] [stdout]    = note: for more information, see issue #156047 <https://github.com/rust-lang/rust/issues/156047>
[INFO] [stdout] 
[INFO] [stdout] 
[INFO] [stdout] error[E0599]: no method named `ok_or` found for type `!` in the current scope
[INFO] [stdout]   --> src/comments/handlers.rs:24:10
[INFO] [stdout]    |
[INFO] [stdout] 21 |     let article_id = sqlx::query_scalar!("select article_id from articles where slug = $1", slug)
[INFO] [stdout] 22 |         .fetch_optional(&state.db)
[INFO] [stdout] 23 |         .await?
[INFO] [stdout] 24 |         .ok_or(Error::NotFound)?;
[INFO] [stdout]    |          ^^^^^ method not found in `!`
[INFO] [stdout] 
[INFO] [stdout] 
[INFO] [stdout] error[E0599]: no method named `ok_or` found for type `!` in the current scope
[INFO] [stdout]   --> src/comments/handlers.rs:24:10
[INFO] [stdout]    |
[INFO] [stdout] 21 |     let article_id = sqlx::query_scalar!("select article_id from articles where slug = $1", slug)
[INFO] [stdout] 22 |         .fetch_optional(&state.db)
[INFO] [stdout] 23 |         .await?
[INFO] [stdout] 24 |         .ok_or(Error::NotFound)?;
[INFO] [stdout]    |          ^^^^^ method not found in `!`
[INFO] [stdout] 
[INFO] [stdout] 
[INFO] [stdout] warning: method call on a diverging inference variable
[INFO] [stdout]   --> src/comments/handlers.rs:88:6
[INFO] [stdout]    |
[INFO] [stdout] 88 |     .ok_or(Error::NotFound)?
[INFO] [stdout]    |      ^^^^^
[INFO] [stdout]    |
[INFO] [stdout]    = help: consider providing a type annotation
[INFO] [stdout]    = warning: this was previously accepted by the compiler but is being phased out; it will become a hard error in a future release!
[INFO] [stdout]    = note: for more information, see issue #156047 <https://github.com/rust-lang/rust/issues/156047>
[INFO] [stdout] 
[INFO] [stdout] 
[INFO] [stdout] warning: method call on a diverging inference variable
[INFO] [stdout]   --> src/comments/handlers.rs:88:6
[INFO] [stdout]    |
[INFO] [stdout] 88 |     .ok_or(Error::NotFound)?
[INFO] [stdout]    |      ^^^^^
[INFO] [stdout]    |
[INFO] [stdout]    = help: consider providing a type annotation
[INFO] [stdout]    = warning: this was previously accepted by the compiler but is being phased out; it will become a hard error in a future release!
[INFO] [stdout]    = note: for more information, see issue #156047 <https://github.com/rust-lang/rust/issues/156047>
[INFO] [stdout] 
[INFO] [stdout] 
[INFO] [stdout] error[E0599]: no method named `ok_or` found for type `!` in the current scope
[INFO] [stdout]   --> src/comments/handlers.rs:88:6
[INFO] [stdout]    |
[INFO] [stdout] 60 |     let comment = sqlx::query_as!(
[INFO] [stdout] 61 |         CommentFromQuery,
[INFO] [stdout] 62 |         r#"
[INFO] [stdout] 63 |             with inserted_comment as (
[INFO] [stdout] 64 |                 insert into comments(article_id, user_id, body)
[INFO] [stdout] 65 |                 select article_id, $1, $2
[INFO] [stdout] 66 |                 from articles
[INFO] [stdout] 67 |                 where slug = $3
[INFO] [stdout] 68 |                 returning comment_id, created_at, updated_at, body
[INFO] [stdout] 69 |             )
[INFO] [stdout] 70 |             select
[INFO] [stdout] 71 |                 comment_id,
[INFO] [stdout] 72 |                 comment.created_at,
[INFO] [stdout] 73 |                 comment.updated_at,
[INFO] [stdout] 74 |                 body,
[INFO] [stdout] 75 |                 author.username author_username,
[INFO] [stdout] 76 |                 author.bio author_bio,
[INFO] [stdout] 77 |                 author.image author_image,
[INFO] [stdout] 78 |                 false "following_author!"
[INFO] [stdout] 79 |             from inserted_comment comment
[INFO] [stdout] 80 |             inner join users author on user_id = $1
[INFO] [stdout] 81 |         "#,
[INFO] [stdout] 82 |         auth_user.user_id,
[INFO] [stdout] 83 |         req.comment.body,
[INFO] [stdout] 84 |         slug
[INFO] [stdout] 85 |     )
[INFO] [stdout] 86 |     .fetch_optional(&state.db)
[INFO] [stdout] 87 |     .await?
[INFO] [stdout] 88 |     .ok_or(Error::NotFound)?
[INFO] [stdout]    |      ^^^^^ method not found in `!`
[INFO] [stdout] 
[INFO] [stdout] 
[INFO] [stdout] error[E0599]: no method named `ok_or` found for type `!` in the current scope
[INFO] [stdout]   --> src/comments/handlers.rs:88:6
[INFO] [stdout]    |
[INFO] [stdout] 60 |     let comment = sqlx::query_as!(
[INFO] [stdout] 61 |         CommentFromQuery,
[INFO] [stdout] 62 |         r#"
[INFO] [stdout] 63 |             with inserted_comment as (
[INFO] [stdout] 64 |                 insert into comments(article_id, user_id, body)
[INFO] [stdout] 65 |                 select article_id, $1, $2
[INFO] [stdout] 66 |                 from articles
[INFO] [stdout] 67 |                 where slug = $3
[INFO] [stdout] 68 |                 returning comment_id, created_at, updated_at, body
[INFO] [stdout] 69 |             )
[INFO] [stdout] 70 |             select
[INFO] [stdout] 71 |                 comment_id,
[INFO] [stdout] 72 |                 comment.created_at,
[INFO] [stdout] 73 |                 comment.updated_at,
[INFO] [stdout] 74 |                 body,
[INFO] [stdout] 75 |                 author.username author_username,
[INFO] [stdout] 76 |                 author.bio author_bio,
[INFO] [stdout] 77 |                 author.image author_image,
[INFO] [stdout] 78 |                 false "following_author!"
[INFO] [stdout] 79 |             from inserted_comment comment
[INFO] [stdout] 80 |             inner join users author on user_id = $1
[INFO] [stdout] 81 |         "#,
[INFO] [stdout] 82 |         auth_user.user_id,
[INFO] [stdout] 83 |         req.comment.body,
[INFO] [stdout] 84 |         slug
[INFO] [stdout] 85 |     )
[INFO] [stdout] 86 |     .fetch_optional(&state.db)
[INFO] [stdout] 87 |     .await?
[INFO] [stdout] 88 |     .ok_or(Error::NotFound)?
[INFO] [stdout]    |      ^^^^^ method not found in `!`
[INFO] [stdout] 
[INFO] [stdout] 
[INFO] [stdout] warning: method call on a diverging inference variable
[INFO] [stdout]   --> src/profiles/handlers.rs:37:6
[INFO] [stdout]    |
[INFO] [stdout] 37 |     .ok_or(Error::NotFound)?;
[INFO] [stdout]    |      ^^^^^
[INFO] [stdout]    |
[INFO] [stdout]    = help: consider providing a type annotation
[INFO] [stdout]    = warning: this was previously accepted by the compiler but is being phased out; it will become a hard error in a future release!
[INFO] [stdout]    = note: for more information, see issue #156047 <https://github.com/rust-lang/rust/issues/156047>
[INFO] [stdout] 
[INFO] [stdout] 
[INFO] [stdout] warning: method call on a diverging inference variable
[INFO] [stdout]   --> src/profiles/handlers.rs:37:6
[INFO] [stdout]    |
[INFO] [stdout] 37 |     .ok_or(Error::NotFound)?;
[INFO] [stdout]    |      ^^^^^
[INFO] [stdout]    |
[INFO] [stdout]    = help: consider providing a type annotation
[INFO] [stdout]    = warning: this was previously accepted by the compiler but is being phased out; it will become a hard error in a future release!
[INFO] [stdout]    = note: for more information, see issue #156047 <https://github.com/rust-lang/rust/issues/156047>
[INFO] [stdout] 
[INFO] [stdout] 
[INFO] [stdout] error[E0599]: no method named `ok_or` found for type `!` in the current scope
[INFO] [stdout]   --> src/profiles/handlers.rs:37:6
[INFO] [stdout]    |
[INFO] [stdout] 18 |     let profile = sqlx::query_as!(
[INFO] [stdout] 19 |         Profile,
[INFO] [stdout] 20 |         r#"
[INFO] [stdout] 21 |             select
[INFO] [stdout] 22 |                 username,
[INFO] [stdout] 23 |                 bio,
[INFO] [stdout] 24 |                 image,
[INFO] [stdout] 25 |                 exists(
[INFO] [stdout] 26 |                     select 1 from follow
[INFO] [stdout] 27 |                     where follower_user_id = $2 and following_user_id = users.user_id
[INFO] [stdout] 28 |                 ) "following!"
[INFO] [stdout] 29 |             from "users"
[INFO] [stdout] 30 |             where username = $1
[INFO] [stdout] 31 |         "#,
[INFO] [stdout] 32 |         username,
[INFO] [stdout] 33 |         maybe_auth_user.user_id()
[INFO] [stdout] 34 |     )
[INFO] [stdout] 35 |     .fetch_optional(&state.db)
[INFO] [stdout] 36 |     .await?
[INFO] [stdout] 37 |     .ok_or(Error::NotFound)?;
[INFO] [stdout]    |      ^^^^^ method not found in `!`
[INFO] [stdout] 
[INFO] [stdout] 
[INFO] [stdout] error[E0599]: no method named `ok_or` found for type `!` in the current scope
[INFO] [stdout]   --> src/profiles/handlers.rs:37:6
[INFO] [stdout]    |
[INFO] [stdout] 18 |     let profile = sqlx::query_as!(
[INFO] [stdout] 19 |         Profile,
[INFO] [stdout] 20 |         r#"
[INFO] [stdout] 21 |             select
[INFO] [stdout] 22 |                 username,
[INFO] [stdout] 23 |                 bio,
[INFO] [stdout] 24 |                 image,
[INFO] [stdout] 25 |                 exists(
[INFO] [stdout] 26 |                     select 1 from follow
[INFO] [stdout] 27 |                     where follower_user_id = $2 and following_user_id = users.user_id
[INFO] [stdout] 28 |                 ) "following!"
[INFO] [stdout] 29 |             from "users"
[INFO] [stdout] 30 |             where username = $1
[INFO] [stdout] 31 |         "#,
[INFO] [stdout] 32 |         username,
[INFO] [stdout] 33 |         maybe_auth_user.user_id()
[INFO] [stdout] 34 |     )
[INFO] [stdout] 35 |     .fetch_optional(&state.db)
[INFO] [stdout] 36 |     .await?
[INFO] [stdout] 37 |     .ok_or(Error::NotFound)?;
[INFO] [stdout]    |      ^^^^^ method not found in `!`
[INFO] [stdout] 
[INFO] [stdout] 
[INFO] [stdout] warning: method call on a diverging inference variable
[INFO] [stdout]   --> src/profiles/handlers.rs:55:6
[INFO] [stdout]    |
[INFO] [stdout] 55 |     .ok_or(Error::NotFound)?;
[INFO] [stdout]    |      ^^^^^
[INFO] [stdout]    |
[INFO] [stdout]    = help: consider providing a type annotation
[INFO] [stdout]    = warning: this was previously accepted by the compiler but is being phased out; it will become a hard error in a future release!
[INFO] [stdout]    = note: for more information, see issue #156047 <https://github.com/rust-lang/rust/issues/156047>
[INFO] [stdout] 
[INFO] [stdout] 
[INFO] [stdout] warning: method call on a diverging inference variable
[INFO] [stdout]   --> src/profiles/handlers.rs:55:6
[INFO] [stdout]    |
[INFO] [stdout] 55 |     .ok_or(Error::NotFound)?;
[INFO] [stdout]    |      ^^^^^
[INFO] [stdout]    |
[INFO] [stdout]    = help: consider providing a type annotation
[INFO] [stdout]    = warning: this was previously accepted by the compiler but is being phased out; it will become a hard error in a future release!
[INFO] [stdout]    = note: for more information, see issue #156047 <https://github.com/rust-lang/rust/issues/156047>
[INFO] [stdout] 
[INFO] [stdout] 
[INFO] [stdout] error[E0599]: no method named `ok_or` found for type `!` in the current scope
[INFO] [stdout]   --> src/profiles/handlers.rs:55:6
[INFO] [stdout]    |
[INFO] [stdout] 49 |     let user = sqlx::query!(
[INFO] [stdout] 50 |         r#"select user_id, username, bio, image from users where username = $1"#,
[INFO] [stdout] 51 |         username
[INFO] [stdout] 52 |     )
[INFO] [stdout] 53 |     .fetch_optional(&mut *tx)
[INFO] [stdout] 54 |     .await?
[INFO] [stdout] 55 |     .ok_or(Error::NotFound)?;
[INFO] [stdout]    |      ^^^^^ method not found in `!`
[INFO] [stdout] 
[INFO] [stdout] 
[INFO] [stdout] error[E0599]: no method named `ok_or` found for type `!` in the current scope
[INFO] [stdout]   --> src/profiles/handlers.rs:55:6
[INFO] [stdout]    |
[INFO] [stdout] 49 |     let user = sqlx::query!(
[INFO] [stdout] 50 |         r#"select user_id, username, bio, image from users where username = $1"#,
[INFO] [stdout] 51 |         username
[INFO] [stdout] 52 |     )
[INFO] [stdout] 53 |     .fetch_optional(&mut *tx)
[INFO] [stdout] 54 |     .await?
[INFO] [stdout] 55 |     .ok_or(Error::NotFound)?;
[INFO] [stdout]    |      ^^^^^ method not found in `!`
[INFO] [stdout] 
[INFO] [stdout] 
[INFO] [stdout] warning: method call on a diverging inference variable
[INFO] [stdout]   --> src/profiles/handlers.rs:92:6
[INFO] [stdout]    |
[INFO] [stdout] 92 |     .ok_or(Error::NotFound)?;
[INFO] [stdout]    |      ^^^^^
[INFO] [stdout]    |
[INFO] [stdout]    = help: consider providing a type annotation
[INFO] [stdout]    = warning: this was previously accepted by the compiler but is being phased out; it will become a hard error in a future release!
[INFO] [stdout]    = note: for more information, see issue #156047 <https://github.com/rust-lang/rust/issues/156047>
[INFO] [stdout] 
[INFO] [stdout] 
[INFO] [stdout] warning: method call on a diverging inference variable
[INFO] [stdout]   --> src/profiles/handlers.rs:92:6
[INFO] [stdout]    |
[INFO] [stdout] 92 |     .ok_or(Error::NotFound)?;
[INFO] [stdout]    |      ^^^^^
[INFO] [stdout]    |
[INFO] [stdout]    = help: consider providing a type annotation
[INFO] [stdout]    = warning: this was previously accepted by the compiler but is being phased out; it will become a hard error in a future release!
[INFO] [stdout]    = note: for more information, see issue #156047 <https://github.com/rust-lang/rust/issues/156047>
[INFO] [stdout] 
[INFO] [stdout] 
[INFO] [stdout] error[E0599]: no method named `ok_or` found for type `!` in the current scope
[INFO] [stdout]   --> src/profiles/handlers.rs:92:6
[INFO] [stdout]    |
[INFO] [stdout] 86 |     let user = sqlx::query!(
[INFO] [stdout] 87 |         r#"select user_id, username, bio, image from users where username = $1"#,
[INFO] [stdout] 88 |         username
[INFO] [stdout] 89 |     )
[INFO] [stdout] 90 |     .fetch_optional(&mut *tx)
[INFO] [stdout] 91 |     .await?
[INFO] [stdout] 92 |     .ok_or(Error::NotFound)?;
[INFO] [stdout]    |      ^^^^^ method not found in `!`
[INFO] [stdout] 
[INFO] [stdout] 
[INFO] [stdout] error[E0599]: no method named `ok_or` found for type `!` in the current scope
[INFO] [stdout]   --> src/profiles/handlers.rs:92:6
[INFO] [stdout]    |
[INFO] [stdout] 86 |     let user = sqlx::query!(
[INFO] [stdout] 87 |         r#"select user_id, username, bio, image from users where username = $1"#,
[INFO] [stdout] 88 |         username
[INFO] [stdout] 89 |     )
[INFO] [stdout] 90 |     .fetch_optional(&mut *tx)
[INFO] [stdout] 91 |     .await?
[INFO] [stdout] 92 |     .ok_or(Error::NotFound)?;
[INFO] [stdout]    |      ^^^^^ method not found in `!`
[INFO] [stdout] 
[INFO] [stdout] 
[INFO] [stdout] warning: method call on a diverging inference variable
[INFO] [stdout]    --> src/users/handlers.rs:116:6
[INFO] [stdout]     |
[INFO] [stdout] 116 |     .ok_or(Error::validation("email", "does not exist"))?;
[INFO] [stdout]     |      ^^^^^
[INFO] [stdout]     |
[INFO] [stdout]     = help: consider providing a type annotation
[INFO] [stdout]     = warning: this was previously accepted by the compiler but is being phased out; it will become a hard error in a future release!
[INFO] [stdout]     = note: for more information, see issue #156047 <https://github.com/rust-lang/rust/issues/156047>
[INFO] [stdout] 
[INFO] [stdout] 
[INFO] [stdout] warning: method call on a diverging inference variable
[INFO] [stdout]    --> src/users/handlers.rs:116:6
[INFO] [stdout]     |
[INFO] [stdout] 116 |     .ok_or(Error::validation("email", "does not exist"))?;
[INFO] [stdout]     |      ^^^^^
[INFO] [stdout]     |
[INFO] [stdout]     = help: consider providing a type annotation
[INFO] [stdout]     = warning: this was previously accepted by the compiler but is being phased out; it will become a hard error in a future release!
[INFO] [stdout]     = note: for more information, see issue #156047 <https://github.com/rust-lang/rust/issues/156047>
[INFO] [stdout] 
[INFO] [stdout] 
[INFO] [stdout] error[E0599]: no method named `ok_or` found for type `!` in the current scope
[INFO] [stdout]    --> src/users/handlers.rs:116:6
[INFO] [stdout]     |
[INFO] [stdout] 107 |     let user = sqlx::query!(
[INFO] [stdout] 108 |         r#"
[INFO] [stdout] 109 |             select user_id, email, username, bio, image, password_hash
[INFO] [stdout] 110 |             from "users" where email = $1
[INFO] [stdout] 111 |         "#,
[INFO] [stdout] 112 |         &email,
[INFO] [stdout] 113 |     )
[INFO] [stdout] 114 |     .fetch_optional(&state.db)
[INFO] [stdout] 115 |     .await?
[INFO] [stdout] 116 |     .ok_or(Error::validation("email", "does not exist"))?;
[INFO] [stdout]     |      ^^^^^ method not found in `!`
[INFO] [stdout] 
[INFO] [stdout] 
[INFO] [stdout] error[E0599]: no method named `ok_or` found for type `!` in the current scope
[INFO] [stdout]    --> src/users/handlers.rs:116:6
[INFO] [stdout]     |
[INFO] [stdout] 107 |     let user = sqlx::query!(
[INFO] [stdout] 108 |         r#"
[INFO] [stdout] 109 |             select user_id, email, username, bio, image, password_hash
[INFO] [stdout] 110 |             from "users" where email = $1
[INFO] [stdout] 111 |         "#,
[INFO] [stdout] 112 |         &email,
[INFO] [stdout] 113 |     )
[INFO] [stdout] 114 |     .fetch_optional(&state.db)
[INFO] [stdout] 115 |     .await?
[INFO] [stdout] 116 |     .ok_or(Error::validation("email", "does not exist"))?;
[INFO] [stdout]     |      ^^^^^ method not found in `!`
[INFO] [stdout] 
[INFO] [stdout] 
[INFO] [stdout] For more information about this error, try `rustc --explain E0599`.
[INFO] [stdout] 
[INFO] [stdout] For more information about this error, try `rustc --explain E0599`.
[INFO] [stdout] 
[INFO] [stderr] error: could not compile `conduit` (lib) due to 33 previous errors; 20 warnings emitted
[INFO] [stderr] warning: build failed, waiting for other jobs to finish...
[INFO] [stderr] error: could not compile `conduit` (lib test) due to 33 previous errors; 20 warnings emitted
[INFO] running `Command { std: "docker" "inspect" "1c6946c678ef9b1db700006eb59a050bcbb46b6149cdda678eb8a6428fa03cc9", kill_on_drop: false }`
[INFO] running `Command { std: "docker" "rm" "-f" "1c6946c678ef9b1db700006eb59a050bcbb46b6149cdda678eb8a6428fa03cc9", kill_on_drop: false }`
[INFO] [stdout] 1c6946c678ef9b1db700006eb59a050bcbb46b6149cdda678eb8a6428fa03cc9
