[INFO] cloning repository https://github.com/deepai-org/rustthon
[INFO] running `Command { std: "git" "-c" "credential.helper=" "-c" "credential.helper=/workspace/cargo-home/bin/git-credential-null" "clone" "--bare" "https://github.com/deepai-org/rustthon" "/workspace/cache/git-repos/https%3A%2F%2Fgithub.com%2Fdeepai-org%2Frustthon", kill_on_drop: false }`
[INFO] [stderr] Cloning into bare repository '/workspace/cache/git-repos/https%3A%2F%2Fgithub.com%2Fdeepai-org%2Frustthon'...
[INFO] running `Command { std: "git" "rev-parse" "HEAD", kill_on_drop: false }`
[INFO] [stdout] 7169b25a0aa69755853c50fc82c952f835e4b94a
[INFO] checking deepai-org/rustthon/7169b25a0aa69755853c50fc82c952f835e4b94a against 0cefa27fe3deee26fc98ee44249406358d9f0d26 for pr-164789
[INFO] running `Command { std: "git" "clone" "/workspace/cache/git-repos/https%3A%2F%2Fgithub.com%2Fdeepai-org%2Frustthon" "/workspace/builds/worker-5-tc1/source", kill_on_drop: false }`
[INFO] [stderr] Cloning into '/workspace/builds/worker-5-tc1/source'...
[INFO] [stderr] done.
[INFO] started tweaking git repo https://github.com/deepai-org/rustthon
[INFO] finished tweaking git repo https://github.com/deepai-org/rustthon
[INFO] tweaked toml for git repo https://github.com/deepai-org/rustthon written to /workspace/builds/worker-5-tc1/source/Cargo.toml
[INFO] validating manifest of git repo https://github.com/deepai-org/rustthon on toolchain 0cefa27fe3deee26fc98ee44249406358d9f0d26
[INFO] running `Command { std: CARGO_HOME="/workspace/cargo-home" RUSTUP_HOME="/workspace/rustup-home" "/workspace/cargo-home/bin/cargo" "+0cefa27fe3deee26fc98ee44249406358d9f0d26" "metadata" "--manifest-path" "Cargo.toml" "--no-deps", kill_on_drop: false }`
[INFO] crate git repo https://github.com/deepai-org/rustthon already has a lockfile, it will not be regenerated
[INFO] running `Command { std: CARGO_HOME="/workspace/cargo-home" RUSTUP_HOME="/workspace/rustup-home" "/workspace/cargo-home/bin/cargo" "+0cefa27fe3deee26fc98ee44249406358d9f0d26" "fetch" "--manifest-path" "Cargo.toml", kill_on_drop: false }`
[INFO] [stderr]     Updating crates.io index
[INFO] [stderr]  Downloading crates ...
[INFO] [stderr]   Downloaded unicode_names2_generator v1.3.0
[INFO] [stderr]   Downloaded rustpython-parser-vendored v0.4.0
[INFO] [stderr]   Downloaded rustpython-parser v0.4.0
[INFO] [stderr]   Downloaded rustpython-parser-core v0.4.0
[INFO] [stderr]   Downloaded sync-unsafe-cell v0.1.1
[INFO] [stderr]   Downloaded malachite-bigint v0.2.3
[INFO] [stderr]   Downloaded rustpython-ast v0.4.0
[INFO] [stderr]   Downloaded unicode_names2 v1.3.0
[INFO] running `Command { std: "docker" "create" "-v" "/var/lib/crater-agent-workspace/builds/worker-5-tc1/source:/opt/rustwide/workdir:ro,Z" "-v" "/var/lib/crater-agent-workspace/builds/worker-5-tc1/target:/opt/rustwide/target:rw,Z" "-v" "/var/lib/crater-agent-workspace/cargo-home:/opt/rustwide/cargo-home:ro,Z" "-v" "/var/lib/crater-agent-workspace/rustup-home:/opt/rustwide/rustup-home:ro,Z" "-m" "1610612736" "--network" "none" "ghcr.io/rust-lang/crates-build-env/linux@sha256:c0af3998e971868164375a7dfb646c9933ddd1a3bdb00fa2041266763dc1eeab" "sleep" "infinity", kill_on_drop: false }`
[INFO] [stdout] f5b4453541e0e79881f8278be86844164395eca45e3f11b313378ced7ffc4a73
[INFO] running `Command { std: "docker" "start" "f5b4453541e0e79881f8278be86844164395eca45e3f11b313378ced7ffc4a73", kill_on_drop: false }`
[INFO] running `Command { std: "docker" "inspect" "f5b4453541e0e79881f8278be86844164395eca45e3f11b313378ced7ffc4a73", kill_on_drop: false }`
[INFO] running `Command { std: "docker" "exec" "-e" "SOURCE_DIR=/opt/rustwide/workdir" "-e" "CARGO_HOME=/opt/rustwide/cargo-home" "-e" "RUSTUP_HOME=/opt/rustwide/rustup-home" "-e" "CARGO_TARGET_DIR=/opt/rustwide/target" "-w" "/opt/rustwide/workdir" "--user" "0:0" "f5b4453541e0e79881f8278be86844164395eca45e3f11b313378ced7ffc4a73" "/opt/rustwide/cargo-home/bin/cargo" "+0cefa27fe3deee26fc98ee44249406358d9f0d26" "metadata" "--no-deps" "--format-version=1", kill_on_drop: false }`
[INFO] running `Command { std: "docker" "inspect" "f5b4453541e0e79881f8278be86844164395eca45e3f11b313378ced7ffc4a73", kill_on_drop: false }`
[INFO] running `Command { std: "docker" "exec" "-e" "SOURCE_DIR=/opt/rustwide/workdir" "-e" "CARGO_HOME=/opt/rustwide/cargo-home" "-e" "RUSTUP_HOME=/opt/rustwide/rustup-home" "-e" "CARGO_TARGET_DIR=/opt/rustwide/target" "-e" "CARGO_INCREMENTAL=0" "-e" "RUST_BACKTRACE=full" "-e" "RUSTFLAGS=--cap-lints=forbid" "-e" "RUSTDOCFLAGS=--cap-lints=forbid" "-w" "/opt/rustwide/workdir" "--user" "0:0" "f5b4453541e0e79881f8278be86844164395eca45e3f11b313378ced7ffc4a73" "/opt/rustwide/cargo-home/bin/cargo" "+0cefa27fe3deee26fc98ee44249406358d9f0d26" "check" "--frozen" "--all" "--all-targets" "--message-format=json", kill_on_drop: false }`
[INFO] [stderr]    Compiling libc v0.2.182
[INFO] [stderr]    Compiling zerocopy v0.8.39
[INFO] [stderr]     Checking getrandom v0.3.4
[INFO] [stderr]     Checking itertools v0.11.0
[INFO] [stderr]    Compiling malachite-nz v0.4.22
[INFO] [stderr]    Compiling syn v2.0.117
[INFO] [stderr]    Compiling unicode-width v0.2.2
[INFO] [stderr]    Compiling tiny-keccak v2.0.2
[INFO] [stderr]     Checking ahash v0.8.12
[INFO] [stderr]     Checking num-integer v0.1.46
[INFO] [stderr]    Compiling crunchy v0.2.4
[INFO] [stderr]     Checking unic-char-range v0.9.0
[INFO] [stderr]    Compiling getopts v0.2.24
[INFO] [stderr]     Checking unic-common v0.9.0
[INFO] [stderr]     Checking hashbrown v0.14.5
[INFO] [stderr]     Checking unic-ucd-version v0.9.0
[INFO] [stderr]     Checking phf_shared v0.11.3
[INFO] [stderr]     Checking unic-char-property v0.9.0
[INFO] [stderr]     Checking rustpython-parser-vendored v0.4.0
[INFO] [stderr]     Checking phf v0.11.3
[INFO] [stderr]     Checking regex-syntax v0.8.9
[INFO] [stderr]     Checking parking_lot_core v0.9.12
[INFO] [stderr]    Compiling rustthon v0.1.0 (/opt/rustwide/workdir)
[INFO] [stderr]     Checking unic-ucd-ident v0.9.0
[INFO] [stderr]     Checking unic-emoji-char v0.9.0
[INFO] [stderr]     Checking lalrpop-util v0.20.2
[INFO] [stderr]     Checking parking_lot v0.12.5
[INFO] [stderr] warning: rustthon@0.1.0: csrc/varargs.c: In function 'parse_tuple_va':
[INFO] [stderr] warning: rustthon@0.1.0: csrc/varargs.c:499:26: error: initialization of 'float *' from incompatible pointer type 'double *' [-Wincompatible-pointer-types]
[INFO] [stderr] warning: rustthon@0.1.0:   499 |             float *out = va_arg(va, double*); /* float promoted to double in varargs */
[INFO] [stderr] warning: rustthon@0.1.0:       |                          ^~~~~~
[INFO] [stderr] warning: rustthon@0.1.0: csrc/varargs.c: In function 'do_build_value':
[INFO] [stderr] warning: rustthon@0.1.0: csrc/varargs.c:826:36: error: passing argument 2 of 'build_single_va' from incompatible pointer type [-Wincompatible-pointer-types]
[INFO] [stderr] warning: rustthon@0.1.0:   826 |         return build_single_va(&p, &va);
[INFO] [stderr] warning: rustthon@0.1.0:       |                                    ^~~
[INFO] [stderr] warning: rustthon@0.1.0:       |                                    |
[INFO] [stderr] warning: rustthon@0.1.0:       |                                    __va_list_tag **
[INFO] [stderr] warning: rustthon@0.1.0: csrc/varargs.c:694:61: note: expected '__va_list_tag (*)[1]' but argument is of type '__va_list_tag **'
[INFO] [stderr] warning: rustthon@0.1.0:   694 | static PyObject *build_single_va(const char **fmt, va_list *va) {
[INFO] [stderr] warning: rustthon@0.1.0:       |                                                    ~~~~~~~~~^~
[INFO] [stderr] warning: rustthon@0.1.0: csrc/varargs.c:833:46: error: passing argument 2 of 'build_single_va' from incompatible pointer type [-Wincompatible-pointer-types]
[INFO] [stderr] warning: rustthon@0.1.0:   833 |         PyObject *item = build_single_va(&p, &va);
[INFO] [stderr] warning: rustthon@0.1.0:       |                                              ^~~
[INFO] [stderr] warning: rustthon@0.1.0:       |                                              |
[INFO] [stderr] warning: rustthon@0.1.0:       |                                              __va_list_tag **
[INFO] [stderr] warning: rustthon@0.1.0: csrc/varargs.c:694:61: note: expected '__va_list_tag (*)[1]' but argument is of type '__va_list_tag **'
[INFO] [stderr] warning: rustthon@0.1.0:   694 | static PyObject *build_single_va(const char **fmt, va_list *va) {
[INFO] [stderr] warning: rustthon@0.1.0:       |                                                    ~~~~~~~~~^~
[INFO] [stderr] error: failed to run custom build command for `rustthon v0.1.0 (/opt/rustwide/workdir)`
[INFO] [stderr] note: To improve backtraces for build dependencies, set the CARGO_PROFILE_DEV_BUILD_OVERRIDE_DEBUG=true environment variable to enable debug information generation.
[INFO] [stderr] 
[INFO] [stderr] Caused by:
[INFO] [stderr]   process didn't exit successfully: `/opt/rustwide/target/debug/build/rustthon/a6289a160d04b734/out/build_script_build` (exit status: 1)
[INFO] [stderr]   --- stdout
[INFO] [stderr]   cargo:rerun-if-changed=csrc/varargs.c
[INFO] [stderr]   OUT_DIR = Some(/opt/rustwide/target/debug/build/rustthon/287d1224c71eb796/out)
[INFO] [stderr]   OPT_LEVEL = Some(0)
[INFO] [stderr]   TARGET = Some(x86_64-unknown-linux-gnu)
[INFO] [stderr]   CARGO_ENCODED_RUSTFLAGS = Some(--cap-lints=forbid)
[INFO] [stderr]   HOST = Some(x86_64-unknown-linux-gnu)
[INFO] [stderr]   cargo:rerun-if-env-changed=CC_x86_64-unknown-linux-gnu
[INFO] [stderr]   CC_x86_64-unknown-linux-gnu = None
[INFO] [stderr]   cargo:rerun-if-env-changed=CC_x86_64_unknown_linux_gnu
[INFO] [stderr]   CC_x86_64_unknown_linux_gnu = None
[INFO] [stderr]   cargo:rerun-if-env-changed=HOST_CC
[INFO] [stderr]   HOST_CC = None
[INFO] [stderr]   cargo:rerun-if-env-changed=CC
[INFO] [stderr]   CC = None
[INFO] [stderr]   cargo:rerun-if-env-changed=CC_ENABLE_DEBUG_OUTPUT
[INFO] [stderr]   RUSTC_WRAPPER = None
[INFO] [stderr]   cargo:rerun-if-env-changed=CRATE_CC_NO_DEFAULTS
[INFO] [stderr]   CRATE_CC_NO_DEFAULTS = None
[INFO] [stderr]   DEBUG = Some(true)
[INFO] [stderr]   CARGO_CFG_TARGET_FEATURE = Some(fxsr,sse,sse2,x87)
[INFO] [stderr]   cargo:rerun-if-env-changed=CFLAGS
[INFO] [stderr]   CFLAGS = None
[INFO] [stderr]   cargo:rerun-if-env-changed=HOST_CFLAGS
[INFO] [stderr]   HOST_CFLAGS = None
[INFO] [stderr]   cargo:rerun-if-env-changed=CFLAGS_x86_64_unknown_linux_gnu
[INFO] [stderr]   CFLAGS_x86_64_unknown_linux_gnu = None
[INFO] [stderr]   cargo:rerun-if-env-changed=CFLAGS_x86_64-unknown-linux-gnu
[INFO] [stderr]   CFLAGS_x86_64-unknown-linux-gnu = None
[INFO] [stderr]   cargo:warning=csrc/varargs.c: In function 'parse_tuple_va':
[INFO] [stderr]   cargo:warning=csrc/varargs.c:499:26: error: initialization of 'float *' from incompatible pointer type 'double *' [-Wincompatible-pointer-types]
[INFO] [stderr]   cargo:warning=  499 |             float *out = va_arg(va, double*); /* float promoted to double in varargs */
[INFO] [stderr]   cargo:warning=      |                          ^~~~~~
[INFO] [stderr]   cargo:warning=csrc/varargs.c: In function 'do_build_value':
[INFO] [stderr]   cargo:warning=csrc/varargs.c:826:36: error: passing argument 2 of 'build_single_va' from incompatible pointer type [-Wincompatible-pointer-types]
[INFO] [stderr]   cargo:warning=  826 |         return build_single_va(&p, &va);
[INFO] [stderr]   cargo:warning=      |                                    ^~~
[INFO] [stderr]   cargo:warning=      |                                    |
[INFO] [stderr]   cargo:warning=      |                                    __va_list_tag **
[INFO] [stderr]   cargo:warning=csrc/varargs.c:694:61: note: expected '__va_list_tag (*)[1]' but argument is of type '__va_list_tag **'
[INFO] [stderr]   cargo:warning=  694 | static PyObject *build_single_va(const char **fmt, va_list *va) {
[INFO] [stderr]   cargo:warning=      |                                                    ~~~~~~~~~^~
[INFO] [stderr]   cargo:warning=csrc/varargs.c:833:46: error: passing argument 2 of 'build_single_va' from incompatible pointer type [-Wincompatible-pointer-types]
[INFO] [stderr]   cargo:warning=  833 |         PyObject *item = build_single_va(&p, &va);
[INFO] [stderr]   cargo:warning=      |                                              ^~~
[INFO] [stderr]   cargo:warning=      |                                              |
[INFO] [stderr]   cargo:warning=      |                                              __va_list_tag **
[INFO] [stderr]   cargo:warning=csrc/varargs.c:694:61: note: expected '__va_list_tag (*)[1]' but argument is of type '__va_list_tag **'
[INFO] [stderr]   cargo:warning=  694 | static PyObject *build_single_va(const char **fmt, va_list *va) {
[INFO] [stderr]   cargo:warning=      |                                                    ~~~~~~~~~^~
[INFO] [stderr] 
[INFO] [stderr]   --- stderr
[INFO] [stderr] 
[INFO] [stderr] 
[INFO] [stderr]   error occurred in cc-rs: command did not execute successfully (status code exit status: 1): LC_ALL="C" "cc" "-O0" "-ffunction-sections" "-fdata-sections" "-fPIC" "-g" "-gdwarf-4" "-fno-omit-frame-pointer" "-m64" "-w" "-o" "/opt/rustwide/target/debug/build/rustthon/287d1224c71eb796/out/faea18488176a15d-varargs.o" "-c" "csrc/varargs.c"
[INFO] [stderr] 
[INFO] [stderr] 
[INFO] [stderr] warning: build failed, waiting for other jobs to finish...
[INFO] running `Command { std: "docker" "inspect" "f5b4453541e0e79881f8278be86844164395eca45e3f11b313378ced7ffc4a73", kill_on_drop: false }`
[INFO] running `Command { std: "docker" "rm" "-f" "f5b4453541e0e79881f8278be86844164395eca45e3f11b313378ced7ffc4a73", kill_on_drop: false }`
[INFO] [stdout] f5b4453541e0e79881f8278be86844164395eca45e3f11b313378ced7ffc4a73
