[INFO] cloning repository https://github.com/babichjacob/google-generative-language-rs
[INFO] running `Command { std: "git" "-c" "credential.helper=" "-c" "credential.helper=/workspace/cargo-home/bin/git-credential-null" "clone" "--bare" "https://github.com/babichjacob/google-generative-language-rs" "/workspace/cache/git-repos/https%3A%2F%2Fgithub.com%2Fbabichjacob%2Fgoogle-generative-language-rs", kill_on_drop: false }`
[INFO] [stderr] Cloning into bare repository '/workspace/cache/git-repos/https%3A%2F%2Fgithub.com%2Fbabichjacob%2Fgoogle-generative-language-rs'...
[INFO] running `Command { std: "git" "rev-parse" "HEAD", kill_on_drop: false }`
[INFO] [stdout] 682459b81bb5a876dcf31a12b4e3e5c43c4cc9c9
[INFO] checking babichjacob/google-generative-language-rs against 4d7c0cd298ace72490220301fa543d63a154f8ce for pr-164789
[INFO] running `Command { std: "git" "clone" "/workspace/cache/git-repos/https%3A%2F%2Fgithub.com%2Fbabichjacob%2Fgoogle-generative-language-rs" "/workspace/builds/worker-6-tc2/source", kill_on_drop: false }`
[INFO] [stderr] Cloning into '/workspace/builds/worker-6-tc2/source'...
[INFO] [stderr] done.
[INFO] started tweaking git repo https://github.com/babichjacob/google-generative-language-rs
[INFO] finished tweaking git repo https://github.com/babichjacob/google-generative-language-rs
[INFO] tweaked toml for git repo https://github.com/babichjacob/google-generative-language-rs written to /workspace/builds/worker-6-tc2/source/Cargo.toml
[INFO] validating manifest of git repo https://github.com/babichjacob/google-generative-language-rs on toolchain 4d7c0cd298ace72490220301fa543d63a154f8ce
[INFO] running `Command { std: CARGO_HOME="/workspace/cargo-home" RUSTUP_HOME="/workspace/rustup-home" "/workspace/cargo-home/bin/cargo" "+4d7c0cd298ace72490220301fa543d63a154f8ce" "metadata" "--manifest-path" "Cargo.toml" "--no-deps", kill_on_drop: false }`
[INFO] crate git repo https://github.com/babichjacob/google-generative-language-rs already has a lockfile, it will not be regenerated
[INFO] running `Command { std: CARGO_HOME="/workspace/cargo-home" RUSTUP_HOME="/workspace/rustup-home" "/workspace/cargo-home/bin/cargo" "+4d7c0cd298ace72490220301fa543d63a154f8ce" "fetch" "--manifest-path" "Cargo.toml", kill_on_drop: false }`
[INFO] [stderr]     Blocking waiting for file lock on package cache
[INFO] [stderr]     Blocking waiting for file lock on package cache
[INFO] [stderr]  Downloading crates ...
[INFO] [stderr]   Downloaded typed-builder v0.20.0
[INFO] [stderr]   Downloaded typed-builder-macro v0.20.0
[INFO] running `Command { std: "docker" "create" "-v" "/var/lib/crater-agent-workspace/builds/worker-6-tc2/source:/opt/rustwide/workdir:ro,Z" "-v" "/var/lib/crater-agent-workspace/builds/worker-6-tc2/target:/opt/rustwide/target:rw,Z" "-v" "/var/lib/crater-agent-workspace/cargo-home:/opt/rustwide/cargo-home:ro,Z" "-v" "/var/lib/crater-agent-workspace/rustup-home:/opt/rustwide/rustup-home:ro,Z" "-m" "1610612736" "--network" "none" "ghcr.io/rust-lang/crates-build-env/linux@sha256:c0af3998e971868164375a7dfb646c9933ddd1a3bdb00fa2041266763dc1eeab" "sleep" "infinity", kill_on_drop: false }`
[INFO] [stdout] cd21ee5e157d968dca99250132743e0dbb2954cbb54075be03048fec7038be85
[INFO] running `Command { std: "docker" "start" "cd21ee5e157d968dca99250132743e0dbb2954cbb54075be03048fec7038be85", kill_on_drop: false }`
[INFO] running `Command { std: "docker" "inspect" "cd21ee5e157d968dca99250132743e0dbb2954cbb54075be03048fec7038be85", kill_on_drop: false }`
[INFO] running `Command { std: "docker" "exec" "-e" "SOURCE_DIR=/opt/rustwide/workdir" "-e" "CARGO_HOME=/opt/rustwide/cargo-home" "-e" "RUSTUP_HOME=/opt/rustwide/rustup-home" "-e" "CARGO_TARGET_DIR=/opt/rustwide/target" "-w" "/opt/rustwide/workdir" "--user" "0:0" "cd21ee5e157d968dca99250132743e0dbb2954cbb54075be03048fec7038be85" "/opt/rustwide/cargo-home/bin/cargo" "+4d7c0cd298ace72490220301fa543d63a154f8ce" "metadata" "--no-deps" "--format-version=1", kill_on_drop: false }`
[INFO] running `Command { std: "docker" "inspect" "cd21ee5e157d968dca99250132743e0dbb2954cbb54075be03048fec7038be85", kill_on_drop: false }`
[INFO] running `Command { std: "docker" "exec" "-e" "SOURCE_DIR=/opt/rustwide/workdir" "-e" "CARGO_HOME=/opt/rustwide/cargo-home" "-e" "RUSTUP_HOME=/opt/rustwide/rustup-home" "-e" "CARGO_TARGET_DIR=/opt/rustwide/target" "-e" "CARGO_INCREMENTAL=0" "-e" "RUST_BACKTRACE=full" "-e" "RUSTFLAGS=--cap-lints=forbid" "-e" "RUSTDOCFLAGS=--cap-lints=forbid" "-w" "/opt/rustwide/workdir" "--user" "0:0" "cd21ee5e157d968dca99250132743e0dbb2954cbb54075be03048fec7038be85" "/opt/rustwide/cargo-home/bin/cargo" "+4d7c0cd298ace72490220301fa543d63a154f8ce" "check" "--frozen" "--all" "--all-targets" "--message-format=json", kill_on_drop: false }`
[INFO] [stderr]    Compiling proc-macro2 v1.0.89
[INFO] [stderr]    Compiling libc v0.2.161
[INFO] [stderr]     Checking futures-core v0.3.31
[INFO] [stderr]    Compiling serde v1.0.214
[INFO] [stderr]     Checking futures-task v0.3.31
[INFO] [stderr]    Compiling httparse v1.9.5
[INFO] [stderr]     Checking http v1.1.0
[INFO] [stderr]     Checking tracing-core v0.1.32
[INFO] [stderr]     Checking smallvec v1.13.2
[INFO] [stderr]    Compiling thiserror v1.0.65
[INFO] [stderr]     Checking unicode-normalization v0.1.24
[INFO] [stderr]     Checking ipnet v2.10.1
[INFO] [stderr]     Checking futures-util v0.3.31
[INFO] [stderr]     Checking futures-channel v0.3.31
[INFO] [stderr]     Checking sync_wrapper v1.0.1
[INFO] [stderr]     Checking tracing v0.1.40
[INFO] [stderr]     Checking idna v0.5.0
[INFO] [stderr]     Checking http-body v1.0.1
[INFO] [stderr]    Compiling quote v1.0.37
[INFO] [stderr]     Checking mio v1.0.2
[INFO] [stderr]     Checking socket2 v0.5.7
[INFO] [stderr]    Compiling syn v2.0.85
[INFO] [stderr]     Checking tokio v1.41.0
[INFO] [stderr]     Checking http-body-util v0.1.2
[INFO] [stderr]     Checking hyper v1.5.0
[INFO] [stderr]     Checking hyper-util v0.1.10
[INFO] [stderr]    Compiling serde_derive v1.0.214
[INFO] [stderr]    Compiling thiserror-impl v1.0.65
[INFO] [stderr]    Compiling typed-builder-macro v0.20.0
[INFO] [stderr]     Checking typed-builder v0.20.0
[INFO] [stderr]     Checking serde_urlencoded v0.7.1
[INFO] [stderr]     Checking url v2.5.2
[INFO] [stderr]     Checking deranged v0.3.11
[INFO] [stderr]     Checking reqwest v0.12.9
[INFO] [stderr]     Checking babichjacob-google-generative-language v0.0.1 (/opt/rustwide/workdir)
[INFO] [stdout] warning: unused import: `RangedU16`
[INFO] [stdout]  --> src/v1beta/models/list.rs:1:33
[INFO] [stdout]   |
[INFO] [stdout] 1 | use deranged::{OptionRangedU16, RangedU16};
[INFO] [stdout]   |                                 ^^^^^^^^^
[INFO] [stdout]   |
[INFO] [stdout]   = note: `#[warn(unused_imports)]` (part of `#[warn(unused)]`) on by default
[INFO] [stdout] 
[INFO] [stdout] 
[INFO] [stdout] error[E0308]: mismatched types
[INFO] [stdout]     --> src/v1beta/models/list.rs:6:26
[INFO] [stdout]      |
[INFO] [stdout]    6 | #[derive(Debug, Default, Serialize, TypedBuilder)]
[INFO] [stdout]      |                          ^^^^^^^^^ expected `OptionRangedU16<_, _>`, found `&OptionRangedU16<0, 1000>`
[INFO] [stdout] ...
[INFO] [stdout]   13 |     #[serde(skip_serializing_if = "OptionRangedU16::is_none")]
[INFO] [stdout]      |                                   -------------------------- arguments to this function are incorrect
[INFO] [stdout]      |
[INFO] [stdout]      = note: expected struct `OptionRangedU16<_, _>`
[INFO] [stdout]              found reference `&OptionRangedU16<0, 1000>`
[INFO] [stdout] note: method defined here
[INFO] [stdout]     --> /opt/rustwide/cargo-home/registry/src/index.crates.io-1949cf8c6b5b557f/deranged-0.3.11/src/lib.rs:960:26
[INFO] [stdout]      |
[INFO] [stdout]  960 |               pub const fn is_none(self) -> bool {
[INFO] [stdout]      |                            ^^^^^^^
[INFO] [stdout] ...
[INFO] [stdout] 1389 | / impl_ranged! {
[INFO] [stdout] 1390 | |     RangedU8 {
[INFO] [stdout] 1391 | |         mod_name: ranged_u8
[INFO] [stdout] 1392 | |         internal: u8
[INFO] [stdout] ...    |
[INFO] [stdout] 1474 | | }
[INFO] [stdout]      | |_- in this macro invocation
[INFO] [stdout]      = note: this error originates in the derive macro `Serialize` which comes from the expansion of the macro `impl_ranged` (in Nightly builds, run with -Z macro-backtrace for more info)
[INFO] [stdout] 
[INFO] [stdout] 
[INFO] [stdout] error[E0308]: mismatched types
[INFO] [stdout]   --> src/v1beta/models/list.rs:51:17
[INFO] [stdout]    |
[INFO] [stdout] 51 |             .or(IntoRequestError::CannotBeABase { url: base })?;
[INFO] [stdout]    |              -- ^^^^^^^^^^^^^^^^^^^^^^^^^^^^^^^^^^^^^^^^^^^^^ expected `Result<PathSegmentsMut<'_>, _>`, found `IntoRequestError`
[INFO] [stdout]    |              |
[INFO] [stdout]    |              arguments to this method are incorrect
[INFO] [stdout]    |
[INFO] [stdout]    = note: expected enum `Result<url::path_segments::PathSegmentsMut<'_>, _>`
[INFO] [stdout]               found enum `IntoRequestError`
[INFO] [stdout] note: method defined here
[INFO] [stdout]   --> /rustc/4d7c0cd298ace72490220301fa543d63a154f8ce/library/core/src/result.rs:1521:17
[INFO] [stdout] help: try wrapping the expression in `Err`
[INFO] [stdout]    |
[INFO] [stdout] 51 |             .or(Err(IntoRequestError::CannotBeABase { url: base }))?;
[INFO] [stdout]    |                 ++++                                             +
[INFO] [stdout] 
[INFO] [stdout] 
[INFO] [stdout] For more information about this error, try `rustc --explain E0308`.
[INFO] [stdout] 
[INFO] [stderr] error: could not compile `babichjacob-google-generative-language` (lib) due to 2 previous errors; 1 warning emitted
[INFO] [stderr] warning: build failed, waiting for other jobs to finish...
[INFO] [stdout] warning: unused import: `RangedU16`
[INFO] [stdout]  --> src/v1beta/models/list.rs:1:33
[INFO] [stdout]   |
[INFO] [stdout] 1 | use deranged::{OptionRangedU16, RangedU16};
[INFO] [stdout]   |                                 ^^^^^^^^^
[INFO] [stdout]   |
[INFO] [stdout]   = note: `#[warn(unused_imports)]` (part of `#[warn(unused)]`) on by default
[INFO] [stdout] 
[INFO] [stdout] 
[INFO] [stdout] error[E0308]: mismatched types
[INFO] [stdout]     --> src/v1beta/models/list.rs:6:26
[INFO] [stdout]      |
[INFO] [stdout]    6 | #[derive(Debug, Default, Serialize, TypedBuilder)]
[INFO] [stdout]      |                          ^^^^^^^^^ expected `OptionRangedU16<_, _>`, found `&OptionRangedU16<0, 1000>`
[INFO] [stdout] ...
[INFO] [stdout]   13 |     #[serde(skip_serializing_if = "OptionRangedU16::is_none")]
[INFO] [stdout]      |                                   -------------------------- arguments to this function are incorrect
[INFO] [stdout]      |
[INFO] [stdout]      = note: expected struct `OptionRangedU16<_, _>`
[INFO] [stdout]              found reference `&OptionRangedU16<0, 1000>`
[INFO] [stdout] note: method defined here
[INFO] [stdout]     --> /opt/rustwide/cargo-home/registry/src/index.crates.io-1949cf8c6b5b557f/deranged-0.3.11/src/lib.rs:960:26
[INFO] [stdout]      |
[INFO] [stdout]  960 |               pub const fn is_none(self) -> bool {
[INFO] [stdout]      |                            ^^^^^^^
[INFO] [stdout] ...
[INFO] [stdout] 1389 | / impl_ranged! {
[INFO] [stdout] 1390 | |     RangedU8 {
[INFO] [stdout] 1391 | |         mod_name: ranged_u8
[INFO] [stdout] 1392 | |         internal: u8
[INFO] [stdout] ...    |
[INFO] [stdout] 1474 | | }
[INFO] [stdout]      | |_- in this macro invocation
[INFO] [stdout]      = note: this error originates in the derive macro `Serialize` which comes from the expansion of the macro `impl_ranged` (in Nightly builds, run with -Z macro-backtrace for more info)
[INFO] [stdout] 
[INFO] [stdout] 
[INFO] [stdout] error[E0308]: mismatched types
[INFO] [stdout]   --> src/v1beta/models/list.rs:51:17
[INFO] [stdout]    |
[INFO] [stdout] 51 |             .or(IntoRequestError::CannotBeABase { url: base })?;
[INFO] [stdout]    |              -- ^^^^^^^^^^^^^^^^^^^^^^^^^^^^^^^^^^^^^^^^^^^^^ expected `Result<PathSegmentsMut<'_>, _>`, found `IntoRequestError`
[INFO] [stdout]    |              |
[INFO] [stdout]    |              arguments to this method are incorrect
[INFO] [stdout]    |
[INFO] [stdout]    = note: expected enum `Result<url::path_segments::PathSegmentsMut<'_>, _>`
[INFO] [stdout]               found enum `IntoRequestError`
[INFO] [stdout] note: method defined here
[INFO] [stdout]   --> /rustc/4d7c0cd298ace72490220301fa543d63a154f8ce/library/core/src/result.rs:1521:17
[INFO] [stdout] help: try wrapping the expression in `Err`
[INFO] [stdout]    |
[INFO] [stdout] 51 |             .or(Err(IntoRequestError::CannotBeABase { url: base }))?;
[INFO] [stdout]    |                 ++++                                             +
[INFO] [stdout] 
[INFO] [stdout] 
[INFO] [stdout] For more information about this error, try `rustc --explain E0308`.
[INFO] [stdout] 
[INFO] [stderr] error: could not compile `babichjacob-google-generative-language` (lib test) due to 2 previous errors; 1 warning emitted
[INFO] running `Command { std: "docker" "inspect" "cd21ee5e157d968dca99250132743e0dbb2954cbb54075be03048fec7038be85", kill_on_drop: false }`
[INFO] running `Command { std: "docker" "rm" "-f" "cd21ee5e157d968dca99250132743e0dbb2954cbb54075be03048fec7038be85", kill_on_drop: false }`
[INFO] [stdout] cd21ee5e157d968dca99250132743e0dbb2954cbb54075be03048fec7038be85
