[INFO] cloning repository https://github.com/Xgood1118/solocoder-5476-rust-ratelimit
[INFO] running `Command { std: "git" "-c" "credential.helper=" "-c" "credential.helper=/workspace/cargo-home/bin/git-credential-null" "clone" "--bare" "https://github.com/Xgood1118/solocoder-5476-rust-ratelimit" "/workspace/cache/git-repos/https%3A%2F%2Fgithub.com%2FXgood1118%2Fsolocoder-5476-rust-ratelimit", kill_on_drop: false }`
[INFO] [stderr] Cloning into bare repository '/workspace/cache/git-repos/https%3A%2F%2Fgithub.com%2FXgood1118%2Fsolocoder-5476-rust-ratelimit'...
[INFO] running `Command { std: "git" "rev-parse" "HEAD", kill_on_drop: false }`
[INFO] [stdout] 8326ac324c370e551c0ef821975366abc1c163a7
[INFO] checking Xgood1118/solocoder-5476-rust-ratelimit against 4d7c0cd298ace72490220301fa543d63a154f8ce for pr-164789
[INFO] running `Command { std: "git" "clone" "/workspace/cache/git-repos/https%3A%2F%2Fgithub.com%2FXgood1118%2Fsolocoder-5476-rust-ratelimit" "/workspace/builds/worker-5-tc2/source", kill_on_drop: false }`
[INFO] [stderr] Cloning into '/workspace/builds/worker-5-tc2/source'...
[INFO] [stderr] done.
[INFO] started tweaking git repo https://github.com/Xgood1118/solocoder-5476-rust-ratelimit
[INFO] finished tweaking git repo https://github.com/Xgood1118/solocoder-5476-rust-ratelimit
[INFO] tweaked toml for git repo https://github.com/Xgood1118/solocoder-5476-rust-ratelimit written to /workspace/builds/worker-5-tc2/source/Cargo.toml
[INFO] validating manifest of git repo https://github.com/Xgood1118/solocoder-5476-rust-ratelimit on toolchain 4d7c0cd298ace72490220301fa543d63a154f8ce
[INFO] running `Command { std: CARGO_HOME="/workspace/cargo-home" RUSTUP_HOME="/workspace/rustup-home" "/workspace/cargo-home/bin/cargo" "+4d7c0cd298ace72490220301fa543d63a154f8ce" "metadata" "--manifest-path" "Cargo.toml" "--no-deps", kill_on_drop: false }`
[INFO] crate git repo https://github.com/Xgood1118/solocoder-5476-rust-ratelimit already has a lockfile, it will not be regenerated
[INFO] running `Command { std: CARGO_HOME="/workspace/cargo-home" RUSTUP_HOME="/workspace/rustup-home" "/workspace/cargo-home/bin/cargo" "+4d7c0cd298ace72490220301fa543d63a154f8ce" "fetch" "--manifest-path" "Cargo.toml", kill_on_drop: false }`
[INFO] [stderr]     Blocking waiting for file lock on package cache
[INFO] [stderr]     Blocking waiting for file lock on package cache
[INFO] [stderr]  Downloading crates ...
[INFO] [stderr]   Downloaded redis v0.24.1
[INFO] running `Command { std: "docker" "create" "-v" "/var/lib/crater-agent-workspace/builds/worker-5-tc2/source:/opt/rustwide/workdir:ro,Z" "-v" "/var/lib/crater-agent-workspace/builds/worker-5-tc2/target:/opt/rustwide/target:rw,Z" "-v" "/var/lib/crater-agent-workspace/cargo-home:/opt/rustwide/cargo-home:ro,Z" "-v" "/var/lib/crater-agent-workspace/rustup-home:/opt/rustwide/rustup-home:ro,Z" "-m" "1610612736" "--network" "none" "ghcr.io/rust-lang/crates-build-env/linux@sha256:c0af3998e971868164375a7dfb646c9933ddd1a3bdb00fa2041266763dc1eeab" "sleep" "infinity", kill_on_drop: false }`
[INFO] [stdout] 2c3d31ddf18bebaa39b1a806d5c85d180741b39dcb8d852227884ccce118f6bb
[INFO] running `Command { std: "docker" "start" "2c3d31ddf18bebaa39b1a806d5c85d180741b39dcb8d852227884ccce118f6bb", kill_on_drop: false }`
[INFO] running `Command { std: "docker" "inspect" "2c3d31ddf18bebaa39b1a806d5c85d180741b39dcb8d852227884ccce118f6bb", kill_on_drop: false }`
[INFO] running `Command { std: "docker" "exec" "-e" "SOURCE_DIR=/opt/rustwide/workdir" "-e" "CARGO_HOME=/opt/rustwide/cargo-home" "-e" "RUSTUP_HOME=/opt/rustwide/rustup-home" "-e" "CARGO_TARGET_DIR=/opt/rustwide/target" "-w" "/opt/rustwide/workdir" "--user" "0:0" "2c3d31ddf18bebaa39b1a806d5c85d180741b39dcb8d852227884ccce118f6bb" "/opt/rustwide/cargo-home/bin/cargo" "+4d7c0cd298ace72490220301fa543d63a154f8ce" "metadata" "--no-deps" "--format-version=1", kill_on_drop: false }`
[INFO] running `Command { std: "docker" "inspect" "2c3d31ddf18bebaa39b1a806d5c85d180741b39dcb8d852227884ccce118f6bb", kill_on_drop: false }`
[INFO] running `Command { std: "docker" "exec" "-e" "SOURCE_DIR=/opt/rustwide/workdir" "-e" "CARGO_HOME=/opt/rustwide/cargo-home" "-e" "RUSTUP_HOME=/opt/rustwide/rustup-home" "-e" "CARGO_TARGET_DIR=/opt/rustwide/target" "-e" "CARGO_INCREMENTAL=0" "-e" "RUST_BACKTRACE=full" "-e" "RUSTFLAGS=--cap-lints=forbid" "-e" "RUSTDOCFLAGS=--cap-lints=forbid" "-w" "/opt/rustwide/workdir" "--user" "0:0" "2c3d31ddf18bebaa39b1a806d5c85d180741b39dcb8d852227884ccce118f6bb" "/opt/rustwide/cargo-home/bin/cargo" "+4d7c0cd298ace72490220301fa543d63a154f8ce" "check" "--frozen" "--all" "--all-targets" "--message-format=json", kill_on_drop: false }`
[INFO] [stderr]     Checking log v0.4.32
[INFO] [stderr]     Checking futures-task v0.3.32
[INFO] [stderr]     Checking http v1.4.2
[INFO] [stderr]    Compiling either v1.16.0
[INFO] [stderr]    Compiling syn v2.0.117
[INFO] [stderr]     Checking parking_lot_core v0.9.12
[INFO] [stderr]     Checking futures-channel v0.3.32
[INFO] [stderr]    Compiling zerocopy v0.8.52
[INFO] [stderr]    Compiling libc v0.2.186
[INFO] [stderr]     Checking http v0.2.12
[INFO] [stderr]    Compiling rustix v1.1.4
[INFO] [stderr]    Compiling linux-raw-sys v0.12.1
[INFO] [stderr]    Compiling bitflags v2.13.0
[INFO] [stderr]    Compiling regex-syntax v0.8.11
[INFO] [stderr]    Compiling serde_json v1.0.150
[INFO] [stderr]    Compiling bytes v1.11.1
[INFO] [stderr]    Compiling itertools v0.12.1
[INFO] [stderr]     Checking futures-util v0.3.32
[INFO] [stderr]    Compiling indexmap v1.9.3
[INFO] [stderr]     Checking aho-corasick v1.1.4
[INFO] [stderr]    Compiling fastrand v2.4.1
[INFO] [stderr]    Compiling once_cell v1.21.4
[INFO] [stderr]    Compiling ucd-trie v0.1.7
[INFO] [stderr]    Compiling memchr v2.8.1
[INFO] [stderr]    Compiling petgraph v0.6.5
[INFO] [stderr]     Checking parking_lot v0.12.5
[INFO] [stderr]    Compiling axum-core v0.3.4
[INFO] [stderr]    Compiling rustix v0.38.44
[INFO] [stderr]    Compiling axum v0.6.20
[INFO] [stderr]     Checking linux-raw-sys v0.4.15
[INFO] [stderr]    Compiling pest v2.8.6
[INFO] [stderr]     Checking http-body v0.4.6
[INFO] [stderr]    Compiling procfs v0.16.0
[INFO] [stderr]     Checking procfs-core v0.16.0
[INFO] [stderr]     Checking inotify-sys v0.1.5
[INFO] [stderr]     Checking http-body v1.0.1
[INFO] [stderr]    Compiling prometheus v0.13.4
[INFO] [stderr]     Checking http-body-util v0.1.3
[INFO] [stderr]     Checking inotify v0.9.6
[INFO] [stderr]     Checking regex-automata v0.4.14
[INFO] [stderr]     Checking crossbeam-channel v0.5.15
[INFO] [stderr]     Checking tracing-log v0.2.0
[INFO] [stderr]     Checking mio v0.8.11
[INFO] [stderr]    Compiling getrandom v0.4.2
[INFO] [stderr]     Checking serde_path_to_error v0.1.20
[INFO] [stderr]     Checking socket2 v0.4.10
[INFO] [stderr]     Checking filetime v0.2.29
[INFO] [stderr]     Checking http-range-header v0.4.2
[INFO] [stderr]     Checking dashmap v5.5.3
[INFO] [stderr]     Checking notify v6.1.1
[INFO] [stderr]     Checking uuid v1.23.3
[INFO] [stderr]    Compiling pest_meta v2.8.6
[INFO] [stderr]    Compiling tempfile v3.27.0
[INFO] [stderr]     Checking regex v1.12.4
[INFO] [stderr]     Checking matchers v0.2.0
[INFO] [stderr]    Compiling synstructure v0.13.2
[INFO] [stderr]    Compiling darling_core v0.23.0
[INFO] [stderr]    Compiling prettyplease v0.2.37
[INFO] [stderr]    Compiling pest_generator v2.8.6
[INFO] [stderr]    Compiling tokio-macros v2.7.0
[INFO] [stderr]    Compiling tracing-attributes v0.1.31
[INFO] [stderr]    Compiling zerovec-derive v0.11.3
[INFO] [stderr]    Compiling displaydoc v0.2.6
[INFO] [stderr]    Compiling serde_derive v1.0.228
[INFO] [stderr]    Compiling prost-derive v0.12.6
[INFO] [stderr]    Compiling async-trait v0.1.89
[INFO] [stderr]    Compiling pin-project-internal v1.1.13
[INFO] [stderr]    Compiling thiserror-impl v1.0.69
[INFO] [stderr]     Checking ppv-lite86 v0.2.21
[INFO] [stderr]    Compiling async-stream-impl v0.3.6
[INFO] [stderr]    Compiling clap_derive v4.6.1
[INFO] [stderr]    Compiling zerofrom-derive v0.1.7
[INFO] [stderr]    Compiling yoke-derive v0.8.2
[INFO] [stderr]    Compiling pest_derive v2.8.6
[INFO] [stderr]     Checking tokio v1.52.3
[INFO] [stderr]     Checking async-stream v0.3.6
[INFO] [stderr]     Checking rand_chacha v0.3.1
[INFO] [stderr]     Checking rand v0.8.6
[INFO] [stderr]     Checking tracing v0.1.44
[INFO] [stderr]     Checking pin-project v1.1.13
[INFO] [stderr]     Checking axum-core v0.4.5
[INFO] [stderr]    Compiling prost v0.12.6
[INFO] [stderr]     Checking zerofrom v0.1.8
[INFO] [stderr]     Checking thiserror v1.0.69
[INFO] [stderr]     Checking jsonpath-rust v0.3.5
[INFO] [stderr]     Checking yoke v0.8.3
[INFO] [stderr]    Compiling prost-types v0.12.6
[INFO] [stderr]     Checking zerovec v0.11.6
[INFO] [stderr]     Checking zerotrie v0.2.4
[INFO] [stderr]     Checking clap v4.6.1
[INFO] [stderr]    Compiling darling_macro v0.23.0
[INFO] [stderr]    Compiling darling v0.23.0
[INFO] [stderr]     Checking tinystr v0.8.3
[INFO] [stderr]     Checking potential_utf v0.1.5
[INFO] [stderr]     Checking icu_collections v2.2.0
[INFO] [stderr]    Compiling serde_with_macros v3.21.0
[INFO] [stderr]     Checking serde v1.0.228
[INFO] [stderr]     Checking icu_locale_core v2.2.0
[INFO] [stderr]    Compiling prost-build v0.12.6
[INFO] [stderr]     Checking serde_urlencoded v0.7.1
[INFO] [stderr]     Checking tracing-serde v0.2.0
[INFO] [stderr]     Checking chrono v0.4.45
[INFO] [stderr]     Checking serde_yaml v0.9.34+deprecated
[INFO] [stderr]     Checking icu_provider v2.2.0
[INFO] [stderr]     Checking tracing-subscriber v0.3.23
[INFO] [stderr]     Checking serde_with v3.21.0
[INFO] [stderr]     Checking icu_properties v2.2.0
[INFO] [stderr]     Checking icu_normalizer v2.2.0
[INFO] [stderr]    Compiling tonic-build v0.11.0
[INFO] [stderr]    Compiling ratelimit v0.1.0 (/opt/rustwide/workdir)
[INFO] [stderr]     Checking idna_adapter v1.2.2
[INFO] [stderr]     Checking idna v1.1.0
[INFO] [stderr]     Checking url v2.5.8
[INFO] [stderr]     Checking tokio-util v0.7.18
[INFO] [stderr]     Checking tower v0.5.3
[INFO] [stderr]     Checking tokio-io-timeout v1.2.1
[INFO] [stderr]     Checking tokio-stream v0.1.18
[INFO] [stderr]     Checking tower-http v0.6.11
[INFO] [stderr]     Checking h2 v0.4.14
[INFO] [stderr]     Checking h2 v0.3.27
[INFO] [stderr]     Checking tower v0.4.13
[INFO] [stderr]     Checking combine v4.6.7
[INFO] [stderr]     Checking tower-http v0.5.2
[INFO] [stderr]     Checking hyper v0.14.32
[INFO] [stderr]     Checking hyper v1.10.1
[INFO] [stderr]     Checking redis v0.24.1
[INFO] [stderr]     Checking hyper-util v0.1.20
[INFO] [stderr]     Checking axum v0.7.9
[INFO] [stderr]     Checking reqwest v0.12.28
[INFO] [stderr]     Checking hyper-timeout v0.4.1
[INFO] [stderr]     Checking tonic v0.11.0
[INFO] [stdout] error[E0425]: cannot find value `socket_path` in this scope
[INFO] [stdout]    --> src/api/grpc.rs:321:30
[INFO] [stdout]     |
[INFO] [stdout] 321 |         let path = Path::new(socket_path);
[INFO] [stdout]     |                              ^^^^^^^^^^^ not found in this scope
[INFO] [stdout]     |
[INFO] [stdout] note: `_socket_path` defined here
[INFO] [stdout]    --> src/api/grpc.rs:312:49
[INFO] [stdout]     |
[INFO] [stdout] 312 | pub async fn start_grpc_server(state: AppState, _socket_path: &str) -> anyhow::Result<()> {
[INFO] [stdout]     |                                                 ^^^^^^^^^^^^
[INFO] [stdout] help: the leading underscore in `_socket_path` marks it as unused, consider renaming it to `socket_path`
[INFO] [stdout]     |
[INFO] [stdout] 312 - pub async fn start_grpc_server(state: AppState, _socket_path: &str) -> anyhow::Result<()> {
[INFO] [stdout] 312 + pub async fn start_grpc_server(state: AppState, socket_path: &str) -> anyhow::Result<()> {
[INFO] [stdout]     |
[INFO] [stdout] 
[INFO] [stdout] 
[INFO] [stdout] error[E0425]: cannot find value `socket_path` in this scope
[INFO] [stdout]    --> src/api/grpc.rs:327:55
[INFO] [stdout]     |
[INFO] [stdout] 327 |         tracing::info!("gRPC server listening on {}", socket_path);
[INFO] [stdout]     |                                                       ^^^^^^^^^^^ not found in this scope
[INFO] [stdout]     |
[INFO] [stdout] note: `_socket_path` defined here
[INFO] [stdout]    --> src/api/grpc.rs:312:49
[INFO] [stdout]     |
[INFO] [stdout] 312 | pub async fn start_grpc_server(state: AppState, _socket_path: &str) -> anyhow::Result<()> {
[INFO] [stdout]     |                                                 ^^^^^^^^^^^^
[INFO] [stdout] help: the leading underscore in `_socket_path` marks it as unused, consider renaming it to `socket_path`
[INFO] [stdout]     |
[INFO] [stdout] 312 - pub async fn start_grpc_server(state: AppState, _socket_path: &str) -> anyhow::Result<()> {
[INFO] [stdout] 312 + pub async fn start_grpc_server(state: AppState, socket_path: &str) -> anyhow::Result<()> {
[INFO] [stdout]     |
[INFO] [stdout] 
[INFO] [stdout] 
[INFO] [stdout] warning: unused import: `templates::RuleTemplate`
[INFO] [stdout]  --> src/config/mod.rs:7:9
[INFO] [stdout]   |
[INFO] [stdout] 7 | pub use templates::RuleTemplate;
[INFO] [stdout]   |         ^^^^^^^^^^^^^^^^^^^^^^^
[INFO] [stdout]   |
[INFO] [stdout]   = note: `#[warn(unused_imports)]` (part of `#[warn(unused)]`) on by default
[INFO] [stdout] 
[INFO] [stdout] 
[INFO] [stdout] warning: unused imports: `Config` and `RuleStats`
[INFO] [stdout]  --> src/api/handlers.rs:3:21
[INFO] [stdout]   |
[INFO] [stdout] 3 | use crate::config::{Config, Rule, RuleStats};
[INFO] [stdout]   |                     ^^^^^^        ^^^^^^^^^
[INFO] [stdout] 
[INFO] [stdout] 
[INFO] [stdout] warning: unused import: `IntCounter`
[INFO] [stdout]  --> src/metrics.rs:2:5
[INFO] [stdout]   |
[INFO] [stdout] 2 |     IntCounter, IntCounterVec, IntGauge, IntGaugeVec, HistogramOpts, HistogramVec,
[INFO] [stdout]   |     ^^^^^^^^^^
[INFO] [stdout] 
[INFO] [stdout] 
[INFO] [stdout] warning: unused import: `std::sync::Arc`
[INFO] [stdout]  --> src/metrics.rs:5:5
[INFO] [stdout]   |
[INFO] [stdout] 5 | use std::sync::Arc;
[INFO] [stdout]   |     ^^^^^^^^^^^^^^
[INFO] [stdout] 
[INFO] [stdout] 
[INFO] [stdout] error[E0425]: cannot find value `socket_path` in this scope
[INFO] [stdout]    --> src/api/grpc.rs:321:30
[INFO] [stdout]     |
[INFO] [stdout] 321 |         let path = Path::new(socket_path);
[INFO] [stdout]     |                              ^^^^^^^^^^^ not found in this scope
[INFO] [stdout]     |
[INFO] [stdout] note: `_socket_path` defined here
[INFO] [stdout]    --> src/api/grpc.rs:312:49
[INFO] [stdout]     |
[INFO] [stdout] 312 | pub async fn start_grpc_server(state: AppState, _socket_path: &str) -> anyhow::Result<()> {
[INFO] [stdout]     |                                                 ^^^^^^^^^^^^
[INFO] [stdout] help: the leading underscore in `_socket_path` marks it as unused, consider renaming it to `socket_path`
[INFO] [stdout]     |
[INFO] [stdout] 312 - pub async fn start_grpc_server(state: AppState, _socket_path: &str) -> anyhow::Result<()> {
[INFO] [stdout] 312 + pub async fn start_grpc_server(state: AppState, socket_path: &str) -> anyhow::Result<()> {
[INFO] [stdout]     |
[INFO] [stdout] 
[INFO] [stdout] 
[INFO] [stdout] error[E0425]: cannot find value `socket_path` in this scope
[INFO] [stdout]    --> src/api/grpc.rs:327:55
[INFO] [stdout]     |
[INFO] [stdout] 327 |         tracing::info!("gRPC server listening on {}", socket_path);
[INFO] [stdout]     |                                                       ^^^^^^^^^^^ not found in this scope
[INFO] [stdout]     |
[INFO] [stdout] note: `_socket_path` defined here
[INFO] [stdout]    --> src/api/grpc.rs:312:49
[INFO] [stdout]     |
[INFO] [stdout] 312 | pub async fn start_grpc_server(state: AppState, _socket_path: &str) -> anyhow::Result<()> {
[INFO] [stdout]     |                                                 ^^^^^^^^^^^^
[INFO] [stdout] help: the leading underscore in `_socket_path` marks it as unused, consider renaming it to `socket_path`
[INFO] [stdout]     |
[INFO] [stdout] 312 - pub async fn start_grpc_server(state: AppState, _socket_path: &str) -> anyhow::Result<()> {
[INFO] [stdout] 312 + pub async fn start_grpc_server(state: AppState, socket_path: &str) -> anyhow::Result<()> {
[INFO] [stdout]     |
[INFO] [stdout] 
[INFO] [stdout] 
[INFO] [stdout] warning: unused import: `templates::RuleTemplate`
[INFO] [stdout]  --> src/config/mod.rs:7:9
[INFO] [stdout]   |
[INFO] [stdout] 7 | pub use templates::RuleTemplate;
[INFO] [stdout]   |         ^^^^^^^^^^^^^^^^^^^^^^^
[INFO] [stdout]   |
[INFO] [stdout]   = note: `#[warn(unused_imports)]` (part of `#[warn(unused)]`) on by default
[INFO] [stdout] 
[INFO] [stdout] 
[INFO] [stdout] warning: unused imports: `Config` and `RuleStats`
[INFO] [stdout]  --> src/api/handlers.rs:3:21
[INFO] [stdout]   |
[INFO] [stdout] 3 | use crate::config::{Config, Rule, RuleStats};
[INFO] [stdout]   |                     ^^^^^^        ^^^^^^^^^
[INFO] [stdout] 
[INFO] [stdout] 
[INFO] [stdout] warning: unused import: `IntCounter`
[INFO] [stdout]  --> src/metrics.rs:2:5
[INFO] [stdout]   |
[INFO] [stdout] 2 |     IntCounter, IntCounterVec, IntGauge, IntGaugeVec, HistogramOpts, HistogramVec,
[INFO] [stdout]   |     ^^^^^^^^^^
[INFO] [stdout] 
[INFO] [stdout] 
[INFO] [stdout] warning: unused import: `std::sync::Arc`
[INFO] [stdout]  --> src/metrics.rs:5:5
[INFO] [stdout]   |
[INFO] [stdout] 5 | use std::sync::Arc;
[INFO] [stdout]   |     ^^^^^^^^^^^^^^
[INFO] [stdout] 
[INFO] [stdout] 
[INFO] [stdout] For more information about this error, try `rustc --explain E0425`.
[INFO] [stdout] 
[INFO] [stderr] error: could not compile `ratelimit` (bin "ratelimit") due to 2 previous errors; 4 warnings emitted
[INFO] [stderr] warning: build failed, waiting for other jobs to finish...
[INFO] [stdout] For more information about this error, try `rustc --explain E0425`.
[INFO] [stdout] 
[INFO] [stderr] error: could not compile `ratelimit` (bin "ratelimit" test) due to 2 previous errors; 4 warnings emitted
[INFO] [stderr] warning: unused dependency `jsonpath-rust`
[INFO] [stderr]   --> Cargo.toml:10:1
[INFO] [stderr]    |
[INFO] [stderr] 10 | jsonpath-rust = "0.3"
[INFO] [stderr]    | ^^^^^^^^^^^^^^^^^^^^^
[INFO] [stderr]    |
[INFO] [stderr]    = note: `cargo::unused_dependencies` is set to `warn` by default
[INFO] [stderr] help: consider removing the dependency on `jsonpath-rust`
[INFO] [stderr] warning: unused dependency `serde_with`
[INFO] [stderr]   --> Cargo.toml:15:1
[INFO] [stderr]    |
[INFO] [stderr] 15 | serde_with = "3"
[INFO] [stderr]    | ^^^^^^^^^^^^^^^^
[INFO] [stderr]    |
[INFO] [stderr] help: consider removing the dependency on `serde_with`
[INFO] [stderr] warning: unused dependency `uuid`
[INFO] [stderr]   --> Cargo.toml:75:15
[INFO] [stderr]    |
[INFO] [stderr] 75 | [dependencies.uuid]
[INFO] [stderr]    |               ^^^^^
[INFO] [stderr]    |
[INFO] [stderr] help: consider removing the dependency on `uuid`
[INFO] [stderr] warning: `ratelimit` (manifest) generated 3 warnings
[INFO] running `Command { std: "docker" "inspect" "2c3d31ddf18bebaa39b1a806d5c85d180741b39dcb8d852227884ccce118f6bb", kill_on_drop: false }`
[INFO] running `Command { std: "docker" "rm" "-f" "2c3d31ddf18bebaa39b1a806d5c85d180741b39dcb8d852227884ccce118f6bb", kill_on_drop: false }`
[INFO] [stdout] 2c3d31ddf18bebaa39b1a806d5c85d180741b39dcb8d852227884ccce118f6bb
