[INFO] cloning repository https://github.com/Vivekk-11/ticktactoe-rust
[INFO] running `Command { std: "git" "-c" "credential.helper=" "-c" "credential.helper=/workspace/cargo-home/bin/git-credential-null" "clone" "--bare" "https://github.com/Vivekk-11/ticktactoe-rust" "/workspace/cache/git-repos/https%3A%2F%2Fgithub.com%2FVivekk-11%2Fticktactoe-rust", kill_on_drop: false }`
[INFO] [stderr] Cloning into bare repository '/workspace/cache/git-repos/https%3A%2F%2Fgithub.com%2FVivekk-11%2Fticktactoe-rust'...
[INFO] running `Command { std: "git" "rev-parse" "HEAD", kill_on_drop: false }`
[INFO] [stdout] 53fc44e284e7e9058f96b60302029ae8789e91f0
[INFO] checking Vivekk-11/ticktactoe-rust/53fc44e284e7e9058f96b60302029ae8789e91f0 against 0cefa27fe3deee26fc98ee44249406358d9f0d26 for pr-164789
[INFO] running `Command { std: "git" "clone" "/workspace/cache/git-repos/https%3A%2F%2Fgithub.com%2FVivekk-11%2Fticktactoe-rust" "/workspace/builds/worker-4-tc1/source", kill_on_drop: false }`
[INFO] [stderr] Cloning into '/workspace/builds/worker-4-tc1/source'...
[INFO] [stderr] done.
[INFO] started tweaking git repo https://github.com/Vivekk-11/ticktactoe-rust
[INFO] finished tweaking git repo https://github.com/Vivekk-11/ticktactoe-rust
[INFO] tweaked toml for git repo https://github.com/Vivekk-11/ticktactoe-rust written to /workspace/builds/worker-4-tc1/source/Cargo.toml
[INFO] validating manifest of git repo https://github.com/Vivekk-11/ticktactoe-rust on toolchain 0cefa27fe3deee26fc98ee44249406358d9f0d26
[INFO] running `Command { std: CARGO_HOME="/workspace/cargo-home" RUSTUP_HOME="/workspace/rustup-home" "/workspace/cargo-home/bin/cargo" "+0cefa27fe3deee26fc98ee44249406358d9f0d26" "metadata" "--manifest-path" "Cargo.toml" "--no-deps", kill_on_drop: false }`
[INFO] crate git repo https://github.com/Vivekk-11/ticktactoe-rust already has a lockfile, it will not be regenerated
[INFO] running `Command { std: CARGO_HOME="/workspace/cargo-home" RUSTUP_HOME="/workspace/rustup-home" "/workspace/cargo-home/bin/cargo" "+0cefa27fe3deee26fc98ee44249406358d9f0d26" "fetch" "--manifest-path" "Cargo.toml", kill_on_drop: false }`
[INFO] [stderr] warning: virtual workspace defaulting to `resolver = "1"` despite one or more workspace members being on edition 2024 which implies `resolver = "3"`
[INFO] [stderr]   |
[INFO] [stderr]   = note: to keep the current resolver, specify `workspace.resolver = "1"` in the workspace root's manifest
[INFO] [stderr]   = note: to use the edition 2024 resolver, specify `workspace.resolver = "3"` in the workspace root's manifest
[INFO] [stderr]   = note: for more details see https://doc.rust-lang.org/cargo/reference/resolver.html#resolver-versions
[INFO] [stderr]     Blocking waiting for file lock on package cache
[INFO] [stderr]     Updating crates.io index
[INFO] [stderr]     Blocking waiting for file lock on package cache
[INFO] [stderr]  Downloading crates ...
[INFO] [stderr]   Downloaded actix-ws v0.3.0
[INFO] [stderr]   Downloaded rsa v0.9.9
[INFO] [stderr]   Downloaded bytestring v1.5.0
[INFO] [stderr]   Downloaded jsonwebtoken v10.2.0
[INFO] [stderr]   Downloaded regex-lite v0.1.8
[INFO] [stderr]   Downloaded actix-http v3.11.2
[INFO] [stderr]   Downloaded p384 v0.13.1
[INFO] [stderr]   Downloaded actix-web v4.12.1
[INFO] running `Command { std: "docker" "create" "-v" "/var/lib/crater-agent-workspace/builds/worker-4-tc1/source:/opt/rustwide/workdir:ro,Z" "-v" "/var/lib/crater-agent-workspace/builds/worker-4-tc1/target:/opt/rustwide/target:rw,Z" "-v" "/var/lib/crater-agent-workspace/cargo-home:/opt/rustwide/cargo-home:ro,Z" "-v" "/var/lib/crater-agent-workspace/rustup-home:/opt/rustwide/rustup-home:ro,Z" "-m" "1610612736" "--network" "none" "ghcr.io/rust-lang/crates-build-env/linux@sha256:c0af3998e971868164375a7dfb646c9933ddd1a3bdb00fa2041266763dc1eeab" "sleep" "infinity", kill_on_drop: false }`
[INFO] [stdout] e1fcd4b6cd7290e216dacab6f1a16751603b3f9cc36cdfbe3c34f10f1cd44d87
[INFO] running `Command { std: "docker" "start" "e1fcd4b6cd7290e216dacab6f1a16751603b3f9cc36cdfbe3c34f10f1cd44d87", kill_on_drop: false }`
[INFO] running `Command { std: "docker" "inspect" "e1fcd4b6cd7290e216dacab6f1a16751603b3f9cc36cdfbe3c34f10f1cd44d87", kill_on_drop: false }`
[INFO] running `Command { std: "docker" "exec" "-e" "SOURCE_DIR=/opt/rustwide/workdir" "-e" "CARGO_HOME=/opt/rustwide/cargo-home" "-e" "RUSTUP_HOME=/opt/rustwide/rustup-home" "-e" "CARGO_TARGET_DIR=/opt/rustwide/target" "-w" "/opt/rustwide/workdir" "--user" "0:0" "e1fcd4b6cd7290e216dacab6f1a16751603b3f9cc36cdfbe3c34f10f1cd44d87" "/opt/rustwide/cargo-home/bin/cargo" "+0cefa27fe3deee26fc98ee44249406358d9f0d26" "metadata" "--no-deps" "--format-version=1", kill_on_drop: false }`
[INFO] running `Command { std: "docker" "inspect" "e1fcd4b6cd7290e216dacab6f1a16751603b3f9cc36cdfbe3c34f10f1cd44d87", kill_on_drop: false }`
[INFO] running `Command { std: "docker" "exec" "-e" "SOURCE_DIR=/opt/rustwide/workdir" "-e" "CARGO_HOME=/opt/rustwide/cargo-home" "-e" "RUSTUP_HOME=/opt/rustwide/rustup-home" "-e" "CARGO_TARGET_DIR=/opt/rustwide/target" "-e" "CARGO_INCREMENTAL=0" "-e" "RUST_BACKTRACE=full" "-e" "RUSTFLAGS=--cap-lints=forbid" "-e" "RUSTDOCFLAGS=--cap-lints=forbid" "-w" "/opt/rustwide/workdir" "--user" "0:0" "e1fcd4b6cd7290e216dacab6f1a16751603b3f9cc36cdfbe3c34f10f1cd44d87" "/opt/rustwide/cargo-home/bin/cargo" "+0cefa27fe3deee26fc98ee44249406358d9f0d26" "check" "--frozen" "--all" "--all-targets" "--message-format=json", kill_on_drop: false }`
[INFO] [stderr] warning: virtual workspace defaulting to `resolver = "1"` despite one or more workspace members being on edition 2024 which implies `resolver = "3"`
[INFO] [stderr]   |
[INFO] [stderr]   = note: to keep the current resolver, specify `workspace.resolver = "1"` in the workspace root's manifest
[INFO] [stderr]   = note: to use the edition 2024 resolver, specify `workspace.resolver = "3"` in the workspace root's manifest
[INFO] [stderr]   = note: for more details see https://doc.rust-lang.org/cargo/reference/resolver.html#resolver-versions
[INFO] [stderr]    Compiling serde_core v1.0.228
[INFO] [stderr]    Compiling serde v1.0.228
[INFO] [stderr]     Checking subtle v2.6.1
[INFO] [stderr]    Compiling zerocopy v0.8.31
[INFO] [stderr]    Compiling libc v0.2.177
[INFO] [stderr]    Compiling num-traits v0.2.19
[INFO] [stderr]     Checking generic-array v0.14.7
[INFO] [stderr]     Checking getrandom v0.2.16
[INFO] [stderr]     Checking log v0.4.28
[INFO] [stderr]    Compiling crossbeam-utils v0.8.21
[INFO] [stderr]    Compiling num-conv v0.1.0
[INFO] [stderr]    Compiling tokio-macros v2.6.0
[INFO] [stderr]    Compiling tracing-attributes v0.1.31
[INFO] [stderr]    Compiling zerofrom v0.1.6
[INFO] [stderr]    Compiling time-core v0.1.6
[INFO] [stderr]    Compiling futures-macro v0.3.31
[INFO] [stderr]    Compiling yoke v0.8.1
[INFO] [stderr]    Compiling memchr v2.7.6
[INFO] [stderr]    Compiling pin-project-lite v0.2.16
[INFO] [stderr]     Checking mio v1.1.0
[INFO] [stderr]    Compiling time-macros v0.2.24
[INFO] [stderr]     Checking signal-hook-registry v1.4.7
[INFO] [stderr]     Checking socket2 v0.6.1
[INFO] [stderr]     Checking rand_core v0.6.4
[INFO] [stderr]    Compiling serde_json v1.0.145
[INFO] [stderr]    Compiling zerovec v0.11.5
[INFO] [stderr]    Compiling bytes v1.11.0
[INFO] [stderr]    Compiling thiserror v2.0.17
[INFO] [stderr]    Compiling writeable v0.6.2
[INFO] [stderr]    Compiling litemap v0.8.1
[INFO] [stderr]     Checking tracing-core v0.1.35
[INFO] [stderr]     Checking der v0.7.10
[INFO] [stderr]    Compiling zerotrie v0.2.3
[INFO] [stderr]    Compiling thiserror-impl v2.0.17
[INFO] [stderr]     Checking getrandom v0.3.4
[INFO] [stderr]    Compiling const-oid v0.9.6
[INFO] [stderr]    Compiling icu_normalizer_data v2.1.1
[INFO] [stderr]     Checking crypto-common v0.1.7
[INFO] [stderr]     Checking block-buffer v0.10.4
[INFO] [stderr]    Compiling icu_properties_data v2.1.1
[INFO] [stderr]    Compiling futures-core v0.3.31
[INFO] [stderr]     Checking futures-util v0.3.31
[INFO] [stderr]     Checking digest v0.10.7
[INFO] [stderr]    Compiling jobserver v0.1.34
[INFO] [stderr]    Compiling find-msvc-tools v0.1.5
[INFO] [stderr]     Checking foldhash v0.1.5
[INFO] [stderr]    Compiling tinystr v0.8.2
[INFO] [stderr]    Compiling potential_utf v0.1.4
[INFO] [stderr]     Checking spki v0.7.3
[INFO] [stderr]    Compiling icu_collections v2.1.1
[INFO] [stderr]     Checking pkcs8 v0.10.2
[INFO] [stderr]     Checking hmac v0.12.1
[INFO] [stderr]    Compiling icu_locale_core v2.1.1
[INFO] [stderr]    Compiling cc v1.2.48
[INFO] [stderr]     Checking hkdf v0.12.4
[INFO] [stderr]     Checking sha2 v0.10.9
[INFO] [stderr]     Checking indexmap v2.12.1
[INFO] [stderr]     Checking tracing v0.1.43
[INFO] [stderr]    Compiling futures-sink v0.3.31
[INFO] [stderr]    Compiling tinyvec_macros v0.1.1
[INFO] [stderr]    Compiling powerfmt v0.2.0
[INFO] [stderr]    Compiling concurrent-queue v2.5.0
[INFO] [stderr]    Compiling hashbrown v0.15.5
[INFO] [stderr]    Compiling tinyvec v1.10.0
[INFO] [stderr]    Compiling libm v0.2.15
[INFO] [stderr]    Compiling slab v0.4.11
[INFO] [stderr]    Compiling crc-catalog v2.4.0
[INFO] [stderr]    Compiling futures-io v0.3.31
[INFO] [stderr]    Compiling pin-utils v0.1.0
[INFO] [stderr]    Compiling futures-task v0.3.31
[INFO] [stderr]    Compiling event-listener v5.4.1
[INFO] [stderr]    Compiling icu_provider v2.1.1
[INFO] [stderr]    Compiling crc v3.4.0
[INFO] [stderr]    Compiling unicode-normalization v0.1.25
[INFO] [stderr]    Compiling crossbeam-queue v0.3.12
[INFO] [stderr]     Checking ppv-lite86 v0.2.21
[INFO] [stderr]    Compiling icu_properties v2.1.1
[INFO] [stderr]     Checking signature v2.2.0
[INFO] [stderr]     Checking ff v0.13.1
[INFO] [stderr]    Compiling unicode-properties v0.1.4
[INFO] [stderr]    Compiling unicode-bidi v0.3.18
[INFO] [stderr]     Checking group v0.13.0
[INFO] [stderr]    Compiling hashlink v0.10.0
[INFO] [stderr]     Checking sec1 v0.7.3
[INFO] [stderr]     Checking rand_chacha v0.3.1
[INFO] [stderr]    Compiling futures-channel v0.3.31
[INFO] [stderr]    Compiling deranged v0.5.5
[INFO] [stderr]     Checking rand v0.8.5
[INFO] [stderr]    Compiling uuid v1.19.0
[INFO] [stderr]    Compiling md-5 v0.10.6
[INFO] [stderr]     Checking num-integer v0.1.46
[INFO] [stderr]    Compiling stringprep v0.1.5
[INFO] [stderr]     Checking crypto-bigint v0.5.5
[INFO] [stderr]    Compiling aho-corasick v1.1.4
[INFO] [stderr]    Compiling zstd-sys v2.0.16+zstd.1.5.7
[INFO] [stderr]    Compiling smallvec v1.15.1
[INFO] [stderr]    Compiling either v1.15.0
[INFO] [stderr]    Compiling atoi v2.0.0
[INFO] [stderr]    Compiling regex-syntax v0.8.8
[INFO] [stderr]    Compiling byteorder v1.5.0
[INFO] [stderr]    Compiling parking_lot_core v0.9.12
[INFO] [stderr]    Compiling icu_normalizer v2.1.1
[INFO] [stderr]    Compiling parking_lot v0.12.5
[INFO] [stderr]     Checking alloc-no-stdlib v2.0.4
[INFO] [stderr]    Compiling bitflags v2.10.0
[INFO] [stderr]     Checking local-waker v0.1.4
[INFO] [stderr]    Compiling zstd-safe v7.2.4
[INFO] [stderr]    Compiling tokio v1.48.0
[INFO] [stderr]    Compiling futures-intrusive v0.5.0
[INFO] [stderr]    Compiling home v0.5.12
[INFO] [stderr]    Compiling idna_adapter v1.2.1
[INFO] [stderr]    Compiling idna v1.1.0
[INFO] [stderr]    Compiling whoami v1.6.1
[INFO] [stderr]    Compiling time v0.3.44
[INFO] [stderr]     Checking http v0.2.12
[INFO] [stderr]    Compiling url v2.5.7
[INFO] [stderr]     Checking alloc-stdlib v0.2.2
[INFO] [stderr]     Checking elliptic-curve v0.13.8
[INFO] [stderr]     Checking rand_core v0.9.3
[INFO] [stderr]     Checking simd-adler32 v0.3.7
[INFO] [stderr]     Checking miniz_oxide v0.8.9
[INFO] [stderr]     Checking rand_chacha v0.9.0
[INFO] [stderr]     Checking regex-automata v0.4.13
[INFO] [stderr]    Compiling derive_more-impl v2.0.1
[INFO] [stderr]     Checking brotli-decompressor v5.0.0
[INFO] [stderr]    Compiling curve25519-dalek v4.1.3
[INFO] [stderr]     Checking actix-utils v3.0.1
[INFO] [stderr]     Checking rfc6979 v0.4.0
[INFO] [stderr]    Compiling bytestring v1.5.0
[INFO] [stderr]     Checking actix-service v2.0.3
[INFO] [stderr]    Compiling cookie v0.16.2
[INFO] [stderr]    Compiling regex-lite v0.1.8
[INFO] [stderr]     Checking spin v0.9.8
[INFO] [stderr]    Compiling num-bigint-dig v0.8.6
[INFO] [stderr]     Checking ecdsa v0.16.9
[INFO] [stderr]     Checking lazy_static v1.5.0
[INFO] [stderr]     Checking flate2 v1.1.5
[INFO] [stderr]     Checking rand v0.9.2
[INFO] [stderr]     Checking primeorder v0.13.6
[INFO] [stderr]     Checking local-channel v0.1.5
[INFO] [stderr]     Checking num-iter v0.1.45
[INFO] [stderr]     Checking sha1 v0.10.6
[INFO] [stderr]    Compiling curve25519-dalek-derive v0.1.1
[INFO] [stderr]     Checking socket2 v0.5.10
[INFO] [stderr]     Checking encoding_rs v0.8.35
[INFO] [stderr]     Checking language-tags v0.3.2
[INFO] [stderr]     Checking serde_urlencoded v0.7.1
[INFO] [stderr]     Checking num-bigint v0.4.6
[INFO] [stderr]     Checking brotli v8.0.2
[INFO] [stderr]     Checking ed25519 v2.2.3
[INFO] [stderr]     Checking pkcs1 v0.7.5
[INFO] [stderr]    Compiling actix-macros v0.2.4
[INFO] [stderr]     Checking impl-more v0.1.9
[INFO] [stderr]     Checking p384 v0.13.1
[INFO] [stderr]     Checking p256 v0.13.2
[INFO] [stderr]     Checking regex v1.12.2
[INFO] [stderr]     Checking pem v3.0.6
[INFO] [stderr]     Checking ed25519-dalek v2.2.0
[INFO] [stderr]     Checking actix-router v0.5.3
[INFO] [stderr]     Checking rsa v0.9.9
[INFO] [stderr]     Checking derive_more v2.0.1
[INFO] [stderr]     Checking simple_asn1 v0.6.3
[INFO] [stderr]     Checking jsonwebtoken v10.2.0
[INFO] [stderr]     Checking tokio-stream v0.1.17
[INFO] [stderr]     Checking tokio-util v0.7.17
[INFO] [stderr]     Checking actix-rt v2.11.0
[INFO] [stderr]     Checking actix-server v2.6.0
[INFO] [stderr]     Checking sqlx-core v0.8.6
[INFO] [stderr]     Checking actix-codec v0.5.2
[INFO] [stderr]     Checking h2 v0.3.27
[INFO] [stderr]    Compiling actix-web-codegen v4.3.0
[INFO] [stderr]     Checking zstd v0.13.3
[INFO] [stderr]     Checking sqlx-postgres v0.8.6
[INFO] [stderr]     Checking actix-http v3.11.2
[INFO] [stderr]     Checking actix-web v4.12.1
[INFO] [stderr]    Compiling sqlx-macros-core v0.8.6
[INFO] [stderr]     Checking actix-ws v0.3.0
[INFO] [stderr]    Compiling sqlx-macros v0.8.6
[INFO] [stderr]     Checking sqlx v0.8.6
[INFO] [stderr]     Checking db v0.1.0 (/opt/rustwide/workdir/db)
[INFO] [stdout] error: set `DATABASE_URL` to use query macros online, or run `cargo sqlx prepare` to update the query cache
[INFO] [stdout]   --> db/src/lib.rs:50:22
[INFO] [stdout]    |
[INFO] [stdout] 50 |           let record = sqlx::query!(
[INFO] [stdout]    |  ______________________^
[INFO] [stdout] 51 | |             r#"
[INFO] [stdout] 52 | |               INSERT INTO users (id, username, password)
[INFO] [stdout] 53 | |               VALUES ($1, $2, $3)
[INFO] [stdout] ...  |
[INFO] [stdout] 58 | |             password
[INFO] [stdout] 59 | |         )
[INFO] [stdout]    | |_________^
[INFO] [stdout]    |
[INFO] [stdout]    = note: this error originates in the macro `$crate::sqlx_macros::expand_query` which comes from the expansion of the macro `sqlx::query` (in Nightly builds, run with -Z macro-backtrace for more info)
[INFO] [stdout] 
[INFO] [stdout] 
[INFO] [stdout] error: set `DATABASE_URL` to use query macros online, or run `cargo sqlx prepare` to update the query cache
[INFO] [stdout]   --> db/src/lib.rs:71:22
[INFO] [stdout]    |
[INFO] [stdout] 71 |           let record = sqlx::query!(
[INFO] [stdout]    |  ______________________^
[INFO] [stdout] 72 | |             r#"
[INFO] [stdout] 73 | |               SELECT id, username, created_at
[INFO] [stdout] 74 | |               FROM users 
[INFO] [stdout] ...  |
[INFO] [stdout] 77 | |             id
[INFO] [stdout] 78 | |         )
[INFO] [stdout]    | |_________^
[INFO] [stdout]    |
[INFO] [stdout]    = note: this error originates in the macro `$crate::sqlx_macros::expand_query` which comes from the expansion of the macro `sqlx::query` (in Nightly builds, run with -Z macro-backtrace for more info)
[INFO] [stdout] 
[INFO] [stdout] 
[INFO] [stdout] error: set `DATABASE_URL` to use query macros online, or run `cargo sqlx prepare` to update the query cache
[INFO] [stdout]   --> db/src/lib.rs:86:22
[INFO] [stdout]    |
[INFO] [stdout] 86 |           let record = sqlx::query!(
[INFO] [stdout]    |  ______________________^
[INFO] [stdout] 87 | |             r#"
[INFO] [stdout] 88 | |               SELECT id, username, created_at, password
[INFO] [stdout] 89 | |               FROM users 
[INFO] [stdout] ...  |
[INFO] [stdout] 92 | |             username
[INFO] [stdout] 93 | |         )
[INFO] [stdout]    | |_________^
[INFO] [stdout]    |
[INFO] [stdout]    = note: this error originates in the macro `$crate::sqlx_macros::expand_query` which comes from the expansion of the macro `sqlx::query` (in Nightly builds, run with -Z macro-backtrace for more info)
[INFO] [stdout] 
[INFO] [stdout] 
[INFO] [stdout] error: set `DATABASE_URL` to use query macros online, or run `cargo sqlx prepare` to update the query cache
[INFO] [stdout]   --> db/src/lib.rs:50:22
[INFO] [stdout]    |
[INFO] [stdout] 50 |           let record = sqlx::query!(
[INFO] [stdout]    |  ______________________^
[INFO] [stdout] 51 | |             r#"
[INFO] [stdout] 52 | |               INSERT INTO users (id, username, password)
[INFO] [stdout] 53 | |               VALUES ($1, $2, $3)
[INFO] [stdout] ...  |
[INFO] [stdout] 58 | |             password
[INFO] [stdout] 59 | |         )
[INFO] [stdout]    | |_________^
[INFO] [stdout]    |
[INFO] [stdout]    = note: this error originates in the macro `$crate::sqlx_macros::expand_query` which comes from the expansion of the macro `sqlx::query` (in Nightly builds, run with -Z macro-backtrace for more info)
[INFO] [stdout] 
[INFO] [stdout] 
[INFO] [stdout] error: set `DATABASE_URL` to use query macros online, or run `cargo sqlx prepare` to update the query cache
[INFO] [stdout]    --> db/src/lib.rs:103:22
[INFO] [stdout]     |
[INFO] [stdout] 103 |           let record = sqlx::query!(
[INFO] [stdout]     |  ______________________^
[INFO] [stdout] 104 | |             r#"
[INFO] [stdout] 105 | |               INSERT INTO rooms (id, player_x, status)
[INFO] [stdout] 106 | |               VALUES ($1, $2, $3)
[INFO] [stdout] ...   |
[INFO] [stdout] 111 | |             "Pending"
[INFO] [stdout] 112 | |         )
[INFO] [stdout]     | |_________^
[INFO] [stdout]     |
[INFO] [stdout]     = note: this error originates in the macro `$crate::sqlx_macros::expand_query` which comes from the expansion of the macro `sqlx::query` (in Nightly builds, run with -Z macro-backtrace for more info)
[INFO] [stdout] 
[INFO] [stdout] 
[INFO] [stdout] error: set `DATABASE_URL` to use query macros online, or run `cargo sqlx prepare` to update the query cache
[INFO] [stdout]   --> db/src/lib.rs:71:22
[INFO] [stdout]    |
[INFO] [stdout] 71 |           let record = sqlx::query!(
[INFO] [stdout]    |  ______________________^
[INFO] [stdout] 72 | |             r#"
[INFO] [stdout] 73 | |               SELECT id, username, created_at
[INFO] [stdout] 74 | |               FROM users 
[INFO] [stdout] ...  |
[INFO] [stdout] 77 | |             id
[INFO] [stdout] 78 | |         )
[INFO] [stdout]    | |_________^
[INFO] [stdout]    |
[INFO] [stdout]    = note: this error originates in the macro `$crate::sqlx_macros::expand_query` which comes from the expansion of the macro `sqlx::query` (in Nightly builds, run with -Z macro-backtrace for more info)
[INFO] [stdout] 
[INFO] [stdout] 
[INFO] [stdout] error: set `DATABASE_URL` to use query macros online, or run `cargo sqlx prepare` to update the query cache
[INFO] [stdout]   --> db/src/lib.rs:86:22
[INFO] [stdout]    |
[INFO] [stdout] 86 |           let record = sqlx::query!(
[INFO] [stdout]    |  ______________________^
[INFO] [stdout] 87 | |             r#"
[INFO] [stdout] 88 | |               SELECT id, username, created_at, password
[INFO] [stdout] 89 | |               FROM users 
[INFO] [stdout] ...  |
[INFO] [stdout] 92 | |             username
[INFO] [stdout] 93 | |         )
[INFO] [stdout]    | |_________^
[INFO] [stdout]    |
[INFO] [stdout]    = note: this error originates in the macro `$crate::sqlx_macros::expand_query` which comes from the expansion of the macro `sqlx::query` (in Nightly builds, run with -Z macro-backtrace for more info)
[INFO] [stdout] 
[INFO] [stdout] 
[INFO] [stdout] error: set `DATABASE_URL` to use query macros online, or run `cargo sqlx prepare` to update the query cache
[INFO] [stdout]    --> db/src/lib.rs:121:22
[INFO] [stdout]     |
[INFO] [stdout] 121 |           let record = sqlx::query!(
[INFO] [stdout]     |  ______________________^
[INFO] [stdout] 122 | |             r#"
[INFO] [stdout] 123 | |               UPDATE rooms SET player_o = $1, status = $2
[INFO] [stdout] 124 | |               WHERE id = $3 AND player_o is NULL AND player_x != $1
[INFO] [stdout] ...   |
[INFO] [stdout] 129 | |             room_id
[INFO] [stdout] 130 | |         )
[INFO] [stdout]     | |_________^
[INFO] [stdout]     |
[INFO] [stdout]     = note: this error originates in the macro `$crate::sqlx_macros::expand_query` which comes from the expansion of the macro `sqlx::query` (in Nightly builds, run with -Z macro-backtrace for more info)
[INFO] [stdout] 
[INFO] [stdout] 
[INFO] [stdout] error: set `DATABASE_URL` to use query macros online, or run `cargo sqlx prepare` to update the query cache
[INFO] [stdout]    --> db/src/lib.rs:147:22
[INFO] [stdout]     |
[INFO] [stdout] 147 |           let record = sqlx::query!(
[INFO] [stdout]     |  ______________________^
[INFO] [stdout] 148 | |             r#"
[INFO] [stdout] 149 | |             SELECT id, player_x, player_o, status, created_at
[INFO] [stdout] 150 | |             FROM rooms
[INFO] [stdout] ...   |
[INFO] [stdout] 153 | |             room_id,
[INFO] [stdout] 154 | |         )
[INFO] [stdout]     | |_________^
[INFO] [stdout]     |
[INFO] [stdout]     = note: this error originates in the macro `$crate::sqlx_macros::expand_query` which comes from the expansion of the macro `sqlx::query` (in Nightly builds, run with -Z macro-backtrace for more info)
[INFO] [stdout] 
[INFO] [stdout] 
[INFO] [stdout] error: set `DATABASE_URL` to use query macros online, or run `cargo sqlx prepare` to update the query cache
[INFO] [stdout]    --> db/src/lib.rs:103:22
[INFO] [stdout]     |
[INFO] [stdout] 103 |           let record = sqlx::query!(
[INFO] [stdout]     |  ______________________^
[INFO] [stdout] 104 | |             r#"
[INFO] [stdout] 105 | |               INSERT INTO rooms (id, player_x, status)
[INFO] [stdout] 106 | |               VALUES ($1, $2, $3)
[INFO] [stdout] ...   |
[INFO] [stdout] 111 | |             "Pending"
[INFO] [stdout] 112 | |         )
[INFO] [stdout]     | |_________^
[INFO] [stdout]     |
[INFO] [stdout]     = note: this error originates in the macro `$crate::sqlx_macros::expand_query` which comes from the expansion of the macro `sqlx::query` (in Nightly builds, run with -Z macro-backtrace for more info)
[INFO] [stdout] 
[INFO] [stdout] 
[INFO] [stdout] error: set `DATABASE_URL` to use query macros online, or run `cargo sqlx prepare` to update the query cache
[INFO] [stdout]    --> db/src/lib.rs:121:22
[INFO] [stdout]     |
[INFO] [stdout] 121 |           let record = sqlx::query!(
[INFO] [stdout]     |  ______________________^
[INFO] [stdout] 122 | |             r#"
[INFO] [stdout] 123 | |               UPDATE rooms SET player_o = $1, status = $2
[INFO] [stdout] 124 | |               WHERE id = $3 AND player_o is NULL AND player_x != $1
[INFO] [stdout] ...   |
[INFO] [stdout] 129 | |             room_id
[INFO] [stdout] 130 | |         )
[INFO] [stdout]     | |_________^
[INFO] [stdout]     |
[INFO] [stdout]     = note: this error originates in the macro `$crate::sqlx_macros::expand_query` which comes from the expansion of the macro `sqlx::query` (in Nightly builds, run with -Z macro-backtrace for more info)
[INFO] [stdout] 
[INFO] [stdout] 
[INFO] [stdout] error: set `DATABASE_URL` to use query macros online, or run `cargo sqlx prepare` to update the query cache
[INFO] [stdout]    --> db/src/lib.rs:147:22
[INFO] [stdout]     |
[INFO] [stdout] 147 |           let record = sqlx::query!(
[INFO] [stdout]     |  ______________________^
[INFO] [stdout] 148 | |             r#"
[INFO] [stdout] 149 | |             SELECT id, player_x, player_o, status, created_at
[INFO] [stdout] 150 | |             FROM rooms
[INFO] [stdout] ...   |
[INFO] [stdout] 153 | |             room_id,
[INFO] [stdout] 154 | |         )
[INFO] [stdout]     | |_________^
[INFO] [stdout]     |
[INFO] [stdout]     = note: this error originates in the macro `$crate::sqlx_macros::expand_query` which comes from the expansion of the macro `sqlx::query` (in Nightly builds, run with -Z macro-backtrace for more info)
[INFO] [stdout] 
[INFO] [stdout] 
[INFO] [stdout] warning: method call on a diverging inference variable
[INFO] [stdout]   --> db/src/lib.rs:82:18
[INFO] [stdout]    |
[INFO] [stdout] 82 |        Ok(record.map(|r| UserResp { id, username: r.username, created_at: r.created_at }))
[INFO] [stdout]    |                  ^^^
[INFO] [stdout]    |
[INFO] [stdout]    = help: consider providing a type annotation
[INFO] [stdout]    = warning: this was previously accepted by the compiler but is being phased out; it will become a hard error in a future release!
[INFO] [stdout]    = note: for more information, see issue #156047 <https://github.com/rust-lang/rust/issues/156047>
[INFO] [stdout]    = note: `#[warn(method_call_on_diverging_infer_var)]` (part of `#[warn(future_incompatible)]`) on by default
[INFO] [stdout] 
[INFO] [stdout] 
[INFO] [stdout] warning: method call on a diverging inference variable
[INFO] [stdout]   --> db/src/lib.rs:82:18
[INFO] [stdout]    |
[INFO] [stdout] 82 |        Ok(record.map(|r| UserResp { id, username: r.username, created_at: r.created_at }))
[INFO] [stdout]    |                  ^^^
[INFO] [stdout]    |
[INFO] [stdout]    = help: consider providing a type annotation
[INFO] [stdout]    = warning: this was previously accepted by the compiler but is being phased out; it will become a hard error in a future release!
[INFO] [stdout]    = note: for more information, see issue #156047 <https://github.com/rust-lang/rust/issues/156047>
[INFO] [stdout]    = note: `#[warn(method_call_on_diverging_infer_var)]` (part of `#[warn(future_incompatible)]`) on by default
[INFO] [stdout] 
[INFO] [stdout] 
[INFO] [stdout] error[E0599]: `!` is not an iterator
[INFO] [stdout]   --> db/src/lib.rs:82:18
[INFO] [stdout]    |
[INFO] [stdout] 82 |        Ok(record.map(|r| UserResp { id, username: r.username, created_at: r.created_at }))
[INFO] [stdout]    |                  ^^^ `!` is not an iterator
[INFO] [stdout]    |
[INFO] [stdout]    = note: the following trait bounds were not satisfied:
[INFO] [stdout]            `!: Iterator`
[INFO] [stdout]            which is required by `&mut !: Iterator`
[INFO] [stdout] 
[INFO] [stdout] 
[INFO] [stdout] error[E0599]: `!` is not an iterator
[INFO] [stdout]   --> db/src/lib.rs:82:18
[INFO] [stdout]    |
[INFO] [stdout] 82 |        Ok(record.map(|r| UserResp { id, username: r.username, created_at: r.created_at }))
[INFO] [stdout]    |                  ^^^ `!` is not an iterator
[INFO] [stdout]    |
[INFO] [stdout]    = note: the following trait bounds were not satisfied:
[INFO] [stdout]            `!: Iterator`
[INFO] [stdout]            which is required by `&mut !: Iterator`
[INFO] [stdout] 
[INFO] [stdout] 
[INFO] [stdout] warning: method call on a diverging inference variable
[INFO] [stdout]   --> db/src/lib.rs:97:18
[INFO] [stdout]    |
[INFO] [stdout] 97 |        Ok(record.map(|r| User { id: r.id, username: r.username, created_at: r.created_at, password: r.password }))
[INFO] [stdout]    |                  ^^^
[INFO] [stdout]    |
[INFO] [stdout]    = help: consider providing a type annotation
[INFO] [stdout]    = warning: this was previously accepted by the compiler but is being phased out; it will become a hard error in a future release!
[INFO] [stdout]    = note: for more information, see issue #156047 <https://github.com/rust-lang/rust/issues/156047>
[INFO] [stdout] 
[INFO] [stdout] 
[INFO] [stdout] warning: method call on a diverging inference variable
[INFO] [stdout]   --> db/src/lib.rs:97:18
[INFO] [stdout]    |
[INFO] [stdout] 97 |        Ok(record.map(|r| User { id: r.id, username: r.username, created_at: r.created_at, password: r.password }))
[INFO] [stdout]    |                  ^^^
[INFO] [stdout]    |
[INFO] [stdout]    = help: consider providing a type annotation
[INFO] [stdout]    = warning: this was previously accepted by the compiler but is being phased out; it will become a hard error in a future release!
[INFO] [stdout]    = note: for more information, see issue #156047 <https://github.com/rust-lang/rust/issues/156047>
[INFO] [stdout] 
[INFO] [stdout] 
[INFO] [stdout] error[E0599]: `!` is not an iterator
[INFO] [stdout]   --> db/src/lib.rs:97:18
[INFO] [stdout]    |
[INFO] [stdout] 97 |        Ok(record.map(|r| User { id: r.id, username: r.username, created_at: r.created_at, password: r.password }))
[INFO] [stdout]    |                  ^^^ `!` is not an iterator
[INFO] [stdout]    |
[INFO] [stdout]    = note: the following trait bounds were not satisfied:
[INFO] [stdout]            `!: Iterator`
[INFO] [stdout]            which is required by `&mut !: Iterator`
[INFO] [stdout] 
[INFO] [stdout] 
[INFO] [stdout] error[E0599]: `!` is not an iterator
[INFO] [stdout]   --> db/src/lib.rs:97:18
[INFO] [stdout]    |
[INFO] [stdout] 97 |        Ok(record.map(|r| User { id: r.id, username: r.username, created_at: r.created_at, password: r.password }))
[INFO] [stdout]    |                  ^^^ `!` is not an iterator
[INFO] [stdout]    |
[INFO] [stdout]    = note: the following trait bounds were not satisfied:
[INFO] [stdout]            `!: Iterator`
[INFO] [stdout]            which is required by `&mut !: Iterator`
[INFO] [stdout] 
[INFO] [stdout] 
[INFO] [stdout] warning: method call on a diverging inference variable
[INFO] [stdout]    --> db/src/lib.rs:134:19
[INFO] [stdout]     |
[INFO] [stdout] 134 |         Ok(record.map(|r| {
[INFO] [stdout]     |                   ^^^
[INFO] [stdout]     |
[INFO] [stdout]     = help: consider providing a type annotation
[INFO] [stdout]     = warning: this was previously accepted by the compiler but is being phased out; it will become a hard error in a future release!
[INFO] [stdout]     = note: for more information, see issue #156047 <https://github.com/rust-lang/rust/issues/156047>
[INFO] [stdout] 
[INFO] [stdout] 
[INFO] [stdout] warning: method call on a diverging inference variable
[INFO] [stdout]    --> db/src/lib.rs:134:19
[INFO] [stdout]     |
[INFO] [stdout] 134 |         Ok(record.map(|r| {
[INFO] [stdout]     |                   ^^^
[INFO] [stdout]     |
[INFO] [stdout]     = help: consider providing a type annotation
[INFO] [stdout]     = warning: this was previously accepted by the compiler but is being phased out; it will become a hard error in a future release!
[INFO] [stdout]     = note: for more information, see issue #156047 <https://github.com/rust-lang/rust/issues/156047>
[INFO] [stdout] 
[INFO] [stdout] 
[INFO] [stdout] error[E0599]: `!` is not an iterator
[INFO] [stdout]    --> db/src/lib.rs:134:19
[INFO] [stdout]     |
[INFO] [stdout] 134 |         Ok(record.map(|r| {
[INFO] [stdout]     |                   ^^^ `!` is not an iterator
[INFO] [stdout]     |
[INFO] [stdout]     = note: the following trait bounds were not satisfied:
[INFO] [stdout]             `!: Iterator`
[INFO] [stdout]             which is required by `&mut !: Iterator`
[INFO] [stdout] 
[INFO] [stdout] 
[INFO] [stdout] error[E0599]: `!` is not an iterator
[INFO] [stdout]    --> db/src/lib.rs:134:19
[INFO] [stdout]     |
[INFO] [stdout] 134 |         Ok(record.map(|r| {
[INFO] [stdout]     |                   ^^^ `!` is not an iterator
[INFO] [stdout]     |
[INFO] [stdout]     = note: the following trait bounds were not satisfied:
[INFO] [stdout]             `!: Iterator`
[INFO] [stdout]             which is required by `&mut !: Iterator`
[INFO] [stdout] 
[INFO] [stdout] 
[INFO] [stdout] warning: method call on a diverging inference variable
[INFO] [stdout]    --> db/src/lib.rs:158:19
[INFO] [stdout]     |
[INFO] [stdout] 158 |         Ok(record.map(|row| Room {
[INFO] [stdout]     |                   ^^^
[INFO] [stdout]     |
[INFO] [stdout]     = help: consider providing a type annotation
[INFO] [stdout]     = warning: this was previously accepted by the compiler but is being phased out; it will become a hard error in a future release!
[INFO] [stdout]     = note: for more information, see issue #156047 <https://github.com/rust-lang/rust/issues/156047>
[INFO] [stdout] 
[INFO] [stdout] 
[INFO] [stdout] warning: method call on a diverging inference variable
[INFO] [stdout]    --> db/src/lib.rs:158:19
[INFO] [stdout]     |
[INFO] [stdout] 158 |         Ok(record.map(|row| Room {
[INFO] [stdout]     |                   ^^^
[INFO] [stdout]     |
[INFO] [stdout]     = help: consider providing a type annotation
[INFO] [stdout]     = warning: this was previously accepted by the compiler but is being phased out; it will become a hard error in a future release!
[INFO] [stdout]     = note: for more information, see issue #156047 <https://github.com/rust-lang/rust/issues/156047>
[INFO] [stdout] 
[INFO] [stdout] 
[INFO] [stdout] error[E0599]: `!` is not an iterator
[INFO] [stdout]    --> db/src/lib.rs:158:19
[INFO] [stdout]     |
[INFO] [stdout] 158 |         Ok(record.map(|row| Room {
[INFO] [stdout]     |                   ^^^ `!` is not an iterator
[INFO] [stdout]     |
[INFO] [stdout]     = note: the following trait bounds were not satisfied:
[INFO] [stdout]             `!: Iterator`
[INFO] [stdout]             which is required by `&mut !: Iterator`
[INFO] [stdout] 
[INFO] [stdout] 
[INFO] [stdout] error[E0599]: `!` is not an iterator
[INFO] [stdout]    --> db/src/lib.rs:158:19
[INFO] [stdout]     |
[INFO] [stdout] 158 |         Ok(record.map(|row| Room {
[INFO] [stdout]     |                   ^^^ `!` is not an iterator
[INFO] [stdout]     |
[INFO] [stdout]     = note: the following trait bounds were not satisfied:
[INFO] [stdout]             `!: Iterator`
[INFO] [stdout]             which is required by `&mut !: Iterator`
[INFO] [stdout] 
[INFO] [stdout] 
[INFO] [stdout] For more information about this error, try `rustc --explain E0599`.
[INFO] [stdout] 
[INFO] [stderr] error: could not compile `db` (lib test) due to 10 previous errors; 8 warnings emitted
[INFO] [stderr] warning: build failed, waiting for other jobs to finish...
[INFO] [stdout] For more information about this error, try `rustc --explain E0599`.
[INFO] [stdout] 
[INFO] [stderr] error: could not compile `db` (lib) due to 10 previous errors; 8 warnings emitted
[INFO] running `Command { std: "docker" "inspect" "e1fcd4b6cd7290e216dacab6f1a16751603b3f9cc36cdfbe3c34f10f1cd44d87", kill_on_drop: false }`
[INFO] running `Command { std: "docker" "rm" "-f" "e1fcd4b6cd7290e216dacab6f1a16751603b3f9cc36cdfbe3c34f10f1cd44d87", kill_on_drop: false }`
[INFO] [stdout] e1fcd4b6cd7290e216dacab6f1a16751603b3f9cc36cdfbe3c34f10f1cd44d87
