[INFO] fetching crate oltcore 0.2.36...
[INFO] checking oltcore-0.2.36 against 04e9298c771dcc8a88d17c0257382c1e4ae3da97 for pr-164582
[INFO] extracting crate oltcore 0.2.36 into /workspace/builds/worker-7-tc2/source
[INFO] started tweaking crates.io crate oltcore 0.2.36
[INFO] removed 0 missing examples
[INFO] finished tweaking crates.io crate oltcore 0.2.36
[INFO] tweaked toml for crates.io crate oltcore 0.2.36 written to /workspace/builds/worker-7-tc2/source/Cargo.toml
[INFO] validating manifest of crates.io crate oltcore 0.2.36 on toolchain 04e9298c771dcc8a88d17c0257382c1e4ae3da97
[INFO] running `Command { std: CARGO_HOME="/workspace/cargo-home" RUSTUP_HOME="/workspace/rustup-home" "/workspace/cargo-home/bin/cargo" "+04e9298c771dcc8a88d17c0257382c1e4ae3da97" "metadata" "--manifest-path" "Cargo.toml" "--no-deps", kill_on_drop: false }`
[INFO] crate crates.io crate oltcore 0.2.36 already has a lockfile, it will not be regenerated
[INFO] running `Command { std: CARGO_HOME="/workspace/cargo-home" RUSTUP_HOME="/workspace/rustup-home" "/workspace/cargo-home/bin/cargo" "+04e9298c771dcc8a88d17c0257382c1e4ae3da97" "fetch" "--manifest-path" "Cargo.toml", kill_on_drop: false }`
[INFO] running `Command { std: "docker" "create" "-v" "/var/lib/crater-agent-workspace/builds/worker-7-tc2/source:/opt/rustwide/workdir:ro,Z" "-v" "/var/lib/crater-agent-workspace/builds/worker-7-tc2/target:/opt/rustwide/target:rw,Z" "-v" "/var/lib/crater-agent-workspace/cargo-home:/opt/rustwide/cargo-home:ro,Z" "-v" "/var/lib/crater-agent-workspace/rustup-home:/opt/rustwide/rustup-home:ro,Z" "-m" "1610612736" "--network" "none" "ghcr.io/rust-lang/crates-build-env/linux@sha256:77db811e55d90add9212f6832c23229e3de5f1c1f9905e8cb07319ea15df73ac" "sleep" "infinity", kill_on_drop: false }`
[INFO] [stdout] 9c0e71030e356d2b9260370dd21c161c95d18d39d69f9d9f6d011b0f3747d74b
[INFO] running `Command { std: "docker" "start" "9c0e71030e356d2b9260370dd21c161c95d18d39d69f9d9f6d011b0f3747d74b", kill_on_drop: false }`
[INFO] running `Command { std: "docker" "inspect" "9c0e71030e356d2b9260370dd21c161c95d18d39d69f9d9f6d011b0f3747d74b", kill_on_drop: false }`
[INFO] running `Command { std: "docker" "exec" "-e" "SOURCE_DIR=/opt/rustwide/workdir" "-e" "CARGO_HOME=/opt/rustwide/cargo-home" "-e" "RUSTUP_HOME=/opt/rustwide/rustup-home" "-e" "CARGO_TARGET_DIR=/opt/rustwide/target" "-w" "/opt/rustwide/workdir" "--user" "0:0" "9c0e71030e356d2b9260370dd21c161c95d18d39d69f9d9f6d011b0f3747d74b" "/opt/rustwide/cargo-home/bin/cargo" "+04e9298c771dcc8a88d17c0257382c1e4ae3da97" "metadata" "--no-deps" "--format-version=1", kill_on_drop: false }`
[INFO] running `Command { std: "docker" "inspect" "9c0e71030e356d2b9260370dd21c161c95d18d39d69f9d9f6d011b0f3747d74b", kill_on_drop: false }`
[INFO] running `Command { std: "docker" "exec" "-e" "SOURCE_DIR=/opt/rustwide/workdir" "-e" "CARGO_HOME=/opt/rustwide/cargo-home" "-e" "RUSTUP_HOME=/opt/rustwide/rustup-home" "-e" "CARGO_TARGET_DIR=/opt/rustwide/target" "-e" "CARGO_INCREMENTAL=0" "-e" "RUST_BACKTRACE=full" "-e" "RUSTFLAGS=--cap-lints=forbid" "-e" "RUSTDOCFLAGS=--cap-lints=forbid" "-w" "/opt/rustwide/workdir" "--user" "0:0" "9c0e71030e356d2b9260370dd21c161c95d18d39d69f9d9f6d011b0f3747d74b" "/opt/rustwide/cargo-home/bin/cargo" "+04e9298c771dcc8a88d17c0257382c1e4ae3da97" "check" "--frozen" "--all" "--all-targets" "--message-format=json", kill_on_drop: false }`
[INFO] [stderr]    Compiling typenum v1.19.0
[INFO] [stderr]    Compiling libc v0.2.183
[INFO] [stderr]    Compiling zerocopy v0.8.47
[INFO] [stderr]    Compiling zeroize_derive v1.4.3
[INFO] [stderr]     Checking pem-rfc7468 v0.7.0
[INFO] [stderr]    Compiling zerocopy-derive v0.8.47
[INFO] [stderr]    Compiling num-traits v0.2.19
[INFO] [stderr]    Compiling serde v1.0.228
[INFO] [stderr]     Checking smallvec v1.15.1
[INFO] [stderr]    Compiling hax-lib v0.3.5
[INFO] [stderr]    Compiling hax-lib-macros v0.3.5
[INFO] [stderr]     Checking pem-rfc7468 v1.0.0
[INFO] [stderr]     Checking rand_core v0.10.0-rc-3
[INFO] [stderr]     Checking cmov v0.5.0-pre.0
[INFO] [stderr]     Checking futures-sink v0.3.32
[INFO] [stderr]     Checking ctutils v0.3.2
[INFO] [stderr]     Checking futures-channel v0.3.32
[INFO] [stderr]    Compiling curve25519-dalek v4.1.3
[INFO] [stderr]    Compiling futures-macro v0.3.32
[INFO] [stderr]    Compiling libcrux-intrinsics v0.0.4
[INFO] [stderr]    Compiling nix v0.29.0
[INFO] [stderr]    Compiling tokio-macros v2.6.1
[INFO] [stderr]    Compiling curve25519-dalek-derive v0.1.1
[INFO] [stderr]    Compiling libcrux-sha3 v0.0.4
[INFO] [stderr]    Compiling num-bigint-dig v0.8.6
[INFO] [stderr]     Checking spin v0.9.8
[INFO] [stderr]     Checking lazy_static v1.5.0
[INFO] [stderr]    Compiling tls_codec_derive v0.4.2
[INFO] [stderr]    Compiling libcrux-ml-kem v0.0.4
[INFO] [stderr]    Compiling aws-lc-rs v1.16.2
[INFO] [stderr]     Checking zeroize v1.8.2
[INFO] [stderr]     Checking bitflags v2.11.0
[INFO] [stderr]    Compiling thiserror-impl v2.0.18
[INFO] [stderr]     Checking log v0.4.29
[INFO] [stderr]     Checking either v1.17.0
[INFO] [stderr]     Checking untrusted v0.7.1
[INFO] [stderr]     Checking futures-util v0.3.32
[INFO] [stderr]     Checking regex-syntax v0.8.11
[INFO] [stderr]     Checking der v0.7.10
[INFO] [stderr]     Checking der v0.8.0
[INFO] [stderr]     Checking num-integer v0.1.46
[INFO] [stderr]     Checking libcrux-secrets v0.0.4
[INFO] [stderr]     Checking crypto-bigint v0.7.0-rc.18
[INFO] [stderr]     Checking ciborium-io v0.2.2
[INFO] [stderr]    Compiling enum_dispatch v0.3.13
[INFO] [stderr]     Checking itertools v0.13.0
[INFO] [stderr]     Checking num-iter v0.1.45
[INFO] [stderr]     Checking serde_json v1.0.149
[INFO] [stderr]     Checking clap_builder v4.6.6
[INFO] [stderr]    Compiling delegate v0.13.5
[INFO] [stderr]     Checking spki v0.7.3
[INFO] [stderr]    Compiling jobserver v0.1.34
[INFO] [stderr]     Checking tls_codec v0.4.2
[INFO] [stderr]     Checking regex-automata v0.4.18
[INFO] [stderr]    Compiling cc v1.2.57
[INFO] [stderr]     Checking spki v0.8.0-rc.4
[INFO] [stderr]     Checking md5 v0.7.0
[INFO] [stderr]     Checking thiserror v2.0.18
[INFO] [stderr]     Checking hex-literal v0.4.1
[INFO] [stderr]     Checking pkcs8 v0.11.0-rc.11
[INFO] [stderr]     Checking pkcs1 v0.8.0-rc.4
[INFO] [stderr]     Checking data-encoding v2.10.0
[INFO] [stderr]     Checking tinytemplate v1.2.1
[INFO] [stderr]     Checking anes v0.1.6
[INFO] [stderr]     Checking clap v4.6.6
[INFO] [stderr]     Checking getrandom v0.2.17
[INFO] [stderr]     Checking getrandom v0.3.4
[INFO] [stderr]     Checking parking_lot_core v0.9.12
[INFO] [stderr]     Checking mio v1.1.1
[INFO] [stderr]     Checking socket2 v0.6.3
[INFO] [stderr]     Checking libcrux-platform v0.0.2
[INFO] [stderr]     Checking page_size v0.6.0
[INFO] [stderr]     Checking criterion-plot v0.8.2
[INFO] [stderr]     Checking generic-array v0.14.7
[INFO] [stderr]     Checking hybrid-array v0.4.8
[INFO] [stderr]     Checking rand_core v0.9.5
[INFO] [stderr]     Checking rand_core v0.6.4
[INFO] [stderr]     Checking parking_lot v0.12.5
[INFO] [stderr]     Checking ff v0.13.1
[INFO] [stderr]     Checking password-hash v0.5.0
[INFO] [stderr]     Checking group v0.13.0
[INFO] [stderr]     Checking tokio v1.50.0
[INFO] [stderr]     Checking crypto-common v0.1.7
[INFO] [stderr]     Checking block-buffer v0.10.4
[INFO] [stderr]     Checking block-padding v0.3.3
[INFO] [stderr]     Checking crypto-bigint v0.5.5
[INFO] [stderr]     Checking generic-array v1.3.5
[INFO] [stderr]     Checking regex v1.13.1
[INFO] [stderr]    Compiling cmake v0.1.57
[INFO] [stderr]     Checking universal-hash v0.5.1
[INFO] [stderr]     Checking aead v0.5.2
[INFO] [stderr]     Checking polyval v0.6.2
[INFO] [stderr]     Checking poly1305 v0.8.0
[INFO] [stderr]     Checking digest v0.10.7
[INFO] [stderr]     Checking inout v0.1.4
[INFO] [stderr]     Checking sha2 v0.10.9
[INFO] [stderr]     Checking hmac v0.12.1
[INFO] [stderr]     Checking signature v2.2.0
[INFO] [stderr]     Checking ssh-encoding v0.2.0
[INFO] [stderr]     Checking ghash v0.5.1
[INFO] [stderr]     Checking blake2 v0.10.6
[INFO] [stderr]    Compiling aws-lc-sys v0.39.0
[INFO] [stderr]    Compiling alloca v0.4.0
[INFO] [stderr]     Checking sha1 v0.10.6
[INFO] [stderr]     Checking pbkdf2 v0.12.2
[INFO] [stderr]     Checking cipher v0.4.4
[INFO] [stderr]     Checking hkdf v0.12.4
[INFO] [stderr]     Checking rfc6979 v0.4.0
[INFO] [stderr]     Checking russh-cryptovec v0.58.0
[INFO] [stderr]     Checking argon2 v0.5.3
[INFO] [stderr]     Checking crypto-common v0.2.1
[INFO] [stderr]     Checking block-buffer v0.12.0
[INFO] [stderr]     Checking aes v0.8.4
[INFO] [stderr]     Checking cbc v0.1.2
[INFO] [stderr]     Checking salsa20 v0.10.2
[INFO] [stderr]     Checking ctr v0.9.2
[INFO] [stderr]     Checking chacha20 v0.9.1
[INFO] [stderr]     Checking blowfish v0.9.1
[INFO] [stderr]     Checking futures-executor v0.3.32
[INFO] [stderr]     Checking scrypt v0.11.0
[INFO] [stderr]     Checking bcrypt-pbkdf v0.10.0
[INFO] [stderr]     Checking futures v0.3.32
[INFO] [stderr]     Checking pkcs5 v0.7.1
[INFO] [stderr]     Checking aes-gcm v0.10.3
[INFO] [stderr]     Checking ssh-cipher v0.2.0
[INFO] [stderr]     Checking digest v0.11.2
[INFO] [stderr]     Checking pkcs8 v0.10.2
[INFO] [stderr]     Checking signature v3.0.0-rc.6
[INFO] [stderr]     Checking sha2 v0.11.0-rc.5
[INFO] [stderr]     Checking sha1 v0.11.0-rc.5
[INFO] [stderr]     Checking sec1 v0.7.3
[INFO] [stderr]     Checking ed25519 v2.2.3
[INFO] [stderr]     Checking ed25519-dalek v2.2.0
[INFO] [stderr]     Checking crypto-primes v0.7.0-pre.6
[INFO] [stderr]     Checking elliptic-curve v0.13.8
[INFO] [stderr]     Checking primeorder v0.13.6
[INFO] [stderr]     Checking ecdsa v0.16.9
[INFO] [stderr]     Checking rsa v0.10.0-rc.12
[INFO] [stderr]     Checking p384 v0.13.1
[INFO] [stderr]     Checking p256 v0.13.2
[INFO] [stderr]     Checking p521 v0.13.3
[INFO] [stderr]     Checking ppv-lite86 v0.2.21
[INFO] [stderr]     Checking half v2.7.1
[INFO] [stderr]     Checking russh-util v0.52.0
[INFO] [stderr]     Checking bb8 v0.9.1
[INFO] [stderr]     Checking rand_chacha v0.9.0
[INFO] [stderr]     Checking rand_chacha v0.3.1
[INFO] [stderr]     Checking rand v0.9.2
[INFO] [stderr]     Checking ciborium-ll v0.2.2
[INFO] [stderr]     Checking rand v0.8.5
[INFO] [stderr]     Checking ciborium v0.2.2
[INFO] [stderr]     Checking criterion v0.8.2
[INFO] [stderr]     Checking libcrux-traits v0.0.4
[INFO] [stderr]     Checking num-bigint v0.4.6
[INFO] [stderr]     Checking internal-russh-forked-ssh-key v0.6.16+upstream-0.6.7
[INFO] [stderr]     Checking russh v0.58.0
[INFO] [stderr]     Checking oltcore v0.2.36 (/opt/rustwide/workdir)
[INFO] [stdout] error[E0433]: cannot find `vendors` in the crate root
[INFO] [stdout]   --> benches/../src/session/save_tests.rs:11:12
[INFO] [stdout]    |
[INFO] [stdout] 11 | use crate::vendors::huawei::{SAVE_QUIET_INTERVAL, SAVE_TIMEOUT, commands::save_complete};
[INFO] [stdout]    |            ^^^^^^^ could not find `vendors` in the crate root
[INFO] [stdout] 
[INFO] [stdout] 
[INFO] [stdout] error[E0433]: cannot find `vendors` in the crate root
[INFO] [stdout]    --> benches/../src/session.rs:875:16
[INFO] [stdout]     |
[INFO] [stdout] 875 |     use crate::vendors::huawei::commands::{
[INFO] [stdout]     |                ^^^^^^^ could not find `vendors` in the crate root
[INFO] [stdout] 
[INFO] [stdout] 
[INFO] [stdout] error[E0432]: unresolved imports `crate::OntIpConfigDhcpRequest`, `crate::OntTr069ServerConfigRequest`
[INFO] [stdout]    --> benches/../src/vendors/huawei/commands/write.rs:142:17
[INFO] [stdout]     |
[INFO] [stdout] 142 |     use crate::{OntIpConfigDhcpRequest, OntTr069ServerConfigRequest};
[INFO] [stdout]     |                 ^^^^^^^^^^^^^^^^^^^^^^  ^^^^^^^^^^^^^^^^^^^^^^^^^^^ no `OntTr069ServerConfigRequest` in the root
[INFO] [stdout]     |                 |
[INFO] [stdout]     |                 no `OntIpConfigDhcpRequest` in the root
[INFO] [stdout]     |
[INFO] [stdout]     = help: consider importing one of these structs instead:
[INFO] [stdout]             crate::types::OntIpConfigDhcpRequest
[INFO] [stdout]             oltcore::OntIpConfigDhcpRequest
[INFO] [stdout]     = help: consider importing one of these structs instead:
[INFO] [stdout]             crate::types::OntTr069ServerConfigRequest
[INFO] [stdout]             oltcore::OntTr069ServerConfigRequest
[INFO] [stdout] 
[INFO] [stdout] 
[INFO] [stdout] error[E0432]: unresolved imports `crate::Fsp`, `crate::OntIpConfigDhcpRequest`, `crate::OntTr069ServerConfigRequest`
[INFO] [stdout]    --> benches/../src/session.rs:878:24
[INFO] [stdout]     |
[INFO] [stdout] 878 |     use crate::{Error, Fsp, OntIpConfigDhcpRequest, OntTr069ServerConfigRequest};
[INFO] [stdout]     |                        ^^^  ^^^^^^^^^^^^^^^^^^^^^^  ^^^^^^^^^^^^^^^^^^^^^^^^^^^ no `OntTr069ServerConfigRequest` in the root
[INFO] [stdout]     |                        |    |
[INFO] [stdout]     |                        |    no `OntIpConfigDhcpRequest` in the root
[INFO] [stdout]     |                        no `Fsp` in the root
[INFO] [stdout]     |
[INFO] [stdout]     = help: consider importing one of these structs instead:
[INFO] [stdout]             crate::types::Fsp
[INFO] [stdout]             oltcore::Fsp
[INFO] [stdout]     = help: consider importing one of these structs instead:
[INFO] [stdout]             crate::types::OntIpConfigDhcpRequest
[INFO] [stdout]             oltcore::OntIpConfigDhcpRequest
[INFO] [stdout]     = help: consider importing one of these structs instead:
[INFO] [stdout]             crate::types::OntTr069ServerConfigRequest
[INFO] [stdout]             oltcore::OntTr069ServerConfigRequest
[INFO] [stdout] 
[INFO] [stdout] 
[INFO] [stdout] Some errors have detailed explanations: E0432, E0433.
[INFO] [stdout] 
[INFO] [stdout] For more information about an error, try `rustc --explain E0432`.
[INFO] [stdout] 
[INFO] [stderr] error: could not compile `oltcore` (bench "text_processing") due to 4 previous errors
[INFO] running `Command { std: "docker" "inspect" "9c0e71030e356d2b9260370dd21c161c95d18d39d69f9d9f6d011b0f3747d74b", kill_on_drop: false }`
[INFO] running `Command { std: "docker" "rm" "-f" "9c0e71030e356d2b9260370dd21c161c95d18d39d69f9d9f6d011b0f3747d74b", kill_on_drop: false }`
[INFO] [stdout] 9c0e71030e356d2b9260370dd21c161c95d18d39d69f9d9f6d011b0f3747d74b
