[INFO] cloning repository https://github.com/relay955/lightweight-wol-webui
[INFO] running `Command { std: "git" "-c" "credential.helper=" "-c" "credential.helper=/workspace/cargo-home/bin/git-credential-null" "clone" "--bare" "https://github.com/relay955/lightweight-wol-webui" "/workspace/cache/git-repos/https%3A%2F%2Fgithub.com%2Frelay955%2Flightweight-wol-webui", kill_on_drop: false }`
[INFO] [stderr] Cloning into bare repository '/workspace/cache/git-repos/https%3A%2F%2Fgithub.com%2Frelay955%2Flightweight-wol-webui'...
[INFO] running `Command { std: "git" "rev-parse" "HEAD", kill_on_drop: false }`
[INFO] [stdout] 778c20ba3c778a9e89830e08e7dc5a084edd3371
[INFO] checking relay955/lightweight-wol-webui against 04e9298c771dcc8a88d17c0257382c1e4ae3da97 for pr-164582
[INFO] running `Command { std: "git" "clone" "/workspace/cache/git-repos/https%3A%2F%2Fgithub.com%2Frelay955%2Flightweight-wol-webui" "/workspace/builds/worker-7-tc2/source", kill_on_drop: false }`
[INFO] [stderr] Cloning into '/workspace/builds/worker-7-tc2/source'...
[INFO] [stderr] done.
[INFO] started tweaking git repo https://github.com/relay955/lightweight-wol-webui
[INFO] finished tweaking git repo https://github.com/relay955/lightweight-wol-webui
[INFO] tweaked toml for git repo https://github.com/relay955/lightweight-wol-webui written to /workspace/builds/worker-7-tc2/source/Cargo.toml
[INFO] validating manifest of git repo https://github.com/relay955/lightweight-wol-webui on toolchain 04e9298c771dcc8a88d17c0257382c1e4ae3da97
[INFO] running `Command { std: CARGO_HOME="/workspace/cargo-home" RUSTUP_HOME="/workspace/rustup-home" "/workspace/cargo-home/bin/cargo" "+04e9298c771dcc8a88d17c0257382c1e4ae3da97" "metadata" "--manifest-path" "Cargo.toml" "--no-deps", kill_on_drop: false }`
[INFO] crate git repo https://github.com/relay955/lightweight-wol-webui already has a lockfile, it will not be regenerated
[INFO] running `Command { std: CARGO_HOME="/workspace/cargo-home" RUSTUP_HOME="/workspace/rustup-home" "/workspace/cargo-home/bin/cargo" "+04e9298c771dcc8a88d17c0257382c1e4ae3da97" "fetch" "--manifest-path" "Cargo.toml", kill_on_drop: false }`
[INFO] [stderr]     Blocking waiting for file lock on package cache
[INFO] running `Command { std: "docker" "create" "-v" "/var/lib/crater-agent-workspace/builds/worker-7-tc2/source:/opt/rustwide/workdir:ro,Z" "-v" "/var/lib/crater-agent-workspace/builds/worker-7-tc2/target:/opt/rustwide/target:rw,Z" "-v" "/var/lib/crater-agent-workspace/cargo-home:/opt/rustwide/cargo-home:ro,Z" "-v" "/var/lib/crater-agent-workspace/rustup-home:/opt/rustwide/rustup-home:ro,Z" "-m" "1610612736" "--network" "none" "ghcr.io/rust-lang/crates-build-env/linux@sha256:77db811e55d90add9212f6832c23229e3de5f1c1f9905e8cb07319ea15df73ac" "sleep" "infinity", kill_on_drop: false }`
[INFO] [stdout] 85db0c0665766b8eeef951d9b9aa256171429a42ac839515cce247e6108d0ca2
[INFO] running `Command { std: "docker" "start" "85db0c0665766b8eeef951d9b9aa256171429a42ac839515cce247e6108d0ca2", kill_on_drop: false }`
[INFO] running `Command { std: "docker" "inspect" "85db0c0665766b8eeef951d9b9aa256171429a42ac839515cce247e6108d0ca2", kill_on_drop: false }`
[INFO] running `Command { std: "docker" "exec" "-e" "SOURCE_DIR=/opt/rustwide/workdir" "-e" "CARGO_HOME=/opt/rustwide/cargo-home" "-e" "RUSTUP_HOME=/opt/rustwide/rustup-home" "-e" "CARGO_TARGET_DIR=/opt/rustwide/target" "-w" "/opt/rustwide/workdir" "--user" "0:0" "85db0c0665766b8eeef951d9b9aa256171429a42ac839515cce247e6108d0ca2" "/opt/rustwide/cargo-home/bin/cargo" "+04e9298c771dcc8a88d17c0257382c1e4ae3da97" "metadata" "--no-deps" "--format-version=1", kill_on_drop: false }`
[INFO] running `Command { std: "docker" "inspect" "85db0c0665766b8eeef951d9b9aa256171429a42ac839515cce247e6108d0ca2", kill_on_drop: false }`
[INFO] running `Command { std: "docker" "exec" "-e" "SOURCE_DIR=/opt/rustwide/workdir" "-e" "CARGO_HOME=/opt/rustwide/cargo-home" "-e" "RUSTUP_HOME=/opt/rustwide/rustup-home" "-e" "CARGO_TARGET_DIR=/opt/rustwide/target" "-e" "CARGO_INCREMENTAL=0" "-e" "RUST_BACKTRACE=full" "-e" "RUSTFLAGS=--cap-lints=forbid" "-e" "RUSTDOCFLAGS=--cap-lints=forbid" "-w" "/opt/rustwide/workdir" "--user" "0:0" "85db0c0665766b8eeef951d9b9aa256171429a42ac839515cce247e6108d0ca2" "/opt/rustwide/cargo-home/bin/cargo" "+04e9298c771dcc8a88d17c0257382c1e4ae3da97" "check" "--frozen" "--all" "--all-targets" "--message-format=json", kill_on_drop: false }`
[INFO] [stderr]    Compiling serde_core v1.0.225
[INFO] [stderr]    Compiling serde v1.0.225
[INFO] [stderr]    Compiling cc v1.2.37
[INFO] [stderr]    Compiling smallvec v1.15.1
[INFO] [stderr]    Compiling serde_derive v1.0.225
[INFO] [stderr]    Compiling proc-macro2-diagnostics v0.10.1
[INFO] [stderr]    Compiling bitflags v2.9.4
[INFO] [stderr]     Checking futures-util v0.3.31
[INFO] [stderr]     Checking tokio v1.47.1
[INFO] [stderr]    Compiling futures-channel v0.3.31
[INFO] [stderr]    Compiling num-traits v0.2.19
[INFO] [stderr]    Compiling hashbrown v0.16.0
[INFO] [stderr]    Compiling rustix v1.1.2
[INFO] [stderr]    Compiling getrandom v0.2.16
[INFO] [stderr]     Checking tracing v0.1.41
[INFO] [stderr]    Compiling ref-cast v1.0.24
[INFO] [stderr]    Compiling pear_codegen v0.2.9
[INFO] [stderr]     Checking crypto-common v0.1.6
[INFO] [stderr]    Compiling ref-cast-impl v1.0.24
[INFO] [stderr]    Compiling icu_normalizer v2.0.0
[INFO] [stderr]    Compiling parking_lot_core v0.9.11
[INFO] [stderr]     Checking time v0.3.43
[INFO] [stderr]     Checking idna v1.1.0
[INFO] [stderr]    Compiling deranged v0.5.3
[INFO] [stderr]     Checking digest v0.10.7
[INFO] [stderr]    Compiling parking_lot v0.12.4
[INFO] [stderr]    Compiling devise_core v0.4.2
[INFO] [stderr]    Compiling indexmap v2.11.4
[INFO] [stderr]     Checking http v0.2.12
[INFO] [stderr]     Checking spin v0.9.8
[INFO] [stderr]     Checking is-terminal v0.4.16
[INFO] [stderr]    Compiling uncased v0.9.10
[INFO] [stderr]    Compiling try-lock v0.2.5
[INFO] [stderr]    Compiling sha2 v0.10.9
[INFO] [stderr]    Compiling idna_adapter v1.2.1
[INFO] [stderr]    Compiling want v0.3.1
[INFO] [stderr]     Checking yansi v1.0.1
[INFO] [stderr]    Compiling futures-intrusive v0.5.0
[INFO] [stderr]    Compiling httparse v1.10.1
[INFO] [stderr]    Compiling socket2 v0.5.10
[INFO] [stderr]    Compiling tower-service v0.3.3
[INFO] [stderr]    Compiling inlinable_string v0.1.15
[INFO] [stderr]    Compiling devise_codegen v0.4.2
[INFO] [stderr]    Compiling url v2.5.7
[INFO] [stderr]    Compiling httpdate v1.0.3
[INFO] [stderr]    Compiling ring v0.17.14
[INFO] [stderr]    Compiling libsqlite3-sys v0.27.0
[INFO] [stderr]     Checking http-body v0.4.6
[INFO] [stderr]    Compiling devise v0.4.2
[INFO] [stderr]    Compiling pear v0.2.9
[INFO] [stderr]    Compiling flume v0.11.1
[INFO] [stderr]    Compiling futures v0.3.31
[INFO] [stderr]    Compiling futures-executor v0.3.31
[INFO] [stderr]    Compiling stable-pattern v0.1.0
[INFO] [stderr]    Compiling multer v3.1.0
[INFO] [stderr]    Compiling state v0.6.0
[INFO] [stderr]    Compiling urlencoding v2.1.3
[INFO] [stderr]    Compiling darling_core v0.20.11
[INFO] [stderr]    Compiling hyper v0.14.32
[INFO] [stderr]     Checking cookie v0.18.1
[INFO] [stderr]     Checking atoi v2.0.0
[INFO] [stderr]    Compiling async-stream-impl v0.3.6
[INFO] [stderr]     Checking serde_json v1.0.145
[INFO] [stderr]    Compiling rocket v0.5.1
[INFO] [stderr]    Compiling thiserror v2.0.17
[INFO] [stderr]     Checking regex-syntax v0.8.6
[INFO] [stderr]    Compiling rustls v0.21.12
[INFO] [stderr]    Compiling tempfile v3.22.0
[INFO] [stderr]     Checking either v1.15.0
[INFO] [stderr]     Checking toml_datetime v0.6.11
[INFO] [stderr]     Checking serde_spanned v0.6.9
[INFO] [stderr]    Compiling toml v0.5.11
[INFO] [stderr]     Checking toml_edit v0.22.27
[INFO] [stderr]     Checking ubyte v0.10.4
[INFO] [stderr]     Checking async-stream v0.3.6
[INFO] [stderr]     Checking rand v0.8.5
[INFO] [stderr]     Checking num-integer v0.1.46
[INFO] [stderr]    Compiling thiserror-impl v2.0.17
[INFO] [stderr]    Compiling proc-macro-error-attr2 v2.0.0
[INFO] [stderr]     Checking atomic v0.5.3
[INFO] [stderr]     Checking binascii v0.1.4
[INFO] [stderr]     Checking num-bigint v0.4.6
[INFO] [stderr]    Compiling proc-macro-error2 v2.0.1
[INFO] [stderr]     Checking password-hash v0.5.0
[INFO] [stderr]     Checking unicase_serde v0.1.0
[INFO] [stderr]    Compiling rocket_db_pools_codegen v0.2.0
[INFO] [stderr]     Checking regex-automata v0.4.10
[INFO] [stderr]     Checking blake2 v0.10.6
[INFO] [stderr]     Checking chrono v0.4.42
[INFO] [stderr]     Checking uuid v1.18.1
[INFO] [stderr]     Checking argon2 v0.5.3
[INFO] [stderr]     Checking tray-item v0.10.0
[INFO] [stdout] error[E0433]: cannot find `TrayItemImpl` in `api`
[INFO] [stdout]   --> /opt/rustwide/cargo-home/registry/src/index.crates.io-1949cf8c6b5b557f/tray-item-0.10.0/src/lib.rs:32:22
[INFO] [stdout]    |
[INFO] [stdout] 32 |         Ok(Self(api::TrayItemImpl::new(title, icon)?))
[INFO] [stdout]    |                      ^^^^^^^^^^^^ could not find `TrayItemImpl` in `api`
[INFO] [stdout]    |
[INFO] [stdout] note: found an item that was configured out
[INFO] [stdout]   --> /opt/rustwide/cargo-home/registry/src/index.crates.io-1949cf8c6b5b557f/tray-item-0.10.0/src/api/mod.rs:15:10
[INFO] [stdout]    |
[INFO] [stdout] 14 | #[cfg(all(target_os = "linux", feature = "ksni"))]
[INFO] [stdout]    |                                ---------------- the item is gated behind the `ksni` feature
[INFO] [stdout] 15 | pub type TrayItemImpl = linux_ksni::TrayItemLinux;
[INFO] [stdout]    |          ^^^^^^^^^^^^
[INFO] [stdout] note: found an item that was configured out
[INFO] [stdout]   --> /opt/rustwide/cargo-home/registry/src/index.crates.io-1949cf8c6b5b557f/tray-item-0.10.0/src/api/mod.rs:18:10
[INFO] [stdout]    |
[INFO] [stdout] 17 | #[cfg(all(target_os = "linux", feature = "libappindicator"))]
[INFO] [stdout]    |                                --------------------------- the item is gated behind the `libappindicator` feature
[INFO] [stdout] 18 | pub type TrayItemImpl = linux_libappindicator::TrayItemLinux;
[INFO] [stdout]    |          ^^^^^^^^^^^^
[INFO] [stdout] note: found an item that was configured out
[INFO] [stdout]   --> /opt/rustwide/cargo-home/registry/src/index.crates.io-1949cf8c6b5b557f/tray-item-0.10.0/src/api/mod.rs:21:10
[INFO] [stdout]    |
[INFO] [stdout] 20 | #[cfg(target_os = "windows")]
[INFO] [stdout]    |       --------------------- the item is gated behind the `windows` feature
[INFO] [stdout] 21 | pub type TrayItemImpl = windows::TrayItemWindows;
[INFO] [stdout]    |          ^^^^^^^^^^^^
[INFO] [stdout] note: found an item that was configured out
[INFO] [stdout]   --> /opt/rustwide/cargo-home/registry/src/index.crates.io-1949cf8c6b5b557f/tray-item-0.10.0/src/api/mod.rs:24:10
[INFO] [stdout]    |
[INFO] [stdout] 23 | #[cfg(target_os = "macos")]
[INFO] [stdout]    |       ------------------- the item is gated behind the `macos` feature
[INFO] [stdout] 24 | pub type TrayItemImpl = macos::TrayItemMacOS;
[INFO] [stdout]    |          ^^^^^^^^^^^^
[INFO] [stdout] 
[INFO] [stdout] 
[INFO] [stdout] error[E0425]: cannot find type `TrayItemImpl` in module `api`
[INFO] [stdout]   --> /opt/rustwide/cargo-home/registry/src/index.crates.io-1949cf8c6b5b557f/tray-item-0.10.0/src/lib.rs:5:26
[INFO] [stdout]    |
[INFO] [stdout]  5 | pub struct TrayItem(api::TrayItemImpl);
[INFO] [stdout]    |                          ^^^^^^^^^^^^ not found in `api`
[INFO] [stdout]    |
[INFO] [stdout] note: found an item that was configured out
[INFO] [stdout]   --> /opt/rustwide/cargo-home/registry/src/index.crates.io-1949cf8c6b5b557f/tray-item-0.10.0/src/api/mod.rs:15:10
[INFO] [stdout]    |
[INFO] [stdout] 14 | #[cfg(all(target_os = "linux", feature = "ksni"))]
[INFO] [stdout]    |                                ---------------- the item is gated behind the `ksni` feature
[INFO] [stdout] 15 | pub type TrayItemImpl = linux_ksni::TrayItemLinux;
[INFO] [stdout]    |          ^^^^^^^^^^^^
[INFO] [stdout] note: found an item that was configured out
[INFO] [stdout]   --> /opt/rustwide/cargo-home/registry/src/index.crates.io-1949cf8c6b5b557f/tray-item-0.10.0/src/api/mod.rs:18:10
[INFO] [stdout]    |
[INFO] [stdout] 17 | #[cfg(all(target_os = "linux", feature = "libappindicator"))]
[INFO] [stdout]    |                                --------------------------- the item is gated behind the `libappindicator` feature
[INFO] [stdout] 18 | pub type TrayItemImpl = linux_libappindicator::TrayItemLinux;
[INFO] [stdout]    |          ^^^^^^^^^^^^
[INFO] [stdout] note: found an item that was configured out
[INFO] [stdout]   --> /opt/rustwide/cargo-home/registry/src/index.crates.io-1949cf8c6b5b557f/tray-item-0.10.0/src/api/mod.rs:21:10
[INFO] [stdout]    |
[INFO] [stdout] 20 | #[cfg(target_os = "windows")]
[INFO] [stdout]    |       --------------------- the item is gated behind the `windows` feature
[INFO] [stdout] 21 | pub type TrayItemImpl = windows::TrayItemWindows;
[INFO] [stdout]    |          ^^^^^^^^^^^^
[INFO] [stdout] note: found an item that was configured out
[INFO] [stdout]   --> /opt/rustwide/cargo-home/registry/src/index.crates.io-1949cf8c6b5b557f/tray-item-0.10.0/src/api/mod.rs:24:10
[INFO] [stdout]    |
[INFO] [stdout] 23 | #[cfg(target_os = "macos")]
[INFO] [stdout]    |       ------------------- the item is gated behind the `macos` feature
[INFO] [stdout] 24 | pub type TrayItemImpl = macos::TrayItemMacOS;
[INFO] [stdout]    |          ^^^^^^^^^^^^
[INFO] [stdout] 
[INFO] [stdout] 
[INFO] [stdout] error[E0425]: cannot find type `TrayItemImpl` in module `api`
[INFO] [stdout]   --> /opt/rustwide/cargo-home/registry/src/index.crates.io-1949cf8c6b5b557f/tray-item-0.10.0/src/lib.rs:50:46
[INFO] [stdout]    |
[INFO] [stdout] 50 |     pub fn inner_mut(&mut self) -> &mut api::TrayItemImpl {
[INFO] [stdout]    |                                              ^^^^^^^^^^^^ not found in `api`
[INFO] [stdout]    |
[INFO] [stdout] note: found an item that was configured out
[INFO] [stdout]   --> /opt/rustwide/cargo-home/registry/src/index.crates.io-1949cf8c6b5b557f/tray-item-0.10.0/src/api/mod.rs:15:10
[INFO] [stdout]    |
[INFO] [stdout] 14 | #[cfg(all(target_os = "linux", feature = "ksni"))]
[INFO] [stdout]    |                                ---------------- the item is gated behind the `ksni` feature
[INFO] [stdout] 15 | pub type TrayItemImpl = linux_ksni::TrayItemLinux;
[INFO] [stdout]    |          ^^^^^^^^^^^^
[INFO] [stdout] note: found an item that was configured out
[INFO] [stdout]   --> /opt/rustwide/cargo-home/registry/src/index.crates.io-1949cf8c6b5b557f/tray-item-0.10.0/src/api/mod.rs:18:10
[INFO] [stdout]    |
[INFO] [stdout] 17 | #[cfg(all(target_os = "linux", feature = "libappindicator"))]
[INFO] [stdout]    |                                --------------------------- the item is gated behind the `libappindicator` feature
[INFO] [stdout] 18 | pub type TrayItemImpl = linux_libappindicator::TrayItemLinux;
[INFO] [stdout]    |          ^^^^^^^^^^^^
[INFO] [stdout] note: found an item that was configured out
[INFO] [stdout]   --> /opt/rustwide/cargo-home/registry/src/index.crates.io-1949cf8c6b5b557f/tray-item-0.10.0/src/api/mod.rs:21:10
[INFO] [stdout]    |
[INFO] [stdout] 20 | #[cfg(target_os = "windows")]
[INFO] [stdout]    |       --------------------- the item is gated behind the `windows` feature
[INFO] [stdout] 21 | pub type TrayItemImpl = windows::TrayItemWindows;
[INFO] [stdout]    |          ^^^^^^^^^^^^
[INFO] [stdout] note: found an item that was configured out
[INFO] [stdout]   --> /opt/rustwide/cargo-home/registry/src/index.crates.io-1949cf8c6b5b557f/tray-item-0.10.0/src/api/mod.rs:24:10
[INFO] [stdout]    |
[INFO] [stdout] 23 | #[cfg(target_os = "macos")]
[INFO] [stdout]    |       ------------------- the item is gated behind the `macos` feature
[INFO] [stdout] 24 | pub type TrayItemImpl = macos::TrayItemMacOS;
[INFO] [stdout]    |          ^^^^^^^^^^^^
[INFO] [stdout] 
[INFO] [stdout] 
[INFO] [stdout] Some errors have detailed explanations: E0425, E0433.
[INFO] [stdout] 
[INFO] [stdout] For more information about an error, try `rustc --explain E0425`.
[INFO] [stdout] 
[INFO] [stderr] error: could not compile `tray-item` (lib) due to 3 previous errors
[INFO] [stderr] warning: build failed, waiting for other jobs to finish...
[INFO] running `Command { std: "docker" "inspect" "85db0c0665766b8eeef951d9b9aa256171429a42ac839515cce247e6108d0ca2", kill_on_drop: false }`
[INFO] running `Command { std: "docker" "rm" "-f" "85db0c0665766b8eeef951d9b9aa256171429a42ac839515cce247e6108d0ca2", kill_on_drop: false }`
[INFO] [stdout] 85db0c0665766b8eeef951d9b9aa256171429a42ac839515cce247e6108d0ca2
