[INFO] cloning repository https://github.com/rconan/parse-monitors
[INFO] running `Command { std: "git" "-c" "credential.helper=" "-c" "credential.helper=/workspace/cargo-home/bin/git-credential-null" "clone" "--bare" "https://github.com/rconan/parse-monitors" "/workspace/cache/git-repos/https%3A%2F%2Fgithub.com%2Frconan%2Fparse-monitors", kill_on_drop: false }`
[INFO] [stderr] Cloning into bare repository '/workspace/cache/git-repos/https%3A%2F%2Fgithub.com%2Frconan%2Fparse-monitors'...
[INFO] running `Command { std: "git" "rev-parse" "HEAD", kill_on_drop: false }`
[INFO] [stdout] 6fc69c30ec1705f1244e9aa38c8121f456849c08
[INFO] checking rconan/parse-monitors against b26b4e75de6aac63fc6beeecebad5b3a5f84d2a4 for pr-164582
[INFO] running `Command { std: "git" "clone" "/workspace/cache/git-repos/https%3A%2F%2Fgithub.com%2Frconan%2Fparse-monitors" "/workspace/builds/worker-2-tc1/source", kill_on_drop: false }`
[INFO] [stderr] Cloning into '/workspace/builds/worker-2-tc1/source'...
[INFO] [stderr] done.
[INFO] started tweaking git repo https://github.com/rconan/parse-monitors
[INFO] finished tweaking git repo https://github.com/rconan/parse-monitors
[INFO] tweaked toml for git repo https://github.com/rconan/parse-monitors written to /workspace/builds/worker-2-tc1/source/Cargo.toml
[INFO] validating manifest of git repo https://github.com/rconan/parse-monitors on toolchain b26b4e75de6aac63fc6beeecebad5b3a5f84d2a4
[INFO] running `Command { std: CARGO_HOME="/workspace/cargo-home" RUSTUP_HOME="/workspace/rustup-home" "/workspace/cargo-home/bin/cargo" "+b26b4e75de6aac63fc6beeecebad5b3a5f84d2a4" "metadata" "--manifest-path" "Cargo.toml" "--no-deps", kill_on_drop: false }`
[INFO] running `Command { std: CARGO_HOME="/workspace/cargo-home" RUSTUP_HOME="/workspace/rustup-home" "/workspace/cargo-home/bin/cargo" "+b26b4e75de6aac63fc6beeecebad5b3a5f84d2a4" "generate-lockfile" "--manifest-path" "Cargo.toml", kill_on_drop: false }`
[INFO] [stderr]     Blocking waiting for file lock on package cache
[INFO] [stderr]     Updating crates.io index
[INFO] [stderr]     Blocking waiting for file lock on package cache
[INFO] [stderr]      Locking 742 packages to highest compatible versions
[INFO] [stderr]       Adding bzip2 v0.5.2 (available: v0.6.1)
[INFO] [stderr]       Adding generic-array v0.14.7 (available: v0.14.9)
[INFO] [stderr]       Adding geotrans v0.2.2 (available: v1.2.0)
[INFO] [stderr]       Adding globset v0.4.6 (available: v0.4.20)
[INFO] [stderr]       Adding ignore v0.4.17 (available: v0.4.33)
[INFO] [stderr]       Adding indicatif v0.17.11 (available: v0.18.6)
[INFO] [stderr]       Adding itertools v0.14.0 (available: v0.15.0)
[INFO] [stderr]       Adding nalgebra v0.32.6 (available: v0.35.0)
[INFO] [stderr]       Adding npyz v0.8.4 (available: v0.9.1)
[INFO] [stderr]       Adding pest v2.9.2 (available: v2.9.4)
[INFO] [stderr]       Adding pest_derive v2.9.2 (available: v2.9.4)
[INFO] [stderr]       Adding pest_generator v2.9.2 (available: v2.9.4)
[INFO] [stderr]       Adding pest_meta v2.9.2 (available: v2.9.4)
[INFO] [stderr]       Adding polars v0.18.0 (available: v0.55.2)
[INFO] [stderr]       Adding polars v0.47.1 (available: v0.55.2)
[INFO] [stderr]       Adding rand v0.8.8 (available: v0.10.3)
[INFO] [stderr]       Adding rstar v0.12.2 (available: v0.13.0)
[INFO] [stderr]       Adding strum v0.27.2 (available: v0.28.0)
[INFO] [stderr]       Adding strum_macros v0.27.2 (available: v0.28.0)
[INFO] [stderr]       Adding tectonic v0.8.2 (available: v0.17.0)
[INFO] running `Command { std: CARGO_HOME="/workspace/cargo-home" RUSTUP_HOME="/workspace/rustup-home" "/workspace/cargo-home/bin/cargo" "+b26b4e75de6aac63fc6beeecebad5b3a5f84d2a4" "fetch" "--manifest-path" "Cargo.toml", kill_on_drop: false }`
[INFO] [stderr]     Blocking waiting for file lock on package cache
[INFO] [stderr]  Downloading crates ...
[INFO] [stderr]   Downloaded polars-utils v0.47.1
[INFO] [stderr]   Downloaded windows-core v0.57.0
[INFO] [stderr]   Downloaded windows-implement v0.57.0
[INFO] [stderr]   Downloaded windows-interface v0.57.0
[INFO] [stderr]   Downloaded array-init-cursor v0.2.1
[INFO] [stderr]   Downloaded rand_pcg v0.10.2
[INFO] [stderr]   Downloaded lru-slab v0.1.3
[INFO] [stderr]   Downloaded psm v0.1.32
[INFO] [stderr]   Downloaded polars-error v0.47.1
[INFO] [stderr]   Downloaded stacker v0.1.25
[INFO] [stderr]   Downloaded planus v0.3.1
[INFO] [stderr]   Downloaded zeroize v1.9.1
[INFO] [stderr]   Downloaded system-configuration v0.7.0
[INFO] [stderr]   Downloaded hyper-rustls v0.27.10
[INFO] [stderr]   Downloaded rmp-serde v1.3.1
[INFO] [stderr]   Downloaded polars-arrow-format v0.1.0
[INFO] [stderr]   Downloaded tokio-rustls v0.26.6
[INFO] [stderr]   Downloaded rustls-native-certs v0.8.5
[INFO] [stderr]   Downloaded quinn-udp v0.5.16
[INFO] [stderr]   Downloaded humantime v2.4.0
[INFO] [stderr]   Downloaded strum_macros v0.26.4
[INFO] [stderr]   Downloaded unicode-reverse v1.0.9
[INFO] [stderr]   Downloaded phf_shared v0.12.1
[INFO] [stderr]   Downloaded polars v0.47.1
[INFO] [stderr]   Downloaded ar_archive_writer v0.5.3
[INFO] [stderr]   Downloaded slotmap v1.1.1
[INFO] [stderr]   Downloaded rmp v0.8.15
[INFO] [stderr]   Downloaded wit-bindgen v0.57.1
[INFO] [stderr]   Downloaded memmap2 v0.9.11
[INFO] [stderr]   Downloaded crc32fast v1.5.3
[INFO] [stderr]   Downloaded polars-schema v0.47.1
[INFO] [stderr]   Downloaded rand_distr v0.4.3
[INFO] [stderr]   Downloaded strength_reduce v0.2.4
[INFO] [stderr]   Downloaded skiplist v0.5.1
[INFO] [stderr]   Downloaded zstd-safe v7.3.0
[INFO] [stderr]   Downloaded streaming-iterator v0.1.9
[INFO] [stderr]   Downloaded lz4 v1.28.1
[INFO] [stderr]   Downloaded phf v0.12.1
[INFO] [stderr]   Downloaded atoi_simd v0.16.1
[INFO] [stderr]   Downloaded debug_unsafe v0.1.4
[INFO] [stderr]   Downloaded fast-float2 v0.2.4
[INFO] [stderr]   Downloaded now v0.1.3
[INFO] [stderr]   Downloaded recursive v0.1.1
[INFO] [stderr]   Downloaded recursive-proc-macro-impl v0.1.1
[INFO] [stderr]   Downloaded streaming-decompression v0.1.2
[INFO] [stderr]   Downloaded fs4 v0.13.1
[INFO] [stderr]   Downloaded crossbeam-queue v0.3.14
[INFO] [stderr]   Downloaded async-channel v2.5.0
[INFO] [stderr]   Downloaded transpose v0.2.3
[INFO] [stderr]   Downloaded primal-check v0.3.4
[INFO] [stderr]   Downloaded iter-read v0.3.1
[INFO] [stderr]   Downloaded raw-cpuid v11.6.0
[INFO] [stderr]   Downloaded rustls-webpki v0.103.16
[INFO] [stderr]   Downloaded quinn v0.11.12
[INFO] [stderr]   Downloaded compact_str v0.8.2
[INFO] [stderr]   Downloaded polars-time v0.47.1
[INFO] [stderr]   Downloaded xxhash-rust v0.8.19
[INFO] [stderr]   Downloaded polars-row v0.47.1
[INFO] [stderr]   Downloaded ethnum v1.5.3
[INFO] [stderr]   Downloaded comfy-table v7.2.2
[INFO] [stderr]   Downloaded litrs v1.0.1
[INFO] [stderr]   Downloaded polars-parquet-format v0.1.0
[INFO] [stderr]   Downloaded constant_time_eq v0.4.2
[INFO] [stderr]   Downloaded arrayvec v0.7.8
[INFO] [stderr]   Downloaded polars-mem-engine v0.47.1
[INFO] [stderr]   Downloaded event-listener v5.4.2
[INFO] [stderr]   Downloaded welch-sde v0.1.0
[INFO] [stderr]   Downloaded serde-pickle v0.6.3
[INFO] [stderr]   Downloaded miow v0.2.2
[INFO] [stderr]   Downloaded iovec v0.1.4
[INFO] [stderr]   Downloaded sysinfo v0.33.1
[INFO] [stderr]   Downloaded ntapi v0.4.3
[INFO] [stderr]   Downloaded libm v0.2.16
[INFO] [stderr]   Downloaded wasip2 v1.0.4+wasi-0.2.12
[INFO] [stderr]   Downloaded unicode-segmentation v1.13.3
[INFO] [stderr]   Downloaded argminmax v0.6.3
[INFO] [stderr]   Downloaded polars-sql v0.47.1
[INFO] [stderr]   Downloaded polars-lazy v0.47.1
[INFO] [stderr]   Downloaded polars-expr v0.47.1
[INFO] [stderr]   Downloaded crossbeam-channel v0.5.17
[INFO] [stderr]   Downloaded polars-pipe v0.47.1
[INFO] [stderr]   Downloaded fuchsia-zircon-sys v0.3.3
[INFO] [stderr]   Downloaded tectonic_mac_core v0.1.3
[INFO] [stderr]   Downloaded aws-lc-rs v1.18.2
[INFO] [stderr]   Downloaded quinn-proto v0.11.19
[INFO] [stderr]   Downloaded h2 v0.4.20
[INFO] [stderr]   Downloaded quick-xml v0.38.4
[INFO] [stderr]   Downloaded zlib-rs v0.6.8
[INFO] [stderr]   Downloaded unicode-normalization v0.1.26
[INFO] [stderr]   Downloaded polars-compute v0.47.1
[INFO] [stderr]   Downloaded polars-io v0.47.1
[INFO] [stderr]   Downloaded polars-parquet v0.47.1
[INFO] [stderr]   Downloaded num-bigint v0.3.3
[INFO] [stderr]   Downloaded kernel32-sys v0.2.2
[INFO] [stderr]   Downloaded fuchsia-zircon v0.3.3
[INFO] [stderr]   Downloaded dirs v4.0.0
[INFO] [stderr]   Downloaded tectonic_bridge_png v0.1.2
[INFO] [stderr]   Downloaded object v0.39.1
[INFO] [stderr]   Downloaded object_store v0.12.5
[INFO] [stderr]   Downloaded rustls v0.23.46
[INFO] [stderr]   Downloaded polars-arrow v0.47.1
[INFO] [stderr]   Downloaded sqlparser v0.53.0
[INFO] [stderr]   Downloaded polars-plan v0.47.1
[INFO] [stderr]   Downloaded blake3 v1.8.7
[INFO] [stderr]   Downloaded polars-stream v0.47.1
[INFO] [stderr]   Downloaded rustfft v6.4.1
[INFO] [stderr]   Downloaded triangle-rs v0.1.2
[INFO] [stderr]   Downloaded memoffset v0.6.5
[INFO] [stderr]   Downloaded dirs-sys v0.3.7
[INFO] [stderr]   Downloaded tectonic_dep_support v0.1.2
[INFO] [stderr]   Downloaded tectonic_cfg_support v0.1.5
[INFO] [stderr]   Downloaded tectonic_bridge_icu v0.2.4
[INFO] [stderr]   Downloaded tectonic_bridge_graphite2 v0.3.2
[INFO] [stderr]   Downloaded tectonic_status_base v0.2.2
[INFO] [stderr]   Downloaded tectonic_xdv v0.3.0
[INFO] [stderr]   Downloaded slug v0.1.6
[INFO] [stderr]   Downloaded humansize v2.1.3
[INFO] [stderr]   Downloaded globwalk v0.9.1
[INFO] [stderr]   Downloaded lz4-sys v1.11.1+lz4-1.10.0
[INFO] [stderr]   Downloaded inotify v0.7.1
[INFO] [stderr]   Downloaded inotify-sys v0.1.8
[INFO] [stderr]   Downloaded fsevent-sys v2.0.1
[INFO] [stderr]   Downloaded fsevent v0.4.0
[INFO] [stderr]   Downloaded filetime v0.2.29
[INFO] [stderr]   Downloaded darling_macro v0.12.4
[INFO] [stderr]   Downloaded which v4.4.2
[INFO] [stderr]   Downloaded tectonic_bridge_freetype2 v0.3.2
[INFO] [stderr]   Downloaded tectonic_bridge_flate v0.1.10
[INFO] [stderr]   Downloaded tectonic_errors v0.3.0
[INFO] [stderr]   Downloaded jni-sys v0.4.1
[INFO] [stderr]   Downloaded tectonic_engine_xdvipdfmx v0.4.4
[INFO] [stderr]   Downloaded serde_spanned v1.1.2
[INFO] [stderr]   Downloaded atty v0.2.14
[INFO] [stderr]   Downloaded constant_time_eq v0.1.5
[INFO] [stderr]   Downloaded polars-arrow v0.18.0
[INFO] [stderr]   Downloaded num v0.4.3
[INFO] [stderr]   Downloaded libz-sys v1.1.30
[INFO] [stderr]   Downloaded zstd-sys v2.1.2+zstd.1.5.7
[INFO] [stderr]   Downloaded chrono-tz v0.10.4
[INFO] [stderr]   Downloaded globset v0.4.6
[INFO] [stderr]   Downloaded derive_builder_macro v0.10.2
[INFO] [stderr]   Downloaded derive_builder_core v0.10.2
[INFO] [stderr]   Downloaded darling v0.12.4
[INFO] [stderr]   Downloaded tectonic_xetex_layout v0.2.4
[INFO] [stderr]   Downloaded tectonic_bridge_core v0.5.3
[INFO] [stderr]   Downloaded sha2 v0.11.1
[INFO] [stderr]   Downloaded directories v6.0.0
[INFO] [stderr]   Downloaded redox_users v0.5.3
[INFO] [stderr]   Downloaded md-5 v0.11.0
[INFO] [stderr]   Downloaded tectonic_geturl v0.4.1
[INFO] [stderr]   Downloaded jni-sys-macros v0.4.1
[INFO] [stderr]   Downloaded pest_derive v2.9.2
[INFO] [stderr]   Downloaded pest_generator v2.9.2
[INFO] [stderr]   Downloaded chrono-tz-build v0.3.0
[INFO] [stderr]   Downloaded tectonic_docmodel v0.3.1
[INFO] [stderr]   Downloaded toml_writer v1.1.3+spec-1.1.0
[INFO] [stderr]   Downloaded toml_datetime v1.1.2+spec-1.1.0
[INFO] [stderr]   Downloaded tectonic_bundles v0.4.2
[INFO] [stderr]   Downloaded structopt-derive v0.4.18
[INFO] [stderr]   Downloaded vec_map v0.8.2
[INFO] [stderr]   Downloaded textwrap v0.11.0
[INFO] [stderr]   Downloaded strsim v0.8.0
[INFO] [stderr]   Downloaded hermit-abi v0.1.19
[INFO] [stderr]   Downloaded ansi_term v0.12.1
[INFO] [stderr]   Downloaded redox_syscall v0.1.57
[INFO] [stderr]   Downloaded num-iter v0.1.46
[INFO] [stderr]   Downloaded tectonic v0.8.2
[INFO] [stderr]   Downloaded derive_builder v0.10.2
[INFO] [stderr]   Downloaded darling_core v0.12.4
[INFO] [stderr]   Downloaded terminfo v0.7.5
[INFO] [stderr]   Downloaded tectonic_io_base v0.6.0
[INFO] [stderr]   Downloaded rustls-platform-verifier v0.7.1
[INFO] [stderr]   Downloaded rustls-platform-verifier-android v0.2.0
[INFO] [stderr]   Downloaded jni-macros v0.22.4
[INFO] [stderr]   Downloaded tectonic_engine_spx2html v0.4.3
[INFO] [stderr]   Downloaded pest_meta v2.9.2
[INFO] [stderr]   Downloaded pinot v0.1.5
[INFO] [stderr]   Downloaded tectonic_engine_bibtex v0.3.4
[INFO] [stderr]   Downloaded toml v1.1.8+spec-1.1.0
[INFO] [stderr]   Downloaded toml_parser v1.1.5+spec-1.1.0
[INFO] [stderr]   Downloaded zopfli v0.8.4
[INFO] [stderr]   Downloaded structopt v0.3.26
[INFO] [stderr]   Downloaded blake2b_simd v0.5.11
[INFO] [stderr]   Downloaded arrayvec v0.5.2
[INFO] [stderr]   Downloaded encode_unicode v0.3.6
[INFO] [stderr]   Downloaded zstd v0.11.2+zstd.1.5.2
[INFO] [stderr]   Downloaded matio-rs_derive v0.1.0
[INFO] [stderr]   Downloaded watchexec v1.17.2
[INFO] [stderr]   Downloaded ignore v0.4.17
[INFO] [stderr]   Downloaded parse-zoneinfo v0.3.1
[INFO] [stderr]   Downloaded typed-path v0.12.4
[INFO] [stderr]   Downloaded zip v0.6.6
[INFO] [stderr]   Downloaded matio-rs v1.6.5
[INFO] [stderr]   Downloaded zip v0.5.13
[INFO] [stderr]   Downloaded notify v4.0.18
[INFO] [stderr]   Downloaded mio-extras v2.0.6
[INFO] [stderr]   Downloaded mio v0.6.23
[INFO] [stderr]   Downloaded net2 v0.2.39
[INFO] [stderr]   Downloaded ws2_32-sys v0.2.1
[INFO] [stderr]   Downloaded winapi-build v0.1.1
[INFO] [stderr]   Downloaded aho-corasick v0.7.20
[INFO] [stderr]   Downloaded command-group v1.0.8
[INFO] [stderr]   Downloaded clearscreen v1.0.11
[INFO] [stderr]   Downloaded nom v5.1.3
[INFO] [stderr]   Downloaded webpki-root-certs v1.0.10
[INFO] [stderr]   Downloaded combine v4.6.9
[INFO] [stderr]   Downloaded tera v1.20.1
[INFO] [stderr]   Downloaded zip v8.6.0
[INFO] [stderr]   Downloaded prettyplease v0.2.37
[INFO] [stderr]   Downloaded winapi v0.2.8
[INFO] [stderr]   Downloaded nix v0.22.3
[INFO] [stderr]   Downloaded deunicode v1.6.2
[INFO] [stderr]   Downloaded pest v2.9.2
[INFO] [stderr]   Downloaded winnow v1.0.4
[INFO] [stderr]   Downloaded fs2 v0.4.3
[INFO] [stderr]   Downloaded seq-macro v0.3.6
[INFO] [stderr]   Downloaded alloc-stdlib v0.2.4
[INFO] [stderr]   Downloaded nix v0.24.3
[INFO] [stderr]   Downloaded jni v0.22.4
[INFO] [stderr]   Downloaded clap v2.34.0
[INFO] [stderr]   Downloaded snap v1.1.2
[INFO] [stderr]   Downloaded lz4_flex v0.13.1
[INFO] [stderr]   Downloaded half v2.7.1
[INFO] [stderr]   Downloaded bincode_derive v2.0.1
[INFO] [stderr]   Downloaded pathdiff v0.2.3
[INFO] [stderr]   Downloaded rustc-demangle v0.1.28
[INFO] [stderr]   Downloaded utf8-width v0.1.9
[INFO] [stderr]   Downloaded arrow-schema v58.4.0
[INFO] [stderr]   Downloaded arrow-data v58.4.0
[INFO] [stderr]   Downloaded unty v0.0.4
[INFO] [stderr]   Downloaded simd_cesu8 v1.2.0
[INFO] [stderr]   Downloaded tectonic_engine_xetex v0.5.3
[INFO] [stderr]   Downloaded quick-xml v0.22.0
[INFO] [stderr]   Downloaded open v1.7.1
[INFO] [stderr]   Downloaded md-5 v0.9.1
[INFO] [stderr]   Downloaded error-chain v0.12.4
[INFO] [stderr]   Downloaded backtrace v0.3.76
[INFO] [stderr]   Downloaded addr2line v0.25.1
[INFO] [stderr]   Downloaded byte-unit v4.0.19
[INFO] [stderr]   Downloaded iter-read v1.1.0
[INFO] [stderr]   Downloaded rstar v0.12.2
[INFO] [stderr]   Downloaded hash32 v0.3.1
[INFO] [stderr]   Downloaded polars v0.18.0
[INFO] [stderr]   Downloaded polars-io v0.18.0
[INFO] [stderr]   Downloaded unsafe_unwrap v0.1.0
[INFO] [stderr]   Downloaded dirs v1.0.5
[INFO] [stderr]   Downloaded redox_users v0.3.5
[INFO] [stderr]   Downloaded rust-argon2 v0.8.3
[INFO] [stderr]   Downloaded bindgen v0.71.1
[INFO] [stderr]   Downloaded arrow-select v58.4.0
[INFO] [stderr]   Downloaded arrow-buffer v58.4.0
[INFO] [stderr]   Downloaded bstr v0.2.17
[INFO] [stderr]   Downloaded chrono-tz v0.9.0
[INFO] [stderr]   Downloaded heapless v0.8.0
[INFO] [stderr]   Downloaded polars-lazy v0.18.0
[INFO] [stderr]   Downloaded prettytable-rs v0.8.0
[INFO] [stderr]   Downloaded term v0.5.2
[INFO] [stderr]   Downloaded multiversion-macros v0.6.1
[INFO] [stderr]   Downloaded brotli-decompressor v5.0.3
[INFO] [stderr]   Downloaded polars-ops v0.47.1
[INFO] [stderr]   Downloaded gimli v0.32.3
[INFO] [stderr]   Downloaded polars-core v0.18.0
[INFO] [stderr]   Downloaded multiversion v0.6.1
[INFO] [stderr]   Downloaded lexical-core v0.8.5
[INFO] [stderr]   Downloaded lexical-write-integer v0.8.5
[INFO] [stderr]   Downloaded lexical-parse-integer v0.8.6
[INFO] [stderr]   Downloaded hash_hasher v2.0.4
[INFO] [stderr]   Downloaded ahash v0.7.8
[INFO] [stderr]   Downloaded memmap2 v0.5.10
[INFO] [stderr]   Downloaded lexical v6.1.1
[INFO] [stderr]   Downloaded plotters-bitmap v0.3.7
[INFO] [stderr]   Downloaded weezl v0.1.12
[INFO] [stderr]   Downloaded pathfinder_geometry v0.5.1
[INFO] [stderr]   Downloaded matio-rs-sys v0.2.7
[INFO] [stderr]   Downloaded lexical-core v1.0.6
[INFO] [stderr]   Downloaded tectonic_pdf_io v0.5.3
[INFO] [stderr]   Downloaded object v0.37.3
[INFO] [stderr]   Downloaded serde-pickle v1.2.0
[INFO] [stderr]   Downloaded lexical-util v0.8.5
[INFO] [stderr]   Downloaded lexical-write-float v0.8.5
[INFO] [stderr]   Downloaded hashbrown v0.11.2
[INFO] [stderr]   Downloaded pathfinder_simd v0.5.6
[INFO] [stderr]   Downloaded yeslogic-fontconfig-sys v6.0.1
[INFO] [stderr]   Downloaded dlib v0.5.3
[INFO] [stderr]   Downloaded float-ord v0.3.2
[INFO] [stderr]   Downloaded dwrote v0.11.5
[INFO] [stderr]   Downloaded wio v0.2.2
[INFO] [stderr]   Downloaded core-text v20.1.0
[INFO] [stderr]   Downloaded foreign-types-macros v0.2.4
[INFO] [stderr]   Downloaded virtue v0.0.18
[INFO] [stderr]   Downloaded arrow-string v58.4.0
[INFO] [stderr]   Downloaded lexical-parse-float v0.8.5
[INFO] [stderr]   Downloaded ttf-parser v0.20.0
[INFO] [stderr]   Downloaded font-kit v0.14.3
[INFO] [stderr]   Downloaded npyz v0.8.4
[INFO] [stderr]   Downloaded arrow-row v58.4.0
[INFO] [stderr]   Downloaded arrow-ord v58.4.0
[INFO] [stderr]   Downloaded lexical-write-integer v1.0.6
[INFO] [stderr]   Downloaded polars-core v0.47.1
[INFO] [stderr]   Downloaded sha1 v0.10.7
[INFO] [stderr]   Downloaded py_literal v0.4.0
[INFO] [stderr]   Downloaded arrow v58.4.0
[INFO] [stderr]   Downloaded lexical-util v1.0.7
[INFO] [stderr]   Downloaded lexical-write-float v1.0.6
[INFO] [stderr]   Downloaded zstd-safe v5.0.2+zstd.1.5.2
[INFO] [stderr]   Downloaded password-hash v0.4.2
[INFO] [stderr]   Downloaded bzip2 v0.4.4
[INFO] [stderr]   Downloaded nalgebra-macros v0.2.2
[INFO] [stderr]   Downloaded arrow-json v58.4.0
[INFO] [stderr]   Downloaded arrow2 v0.8.2
[INFO] [stderr]   Downloaded simba v0.8.1
[INFO] [stderr]   Downloaded terminal_size v0.3.0
[INFO] [stderr]   Downloaded skyangle v0.4.0
[INFO] [stderr]   Downloaded clang-sys v1.9.1
[INFO] [stderr]   Downloaded integer-encoding v3.0.4
[INFO] [stderr]   Downloaded cexpr v0.6.0
[INFO] [stderr]   Downloaded linya v0.3.1
[INFO] [stderr]   Downloaded twox-hash v2.1.5
[INFO] [stderr]   Downloaded env_logger v0.11.11
[INFO] [stderr]   Downloaded env_filter v2.0.0
[INFO] [stderr]   Downloaded thrift v0.17.0
[INFO] [stderr]   Downloaded flatbuffers v25.12.19
[INFO] [stderr]   Downloaded gmt-lom v2.6.3
[INFO] [stderr]   Downloaded brotli v8.0.4
[INFO] [stderr]   Downloaded bincode v2.0.1
[INFO] [stderr]   Downloaded complot v0.3.5
[INFO] [stderr]   Downloaded bzip2 v0.5.2
[INFO] [stderr]   Downloaded tectonic_bridge_harfbuzz v0.3.3
[INFO] [stderr]   Downloaded arrow-ipc v58.4.0
[INFO] [stderr]   Downloaded arrow-csv v58.4.0
[INFO] [stderr]   Downloaded gif v0.12.0
[INFO] [stderr]   Downloaded arrow-arith v58.4.0
[INFO] [stderr]   Downloaded geotrans v0.2.2
[INFO] [stderr]   Downloaded colorous v1.0.16
[INFO] [stderr]   Downloaded nalgebra v0.32.6
[INFO] [stderr]   Downloaded lexical-parse-integer v1.0.6
[INFO] [stderr]   Downloaded jpeg-decoder v0.3.2
[INFO] [stderr]   Downloaded arrow-array v58.4.0
[INFO] [stderr]   Downloaded arrow-cast v58.4.0
[INFO] [stderr]   Downloaded lexical-parse-float v1.0.6
[INFO] [stderr]   Downloaded bzip2-sys v0.1.13+1.0.8
[INFO] [stderr]   Downloaded parquet v58.4.0
[INFO] [stderr]   Downloaded freetype-sys v0.20.1
[INFO] [stderr]   Downloaded aws-lc-sys v0.46.0
[INFO] [stderr]   Downloaded windows v0.57.0
[INFO] running `Command { std: "docker" "create" "-v" "/var/lib/crater-agent-workspace/builds/worker-2-tc1/source:/opt/rustwide/workdir:ro,Z" "-v" "/var/lib/crater-agent-workspace/builds/worker-2-tc1/target:/opt/rustwide/target:rw,Z" "-v" "/var/lib/crater-agent-workspace/cargo-home:/opt/rustwide/cargo-home:ro,Z" "-v" "/var/lib/crater-agent-workspace/rustup-home:/opt/rustwide/rustup-home:ro,Z" "-m" "1610612736" "--network" "none" "ghcr.io/rust-lang/crates-build-env/linux@sha256:77db811e55d90add9212f6832c23229e3de5f1c1f9905e8cb07319ea15df73ac" "sleep" "infinity", kill_on_drop: false }`
[INFO] [stdout] 54003cfd0e6dd032c6a44d59526603c63b913c830453c8270d16f2fc4872362c
[INFO] running `Command { std: "docker" "start" "54003cfd0e6dd032c6a44d59526603c63b913c830453c8270d16f2fc4872362c", kill_on_drop: false }`
[INFO] running `Command { std: "docker" "inspect" "54003cfd0e6dd032c6a44d59526603c63b913c830453c8270d16f2fc4872362c", kill_on_drop: false }`
[INFO] running `Command { std: "docker" "exec" "-e" "SOURCE_DIR=/opt/rustwide/workdir" "-e" "CARGO_HOME=/opt/rustwide/cargo-home" "-e" "RUSTUP_HOME=/opt/rustwide/rustup-home" "-e" "CARGO_TARGET_DIR=/opt/rustwide/target" "-w" "/opt/rustwide/workdir" "--user" "0:0" "54003cfd0e6dd032c6a44d59526603c63b913c830453c8270d16f2fc4872362c" "/opt/rustwide/cargo-home/bin/cargo" "+b26b4e75de6aac63fc6beeecebad5b3a5f84d2a4" "metadata" "--no-deps" "--format-version=1", kill_on_drop: false }`
[INFO] running `Command { std: "docker" "inspect" "54003cfd0e6dd032c6a44d59526603c63b913c830453c8270d16f2fc4872362c", kill_on_drop: false }`
[INFO] running `Command { std: "docker" "exec" "-e" "SOURCE_DIR=/opt/rustwide/workdir" "-e" "CARGO_HOME=/opt/rustwide/cargo-home" "-e" "RUSTUP_HOME=/opt/rustwide/rustup-home" "-e" "CARGO_TARGET_DIR=/opt/rustwide/target" "-e" "CARGO_INCREMENTAL=0" "-e" "RUST_BACKTRACE=full" "-e" "RUSTFLAGS=--cap-lints=forbid" "-e" "RUSTDOCFLAGS=--cap-lints=forbid" "-w" "/opt/rustwide/workdir" "--user" "0:0" "54003cfd0e6dd032c6a44d59526603c63b913c830453c8270d16f2fc4872362c" "/opt/rustwide/cargo-home/bin/cargo" "+b26b4e75de6aac63fc6beeecebad5b3a5f84d2a4" "check" "--frozen" "--all" "--all-targets" "--message-format=json", kill_on_drop: false }`
[INFO] [stderr]    Compiling libc v0.2.191
[INFO] [stderr]    Compiling proc-macro2 v1.0.107
[INFO] [stderr]    Compiling quote v1.0.47
[INFO] [stderr]    Compiling unicode-ident v1.0.27
[INFO] [stderr]    Compiling autocfg v1.5.1
[INFO] [stderr]    Compiling libm v0.2.16
[INFO] [stderr]     Checking cfg-if v1.0.5
[INFO] [stderr]    Compiling find-msvc-tools v0.1.15
[INFO] [stderr]    Compiling shlex v2.0.1
[INFO] [stderr]    Compiling zerocopy v0.8.63
[INFO] [stderr]    Compiling serde_core v1.0.229
[INFO] [stderr]     Checking memchr v2.8.3
[INFO] [stderr]     Checking iana-time-zone v0.1.65
[INFO] [stderr]     Checking once_cell v1.21.4
[INFO] [stderr]     Checking bytes v1.12.1
[INFO] [stderr]    Compiling crossbeam-utils v0.8.23
[INFO] [stderr]     Checking ryu v1.0.23
[INFO] [stderr]     Checking itoa v1.0.18
[INFO] [stderr]    Compiling crossbeam-epoch v0.9.21
[INFO] [stderr]     Checking hashbrown v0.17.1
[INFO] [stderr]    Compiling crossbeam-deque v0.8.8
[INFO] [stderr]     Checking regex-syntax v0.8.11
[INFO] [stderr]    Compiling rayon-core v1.13.0
[INFO] [stderr]    Compiling serde v1.0.229
[INFO] [stderr]     Checking bitflags v2.13.2
[INFO] [stderr]     Checking either v1.19.0
[INFO] [stderr]     Checking simdutf8 v0.1.5
[INFO] [stderr]    Compiling getrandom v0.3.4
[INFO] [stderr]    Compiling ahash v0.8.12
[INFO] [stderr]    Compiling pkg-config v0.3.34
[INFO] [stderr]     Checking strength_reduce v0.2.4
[INFO] [stderr]     Checking smallvec v1.16.3
[INFO] [stderr]     Checking byteorder v1.5.0
[INFO] [stderr]    Compiling num-traits v0.2.19
[INFO] [stderr]     Checking aho-corasick v1.1.5
[INFO] [stderr]     Checking equivalent v1.0.3
[INFO] [stderr]     Checking typenum v1.20.1
[INFO] [stderr]    Compiling syn v1.0.109
[INFO] [stderr]     Checking arrow-schema v58.4.0
[INFO] [stderr]     Checking csv-core v0.1.13
[INFO] [stderr]    Compiling heck v0.5.0
[INFO] [stderr]     Checking static_assertions v1.1.0
[INFO] [stderr]     Checking lexical-util v1.0.7
[INFO] [stderr]     Checking unicode-width v0.1.14
[INFO] [stderr]    Compiling crc32fast v1.5.3
[INFO] [stderr]    Compiling paste v1.0.15
[INFO] [stderr]    Compiling semver v1.0.28
[INFO] [stderr]    Compiling syn v2.0.119
[INFO] [stderr]    Compiling syn v3.0.9
[INFO] [stderr]     Checking subtle v2.6.1
[INFO] [stderr]     Checking unicode-width v0.2.2
[INFO] [stderr]     Checking simd-adler32 v0.3.10
[INFO] [stderr]    Compiling rustc_version v0.4.1
[INFO] [stderr]     Checking miniz_oxide v0.9.1
[INFO] [stderr]    Compiling zstd-safe v7.3.0
[INFO] [stderr]     Checking lexical-parse-integer v1.0.6
[INFO] [stderr]     Checking lexical-write-integer v1.0.6
[INFO] [stderr]     Checking zlib-rs v0.6.8
[INFO] [stderr]     Checking rayon v1.12.0
[INFO] [stderr]     Checking lazy_static v1.5.1
[INFO] [stderr]    Compiling anyhow v1.0.104
[INFO] [stderr]     Checking lexical-parse-float v1.0.6
[INFO] [stderr]    Compiling flatbuffers v25.12.19
[INFO] [stderr]     Checking getrandom v0.2.17
[INFO] [stderr]     Checking atty v0.2.14
[INFO] [stderr]     Checking lexical-write-float v1.0.6
[INFO] [stderr]    Compiling jobserver v0.1.35
[INFO] [stderr]     Checking rand_core v0.6.4
[INFO] [stderr]    Compiling proc-macro-error-attr v1.0.4
[INFO] [stderr]    Compiling ucd-trie v0.1.7
[INFO] [stderr]    Compiling zmij v1.0.23
[INFO] [stderr]    Compiling cc v1.9.0
[INFO] [stderr]     Checking lexical-core v1.0.6
[INFO] [stderr]    Compiling pest v2.9.2
[INFO] [stderr]    Compiling matrixmultiply v0.3.11
[INFO] [stderr]     Checking regex-automata v0.4.18
[INFO] [stderr]    Compiling proc-macro-error v1.0.4
[INFO] [stderr]     Checking num-integer v0.1.47
[INFO] [stderr]     Checking chrono v0.4.45
[INFO] [stderr]     Checking num-complex v0.4.6
[INFO] [stderr]     Checking atoi v2.0.0
[INFO] [stderr]     Checking approx v0.5.1
[INFO] [stderr]    Compiling serde_json v1.0.154
[INFO] [stderr]     Checking generic-array v0.14.7
[INFO] [stderr]    Compiling zstd-safe v5.0.2+zstd.1.5.2
[INFO] [stderr]     Checking alloc-stdlib v0.2.4
[INFO] [stderr]     Checking num-bigint v0.4.8
[INFO] [stderr]    Compiling num-bigint v0.3.3
[INFO] [stderr]    Compiling rustix v0.38.44
[INFO] [stderr]     Checking base64ct v1.8.3
[INFO] [stderr]     Checking rawpointer v0.2.1
[INFO] [stderr]    Compiling snap v1.1.2
[INFO] [stderr]    Compiling unicode-segmentation v1.13.3
[INFO] [stderr]     Checking crypto-common v0.1.7
[INFO] [stderr]     Checking block-buffer v0.10.4
[INFO] [stderr]     Checking flate2 v1.1.10
[INFO] [stderr]     Checking inout v0.1.4
[INFO] [stderr]     Checking utf8parse v0.2.2
[INFO] [stderr]     Checking anstyle-parse v1.0.0
[INFO] [stderr]     Checking password-hash v0.4.2
[INFO] [stderr]     Checking digest v0.10.7
[INFO] [stderr]     Checking cipher v0.4.4
[INFO] [stderr]     Checking indexmap v2.14.2
[INFO] [stderr]     Checking csv v1.4.0
[INFO] [stderr]    Compiling heck v0.3.3
[INFO] [stderr]     Checking sha2 v0.10.9
[INFO] [stderr]     Checking hmac v0.12.1
[INFO] [stderr]     Checking brotli-decompressor v5.0.3
[INFO] [stderr]     Checking ordered-float v2.10.1
[INFO] [stderr]     Checking textwrap v0.11.0
[INFO] [stderr]     Checking anstyle v1.0.14
[INFO] [stderr]     Checking strsim v0.8.0
[INFO] [stderr]     Checking vec_map v0.8.2
[INFO] [stderr]    Compiling heapless v0.8.0
[INFO] [stderr]     Checking twox-hash v2.1.5
[INFO] [stderr]     Checking linux-raw-sys v0.4.15
[INFO] [stderr]     Checking is_terminal_polyfill v1.70.2
[INFO] [stderr]     Checking integer-encoding v3.0.4
[INFO] [stderr]     Checking bitflags v1.3.2
[INFO] [stderr]     Checking colorchoice v1.0.5
[INFO] [stderr]    Compiling virtue v0.0.18
[INFO] [stderr]    Compiling portable-atomic v1.15.0
[INFO] [stderr]     Checking ansi_term v0.12.1
[INFO] [stderr]    Compiling pest_meta v2.9.2
[INFO] [stderr]     Checking num-conv v0.2.2
[INFO] [stderr]     Checking powerfmt v0.2.1
[INFO] [stderr]     Checking anstyle-query v1.1.5
[INFO] [stderr]     Checking time-core v0.1.9
[INFO] [stderr]     Checking jiff-core v0.1.1
[INFO] [stderr]     Checking num-rational v0.4.2
[INFO] [stderr]     Checking log v0.4.34
[INFO] [stderr]     Checking deranged v0.5.9
[INFO] [stderr]    Compiling thiserror v2.0.21
[INFO] [stderr]     Checking brotli v8.0.4
[INFO] [stderr]     Checking anstream v1.0.0
[INFO] [stderr]     Checking clap v2.34.0
[INFO] [stderr]    Compiling serde_derive v1.0.229
[INFO] [stderr]    Compiling bytemuck_derive v1.12.1
[INFO] [stderr]    Compiling thiserror-impl v2.0.21
[INFO] [stderr]    Compiling zstd-sys v2.1.2+zstd.1.5.7
[INFO] [stderr]    Compiling bzip2-sys v0.1.13+1.0.8
[INFO] [stderr]    Compiling triangle-rs v0.1.2
[INFO] [stderr]    Compiling bincode_derive v2.0.1
[INFO] [stderr]     Checking bzip2 v0.4.4
[INFO] [stderr]     Checking thrift v0.17.0
[INFO] [stderr]     Checking regex v1.13.1
[INFO] [stderr]     Checking lz4_flex v0.13.1
[INFO] [stderr]     Checking jiff v0.2.38
[INFO] [stderr]     Checking pbkdf2 v0.11.0
[INFO] [stderr]     Checking env_filter v2.0.0
[INFO] [stderr]     Checking sha1 v0.10.7
[INFO] [stderr]     Checking aes v0.8.4
[INFO] [stderr]     Checking primal-check v0.3.4
[INFO] [stderr]     Checking transpose v0.2.3
[INFO] [stderr]     Checking hash32 v0.3.1
[INFO] [stderr]     Checking iter-read v0.3.1
[INFO] [stderr]    Compiling seq-macro v0.3.6
[INFO] [stderr]     Checking stable_deref_trait v1.2.1
[INFO] [stderr]     Checking glob v0.3.4
[INFO] [stderr]     Checking constant_time_eq v0.1.5
[INFO] [stderr]     Checking iter-read v1.1.0
[INFO] [stderr]    Compiling pest_generator v2.9.2
[INFO] [stderr]     Checking time v0.3.55
[INFO] [stderr]     Checking unty v0.0.4
[INFO] [stderr]     Checking bytemuck v1.25.2
[INFO] [stderr]     Checking rustfft v6.4.1
[INFO] [stderr]     Checking terminal_size v0.3.0
[INFO] [stderr] warning: triangle-rs@0.1.2: src/triangle.c: In function 'trifree':
[INFO] [stderr] warning: triangle-rs@0.1.2: src/triangle.c:1446:1: error: number of arguments doesn't match prototype
[INFO] [stderr] warning: triangle-rs@0.1.2:  1446 | {
[INFO] [stderr] warning: triangle-rs@0.1.2:       | ^
[INFO] [stderr] warning: triangle-rs@0.1.2: In file included from src/triangle.c:357:
[INFO] [stderr] warning: triangle-rs@0.1.2: src/triangle.h:288:6: error: prototype declaration
[INFO] [stderr] warning: triangle-rs@0.1.2:   288 | void trifree();
[INFO] [stderr] warning: triangle-rs@0.1.2:       |      ^~~~~~~
[INFO] [stderr] warning: triangle-rs@0.1.2: src/triangle.c: In function 'pooldeinit':
[INFO] [stderr] warning: triangle-rs@0.1.2: src/triangle.c:3990:5: error: too many arguments to function 'trifree'; expected 0, have 1
[INFO] [stderr] warning: triangle-rs@0.1.2:  3990 |     trifree((VOID *) pool->firstblock);
[INFO] [stderr] warning: triangle-rs@0.1.2:       |     ^~~~~~~ ~~~~~~~~~~~~~~~~~~~~~~~~~
[INFO] [stderr] warning: triangle-rs@0.1.2: src/triangle.c:1442:6: note: declared here
[INFO] [stderr] warning: triangle-rs@0.1.2:  1442 | void trifree(memptr)
[INFO] [stderr] warning: triangle-rs@0.1.2:       |      ^~~~~~~
[INFO] [stderr] warning: triangle-rs@0.1.2: src/triangle.c: In function 'triangledeinit':
[INFO] [stderr] warning: triangle-rs@0.1.2: src/triangle.c:4628:3: error: too many arguments to function 'trifree'; expected 0, have 1
[INFO] [stderr] warning: triangle-rs@0.1.2:  4628 |   trifree((VOID *) m->dummytribase);
[INFO] [stderr] warning: triangle-rs@0.1.2:       |   ^~~~~~~ ~~~~~~~~~~~~~~~~~~~~~~~~
[INFO] [stderr] warning: triangle-rs@0.1.2: src/triangle.c:1442:6: note: declared here
[INFO] [stderr] warning: triangle-rs@0.1.2:  1442 | void trifree(memptr)
[INFO] [stderr] warning: triangle-rs@0.1.2:       |      ^~~~~~~
[INFO] [stderr] warning: triangle-rs@0.1.2: src/triangle.c:4631:5: error: too many arguments to function 'trifree'; expected 0, have 1
[INFO] [stderr] warning: triangle-rs@0.1.2:  4631 |     trifree((VOID *) m->dummysubbase);
[INFO] [stderr] warning: triangle-rs@0.1.2:       |     ^~~~~~~ ~~~~~~~~~~~~~~~~~~~~~~~~
[INFO] [stderr] warning: triangle-rs@0.1.2: src/triangle.c:1442:6: note: declared here
[INFO] [stderr] warning: triangle-rs@0.1.2:  1442 | void trifree(memptr)
[INFO] [stderr] warning: triangle-rs@0.1.2:       |      ^~~~~~~
[INFO] [stderr] warning: triangle-rs@0.1.2: src/triangle.c: In function 'divconqdelaunay':
[INFO] [stderr] warning: triangle-rs@0.1.2: src/triangle.c:10032:3: error: too many arguments to function 'trifree'; expected 0, have 1
[INFO] [stderr] warning: triangle-rs@0.1.2: 10032 |   trifree((VOID *) sortarray);
[INFO] [stderr] warning: triangle-rs@0.1.2:       |   ^~~~~~~ ~~~~~~~~~~~~~~~~~~
[INFO] [stderr] warning: triangle-rs@0.1.2: src/triangle.c:1442:6: note: declared here
[INFO] [stderr] warning: triangle-rs@0.1.2:  1442 | void trifree(memptr)
[INFO] [stderr] warning: triangle-rs@0.1.2:       |      ^~~~~~~
[INFO] [stderr] warning: triangle-rs@0.1.2: src/triangle.c: In function 'removebox':
[INFO] [stderr] warning: triangle-rs@0.1.2: src/triangle.c:10203:3: error: too many arguments to function 'trifree'; expected 0, have 1
[INFO] [stderr] warning: triangle-rs@0.1.2: 10203 |   trifree((VOID *) m->infvertex1);  /* Deallocate the bounding box vertices. */
[INFO] [stderr] warning: triangle-rs@0.1.2:       |   ^~~~~~~ ~~~~~~~~~~~~~~~~~~~~~~
[INFO] [stderr] warning: triangle-rs@0.1.2: src/triangle.c:1442:6: note: declared here
[INFO] [stderr] warning: triangle-rs@0.1.2:  1442 | void trifree(memptr)
[INFO] [stderr] warning: triangle-rs@0.1.2:       |      ^~~~~~~
[INFO] [stderr] warning: triangle-rs@0.1.2: src/triangle.c:10204:3: error: too many arguments to function 'trifree'; expected 0, have 1
[INFO] [stderr] warning: triangle-rs@0.1.2: 10204 |   trifree((VOID *) m->infvertex2);
[INFO] [stderr] warning: triangle-rs@0.1.2:       |   ^~~~~~~ ~~~~~~~~~~~~~~~~~~~~~~
[INFO] [stderr] warning: triangle-rs@0.1.2: src/triangle.c:1442:6: note: declared here
[INFO] [stderr] warning: triangle-rs@0.1.2:  1442 | void trifree(memptr)
[INFO] [stderr] warning: triangle-rs@0.1.2:       |      ^~~~~~~
[INFO] [stderr] warning: triangle-rs@0.1.2: src/triangle.c:10205:3: error: too many arguments to function 'trifree'; expected 0, have 1
[INFO] [stderr] warning: triangle-rs@0.1.2: 10205 |   trifree((VOID *) m->infvertex3);
[INFO] [stderr] warning: triangle-rs@0.1.2:       |   ^~~~~~~ ~~~~~~~~~~~~~~~~~~~~~~
[INFO] [stderr] warning: triangle-rs@0.1.2: src/triangle.c:1442:6: note: declared here
[INFO] [stderr] warning: triangle-rs@0.1.2:  1442 | void trifree(memptr)
[INFO] [stderr] warning: triangle-rs@0.1.2:       |      ^~~~~~~
[INFO] [stderr] warning: triangle-rs@0.1.2: src/triangle.c: In function 'reconstruct':
[INFO] [stderr] warning: triangle-rs@0.1.2: src/triangle.c:11561:3: error: too many arguments to function 'trifree'; expected 0, have 1
[INFO] [stderr] warning: triangle-rs@0.1.2: 11561 |   trifree((VOID *) vertexarray);
[INFO] [stderr] warning: triangle-rs@0.1.2:       |   ^~~~~~~ ~~~~~~~~~~~~~~~~~~~~
[INFO] [stderr] warning: triangle-rs@0.1.2: src/triangle.c:1442:6: note: declared here
[INFO] [stderr] warning: triangle-rs@0.1.2:  1442 | void trifree(memptr)
[INFO] [stderr] warning: triangle-rs@0.1.2:       |      ^~~~~~~
[INFO] [stderr] warning: triangle-rs@0.1.2: src/triangle.c: In function 'carveholes':
[INFO] [stderr] warning: triangle-rs@0.1.2: src/triangle.c:13153:5: error: too many arguments to function 'trifree'; expected 0, have 1
[INFO] [stderr] warning: triangle-rs@0.1.2: 13153 |     trifree((VOID *) regiontris);
[INFO] [stderr] warning: triangle-rs@0.1.2:       |     ^~~~~~~ ~~~~~~~~~~~~~~~~~~~
[INFO] [stderr] warning: triangle-rs@0.1.2: src/triangle.c:1442:6: note: declared here
[INFO] [stderr] warning: triangle-rs@0.1.2:  1442 | void trifree(memptr)
[INFO] [stderr] warning: triangle-rs@0.1.2:       |      ^~~~~~~
[INFO] [stderr] warning: triangle-rs@0.1.2: src/triangle.c: In function 'triangulate':
[INFO] [stderr] warning: triangle-rs@0.1.2: src/triangle.c:15691:1: error: number of arguments doesn't match prototype
[INFO] [stderr] warning: triangle-rs@0.1.2: 15691 | {
[INFO] [stderr] warning: triangle-rs@0.1.2:       | ^
[INFO] [stderr] warning: triangle-rs@0.1.2: src/triangle.h:287:6: error: prototype declaration
[INFO] [stderr] warning: triangle-rs@0.1.2:   287 | void triangulate();
[INFO] [stderr] warning: triangle-rs@0.1.2:       |      ^~~~~~~~~~~
[INFO] [stderr] error: failed to run custom build command for `triangle-rs v0.1.2`
[INFO] [stderr] note: To improve backtraces for build dependencies, set the CARGO_PROFILE_DEV_BUILD_OVERRIDE_DEBUG=true environment variable to enable debug information generation.
[INFO] [stderr] 
[INFO] [stderr] Caused by:
[INFO] [stderr]   process didn't exit successfully: `/opt/rustwide/target/debug/build/triangle-rs/3be5027c795cf457/out/build_script_build` (exit status: 1)
[INFO] [stderr]   --- stdout
[INFO] [stderr]   cargo:rerun-if-changed=src/triangle.c
[INFO] [stderr]   cargo:rerun-if-env-changed=CC_FORCE_DISABLE
[INFO] [stderr]   CC_FORCE_DISABLE = None
[INFO] [stderr]   cargo:rerun-if-env-changed=CC_x86_64-unknown-linux-gnu
[INFO] [stderr]   CC_x86_64-unknown-linux-gnu = None
[INFO] [stderr]   cargo:rerun-if-env-changed=CC_x86_64_unknown_linux_gnu
[INFO] [stderr]   CC_x86_64_unknown_linux_gnu = None
[INFO] [stderr]   cargo:rerun-if-env-changed=HOST_CC
[INFO] [stderr]   HOST_CC = None
[INFO] [stderr]   cargo:rerun-if-env-changed=CC
[INFO] [stderr]   CC = None
[INFO] [stderr]   cargo:rerun-if-env-changed=CC_ENABLE_DEBUG_OUTPUT
[INFO] [stderr]   cargo:rerun-if-env-changed=CPATH
[INFO] [stderr]   cargo:rerun-if-env-changed=C_INCLUDE_PATH
[INFO] [stderr]   cargo:rerun-if-env-changed=CPLUS_INCLUDE_PATH
[INFO] [stderr]   cargo:rerun-if-env-changed=OBJC_INCLUDE_PATH
[INFO] [stderr]   cargo:rerun-if-env-changed=OBJCPLUS_INCLUDE_PATH
[INFO] [stderr]   cargo:rerun-if-env-changed=COMPILER_PATH
[INFO] [stderr]   cargo:rerun-if-env-changed=SOURCE_DATE_EPOCH
[INFO] [stderr]   cargo:rerun-if-env-changed=GCC_EXEC_PREFIX
[INFO] [stderr]   cargo:rerun-if-env-changed=CRATE_CC_NO_DEFAULTS
[INFO] [stderr]   CRATE_CC_NO_DEFAULTS = None
[INFO] [stderr]   CRATE_CC_NO_DEFAULTS = None
[INFO] [stderr]   cargo:rerun-if-env-changed=CFLAGS
[INFO] [stderr]   CFLAGS = None
[INFO] [stderr]   cargo:rerun-if-env-changed=HOST_CFLAGS
[INFO] [stderr]   HOST_CFLAGS = None
[INFO] [stderr]   cargo:rerun-if-env-changed=CFLAGS_x86_64_unknown_linux_gnu
[INFO] [stderr]   CFLAGS_x86_64_unknown_linux_gnu = None
[INFO] [stderr]   cargo:rerun-if-env-changed=CFLAGS_x86_64-unknown-linux-gnu
[INFO] [stderr]   CFLAGS_x86_64-unknown-linux-gnu = None
[INFO] [stderr]   CFLAGS = None
[INFO] [stderr]   HOST_CFLAGS = None
[INFO] [stderr]   CFLAGS_x86_64_unknown_linux_gnu = None
[INFO] [stderr]   CFLAGS_x86_64-unknown-linux-gnu = None
[INFO] [stderr]   cargo:warning=src/triangle.c: In function 'trifree':
[INFO] [stderr]   cargo:warning=src/triangle.c:1446:1: error: number of arguments doesn't match prototype
[INFO] [stderr]   cargo:warning= 1446 | {
[INFO] [stderr]   cargo:warning=      | ^
[INFO] [stderr]   cargo:warning=In file included from src/triangle.c:357:
[INFO] [stderr]   cargo:warning=src/triangle.h:288:6: error: prototype declaration
[INFO] [stderr]   cargo:warning=  288 | void trifree();
[INFO] [stderr]   cargo:warning=      |      ^~~~~~~
[INFO] [stderr]   cargo:warning=src/triangle.c: In function 'pooldeinit':
[INFO] [stderr]   cargo:warning=src/triangle.c:3990:5: error: too many arguments to function 'trifree'; expected 0, have 1
[INFO] [stderr]   cargo:warning= 3990 |     trifree((VOID *) pool->firstblock);
[INFO] [stderr]   cargo:warning=      |     ^~~~~~~ ~~~~~~~~~~~~~~~~~~~~~~~~~
[INFO] [stderr]   cargo:warning=src/triangle.c:1442:6: note: declared here
[INFO] [stderr]   cargo:warning= 1442 | void trifree(memptr)
[INFO] [stderr]   cargo:warning=      |      ^~~~~~~
[INFO] [stderr]   cargo:warning=src/triangle.c: In function 'triangledeinit':
[INFO] [stderr]   cargo:warning=src/triangle.c:4628:3: error: too many arguments to function 'trifree'; expected 0, have 1
[INFO] [stderr]   cargo:warning= 4628 |   trifree((VOID *) m->dummytribase);
[INFO] [stderr]   cargo:warning=      |   ^~~~~~~ ~~~~~~~~~~~~~~~~~~~~~~~~
[INFO] [stderr]   cargo:warning=src/triangle.c:1442:6: note: declared here
[INFO] [stderr]   cargo:warning= 1442 | void trifree(memptr)
[INFO] [stderr]   cargo:warning=      |      ^~~~~~~
[INFO] [stderr]   cargo:warning=src/triangle.c:4631:5: error: too many arguments to function 'trifree'; expected 0, have 1
[INFO] [stderr]   cargo:warning= 4631 |     trifree((VOID *) m->dummysubbase);
[INFO] [stderr]   cargo:warning=      |     ^~~~~~~ ~~~~~~~~~~~~~~~~~~~~~~~~
[INFO] [stderr]   cargo:warning=src/triangle.c:1442:6: note: declared here
[INFO] [stderr]   cargo:warning= 1442 | void trifree(memptr)
[INFO] [stderr]   cargo:warning=      |      ^~~~~~~
[INFO] [stderr]   cargo:warning=src/triangle.c: In function 'divconqdelaunay':
[INFO] [stderr]   cargo:warning=src/triangle.c:10032:3: error: too many arguments to function 'trifree'; expected 0, have 1
[INFO] [stderr]   cargo:warning=10032 |   trifree((VOID *) sortarray);
[INFO] [stderr]   cargo:warning=      |   ^~~~~~~ ~~~~~~~~~~~~~~~~~~
[INFO] [stderr]   cargo:warning=src/triangle.c:1442:6: note: declared here
[INFO] [stderr]   cargo:warning= 1442 | void trifree(memptr)
[INFO] [stderr]   cargo:warning=      |      ^~~~~~~
[INFO] [stderr]   cargo:warning=src/triangle.c: In function 'removebox':
[INFO] [stderr]   cargo:warning=src/triangle.c:10203:3: error: too many arguments to function 'trifree'; expected 0, have 1
[INFO] [stderr]   cargo:warning=10203 |   trifree((VOID *) m->infvertex1);  /* Deallocate the bounding box vertices. */
[INFO] [stderr]   cargo:warning=      |   ^~~~~~~ ~~~~~~~~~~~~~~~~~~~~~~
[INFO] [stderr]   cargo:warning=src/triangle.c:1442:6: note: declared here
[INFO] [stderr]   cargo:warning= 1442 | void trifree(memptr)
[INFO] [stderr]   cargo:warning=      |      ^~~~~~~
[INFO] [stderr]   cargo:warning=src/triangle.c:10204:3: error: too many arguments to function 'trifree'; expected 0, have 1
[INFO] [stderr]   cargo:warning=10204 |   trifree((VOID *) m->infvertex2);
[INFO] [stderr]   cargo:warning=      |   ^~~~~~~ ~~~~~~~~~~~~~~~~~~~~~~
[INFO] [stderr]   cargo:warning=src/triangle.c:1442:6: note: declared here
[INFO] [stderr]   cargo:warning= 1442 | void trifree(memptr)
[INFO] [stderr]   cargo:warning=      |      ^~~~~~~
[INFO] [stderr]   cargo:warning=src/triangle.c:10205:3: error: too many arguments to function 'trifree'; expected 0, have 1
[INFO] [stderr]   cargo:warning=10205 |   trifree((VOID *) m->infvertex3);
[INFO] [stderr]   cargo:warning=      |   ^~~~~~~ ~~~~~~~~~~~~~~~~~~~~~~
[INFO] [stderr]   cargo:warning=src/triangle.c:1442:6: note: declared here
[INFO] [stderr]   cargo:warning= 1442 | void trifree(memptr)
[INFO] [stderr]   cargo:warning=      |      ^~~~~~~
[INFO] [stderr]   cargo:warning=src/triangle.c: In function 'reconstruct':
[INFO] [stderr]   cargo:warning=src/triangle.c:11561:3: error: too many arguments to function 'trifree'; expected 0, have 1
[INFO] [stderr]   cargo:warning=11561 |   trifree((VOID *) vertexarray);
[INFO] [stderr]   cargo:warning=      |   ^~~~~~~ ~~~~~~~~~~~~~~~~~~~~
[INFO] [stderr]   cargo:warning=src/triangle.c:1442:6: note: declared here
[INFO] [stderr]   cargo:warning= 1442 | void trifree(memptr)
[INFO] [stderr]   cargo:warning=      |      ^~~~~~~
[INFO] [stderr]   cargo:warning=src/triangle.c: In function 'carveholes':
[INFO] [stderr]   cargo:warning=src/triangle.c:13153:5: error: too many arguments to function 'trifree'; expected 0, have 1
[INFO] [stderr]   cargo:warning=13153 |     trifree((VOID *) regiontris);
[INFO] [stderr]   cargo:warning=      |     ^~~~~~~ ~~~~~~~~~~~~~~~~~~~
[INFO] [stderr]   cargo:warning=src/triangle.c:1442:6: note: declared here
[INFO] [stderr]   cargo:warning= 1442 | void trifree(memptr)
[INFO] [stderr]   cargo:warning=      |      ^~~~~~~
[INFO] [stderr]   cargo:warning=src/triangle.c: In function 'triangulate':
[INFO] [stderr]   cargo:warning=src/triangle.c:15691:1: error: number of arguments doesn't match prototype
[INFO] [stderr]   cargo:warning=15691 | {
[INFO] [stderr]   cargo:warning=      | ^
[INFO] [stderr]   cargo:warning=src/triangle.h:287:6: error: prototype declaration
[INFO] [stderr]   cargo:warning=  287 | void triangulate();
[INFO] [stderr]   cargo:warning=      |      ^~~~~~~~~~~
[INFO] [stderr] 
[INFO] [stderr]   --- stderr
[INFO] [stderr] 
[INFO] [stderr] 
[INFO] [stderr]   error occurred in cc-rs: command did not execute successfully (status code exit status: 1): "cc" "-O0" "-ffunction-sections" "-fdata-sections" "-fPIC" "-g" "-gdwarf-4" "-fno-omit-frame-pointer" "-mno-omit-leaf-frame-pointer" "-m64" "-I" "src" "-w" "-O" "-DTRILIBRARY" "-DREAL=double" "-o" "/opt/rustwide/target/debug/build/triangle-rs/aadb604b31a4dac2/out/e3b1d530bc9cf22b-triangle.o" "-c" "src/triangle.c"
[INFO] [stderr] 
[INFO] [stderr] 
[INFO] [stderr] warning: build failed, waiting for other jobs to finish...
[INFO] [stderr] error: could not compile `syn` (lib)
[INFO] [stderr] 
[INFO] [stderr] Caused by:
[INFO] [stderr]   process didn't exit successfully: `/opt/rustwide/rustup-home/toolchains/b26b4e75de6aac63fc6beeecebad5b3a5f84d2a4/bin/rustc --crate-name syn --edition=2021 /opt/rustwide/cargo-home/registry/src/index.crates.io-1949cf8c6b5b557f/syn-2.0.119/src/lib.rs --error-format=json --json=diagnostic-rendered-ansi,artifacts,future-incompat,unused-externs-silent --crate-type lib --emit=dep-info,metadata,link -Z embed-metadata=no -C embed-bitcode=no --cfg 'feature="clone-impls"' --cfg 'feature="default"' --cfg 'feature="derive"' --cfg 'feature="extra-traits"' --cfg 'feature="full"' --cfg 'feature="parsing"' --cfg 'feature="printing"' --cfg 'feature="proc-macro"' --check-cfg 'cfg(docsrs,test)' --check-cfg 'cfg(feature, values("clone-impls", "default", "derive", "extra-traits", "fold", "full", "parsing", "printing", "proc-macro", "test", "visit", "visit-mut"))' -C metadata=308559d1a5488f1d -C extra-filename=-9f37b7a100b6052a --out-dir /opt/rustwide/target/debug/build/syn/9f37b7a100b6052a/out -L dependency=/opt/rustwide/target/debug/build/proc-macro2/27cc7564129baea3/out -L dependency=/opt/rustwide/target/debug/build/unicode-ident/df46d5bd9131fa48/out --extern proc_macro2=/opt/rustwide/target/debug/build/proc-macro2/27cc7564129baea3/out/libproc_macro2-27cc7564129baea3.rmeta --extern quote=/opt/rustwide/target/debug/build/quote/34457d38a32972c2/out/libquote-34457d38a32972c2.rmeta --extern unicode_ident=/opt/rustwide/target/debug/build/unicode-ident/df46d5bd9131fa48/out/libunicode_ident-df46d5bd9131fa48.rmeta --cap-lints allow --cap-lints=forbid --force-warn=unused_crate_dependencies` (signal: 9, SIGKILL: kill)
[INFO] [stderr] error: could not compile `syn` (lib)
[INFO] [stderr] 
[INFO] [stderr] Caused by:
[INFO] [stderr]   process didn't exit successfully: `/opt/rustwide/rustup-home/toolchains/b26b4e75de6aac63fc6beeecebad5b3a5f84d2a4/bin/rustc --crate-name syn --edition=2018 /opt/rustwide/cargo-home/registry/src/index.crates.io-1949cf8c6b5b557f/syn-1.0.109/src/lib.rs --error-format=json --json=diagnostic-rendered-ansi,artifacts,future-incompat,unused-externs-silent --crate-type lib --emit=dep-info,metadata,link -Z embed-metadata=no -C embed-bitcode=no --cfg 'feature="clone-impls"' --cfg 'feature="default"' --cfg 'feature="derive"' --cfg 'feature="extra-traits"' --cfg 'feature="full"' --cfg 'feature="parsing"' --cfg 'feature="printing"' --cfg 'feature="proc-macro"' --cfg 'feature="quote"' --cfg 'feature="visit-mut"' --check-cfg 'cfg(docsrs,test)' --check-cfg 'cfg(feature, values("clone-impls", "default", "derive", "extra-traits", "fold", "full", "parsing", "printing", "proc-macro", "quote", "test", "visit", "visit-mut"))' -C metadata=1df1386b97f89f76 -C extra-filename=-24b9541c85333fa9 --out-dir /opt/rustwide/target/debug/build/syn/24b9541c85333fa9/out -L dependency=/opt/rustwide/target/debug/build/proc-macro2/27cc7564129baea3/out -L dependency=/opt/rustwide/target/debug/build/unicode-ident/df46d5bd9131fa48/out --extern proc_macro2=/opt/rustwide/target/debug/build/proc-macro2/27cc7564129baea3/out/libproc_macro2-27cc7564129baea3.rmeta --extern quote=/opt/rustwide/target/debug/build/quote/34457d38a32972c2/out/libquote-34457d38a32972c2.rmeta --extern unicode_ident=/opt/rustwide/target/debug/build/unicode-ident/df46d5bd9131fa48/out/libunicode_ident-df46d5bd9131fa48.rmeta --cap-lints allow --cap-lints=forbid --force-warn=unused_crate_dependencies` (signal: 9, SIGKILL: kill)
[INFO] running `Command { std: "docker" "inspect" "54003cfd0e6dd032c6a44d59526603c63b913c830453c8270d16f2fc4872362c", kill_on_drop: false }`
[INFO] running `Command { std: "docker" "rm" "-f" "54003cfd0e6dd032c6a44d59526603c63b913c830453c8270d16f2fc4872362c", kill_on_drop: false }`
[INFO] [stdout] 54003cfd0e6dd032c6a44d59526603c63b913c830453c8270d16f2fc4872362c
