[INFO] fetching crate rayforce 1.2.0...
[INFO] checking rayforce-1.2.0 against c60b92c03ca8a3b101eb9d57f51e2232690638c7 for pr-164148-crater-rollup
[INFO] extracting crate rayforce 1.2.0 into /workspace/builds/worker-4-tc2/source
[INFO] started tweaking crates.io crate rayforce 1.2.0
[INFO] removed 0 missing examples
[INFO] removed 0 missing tests
[INFO] finished tweaking crates.io crate rayforce 1.2.0
[INFO] tweaked toml for crates.io crate rayforce 1.2.0 written to /workspace/builds/worker-4-tc2/source/Cargo.toml
[INFO] validating manifest of crates.io crate rayforce 1.2.0 on toolchain c60b92c03ca8a3b101eb9d57f51e2232690638c7
[INFO] running `Command { std: CARGO_HOME="/workspace/cargo-home" RUSTUP_HOME="/workspace/rustup-home" "/workspace/cargo-home/bin/cargo" "+c60b92c03ca8a3b101eb9d57f51e2232690638c7" "metadata" "--manifest-path" "Cargo.toml" "--no-deps", kill_on_drop: false }`
[INFO] crate crates.io crate rayforce 1.2.0 already has a lockfile, it will not be regenerated
[INFO] running `Command { std: CARGO_HOME="/workspace/cargo-home" RUSTUP_HOME="/workspace/rustup-home" "/workspace/cargo-home/bin/cargo" "+c60b92c03ca8a3b101eb9d57f51e2232690638c7" "fetch" "--manifest-path" "Cargo.toml", kill_on_drop: false }`
[INFO] running `Command { std: "docker" "create" "-v" "/var/lib/crater-agent-workspace/builds/worker-4-tc2/source:/opt/rustwide/workdir:ro,Z" "-v" "/var/lib/crater-agent-workspace/builds/worker-4-tc2/target:/opt/rustwide/target:rw,Z" "-v" "/var/lib/crater-agent-workspace/cargo-home:/opt/rustwide/cargo-home:ro,Z" "-v" "/var/lib/crater-agent-workspace/rustup-home:/opt/rustwide/rustup-home:ro,Z" "-m" "1610612736" "--network" "none" "ghcr.io/rust-lang/crates-build-env/linux@sha256:77db811e55d90add9212f6832c23229e3de5f1c1f9905e8cb07319ea15df73ac" "sleep" "infinity", kill_on_drop: false }`
[INFO] [stdout] 35a4c52bc1b3c08f803fd730884ad040f20c17df7b62839506d205cd58ab4657
[INFO] running `Command { std: "docker" "start" "35a4c52bc1b3c08f803fd730884ad040f20c17df7b62839506d205cd58ab4657", kill_on_drop: false }`
[INFO] running `Command { std: "docker" "inspect" "35a4c52bc1b3c08f803fd730884ad040f20c17df7b62839506d205cd58ab4657", kill_on_drop: false }`
[INFO] running `Command { std: "docker" "exec" "-e" "SOURCE_DIR=/opt/rustwide/workdir" "-e" "CARGO_HOME=/opt/rustwide/cargo-home" "-e" "RUSTUP_HOME=/opt/rustwide/rustup-home" "-e" "CARGO_TARGET_DIR=/opt/rustwide/target" "-w" "/opt/rustwide/workdir" "--user" "0:0" "35a4c52bc1b3c08f803fd730884ad040f20c17df7b62839506d205cd58ab4657" "/opt/rustwide/cargo-home/bin/cargo" "+c60b92c03ca8a3b101eb9d57f51e2232690638c7" "metadata" "--no-deps" "--format-version=1", kill_on_drop: false }`
[INFO] running `Command { std: "docker" "inspect" "35a4c52bc1b3c08f803fd730884ad040f20c17df7b62839506d205cd58ab4657", kill_on_drop: false }`
[INFO] running `Command { std: "docker" "exec" "-e" "SOURCE_DIR=/opt/rustwide/workdir" "-e" "CARGO_HOME=/opt/rustwide/cargo-home" "-e" "RUSTUP_HOME=/opt/rustwide/rustup-home" "-e" "CARGO_TARGET_DIR=/opt/rustwide/target" "-e" "CARGO_INCREMENTAL=0" "-e" "RUST_BACKTRACE=full" "-e" "RUSTFLAGS=--cap-lints=forbid" "-e" "RUSTDOCFLAGS=--cap-lints=forbid" "-w" "/opt/rustwide/workdir" "--user" "0:0" "35a4c52bc1b3c08f803fd730884ad040f20c17df7b62839506d205cd58ab4657" "/opt/rustwide/cargo-home/bin/cargo" "+c60b92c03ca8a3b101eb9d57f51e2232690638c7" "check" "--frozen" "--all" "--all-targets" "--message-format=json", kill_on_drop: false }`
[INFO] [stderr]    Compiling unicode-ident v1.0.26
[INFO] [stderr]    Compiling glob v0.3.4
[INFO] [stderr]    Compiling libc v0.2.190
[INFO] [stderr]    Compiling prettyplease v0.2.37
[INFO] [stderr]    Compiling minimal-lexical v0.2.1
[INFO] [stderr]    Compiling crossbeam-utils v0.8.23
[INFO] [stderr]    Compiling regex-syntax v0.8.11
[INFO] [stderr]    Compiling serde_core v1.0.229
[INFO] [stderr]    Compiling cfg-if v1.0.5
[INFO] [stderr]    Compiling memchr v2.8.3
[INFO] [stderr]    Compiling zerocopy v0.8.61
[INFO] [stderr]    Compiling bindgen v0.70.1
[INFO] [stderr]    Compiling crossbeam-epoch v0.9.21
[INFO] [stderr]    Compiling either v1.19.0
[INFO] [stderr]    Compiling num-traits v0.2.19
[INFO] [stderr]    Compiling find-msvc-tools v0.1.14
[INFO] [stderr]    Compiling libloading v0.8.9
[INFO] [stderr]    Compiling proc-macro2 v1.0.107
[INFO] [stderr]    Compiling serde v1.0.229
[INFO] [stderr]    Compiling crossbeam-deque v0.8.8
[INFO] [stderr]    Compiling log v0.4.34
[INFO] [stderr]    Compiling itertools v0.13.0
[INFO] [stderr]    Compiling bitflags v2.13.2
[INFO] [stderr]    Compiling rustc-hash v1.1.0
[INFO] [stderr]    Compiling clang-sys v1.9.1
[INFO] [stderr]    Compiling cc v1.6.0
[INFO] [stderr]    Compiling nom v7.1.3
[INFO] [stderr]     Checking anstyle v1.0.14
[INFO] [stderr]     Checking clap_lex v1.1.1
[INFO] [stderr]     Checking itertools v0.10.5
[INFO] [stderr]    Compiling quote v1.0.47
[INFO] [stderr]     Checking clap_builder v4.6.7
[INFO] [stderr]    Compiling syn v2.0.119
[INFO] [stderr]    Compiling syn v3.0.6
[INFO] [stderr]     Checking chrono v0.4.45
[INFO] [stderr]     Checking plotters v0.3.7
[INFO] [stderr]     Checking regex-automata v0.4.18
[INFO] [stderr]     Checking rayon-core v1.13.0
[INFO] [stderr]     Checking rayon v1.12.0
[INFO] [stderr]     Checking is-terminal v0.4.17
[INFO] [stderr]     Checking criterion-plot v0.5.0
[INFO] [stderr]     Checking clap v4.6.7
[INFO] [stderr]    Compiling serde_derive v1.0.229
[INFO] [stderr]    Compiling cexpr v0.6.0
[INFO] [stderr]     Checking regex v1.13.1
[INFO] [stderr]     Checking serde_json v1.0.151
[INFO] [stderr]    Compiling zerocopy-derive v0.8.61
[INFO] [stderr]     Checking tinytemplate v1.2.1
[INFO] [stderr]    Compiling rayforce-sys v1.2.0
[INFO] [stderr]     Checking half v2.7.1
[INFO] [stderr]     Checking ciborium-ll v0.2.2
[INFO] [stderr]     Checking ciborium v0.2.2
[INFO] [stderr]     Checking criterion v0.5.1
[INFO] [stderr] error: failed to run custom build command for `rayforce-sys v1.2.0`
[INFO] [stderr] note: To improve backtraces for build dependencies, set the CARGO_PROFILE_DEV_BUILD_OVERRIDE_DEBUG=true environment variable to enable debug information generation.
[INFO] [stderr] 
[INFO] [stderr] Caused by:
[INFO] [stderr]   process didn't exit successfully: `/opt/rustwide/target/debug/build/rayforce-sys/595b6faa36743399/out/build_script_build` (exit status: 101)
[INFO] [stderr]   --- stdout
[INFO] [stderr]   cargo:rerun-if-env-changed=RAYFORCE_SRC
[INFO] [stderr]   cargo:rerun-if-changed=/opt/rustwide/cargo-home/registry/src/index.crates.io-1949cf8c6b5b557f/rayforce-sys-1.2.0/vendor/rayforce/Makefile
[INFO] [stderr]   cargo:rerun-if-changed=/opt/rustwide/cargo-home/registry/src/index.crates.io-1949cf8c6b5b557f/rayforce-sys-1.2.0/vendor/rayforce/include
[INFO] [stderr]   cargo:rerun-if-changed=/opt/rustwide/cargo-home/registry/src/index.crates.io-1949cf8c6b5b557f/rayforce-sys-1.2.0/vendor/rayforce/src
[INFO] [stderr]   cargo:rerun-if-env-changed=LIBCLANG_PATH
[INFO] [stderr]   cargo:rerun-if-env-changed=RAYFORCE_CORE_DEBUG
[INFO] [stderr]   cc -c -fPIC -Wall -Wextra -Wstrict-prototypes -Wno-unused-parameter -std=c17 -O3 -march=native -funroll-loops -fomit-frame-pointer -fno-math-errno -falign-functions=64 -fassociative-math -ffp-contract=fast -fno-signed-zeros -fno-trapping-math -MMD -MP -DRAYFORCE_GIT_COMMIT=\"dc9b12a\" -DRAYFORCE_BUILD_DATE=\"2026-10-17\" -DRAY_VERSION_MAJOR=2 -DRAY_VERSION_MINOR=11 -DRAY_VERSION_PATCH=0 -DRAYFORCE_VERSION=\"2.11.0\" -Iinclude -Isrc -o src/app/repl.rel.o src/app/repl.c
[INFO] [stderr]   cc -c -fPIC -Wall -Wextra -Wstrict-prototypes -Wno-unused-parameter -std=c17 -O3 -march=native -funroll-loops -fomit-frame-pointer -fno-math-errno -falign-functions=64 -fassociative-math -ffp-contract=fast -fno-signed-zeros -fno-trapping-math -MMD -MP -DRAYFORCE_GIT_COMMIT=\"dc9b12a\" -DRAYFORCE_BUILD_DATE=\"2026-10-17\" -DRAY_VERSION_MAJOR=2 -DRAY_VERSION_MINOR=11 -DRAY_VERSION_PATCH=0 -DRAYFORCE_VERSION=\"2.11.0\" -Iinclude -Isrc -o src/app/term.rel.o src/app/term.c
[INFO] [stderr]   cc -c -fPIC -Wall -Wextra -Wstrict-prototypes -Wno-unused-parameter -std=c17 -O3 -march=native -funroll-loops -fomit-frame-pointer -fno-math-errno -falign-functions=64 -fassociative-math -ffp-contract=fast -fno-signed-zeros -fno-trapping-math -MMD -MP -DRAYFORCE_GIT_COMMIT=\"dc9b12a\" -DRAYFORCE_BUILD_DATE=\"2026-10-17\" -DRAY_VERSION_MAJOR=2 -DRAY_VERSION_MINOR=11 -DRAY_VERSION_PATCH=0 -DRAYFORCE_VERSION=\"2.11.0\" -Iinclude -Isrc -o src/core/block.rel.o src/core/block.c
[INFO] [stderr]   cc -c -fPIC -Wall -Wextra -Wstrict-prototypes -Wno-unused-parameter -std=c17 -O3 -march=native -funroll-loops -fomit-frame-pointer -fno-math-errno -falign-functions=64 -fassociative-math -ffp-contract=fast -fno-signed-zeros -fno-trapping-math -MMD -MP -DRAYFORCE_GIT_COMMIT=\"dc9b12a\" -DRAYFORCE_BUILD_DATE=\"2026-10-17\" -DRAY_VERSION_MAJOR=2 -DRAY_VERSION_MINOR=11 -DRAY_VERSION_PATCH=0 -DRAYFORCE_VERSION=\"2.11.0\" -Iinclude -Isrc -o src/core/crash.rel.o src/core/crash.c
[INFO] [stderr]   cc -c -fPIC -Wall -Wextra -Wstrict-prototypes -Wno-unused-parameter -std=c17 -O3 -march=native -funroll-loops -fomit-frame-pointer -fno-math-errno -falign-functions=64 -fassociative-math -ffp-contract=fast -fno-signed-zeros -fno-trapping-math -MMD -MP -DRAYFORCE_GIT_COMMIT=\"dc9b12a\" -DRAYFORCE_BUILD_DATE=\"2026-10-17\" -DRAY_VERSION_MAJOR=2 -DRAY_VERSION_MINOR=11 -DRAY_VERSION_PATCH=0 -DRAYFORCE_VERSION=\"2.11.0\" -Iinclude -Isrc -o src/core/crc32.rel.o src/core/crc32.c
[INFO] [stderr]   cc -c -fPIC -Wall -Wextra -Wstrict-prototypes -Wno-unused-parameter -std=c17 -O3 -march=native -funroll-loops -fomit-frame-pointer -fno-math-errno -falign-functions=64 -fassociative-math -ffp-contract=fast -fno-signed-zeros -fno-trapping-math -MMD -MP -DRAYFORCE_GIT_COMMIT=\"dc9b12a\" -DRAYFORCE_BUILD_DATE=\"2026-10-17\" -DRAY_VERSION_MAJOR=2 -DRAY_VERSION_MINOR=11 -DRAY_VERSION_PATCH=0 -DRAYFORCE_VERSION=\"2.11.0\" -Iinclude -Isrc -o src/core/epoll.rel.o src/core/epoll.c
[INFO] [stderr]   cc -c -fPIC -Wall -Wextra -Wstrict-prototypes -Wno-unused-parameter -std=c17 -O3 -march=native -funroll-loops -fomit-frame-pointer -fno-math-errno -falign-functions=64 -fassociative-math -ffp-contract=fast -fno-signed-zeros -fno-trapping-math -MMD -MP -DRAYFORCE_GIT_COMMIT=\"dc9b12a\" -DRAYFORCE_BUILD_DATE=\"2026-10-17\" -DRAY_VERSION_MAJOR=2 -DRAY_VERSION_MINOR=11 -DRAY_VERSION_PATCH=0 -DRAYFORCE_VERSION=\"2.11.0\" -Iinclude -Isrc -o src/core/iocp.rel.o src/core/iocp.c
[INFO] [stderr]   cc -c -fPIC -Wall -Wextra -Wstrict-prototypes -Wno-unused-parameter -std=c17 -O3 -march=native -funroll-loops -fomit-frame-pointer -fno-math-errno -falign-functions=64 -fassociative-math -ffp-contract=fast -fno-signed-zeros -fno-trapping-math -MMD -MP -DRAYFORCE_GIT_COMMIT=\"dc9b12a\" -DRAYFORCE_BUILD_DATE=\"2026-10-17\" -DRAY_VERSION_MAJOR=2 -DRAY_VERSION_MINOR=11 -DRAY_VERSION_PATCH=0 -DRAYFORCE_VERSION=\"2.11.0\" -Iinclude -Isrc -o src/core/ipc.rel.o src/core/ipc.c
[INFO] [stderr]   cc -c -fPIC -Wall -Wextra -Wstrict-prototypes -Wno-unused-parameter -std=c17 -O3 -march=native -funroll-loops -fomit-frame-pointer -fno-math-errno -falign-functions=64 -fassociative-math -ffp-contract=fast -fno-signed-zeros -fno-trapping-math -MMD -MP -DRAYFORCE_GIT_COMMIT=\"dc9b12a\" -DRAYFORCE_BUILD_DATE=\"2026-10-17\" -DRAY_VERSION_MAJOR=2 -DRAY_VERSION_MINOR=11 -DRAY_VERSION_PATCH=0 -DRAYFORCE_VERSION=\"2.11.0\" -Iinclude -Isrc -o src/core/kqueue.rel.o src/core/kqueue.c
[INFO] [stderr]   cc -c -fPIC -Wall -Wextra -Wstrict-prototypes -Wno-unused-parameter -std=c17 -O3 -march=native -funroll-loops -fomit-frame-pointer -fno-math-errno -falign-functions=64 -fassociative-math -ffp-contract=fast -fno-signed-zeros -fno-trapping-math -MMD -MP -DRAYFORCE_GIT_COMMIT=\"dc9b12a\" -DRAYFORCE_BUILD_DATE=\"2026-10-17\" -DRAY_VERSION_MAJOR=2 -DRAY_VERSION_MINOR=11 -DRAY_VERSION_PATCH=0 -DRAYFORCE_VERSION=\"2.11.0\" -Iinclude -Isrc -o src/core/mcast.rel.o src/core/mcast.c
[INFO] [stderr]   cc -c -fPIC -Wall -Wextra -Wstrict-prototypes -Wno-unused-parameter -std=c17 -O3 -march=native -funroll-loops -fomit-frame-pointer -fno-math-errno -falign-functions=64 -fassociative-math -ffp-contract=fast -fno-signed-zeros -fno-trapping-math -MMD -MP -DRAYFORCE_GIT_COMMIT=\"dc9b12a\" -DRAYFORCE_BUILD_DATE=\"2026-10-17\" -DRAY_VERSION_MAJOR=2 -DRAY_VERSION_MINOR=11 -DRAY_VERSION_PATCH=0 -DRAYFORCE_VERSION=\"2.11.0\" -Iinclude -Isrc -o src/core/morsel.rel.o src/core/morsel.c
[INFO] [stderr]   cc -c -fPIC -Wall -Wextra -Wstrict-prototypes -Wno-unused-parameter -std=c17 -O3 -march=native -funroll-loops -fomit-frame-pointer -fno-math-errno -falign-functions=64 -fassociative-math -ffp-contract=fast -fno-signed-zeros -fno-trapping-math -MMD -MP -DRAYFORCE_GIT_COMMIT=\"dc9b12a\" -DRAYFORCE_BUILD_DATE=\"2026-10-17\" -DRAY_VERSION_MAJOR=2 -DRAY_VERSION_MINOR=11 -DRAY_VERSION_PATCH=0 -DRAYFORCE_VERSION=\"2.11.0\" -Iinclude -Isrc -o src/core/numparse.rel.o src/core/numparse.c
[INFO] [stderr]   cc -c -fPIC -Wall -Wextra -Wstrict-prototypes -Wno-unused-parameter -std=c17 -O3 -march=native -funroll-loops -fomit-frame-pointer -fno-math-errno -falign-functions=64 -fassociative-math -ffp-contract=fast -fno-signed-zeros -fno-trapping-math -MMD -MP -DRAYFORCE_GIT_COMMIT=\"dc9b12a\" -DRAYFORCE_BUILD_DATE=\"2026-10-17\" -DRAY_VERSION_MAJOR=2 -DRAY_VERSION_MINOR=11 -DRAY_VERSION_PATCH=0 -DRAYFORCE_VERSION=\"2.11.0\" -Iinclude -Isrc -o src/core/platform.rel.o src/core/platform.c
[INFO] [stderr]   cc -c -fPIC -Wall -Wextra -Wstrict-prototypes -Wno-unused-parameter -std=c17 -O3 -march=native -funroll-loops -fomit-frame-pointer -fno-math-errno -falign-functions=64 -fassociative-math -ffp-contract=fast -fno-signed-zeros -fno-trapping-math -MMD -MP -DRAYFORCE_GIT_COMMIT=\"dc9b12a\" -DRAYFORCE_BUILD_DATE=\"2026-10-17\" -DRAY_VERSION_MAJOR=2 -DRAY_VERSION_MINOR=11 -DRAY_VERSION_PATCH=0 -DRAYFORCE_VERSION=\"2.11.0\" -Iinclude -Isrc -o src/core/poll.rel.o src/core/poll.c
[INFO] [stderr]   cc -c -fPIC -Wall -Wextra -Wstrict-prototypes -Wno-unused-parameter -std=c17 -O3 -march=native -funroll-loops -fomit-frame-pointer -fno-math-errno -falign-functions=64 -fassociative-math -ffp-contract=fast -fno-signed-zeros -fno-trapping-math -MMD -MP -DRAYFORCE_GIT_COMMIT=\"dc9b12a\" -DRAYFORCE_BUILD_DATE=\"2026-10-17\" -DRAY_VERSION_MAJOR=2 -DRAY_VERSION_MINOR=11 -DRAY_VERSION_PATCH=0 -DRAYFORCE_VERSION=\"2.11.0\" -Iinclude -Isrc -o src/core/pool.rel.o src/core/pool.c
[INFO] [stderr]   cc -c -fPIC -Wall -Wextra -Wstrict-prototypes -Wno-unused-parameter -std=c17 -O3 -march=native -funroll-loops -fomit-frame-pointer -fno-math-errno -falign-functions=64 -fassociative-math -ffp-contract=fast -fno-signed-zeros -fno-trapping-math -MMD -MP -DRAYFORCE_GIT_COMMIT=\"dc9b12a\" -DRAYFORCE_BUILD_DATE=\"2026-10-17\" -DRAY_VERSION_MAJOR=2 -DRAY_VERSION_MINOR=11 -DRAY_VERSION_PATCH=0 -DRAYFORCE_VERSION=\"2.11.0\" -Iinclude -Isrc -o src/core/progress.rel.o src/core/progress.c
[INFO] [stderr]   cc -c -fPIC -Wall -Wextra -Wstrict-prototypes -Wno-unused-parameter -std=c17 -O3 -march=native -funroll-loops -fomit-frame-pointer -fno-math-errno -falign-functions=64 -fassociative-math -ffp-contract=fast -fno-signed-zeros -fno-trapping-math -MMD -MP -DRAYFORCE_GIT_COMMIT=\"dc9b12a\" -DRAYFORCE_BUILD_DATE=\"2026-10-17\" -DRAY_VERSION_MAJOR=2 -DRAY_VERSION_MINOR=11 -DRAY_VERSION_PATCH=0 -DRAYFORCE_VERSION=\"2.11.0\" -Iinclude -Isrc -o src/core/qlog.rel.o src/core/qlog.c
[INFO] [stderr]   cc -c -fPIC -Wall -Wextra -Wstrict-prototypes -Wno-unused-parameter -std=c17 -O3 -march=native -funroll-loops -fomit-frame-pointer -fno-math-errno -falign-functions=64 -fassociative-math -ffp-contract=fast -fno-signed-zeros -fno-trapping-math -MMD -MP -DRAYFORCE_GIT_COMMIT=\"dc9b12a\" -DRAYFORCE_BUILD_DATE=\"2026-10-17\" -DRAY_VERSION_MAJOR=2 -DRAY_VERSION_MINOR=11 -DRAY_VERSION_PATCH=0 -DRAYFORCE_VERSION=\"2.11.0\" -Iinclude -Isrc -o src/core/qmeasure.rel.o src/core/qmeasure.c
[INFO] [stderr]   cc -c -fPIC -Wall -Wextra -Wstrict-prototypes -Wno-unused-parameter -std=c17 -O3 -march=native -funroll-loops -fomit-frame-pointer -fno-math-errno -falign-functions=64 -fassociative-math -ffp-contract=fast -fno-signed-zeros -fno-trapping-math -MMD -MP -DRAYFORCE_GIT_COMMIT=\"dc9b12a\" -DRAYFORCE_BUILD_DATE=\"2026-10-17\" -DRAY_VERSION_MAJOR=2 -DRAY_VERSION_MINOR=11 -DRAY_VERSION_PATCH=0 -DRAYFORCE_VERSION=\"2.11.0\" -Iinclude -Isrc -o src/core/runtime.rel.o src/core/runtime.c
[INFO] [stderr]   cc -c -fPIC -Wall -Wextra -Wstrict-prototypes -Wno-unused-parameter -std=c17 -O3 -march=native -funroll-loops -fomit-frame-pointer -fno-math-errno -falign-functions=64 -fassociative-math -ffp-contract=fast -fno-signed-zeros -fno-trapping-math -MMD -MP -DRAYFORCE_GIT_COMMIT=\"dc9b12a\" -DRAYFORCE_BUILD_DATE=\"2026-10-17\" -DRAY_VERSION_MAJOR=2 -DRAY_VERSION_MINOR=11 -DRAY_VERSION_PATCH=0 -DRAYFORCE_VERSION=\"2.11.0\" -Iinclude -Isrc -o src/core/sock.rel.o src/core/sock.c
[INFO] [stderr]   cc -c -fPIC -Wall -Wextra -Wstrict-prototypes -Wno-unused-parameter -std=c17 -O3 -march=native -funroll-loops -fomit-frame-pointer -fno-math-errno -falign-functions=64 -fassociative-math -ffp-contract=fast -fno-signed-zeros -fno-trapping-math -MMD -MP -DRAYFORCE_GIT_COMMIT=\"dc9b12a\" -DRAYFORCE_BUILD_DATE=\"2026-10-17\" -DRAY_VERSION_MAJOR=2 -DRAY_VERSION_MINOR=11 -DRAY_VERSION_PATCH=0 -DRAYFORCE_VERSION=\"2.11.0\" -Iinclude -Isrc -o src/core/timer.rel.o src/core/timer.c
[INFO] [stderr]   cc -c -fPIC -Wall -Wextra -Wstrict-prototypes -Wno-unused-parameter -std=c17 -O3 -march=native -funroll-loops -fomit-frame-pointer -fno-math-errno -falign-functions=64 -fassociative-math -ffp-contract=fast -fno-signed-zeros -fno-trapping-math -MMD -MP -DRAYFORCE_GIT_COMMIT=\"dc9b12a\" -DRAYFORCE_BUILD_DATE=\"2026-10-17\" -DRAY_VERSION_MAJOR=2 -DRAY_VERSION_MINOR=11 -DRAY_VERSION_PATCH=0 -DRAYFORCE_VERSION=\"2.11.0\" -Iinclude -Isrc -o src/core/types.rel.o src/core/types.c
[INFO] [stderr]   cc -c -fPIC -Wall -Wextra -Wstrict-prototypes -Wno-unused-parameter -std=c17 -O3 -march=native -funroll-loops -fomit-frame-pointer -fno-math-errno -falign-functions=64 -fassociative-math -ffp-contract=fast -fno-signed-zeros -fno-trapping-math -MMD -MP -DRAYFORCE_GIT_COMMIT=\"dc9b12a\" -DRAYFORCE_BUILD_DATE=\"2026-10-17\" -DRAY_VERSION_MAJOR=2 -DRAY_VERSION_MINOR=11 -DRAY_VERSION_PATCH=0 -DRAYFORCE_VERSION=\"2.11.0\" -Iinclude -Isrc -o src/io/csv.rel.o src/io/csv.c
[INFO] [stderr]   cc -c -fPIC -Wall -Wextra -Wstrict-prototypes -Wno-unused-parameter -std=c17 -O3 -march=native -funroll-loops -fomit-frame-pointer -fno-math-errno -falign-functions=64 -fassociative-math -ffp-contract=fast -fno-signed-zeros -fno-trapping-math -MMD -MP -DRAYFORCE_GIT_COMMIT=\"dc9b12a\" -DRAYFORCE_BUILD_DATE=\"2026-10-17\" -DRAY_VERSION_MAJOR=2 -DRAY_VERSION_MINOR=11 -DRAY_VERSION_PATCH=0 -DRAYFORCE_VERSION=\"2.11.0\" -Iinclude -Isrc -o src/io/parquet.rel.o src/io/parquet.c
[INFO] [stderr]   cc -c -fPIC -Wall -Wextra -Wstrict-prototypes -Wno-unused-parameter -std=c17 -O3 -march=native -funroll-loops -fomit-frame-pointer -fno-math-errno -falign-functions=64 -fassociative-math -ffp-contract=fast -fno-signed-zeros -fno-trapping-math -MMD -MP -DRAYFORCE_GIT_COMMIT=\"dc9b12a\" -DRAYFORCE_BUILD_DATE=\"2026-10-17\" -DRAY_VERSION_MAJOR=2 -DRAY_VERSION_MINOR=11 -DRAY_VERSION_PATCH=0 -DRAYFORCE_VERSION=\"2.11.0\" -Iinclude -Isrc -o src/lang/compile.rel.o src/lang/compile.c
[INFO] [stderr]   cc -c -fPIC -Wall -Wextra -Wstrict-prototypes -Wno-unused-parameter -std=c17 -O3 -march=native -funroll-loops -fomit-frame-pointer -fno-math-errno -falign-functions=64 -fassociative-math -ffp-contract=fast -fno-signed-zeros -fno-trapping-math -MMD -MP -DRAYFORCE_GIT_COMMIT=\"dc9b12a\" -DRAYFORCE_BUILD_DATE=\"2026-10-17\" -DRAY_VERSION_MAJOR=2 -DRAY_VERSION_MINOR=11 -DRAY_VERSION_PATCH=0 -DRAYFORCE_VERSION=\"2.11.0\" -Iinclude -Isrc -o src/lang/env.rel.o src/lang/env.c
[INFO] [stderr]   cc -c -fPIC -Wall -Wextra -Wstrict-prototypes -Wno-unused-parameter -std=c17 -O3 -march=native -funroll-loops -fomit-frame-pointer -fno-math-errno -falign-functions=64 -fassociative-math -ffp-contract=fast -fno-signed-zeros -fno-trapping-math -MMD -MP -DRAYFORCE_GIT_COMMIT=\"dc9b12a\" -DRAYFORCE_BUILD_DATE=\"2026-10-17\" -DRAY_VERSION_MAJOR=2 -DRAY_VERSION_MINOR=11 -DRAY_VERSION_PATCH=0 -DRAYFORCE_VERSION=\"2.11.0\" -Iinclude -Isrc -o src/lang/eval.rel.o src/lang/eval.c
[INFO] [stderr]   cc -c -fPIC -Wall -Wextra -Wstrict-prototypes -Wno-unused-parameter -std=c17 -O3 -march=native -funroll-loops -fomit-frame-pointer -fno-math-errno -falign-functions=64 -fassociative-math -ffp-contract=fast -fno-signed-zeros -fno-trapping-math -MMD -MP -DRAYFORCE_GIT_COMMIT=\"dc9b12a\" -DRAYFORCE_BUILD_DATE=\"2026-10-17\" -DRAY_VERSION_MAJOR=2 -DRAY_VERSION_MINOR=11 -DRAY_VERSION_PATCH=0 -DRAYFORCE_VERSION=\"2.11.0\" -Iinclude -Isrc -o src/lang/format.rel.o src/lang/format.c
[INFO] [stderr]   cc -c -fPIC -Wall -Wextra -Wstrict-prototypes -Wno-unused-parameter -std=c17 -O3 -march=native -funroll-loops -fomit-frame-pointer -fno-math-errno -falign-functions=64 -fassociative-math -ffp-contract=fast -fno-signed-zeros -fno-trapping-math -MMD -MP -DRAYFORCE_GIT_COMMIT=\"dc9b12a\" -DRAYFORCE_BUILD_DATE=\"2026-10-17\" -DRAY_VERSION_MAJOR=2 -DRAY_VERSION_MINOR=11 -DRAY_VERSION_PATCH=0 -DRAYFORCE_VERSION=\"2.11.0\" -Iinclude -Isrc -o src/lang/nfo.rel.o src/lang/nfo.c
[INFO] [stderr]   cc -c -fPIC -Wall -Wextra -Wstrict-prototypes -Wno-unused-parameter -std=c17 -O3 -march=native -funroll-loops -fomit-frame-pointer -fno-math-errno -falign-functions=64 -fassociative-math -ffp-contract=fast -fno-signed-zeros -fno-trapping-math -MMD -MP -DRAYFORCE_GIT_COMMIT=\"dc9b12a\" -DRAYFORCE_BUILD_DATE=\"2026-10-17\" -DRAY_VERSION_MAJOR=2 -DRAY_VERSION_MINOR=11 -DRAY_VERSION_PATCH=0 -DRAYFORCE_VERSION=\"2.11.0\" -Iinclude -Isrc -o src/lang/parse.rel.o src/lang/parse.c
[INFO] [stderr]   cc -c -fPIC -Wall -Wextra -Wstrict-prototypes -Wno-unused-parameter -std=c17 -O3 -march=native -funroll-loops -fomit-frame-pointer -fno-math-errno -falign-functions=64 -fassociative-math -ffp-contract=fast -fno-signed-zeros -fno-trapping-math -MMD -MP -DRAYFORCE_GIT_COMMIT=\"dc9b12a\" -DRAYFORCE_BUILD_DATE=\"2026-10-17\" -DRAY_VERSION_MAJOR=2 -DRAY_VERSION_MINOR=11 -DRAY_VERSION_PATCH=0 -DRAYFORCE_VERSION=\"2.11.0\" -Iinclude -Isrc -o src/lang/syscmd.rel.o src/lang/syscmd.c
[INFO] [stderr]   cc -c -fPIC -Wall -Wextra -Wstrict-prototypes -Wno-unused-parameter -std=c17 -O3 -march=native -funroll-loops -fomit-frame-pointer -fno-math-errno -falign-functions=64 -fassociative-math -ffp-contract=fast -fno-signed-zeros -fno-trapping-math -MMD -MP -DRAYFORCE_GIT_COMMIT=\"dc9b12a\" -DRAYFORCE_BUILD_DATE=\"2026-10-17\" -DRAY_VERSION_MAJOR=2 -DRAY_VERSION_MINOR=11 -DRAY_VERSION_PATCH=0 -DRAYFORCE_VERSION=\"2.11.0\" -Iinclude -Isrc -o src/mem/arena.rel.o src/mem/arena.c
[INFO] [stderr]   cc -c -fPIC -Wall -Wextra -Wstrict-prototypes -Wno-unused-parameter -std=c17 -O3 -march=native -funroll-loops -fomit-frame-pointer -fno-math-errno -falign-functions=64 -fassociative-math -ffp-contract=fast -fno-signed-zeros -fno-trapping-math -MMD -MP -DRAYFORCE_GIT_COMMIT=\"dc9b12a\" -DRAYFORCE_BUILD_DATE=\"2026-10-17\" -DRAY_VERSION_MAJOR=2 -DRAY_VERSION_MINOR=11 -DRAY_VERSION_PATCH=0 -DRAYFORCE_VERSION=\"2.11.0\" -Iinclude -Isrc -o src/mem/cow.rel.o src/mem/cow.c
[INFO] [stderr]   cc -c -fPIC -Wall -Wextra -Wstrict-prototypes -Wno-unused-parameter -std=c17 -O3 -march=native -funroll-loops -fomit-frame-pointer -fno-math-errno -falign-functions=64 -fassociative-math -ffp-contract=fast -fno-signed-zeros -fno-trapping-math -MMD -MP -DRAYFORCE_GIT_COMMIT=\"dc9b12a\" -DRAYFORCE_BUILD_DATE=\"2026-10-17\" -DRAY_VERSION_MAJOR=2 -DRAY_VERSION_MINOR=11 -DRAY_VERSION_PATCH=0 -DRAYFORCE_VERSION=\"2.11.0\" -Iinclude -Isrc -o src/mem/heap.rel.o src/mem/heap.c
[INFO] [stderr]   cc -c -fPIC -Wall -Wextra -Wstrict-prototypes -Wno-unused-parameter -std=c17 -O3 -march=native -funroll-loops -fomit-frame-pointer -fno-math-errno -falign-functions=64 -fassociative-math -ffp-contract=fast -fno-signed-zeros -fno-trapping-math -MMD -MP -DRAYFORCE_GIT_COMMIT=\"dc9b12a\" -DRAYFORCE_BUILD_DATE=\"2026-10-17\" -DRAY_VERSION_MAJOR=2 -DRAY_VERSION_MINOR=11 -DRAY_VERSION_PATCH=0 -DRAYFORCE_VERSION=\"2.11.0\" -Iinclude -Isrc -o src/mem/sys.rel.o src/mem/sys.c
[INFO] [stderr]   cc -c -fPIC -Wall -Wextra -Wstrict-prototypes -Wno-unused-parameter -std=c17 -O3 -march=native -funroll-loops -fomit-frame-pointer -fno-math-errno -falign-functions=64 -fassociative-math -ffp-contract=fast -fno-signed-zeros -fno-trapping-math -MMD -MP -DRAYFORCE_GIT_COMMIT=\"dc9b12a\" -DRAYFORCE_BUILD_DATE=\"2026-10-17\" -DRAY_VERSION_MAJOR=2 -DRAY_VERSION_MINOR=11 -DRAY_VERSION_PATCH=0 -DRAYFORCE_VERSION=\"2.11.0\" -Iinclude -Isrc -o src/ops/agg.rel.o src/ops/agg.c
[INFO] [stderr]   cc -c -fPIC -Wall -Wextra -Wstrict-prototypes -Wno-unused-parameter -std=c17 -O3 -march=native -funroll-loops -fomit-frame-pointer -fno-math-errno -falign-functions=64 -fassociative-math -ffp-contract=fast -fno-signed-zeros -fno-trapping-math -MMD -MP -DRAYFORCE_GIT_COMMIT=\"dc9b12a\" -DRAYFORCE_BUILD_DATE=\"2026-10-17\" -DRAY_VERSION_MAJOR=2 -DRAY_VERSION_MINOR=11 -DRAY_VERSION_PATCH=0 -DRAYFORCE_VERSION=\"2.11.0\" -Iinclude -Isrc -o src/ops/agg_engine.rel.o src/ops/agg_engine.c
[INFO] [stderr]   cc -c -fPIC -Wall -Wextra -Wstrict-prototypes -Wno-unused-parameter -std=c17 -O3 -march=native -funroll-loops -fomit-frame-pointer -fno-math-errno -falign-functions=64 -fassociative-math -ffp-contract=fast -fno-signed-zeros -fno-trapping-math -MMD -MP -DRAYFORCE_GIT_COMMIT=\"dc9b12a\" -DRAYFORCE_BUILD_DATE=\"2026-10-17\" -DRAY_VERSION_MAJOR=2 -DRAY_VERSION_MINOR=11 -DRAY_VERSION_PATCH=0 -DRAYFORCE_VERSION=\"2.11.0\" -Iinclude -Isrc -o src/ops/agg_stream.rel.o src/ops/agg_stream.c
[INFO] [stderr]   cc -c -fPIC -Wall -Wextra -Wstrict-prototypes -Wno-unused-parameter -std=c17 -O3 -march=native -funroll-loops -fomit-frame-pointer -fno-math-errno -falign-functions=64 -fassociative-math -ffp-contract=fast -fno-signed-zeros -fno-trapping-math -MMD -MP -DRAYFORCE_GIT_COMMIT=\"dc9b12a\" -DRAYFORCE_BUILD_DATE=\"2026-10-17\" -DRAY_VERSION_MAJOR=2 -DRAY_VERSION_MINOR=11 -DRAY_VERSION_PATCH=0 -DRAYFORCE_VERSION=\"2.11.0\" -Iinclude -Isrc -o src/ops/arith.rel.o src/ops/arith.c
[INFO] [stderr]   cc -c -fPIC -Wall -Wextra -Wstrict-prototypes -Wno-unused-parameter -std=c17 -O3 -march=native -funroll-loops -fomit-frame-pointer -fno-math-errno -falign-functions=64 -fassociative-math -ffp-contract=fast -fno-signed-zeros -fno-trapping-math -MMD -MP -DRAYFORCE_GIT_COMMIT=\"dc9b12a\" -DRAYFORCE_BUILD_DATE=\"2026-10-17\" -DRAY_VERSION_MAJOR=2 -DRAY_VERSION_MINOR=11 -DRAY_VERSION_PATCH=0 -DRAYFORCE_VERSION=\"2.11.0\" -Iinclude -Isrc -o src/ops/builtins.rel.o src/ops/builtins.c
[INFO] [stderr]   cc -c -fPIC -Wall -Wextra -Wstrict-prototypes -Wno-unused-parameter -std=c17 -O3 -march=native -funroll-loops -fomit-frame-pointer -fno-math-errno -falign-functions=64 -fassociative-math -ffp-contract=fast -fno-signed-zeros -fno-trapping-math -MMD -MP -DRAYFORCE_GIT_COMMIT=\"dc9b12a\" -DRAYFORCE_BUILD_DATE=\"2026-10-17\" -DRAY_VERSION_MAJOR=2 -DRAY_VERSION_MINOR=11 -DRAY_VERSION_PATCH=0 -DRAYFORCE_VERSION=\"2.11.0\" -Iinclude -Isrc -o src/ops/cdfuse.rel.o src/ops/cdfuse.c
[INFO] [stderr]   cc -c -fPIC -Wall -Wextra -Wstrict-prototypes -Wno-unused-parameter -std=c17 -O3 -march=native -funroll-loops -fomit-frame-pointer -fno-math-errno -falign-functions=64 -fassociative-math -ffp-contract=fast -fno-signed-zeros -fno-trapping-math -MMD -MP -DRAYFORCE_GIT_COMMIT=\"dc9b12a\" -DRAYFORCE_BUILD_DATE=\"2026-10-17\" -DRAY_VERSION_MAJOR=2 -DRAY_VERSION_MINOR=11 -DRAY_VERSION_PATCH=0 -DRAYFORCE_VERSION=\"2.11.0\" -Iinclude -Isrc -o src/ops/cmp.rel.o src/ops/cmp.c
[INFO] [stderr]   cc -c -fPIC -Wall -Wextra -Wstrict-prototypes -Wno-unused-parameter -std=c17 -O3 -march=native -funroll-loops -fomit-frame-pointer -fno-math-errno -falign-functions=64 -fassociative-math -ffp-contract=fast -fno-signed-zeros -fno-trapping-math -MMD -MP -DRAYFORCE_GIT_COMMIT=\"dc9b12a\" -DRAYFORCE_BUILD_DATE=\"2026-10-17\" -DRAY_VERSION_MAJOR=2 -DRAY_VERSION_MINOR=11 -DRAY_VERSION_PATCH=0 -DRAYFORCE_VERSION=\"2.11.0\" -Iinclude -Isrc -o src/ops/collection.rel.o src/ops/collection.c
[INFO] [stderr]   cc -c -fPIC -Wall -Wextra -Wstrict-prototypes -Wno-unused-parameter -std=c17 -O3 -march=native -funroll-loops -fomit-frame-pointer -fno-math-errno -falign-functions=64 -fassociative-math -ffp-contract=fast -fno-signed-zeros -fno-trapping-math -MMD -MP -DRAYFORCE_GIT_COMMIT=\"dc9b12a\" -DRAYFORCE_BUILD_DATE=\"2026-10-17\" -DRAY_VERSION_MAJOR=2 -DRAY_VERSION_MINOR=11 -DRAY_VERSION_PATCH=0 -DRAYFORCE_VERSION=\"2.11.0\" -Iinclude -Isrc -o src/ops/datalog.rel.o src/ops/datalog.c
[INFO] [stderr]   cc -c -fPIC -Wall -Wextra -Wstrict-prototypes -Wno-unused-parameter -std=c17 -O3 -march=native -funroll-loops -fomit-frame-pointer -fno-math-errno -falign-functions=64 -fassociative-math -ffp-contract=fast -fno-signed-zeros -fno-trapping-math -MMD -MP -DRAYFORCE_GIT_COMMIT=\"dc9b12a\" -DRAYFORCE_BUILD_DATE=\"2026-10-17\" -DRAY_VERSION_MAJOR=2 -DRAY_VERSION_MINOR=11 -DRAY_VERSION_PATCH=0 -DRAYFORCE_VERSION=\"2.11.0\" -Iinclude -Isrc -o src/ops/dump.rel.o src/ops/dump.c
[INFO] [stderr]   cc -c -fPIC -Wall -Wextra -Wstrict-prototypes -Wno-unused-parameter -std=c17 -O3 -march=native -funroll-loops -fomit-frame-pointer -fno-math-errno -falign-functions=64 -fassociative-math -ffp-contract=fast -fno-signed-zeros -fno-trapping-math -MMD -MP -DRAYFORCE_GIT_COMMIT=\"dc9b12a\" -DRAYFORCE_BUILD_DATE=\"2026-10-17\" -DRAY_VERSION_MAJOR=2 -DRAY_VERSION_MINOR=11 -DRAY_VERSION_PATCH=0 -DRAYFORCE_VERSION=\"2.11.0\" -Iinclude -Isrc -o src/ops/embedding.rel.o src/ops/embedding.c
[INFO] [stderr]   cc -c -fPIC -Wall -Wextra -Wstrict-prototypes -Wno-unused-parameter -std=c17 -O3 -march=native -funroll-loops -fomit-frame-pointer -fno-math-errno -falign-functions=64 -fassociative-math -ffp-contract=fast -fno-signed-zeros -fno-trapping-math -MMD -MP -DRAYFORCE_GIT_COMMIT=\"dc9b12a\" -DRAYFORCE_BUILD_DATE=\"2026-10-17\" -DRAY_VERSION_MAJOR=2 -DRAY_VERSION_MINOR=11 -DRAY_VERSION_PATCH=0 -DRAYFORCE_VERSION=\"2.11.0\" -Iinclude -Isrc -o src/ops/exec.rel.o src/ops/exec.c
[INFO] [stderr]   cc -c -fPIC -Wall -Wextra -Wstrict-prototypes -Wno-unused-parameter -std=c17 -O3 -march=native -funroll-loops -fomit-frame-pointer -fno-math-errno -falign-functions=64 -fassociative-math -ffp-contract=fast -fno-signed-zeros -fno-trapping-math -MMD -MP -DRAYFORCE_GIT_COMMIT=\"dc9b12a\" -DRAYFORCE_BUILD_DATE=\"2026-10-17\" -DRAY_VERSION_MAJOR=2 -DRAY_VERSION_MINOR=11 -DRAY_VERSION_PATCH=0 -DRAYFORCE_VERSION=\"2.11.0\" -Iinclude -Isrc -o src/ops/expr.rel.o src/ops/expr.c
[INFO] [stderr]   cc -c -fPIC -Wall -Wextra -Wstrict-prototypes -Wno-unused-parameter -std=c17 -O3 -march=native -funroll-loops -fomit-frame-pointer -fno-math-errno -falign-functions=64 -fassociative-math -ffp-contract=fast -fno-signed-zeros -fno-trapping-math -MMD -MP -DRAYFORCE_GIT_COMMIT=\"dc9b12a\" -DRAYFORCE_BUILD_DATE=\"2026-10-17\" -DRAY_VERSION_MAJOR=2 -DRAY_VERSION_MINOR=11 -DRAY_VERSION_PATCH=0 -DRAYFORCE_VERSION=\"2.11.0\" -Iinclude -Isrc -o src/ops/filter.rel.o src/ops/filter.c
[INFO] [stderr]   cc -c -fPIC -Wall -Wextra -Wstrict-prototypes -Wno-unused-parameter -std=c17 -O3 -march=native -funroll-loops -fomit-frame-pointer -fno-math-errno -falign-functions=64 -fassociative-math -ffp-contract=fast -fno-signed-zeros -fno-trapping-math -MMD -MP -DRAYFORCE_GIT_COMMIT=\"dc9b12a\" -DRAYFORCE_BUILD_DATE=\"2026-10-17\" -DRAY_VERSION_MAJOR=2 -DRAY_VERSION_MINOR=11 -DRAY_VERSION_PATCH=0 -DRAYFORCE_VERSION=\"2.11.0\" -Iinclude -Isrc -o src/ops/fused_pred.rel.o src/ops/fused_pred.c
[INFO] [stderr]   cc -c -fPIC -Wall -Wextra -Wstrict-prototypes -Wno-unused-parameter -std=c17 -O3 -march=native -funroll-loops -fomit-frame-pointer -fno-math-errno -falign-functions=64 -fassociative-math -ffp-contract=fast -fno-signed-zeros -fno-trapping-math -MMD -MP -DRAYFORCE_GIT_COMMIT=\"dc9b12a\" -DRAYFORCE_BUILD_DATE=\"2026-10-17\" -DRAY_VERSION_MAJOR=2 -DRAY_VERSION_MINOR=11 -DRAY_VERSION_PATCH=0 -DRAYFORCE_VERSION=\"2.11.0\" -Iinclude -Isrc -o src/ops/fused_topk.rel.o src/ops/fused_topk.c
[INFO] [stderr]   cc -c -fPIC -Wall -Wextra -Wstrict-prototypes -Wno-unused-parameter -std=c17 -O3 -march=native -funroll-loops -fomit-frame-pointer -fno-math-errno -falign-functions=64 -fassociative-math -ffp-contract=fast -fno-signed-zeros -fno-trapping-math -MMD -MP -DRAYFORCE_GIT_COMMIT=\"dc9b12a\" -DRAYFORCE_BUILD_DATE=\"2026-10-17\" -DRAY_VERSION_MAJOR=2 -DRAY_VERSION_MINOR=11 -DRAY_VERSION_PATCH=0 -DRAYFORCE_VERSION=\"2.11.0\" -Iinclude -Isrc -o src/ops/fvec.rel.o src/ops/fvec.c
[INFO] [stderr]   cc -c -fPIC -Wall -Wextra -Wstrict-prototypes -Wno-unused-parameter -std=c17 -O3 -march=native -funroll-loops -fomit-frame-pointer -fno-math-errno -falign-functions=64 -fassociative-math -ffp-contract=fast -fno-signed-zeros -fno-trapping-math -MMD -MP -DRAYFORCE_GIT_COMMIT=\"dc9b12a\" -DRAYFORCE_BUILD_DATE=\"2026-10-17\" -DRAY_VERSION_MAJOR=2 -DRAY_VERSION_MINOR=11 -DRAY_VERSION_PATCH=0 -DRAYFORCE_VERSION=\"2.11.0\" -Iinclude -Isrc -o src/ops/glob.rel.o src/ops/glob.c
[INFO] [stderr]   cc -c -fPIC -Wall -Wextra -Wstrict-prototypes -Wno-unused-parameter -std=c17 -O3 -march=native -funroll-loops -fomit-frame-pointer -fno-math-errno -falign-functions=64 -fassociative-math -ffp-contract=fast -fno-signed-zeros -fno-trapping-math -MMD -MP -DRAYFORCE_GIT_COMMIT=\"dc9b12a\" -DRAYFORCE_BUILD_DATE=\"2026-10-17\" -DRAY_VERSION_MAJOR=2 -DRAY_VERSION_MINOR=11 -DRAY_VERSION_PATCH=0 -DRAYFORCE_VERSION=\"2.11.0\" -Iinclude -Isrc -o src/ops/graph.rel.o src/ops/graph.c
[INFO] [stderr]   cc -c -fPIC -Wall -Wextra -Wstrict-prototypes -Wno-unused-parameter -std=c17 -O3 -march=native -funroll-loops -fomit-frame-pointer -fno-math-errno -falign-functions=64 -fassociative-math -ffp-contract=fast -fno-signed-zeros -fno-trapping-math -MMD -MP -DRAYFORCE_GIT_COMMIT=\"dc9b12a\" -DRAYFORCE_BUILD_DATE=\"2026-10-17\" -DRAY_VERSION_MAJOR=2 -DRAY_VERSION_MINOR=11 -DRAY_VERSION_PATCH=0 -DRAYFORCE_VERSION=\"2.11.0\" -Iinclude -Isrc -o src/ops/graph_builtin.rel.o src/ops/graph_builtin.c
[INFO] [stderr]   cc -c -fPIC -Wall -Wextra -Wstrict-prototypes -Wno-unused-parameter -std=c17 -O3 -march=native -funroll-loops -fomit-frame-pointer -fno-math-errno -falign-functions=64 -fassociative-math -ffp-contract=fast -fno-signed-zeros -fno-trapping-math -MMD -MP -DRAYFORCE_GIT_COMMIT=\"dc9b12a\" -DRAYFORCE_BUILD_DATE=\"2026-10-17\" -DRAY_VERSION_MAJOR=2 -DRAY_VERSION_MINOR=11 -DRAY_VERSION_PATCH=0 -DRAYFORCE_VERSION=\"2.11.0\" -Iinclude -Isrc -o src/ops/group.rel.o src/ops/group.c
[INFO] [stderr]   cc -c -fPIC -Wall -Wextra -Wstrict-prototypes -Wno-unused-parameter -std=c17 -O3 -march=native -funroll-loops -fomit-frame-pointer -fno-math-errno -falign-functions=64 -fassociative-math -ffp-contract=fast -fno-signed-zeros -fno-trapping-math -MMD -MP -DRAYFORCE_GIT_COMMIT=\"dc9b12a\" -DRAYFORCE_BUILD_DATE=\"2026-10-17\" -DRAY_VERSION_MAJOR=2 -DRAY_VERSION_MINOR=11 -DRAY_VERSION_PATCH=0 -DRAYFORCE_VERSION=\"2.11.0\" -Iinclude -Isrc -o src/ops/hll.rel.o src/ops/hll.c
[INFO] [stderr]   cc -c -fPIC -Wall -Wextra -Wstrict-prototypes -Wno-unused-parameter -std=c17 -O3 -march=native -funroll-loops -fomit-frame-pointer -fno-math-errno -falign-functions=64 -fassociative-math -ffp-contract=fast -fno-signed-zeros -fno-trapping-math -MMD -MP -DRAYFORCE_GIT_COMMIT=\"dc9b12a\" -DRAYFORCE_BUILD_DATE=\"2026-10-17\" -DRAY_VERSION_MAJOR=2 -DRAY_VERSION_MINOR=11 -DRAY_VERSION_PATCH=0 -DRAYFORCE_VERSION=\"2.11.0\" -Iinclude -Isrc -o src/ops/idiom.rel.o src/ops/idiom.c
[INFO] [stderr]   cc -c -fPIC -Wall -Wextra -Wstrict-prototypes -Wno-unused-parameter -std=c17 -O3 -march=native -funroll-loops -fomit-frame-pointer -fno-math-errno -falign-functions=64 -fassociative-math -ffp-contract=fast -fno-signed-zeros -fno-trapping-math -MMD -MP -DRAYFORCE_GIT_COMMIT=\"dc9b12a\" -DRAYFORCE_BUILD_DATE=\"2026-10-17\" -DRAY_VERSION_MAJOR=2 -DRAY_VERSION_MINOR=11 -DRAY_VERSION_PATCH=0 -DRAYFORCE_VERSION=\"2.11.0\" -Iinclude -Isrc -o src/ops/idxop.rel.o src/ops/idxop.c
[INFO] [stderr]   cc -c -fPIC -Wall -Wextra -Wstrict-prototypes -Wno-unused-parameter -std=c17 -O3 -march=native -funroll-loops -fomit-frame-pointer -fno-math-errno -falign-functions=64 -fassociative-math -ffp-contract=fast -fno-signed-zeros -fno-trapping-math -MMD -MP -DRAYFORCE_GIT_COMMIT=\"dc9b12a\" -DRAYFORCE_BUILD_DATE=\"2026-10-17\" -DRAY_VERSION_MAJOR=2 -DRAY_VERSION_MINOR=11 -DRAY_VERSION_PATCH=0 -DRAYFORCE_VERSION=\"2.11.0\" -Iinclude -Isrc -o src/ops/join.rel.o src/ops/join.c
[INFO] [stderr]   cc -c -fPIC -Wall -Wextra -Wstrict-prototypes -Wno-unused-parameter -std=c17 -O3 -march=native -funroll-loops -fomit-frame-pointer -fno-math-errno -falign-functions=64 -fassociative-math -ffp-contract=fast -fno-signed-zeros -fno-trapping-math -MMD -MP -DRAYFORCE_GIT_COMMIT=\"dc9b12a\" -DRAYFORCE_BUILD_DATE=\"2026-10-17\" -DRAY_VERSION_MAJOR=2 -DRAY_VERSION_MINOR=11 -DRAY_VERSION_PATCH=0 -DRAYFORCE_VERSION=\"2.11.0\" -Iinclude -Isrc -o src/ops/journal.rel.o src/ops/journal.c
[INFO] [stderr]   cc -c -fPIC -Wall -Wextra -Wstrict-prototypes -Wno-unused-parameter -std=c17 -O3 -march=native -funroll-loops -fomit-frame-pointer -fno-math-errno -falign-functions=64 -fassociative-math -ffp-contract=fast -fno-signed-zeros -fno-trapping-math -MMD -MP -DRAYFORCE_GIT_COMMIT=\"dc9b12a\" -DRAYFORCE_BUILD_DATE=\"2026-10-17\" -DRAY_VERSION_MAJOR=2 -DRAY_VERSION_MINOR=11 -DRAY_VERSION_PATCH=0 -DRAYFORCE_VERSION=\"2.11.0\" -Iinclude -Isrc -o src/ops/lftj.rel.o src/ops/lftj.c
[INFO] [stderr]   cc -c -fPIC -Wall -Wextra -Wstrict-prototypes -Wno-unused-parameter -std=c17 -O3 -march=native -funroll-loops -fomit-frame-pointer -fno-math-errno -falign-functions=64 -fassociative-math -ffp-contract=fast -fno-signed-zeros -fno-trapping-math -MMD -MP -DRAYFORCE_GIT_COMMIT=\"dc9b12a\" -DRAYFORCE_BUILD_DATE=\"2026-10-17\" -DRAY_VERSION_MAJOR=2 -DRAY_VERSION_MINOR=11 -DRAY_VERSION_PATCH=0 -DRAYFORCE_VERSION=\"2.11.0\" -Iinclude -Isrc -o src/ops/linkop.rel.o src/ops/linkop.c
[INFO] [stderr]   cc -c -fPIC -Wall -Wextra -Wstrict-prototypes -Wno-unused-parameter -std=c17 -O3 -march=native -funroll-loops -fomit-frame-pointer -fno-math-errno -falign-functions=64 -fassociative-math -ffp-contract=fast -fno-signed-zeros -fno-trapping-math -MMD -MP -DRAYFORCE_GIT_COMMIT=\"dc9b12a\" -DRAYFORCE_BUILD_DATE=\"2026-10-17\" -DRAY_VERSION_MAJOR=2 -DRAY_VERSION_MINOR=11 -DRAY_VERSION_PATCH=0 -DRAYFORCE_VERSION=\"2.11.0\" -Iinclude -Isrc -o src/ops/opt.rel.o src/ops/opt.c
[INFO] [stderr]   cc -c -fPIC -Wall -Wextra -Wstrict-prototypes -Wno-unused-parameter -std=c17 -O3 -march=native -funroll-loops -fomit-frame-pointer -fno-math-errno -falign-functions=64 -fassociative-math -ffp-contract=fast -fno-signed-zeros -fno-trapping-math -MMD -MP -DRAYFORCE_GIT_COMMIT=\"dc9b12a\" -DRAYFORCE_BUILD_DATE=\"2026-10-17\" -DRAY_VERSION_MAJOR=2 -DRAY_VERSION_MINOR=11 -DRAY_VERSION_PATCH=0 -DRAYFORCE_VERSION=\"2.11.0\" -Iinclude -Isrc -o src/ops/pipe.rel.o src/ops/pipe.c
[INFO] [stderr]   cc -c -fPIC -Wall -Wextra -Wstrict-prototypes -Wno-unused-parameter -std=c17 -O3 -march=native -funroll-loops -fomit-frame-pointer -fno-math-errno -falign-functions=64 -fassociative-math -ffp-contract=fast -fno-signed-zeros -fno-trapping-math -MMD -MP -DRAYFORCE_GIT_COMMIT=\"dc9b12a\" -DRAYFORCE_BUILD_DATE=\"2026-10-17\" -DRAY_VERSION_MAJOR=2 -DRAY_VERSION_MINOR=11 -DRAY_VERSION_PATCH=0 -DRAYFORCE_VERSION=\"2.11.0\" -Iinclude -Isrc -o src/ops/pivot.rel.o src/ops/pivot.c
[INFO] [stderr]   cc -c -fPIC -Wall -Wextra -Wstrict-prototypes -Wno-unused-parameter -std=c17 -O3 -march=native -funroll-loops -fomit-frame-pointer -fno-math-errno -falign-functions=64 -fassociative-math -ffp-contract=fast -fno-signed-zeros -fno-trapping-math -MMD -MP -DRAYFORCE_GIT_COMMIT=\"dc9b12a\" -DRAYFORCE_BUILD_DATE=\"2026-10-17\" -DRAY_VERSION_MAJOR=2 -DRAY_VERSION_MINOR=11 -DRAY_VERSION_PATCH=0 -DRAYFORCE_VERSION=\"2.11.0\" -Iinclude -Isrc -o src/ops/plan.rel.o src/ops/plan.c
[INFO] [stderr]   cc -c -fPIC -Wall -Wextra -Wstrict-prototypes -Wno-unused-parameter -std=c17 -O3 -march=native -funroll-loops -fomit-frame-pointer -fno-math-errno -falign-functions=64 -fassociative-math -ffp-contract=fast -fno-signed-zeros -fno-trapping-math -MMD -MP -DRAYFORCE_GIT_COMMIT=\"dc9b12a\" -DRAYFORCE_BUILD_DATE=\"2026-10-17\" -DRAY_VERSION_MAJOR=2 -DRAY_VERSION_MINOR=11 -DRAY_VERSION_PATCH=0 -DRAYFORCE_VERSION=\"2.11.0\" -Iinclude -Isrc -o src/ops/query.rel.o src/ops/query.c
[INFO] [stderr] 
[INFO] [stderr]   --- stderr
[INFO] [stderr]   cc: fatal error: Killed signal terminated program cc1
[INFO] [stderr]   compilation terminated.
[INFO] [stderr]   make: *** [Makefile:199: src/lang/eval.rel.o] Error 1
[INFO] [stderr]   make: *** Waiting for unfinished jobs....
[INFO] [stderr]   cc: fatal error: Killed signal terminated program cc1
[INFO] [stderr]   compilation terminated.
[INFO] [stderr]   make: *** [Makefile:199: src/ops/agg_engine.rel.o] Error 1
[INFO] [stderr]   cc: fatal error: Killed signal terminated program cc1
[INFO] [stderr]   compilation terminated.
[INFO] [stderr]   make: *** [Makefile:199: src/ops/expr.rel.o] Error 1
[INFO] [stderr]   cc: fatal error: Killed signal terminated program cc1
[INFO] [stderr]   compilation terminated.
[INFO] [stderr]   make: *** [Makefile:199: src/ops/group.rel.o] Error 1
[INFO] [stderr] 
[INFO] [stderr]   thread 'main' (940) panicked at /opt/rustwide/cargo-home/registry/src/index.crates.io-1949cf8c6b5b557f/rayforce-sys-1.2.0/build.rs:495:5:
[INFO] [stderr]   `make lib` failed in /opt/rustwide/target/debug/build/rayforce-sys/359685529d83311c/out/core (exit Some(2))
[INFO] [stderr]   stack backtrace:
[INFO] [stderr]      0:     0x5b102c413a41 - std[a664a428715ef049]::backtrace_rs::backtrace::libunwind::trace
[INFO] [stderr]                                  at /rustc/c60b92c03ca8a3b101eb9d57f51e2232690638c7/library/std/src/../../backtrace/src/backtrace/libunwind.rs:117:9
[INFO] [stderr]      1:     0x5b102c413a41 - std[a664a428715ef049]::backtrace_rs::backtrace::trace_unsynchronized::<std[a664a428715ef049]::sys::backtrace::_print_fmt::{closure#1}>
[INFO] [stderr]                                  at /rustc/c60b92c03ca8a3b101eb9d57f51e2232690638c7/library/std/src/../../backtrace/src/backtrace/mod.rs:66:14
[INFO] [stderr]      2:     0x5b102c413a41 - std[a664a428715ef049]::sys::backtrace::_print_fmt
[INFO] [stderr]                                  at /rustc/c60b92c03ca8a3b101eb9d57f51e2232690638c7/library/std/src/sys/backtrace.rs:74:9
[INFO] [stderr]      3:     0x5b102c413a41 - <<std[a664a428715ef049]::sys::backtrace::BacktraceLock>::print::DisplayBacktrace as core[72be084901f51118]::fmt::Display>::fmt
[INFO] [stderr]                                  at /rustc/c60b92c03ca8a3b101eb9d57f51e2232690638c7/library/std/src/sys/backtrace.rs:44:26
[INFO] [stderr]      4:     0x5b102c42ac5a - <core[72be084901f51118]::fmt::rt::Argument>::fmt
[INFO] [stderr]                                  at /rustc/c60b92c03ca8a3b101eb9d57f51e2232690638c7/library/core/src/fmt/rt.rs:152:76
[INFO] [stderr]      5:     0x5b102c42ac5a - core[72be084901f51118]::fmt::write
[INFO] [stderr]      6:     0x5b102c418bdc - core[72be084901f51118]::io::write::default_write_fmt::<std[a664a428715ef049]::sys::stdio::unix::Stderr>
[INFO] [stderr]                                  at /rustc/c60b92c03ca8a3b101eb9d57f51e2232690638c7/library/core/src/io/write.rs:402:11
[INFO] [stderr]      7:     0x5b102c418bdc - <std[a664a428715ef049]::sys::stdio::unix::Stderr as core[72be084901f51118]::io::write::Write>::write_fmt
[INFO] [stderr]                                  at /rustc/c60b92c03ca8a3b101eb9d57f51e2232690638c7/library/core/src/io/write.rs:335:13
[INFO] [stderr]      8:     0x5b102c3ec1fc - <std[a664a428715ef049]::sys::backtrace::BacktraceLock>::print
[INFO] [stderr]                                  at /rustc/c60b92c03ca8a3b101eb9d57f51e2232690638c7/library/std/src/sys/backtrace.rs:47:9
[INFO] [stderr]      9:     0x5b102c3ec1fc - std[a664a428715ef049]::panicking::default_hook::{closure#0}
[INFO] [stderr]                                  at /rustc/c60b92c03ca8a3b101eb9d57f51e2232690638c7/library/std/src/panicking.rs:289:27
[INFO] [stderr]     10:     0x5b102c40a8e1 - std[a664a428715ef049]::panicking::default_hook
[INFO] [stderr]                                  at /rustc/c60b92c03ca8a3b101eb9d57f51e2232690638c7/library/std/src/panicking.rs:316:9
[INFO] [stderr]     11:     0x5b102c40ac0b - std[a664a428715ef049]::panicking::panic_with_hook
[INFO] [stderr]                                  at /rustc/c60b92c03ca8a3b101eb9d57f51e2232690638c7/library/std/src/panicking.rs:811:13
[INFO] [stderr]     12:     0x5b102c3ec2b2 - std[a664a428715ef049]::panicking::panic_handler::{closure#0}
[INFO] [stderr]                                  at /rustc/c60b92c03ca8a3b101eb9d57f51e2232690638c7/library/std/src/panicking.rs:685:13
[INFO] [stderr]     13:     0x5b102c3e4c29 - std[a664a428715ef049]::sys::backtrace::__rust_end_short_backtrace::<std[a664a428715ef049]::panicking::panic_handler::{closure#0}, !>
[INFO] [stderr]                                  at /rustc/c60b92c03ca8a3b101eb9d57f51e2232690638c7/library/std/src/sys/backtrace.rs:182:18
[INFO] [stderr]     14:     0x5b102c3ed11d - __rustc[12a7e04b5f77a1a9]::rust_begin_unwind
[INFO] [stderr]                                  at /rustc/c60b92c03ca8a3b101eb9d57f51e2232690638c7/library/std/src/panicking.rs:676:5
[INFO] [stderr]     15:     0x5b102c42b4fc - core[72be084901f51118]::panicking::panic_fmt
[INFO] [stderr]                                  at /rustc/c60b92c03ca8a3b101eb9d57f51e2232690638c7/library/core/src/panicking.rs:80:14
[INFO] [stderr]     16:     0x5b102be4e5d0 - build_script_build[f7259c18c314b0d8]::build_core_lib
[INFO] [stderr]     17:     0x5b102be4ef17 - build_script_build[f7259c18c314b0d8]::main
[INFO] [stderr]     18:     0x5b102be4a793 - <fn() as core[72be084901f51118]::ops::function::FnOnce<()>>::call_once
[INFO] [stderr]     19:     0x5b102be4b8c6 - std[a664a428715ef049]::sys::backtrace::__rust_begin_short_backtrace::<fn(), ()>
[INFO] [stderr]     20:     0x5b102be48279 - std[a664a428715ef049]::rt::lang_start::<()>::{closure#0}
[INFO] [stderr]     21:     0x5b102c409858 - <&dyn core[72be084901f51118]::ops::function::Fn<(), Output = i32> + core[72be084901f51118]::marker::Sync + core[72be084901f51118]::panic::unwind_safe::RefUnwindSafe as core[72be084901f51118]::ops::function::FnOnce<()>>::call_once
[INFO] [stderr]                                  at /rustc/c60b92c03ca8a3b101eb9d57f51e2232690638c7/library/core/src/ops/function.rs:287:21
[INFO] [stderr]     22:     0x5b102c409858 - std[a664a428715ef049]::panicking::catch_unwind::do_call::<&dyn core[72be084901f51118]::ops::function::Fn<(), Output = i32> + core[72be084901f51118]::marker::Sync + core[72be084901f51118]::panic::unwind_safe::RefUnwindSafe, i32>
[INFO] [stderr]                                  at /rustc/c60b92c03ca8a3b101eb9d57f51e2232690638c7/library/std/src/panicking.rs:573:43
[INFO] [stderr]     23:     0x5b102c409858 - std[a664a428715ef049]::panicking::catch_unwind::<i32, &dyn core[72be084901f51118]::ops::function::Fn<(), Output = i32> + core[72be084901f51118]::marker::Sync + core[72be084901f51118]::panic::unwind_safe::RefUnwindSafe>
[INFO] [stderr]                                  at /rustc/c60b92c03ca8a3b101eb9d57f51e2232690638c7/library/std/src/panicking.rs:541:19
[INFO] [stderr]     24:     0x5b102c409858 - std[a664a428715ef049]::panic::catch_unwind::<&dyn core[72be084901f51118]::ops::function::Fn<(), Output = i32> + core[72be084901f51118]::marker::Sync + core[72be084901f51118]::panic::unwind_safe::RefUnwindSafe, i32>
[INFO] [stderr]                                  at /rustc/c60b92c03ca8a3b101eb9d57f51e2232690638c7/library/std/src/panic.rs:359:14
[INFO] [stderr]     25:     0x5b102c409858 - std[a664a428715ef049]::rt::lang_start_internal::{closure#0}
[INFO] [stderr]                                  at /rustc/c60b92c03ca8a3b101eb9d57f51e2232690638c7/library/std/src/rt.rs:175:24
[INFO] [stderr]     26:     0x5b102c409858 - std[a664a428715ef049]::panicking::catch_unwind::do_call::<std[a664a428715ef049]::rt::lang_start_internal::{closure#0}, isize>
[INFO] [stderr]                                  at /rustc/c60b92c03ca8a3b101eb9d57f51e2232690638c7/library/std/src/panicking.rs:573:43
[INFO] [stderr]     27:     0x5b102c409858 - std[a664a428715ef049]::panicking::catch_unwind::<isize, std[a664a428715ef049]::rt::lang_start_internal::{closure#0}>
[INFO] [stderr]                                  at /rustc/c60b92c03ca8a3b101eb9d57f51e2232690638c7/library/std/src/panicking.rs:541:19
[INFO] [stderr]     28:     0x5b102c409858 - std[a664a428715ef049]::panic::catch_unwind::<std[a664a428715ef049]::rt::lang_start_internal::{closure#0}, isize>
[INFO] [stderr]                                  at /rustc/c60b92c03ca8a3b101eb9d57f51e2232690638c7/library/std/src/panic.rs:359:14
[INFO] [stderr]     29:     0x5b102c409858 - std[a664a428715ef049]::rt::lang_start_internal
[INFO] [stderr]                                  at /rustc/c60b92c03ca8a3b101eb9d57f51e2232690638c7/library/std/src/rt.rs:171:5
[INFO] [stderr]     30:     0x5b102be47ed1 - std[a664a428715ef049]::rt::lang_start::<()>
[INFO] [stderr]     31:     0x5b102be52855 - main
[INFO] [stderr]     32:     0x7ef2fe587601 - <unknown>
[INFO] [stderr]     33:     0x7ef2fe587718 - __libc_start_main
[INFO] [stderr]     34:     0x5b102be45ea5 - _start
[INFO] [stderr]     35:                0x0 - <unknown>
[INFO] running `Command { std: "docker" "inspect" "35a4c52bc1b3c08f803fd730884ad040f20c17df7b62839506d205cd58ab4657", kill_on_drop: false }`
[INFO] running `Command { std: "docker" "rm" "-f" "35a4c52bc1b3c08f803fd730884ad040f20c17df7b62839506d205cd58ab4657", kill_on_drop: false }`
[INFO] [stdout] 35a4c52bc1b3c08f803fd730884ad040f20c17df7b62839506d205cd58ab4657
