[INFO] cloning repository https://github.com/nauron-ai/labaclaw-worker-plane
[INFO] running `Command { std: "git" "-c" "credential.helper=" "-c" "credential.helper=/workspace/cargo-home/bin/git-credential-null" "clone" "--bare" "https://github.com/nauron-ai/labaclaw-worker-plane" "/workspace/cache/git-repos/https%3A%2F%2Fgithub.com%2Fnauron-ai%2Flabaclaw-worker-plane", kill_on_drop: false }`
[INFO] [stderr] Cloning into bare repository '/workspace/cache/git-repos/https%3A%2F%2Fgithub.com%2Fnauron-ai%2Flabaclaw-worker-plane'...
[INFO] running `Command { std: "git" "rev-parse" "HEAD", kill_on_drop: false }`
[INFO] [stdout] 3665ce4af423a27c7de3768bace149b003608d94
[INFO] checking nauron-ai/labaclaw-worker-plane against c60b92c03ca8a3b101eb9d57f51e2232690638c7 for pr-164148-crater-rollup
[INFO] running `Command { std: "git" "clone" "/workspace/cache/git-repos/https%3A%2F%2Fgithub.com%2Fnauron-ai%2Flabaclaw-worker-plane" "/workspace/builds/worker-3-tc2/source", kill_on_drop: false }`
[INFO] [stderr] Cloning into '/workspace/builds/worker-3-tc2/source'...
[INFO] [stderr] done.
[INFO] started tweaking git repo https://github.com/nauron-ai/labaclaw-worker-plane
[INFO] finished tweaking git repo https://github.com/nauron-ai/labaclaw-worker-plane
[INFO] tweaked toml for git repo https://github.com/nauron-ai/labaclaw-worker-plane written to /workspace/builds/worker-3-tc2/source/Cargo.toml
[INFO] validating manifest of git repo https://github.com/nauron-ai/labaclaw-worker-plane on toolchain c60b92c03ca8a3b101eb9d57f51e2232690638c7
[INFO] running `Command { std: CARGO_HOME="/workspace/cargo-home" RUSTUP_HOME="/workspace/rustup-home" "/workspace/cargo-home/bin/cargo" "+c60b92c03ca8a3b101eb9d57f51e2232690638c7" "metadata" "--manifest-path" "Cargo.toml" "--no-deps", kill_on_drop: false }`
[INFO] crate git repo https://github.com/nauron-ai/labaclaw-worker-plane already has a lockfile, it will not be regenerated
[INFO] running `Command { std: CARGO_HOME="/workspace/cargo-home" RUSTUP_HOME="/workspace/rustup-home" "/workspace/cargo-home/bin/cargo" "+c60b92c03ca8a3b101eb9d57f51e2232690638c7" "fetch" "--manifest-path" "Cargo.toml", kill_on_drop: false }`
[INFO] [stderr]     Blocking waiting for file lock on package cache
[INFO] [stderr]     Blocking waiting for file lock on package cache
[INFO] running `Command { std: "docker" "create" "-v" "/var/lib/crater-agent-workspace/builds/worker-3-tc2/source:/opt/rustwide/workdir:ro,Z" "-v" "/var/lib/crater-agent-workspace/builds/worker-3-tc2/target:/opt/rustwide/target:rw,Z" "-v" "/var/lib/crater-agent-workspace/cargo-home:/opt/rustwide/cargo-home:ro,Z" "-v" "/var/lib/crater-agent-workspace/rustup-home:/opt/rustwide/rustup-home:ro,Z" "-m" "1610612736" "--network" "none" "ghcr.io/rust-lang/crates-build-env/linux@sha256:77db811e55d90add9212f6832c23229e3de5f1c1f9905e8cb07319ea15df73ac" "sleep" "infinity", kill_on_drop: false }`
[INFO] [stdout] f78d9ecad9c329bc3e99e4328ca2103aa7f0a45224e6ed7228a3ac81417b6e6f
[INFO] running `Command { std: "docker" "start" "f78d9ecad9c329bc3e99e4328ca2103aa7f0a45224e6ed7228a3ac81417b6e6f", kill_on_drop: false }`
[INFO] running `Command { std: "docker" "inspect" "f78d9ecad9c329bc3e99e4328ca2103aa7f0a45224e6ed7228a3ac81417b6e6f", kill_on_drop: false }`
[INFO] running `Command { std: "docker" "exec" "-e" "SOURCE_DIR=/opt/rustwide/workdir" "-e" "CARGO_HOME=/opt/rustwide/cargo-home" "-e" "RUSTUP_HOME=/opt/rustwide/rustup-home" "-e" "CARGO_TARGET_DIR=/opt/rustwide/target" "-w" "/opt/rustwide/workdir" "--user" "0:0" "f78d9ecad9c329bc3e99e4328ca2103aa7f0a45224e6ed7228a3ac81417b6e6f" "/opt/rustwide/cargo-home/bin/cargo" "+c60b92c03ca8a3b101eb9d57f51e2232690638c7" "metadata" "--no-deps" "--format-version=1", kill_on_drop: false }`
[INFO] running `Command { std: "docker" "inspect" "f78d9ecad9c329bc3e99e4328ca2103aa7f0a45224e6ed7228a3ac81417b6e6f", kill_on_drop: false }`
[INFO] running `Command { std: "docker" "exec" "-e" "SOURCE_DIR=/opt/rustwide/workdir" "-e" "CARGO_HOME=/opt/rustwide/cargo-home" "-e" "RUSTUP_HOME=/opt/rustwide/rustup-home" "-e" "CARGO_TARGET_DIR=/opt/rustwide/target" "-e" "CARGO_INCREMENTAL=0" "-e" "RUST_BACKTRACE=full" "-e" "RUSTFLAGS=--cap-lints=forbid" "-e" "RUSTDOCFLAGS=--cap-lints=forbid" "-w" "/opt/rustwide/workdir" "--user" "0:0" "f78d9ecad9c329bc3e99e4328ca2103aa7f0a45224e6ed7228a3ac81417b6e6f" "/opt/rustwide/cargo-home/bin/cargo" "+c60b92c03ca8a3b101eb9d57f51e2232690638c7" "check" "--frozen" "--all" "--all-targets" "--message-format=json", kill_on_drop: false }`
[INFO] [stderr]     Checking mio v1.1.1
[INFO] [stderr]     Checking http v1.4.0
[INFO] [stderr]     Checking futures-io v0.3.32
[INFO] [stderr]    Compiling ring v0.17.14
[INFO] [stderr]     Checking serde v1.0.228
[INFO] [stderr]    Compiling serde_json v1.0.149
[INFO] [stderr]     Checking aho-corasick v1.1.4
[INFO] [stderr]     Checking regex-syntax v0.8.10
[INFO] [stderr]    Compiling winnow v0.7.15
[INFO] [stderr]    Compiling pest v2.8.6
[INFO] [stderr]    Compiling toml_datetime v1.0.0+spec-1.1.0
[INFO] [stderr]     Checking rustls-native-certs v0.8.3
[INFO] [stderr]    Compiling libz-sys v1.1.25
[INFO] [stderr]     Checking icu_normalizer v2.1.1
[INFO] [stderr]     Checking icu_properties v2.1.2
[INFO] [stderr]     Checking ordered-float v2.10.1
[INFO] [stderr]     Checking futures-util v0.3.32
[INFO] [stderr]    Compiling k8s-openapi v0.24.0
[INFO] [stderr]     Checking bitflags v2.11.0
[INFO] [stderr]    Compiling cmake v0.1.57
[INFO] [stderr]     Checking either v1.15.0
[INFO] [stderr]     Checking tokio v1.50.0
[INFO] [stderr]     Checking ppv-lite86 v0.2.21
[INFO] [stderr]     Checking crypto-common v0.1.7
[INFO] [stderr]     Checking anstream v1.0.0
[INFO] [stderr]     Checking chrono v0.4.44
[INFO] [stderr]     Checking serde-value v0.7.0
[INFO] [stderr]     Checking serde_urlencoded v0.7.1
[INFO] [stderr]     Checking serde_yaml v0.9.34+deprecated
[INFO] [stderr]     Checking http-body v1.0.1
[INFO] [stderr]    Compiling rdkafka-sys v4.10.0+2.12.1
[INFO] [stderr]     Checking rand_chacha v0.9.0
[INFO] [stderr]     Checking http-body-util v0.1.3
[INFO] [stderr]     Checking digest v0.10.7
[INFO] [stderr]     Checking parking_lot_core v0.9.12
[INFO] [stderr]     Checking rustls-pemfile v2.2.0
[INFO] [stderr]     Checking pem v3.0.6
[INFO] [stderr]     Checking idna_adapter v1.2.1
[INFO] [stderr]     Checking secrecy v0.10.3
[INFO] [stderr]     Checking clap_builder v4.6.0
[INFO] [stderr]     Checking parking_lot v0.12.5
[INFO] [stderr]     Checking idna v1.1.0
[INFO] [stderr]    Compiling clap_derive v4.6.0
[INFO] [stderr]     Checking md-5 v0.10.6
[INFO] [stderr]     Checking rand v0.9.2
[INFO] [stderr]     Checking itertools v0.14.0
[INFO] [stderr]     Checking url v2.5.8
[INFO] [stderr]    Compiling pest_meta v2.8.6
[INFO] [stderr]     Checking quick-xml v0.38.4
[INFO] [stderr]     Checking tracing-log v0.2.0
[INFO] [stderr]     Checking regex-automata v0.4.14
[INFO] [stderr]     Checking thread_local v1.1.9
[INFO] [stderr]     Checking humantime v2.3.0
[INFO] [stderr]     Checking uuid v1.22.0
[INFO] [stderr]    Compiling pest_generator v2.8.6
[INFO] [stderr]    Compiling pest_derive v2.8.6
[INFO] [stderr]    Compiling toml_parser v1.0.9+spec-1.1.0
[INFO] [stderr]     Checking clap v4.6.0
[INFO] [stderr]    Compiling rustls v0.23.37
[INFO] [stderr]    Compiling toml_edit v0.25.4+spec-1.1.0
[INFO] [stderr]    Compiling proc-macro-crate v3.5.0
[INFO] [stderr]     Checking futures-executor v0.3.32
[INFO] [stderr]     Checking futures v0.3.32
[INFO] [stderr]    Compiling num_enum_derive v0.7.5
[INFO] [stderr]     Checking regex v1.12.3
[INFO] [stderr]     Checking rustls-webpki v0.103.9
[INFO] [stderr]     Checking matchers v0.2.0
[INFO] [stderr]     Checking tracing-subscriber v0.3.23
[INFO] [stderr]     Checking jsonpath-rust v0.7.5
[INFO] [stderr]     Checking num_enum v0.7.5
[INFO] [stderr]     Checking tokio-util v0.7.18
[INFO] [stderr]     Checking h2 v0.4.13
[INFO] [stderr]     Checking tower v0.5.3
[INFO] [stderr]     Checking tower-http v0.6.8
[INFO] [stderr]     Checking tokio-rustls v0.26.4
[INFO] [stderr] error: could not compile `h2` (lib)
[INFO] [stderr] 
[INFO] [stderr] Caused by:
[INFO] [stderr]   process didn't exit successfully: `/opt/rustwide/rustup-home/toolchains/c60b92c03ca8a3b101eb9d57f51e2232690638c7/bin/rustc --crate-name h2 --edition=2021 /opt/rustwide/cargo-home/registry/src/index.crates.io-1949cf8c6b5b557f/h2-0.4.13/src/lib.rs --error-format=json --json=diagnostic-rendered-ansi,artifacts,future-incompat,unused-externs-silent --crate-type lib --emit=dep-info,metadata -C embed-bitcode=no -C debuginfo=2 --check-cfg 'cfg(docsrs,test)' --check-cfg 'cfg(feature, values("stream", "unstable"))' -C metadata=d157d10103b1db89 -C extra-filename=-d94fdd47572d8a1a --out-dir /opt/rustwide/target/debug/build/h2/d94fdd47572d8a1a/out -L dependency=/opt/rustwide/target/debug/build/bytes/c3c82aecfaa31497/out -L dependency=/opt/rustwide/target/debug/build/equivalent/d23b026399a51038/out -L dependency=/opt/rustwide/target/debug/build/errno/42724e475aaba02e/out -L dependency=/opt/rustwide/target/debug/build/futures-core/1cd512d543215c04/out -L dependency=/opt/rustwide/target/debug/build/futures-sink/80687936758fa695/out -L dependency=/opt/rustwide/target/debug/build/hashbrown/d6527847c19413e5/out -L dependency=/opt/rustwide/target/debug/build/itoa/6847572a153e76b0/out -L dependency=/opt/rustwide/target/debug/build/libc/6f65a897ddedb32c/out -L dependency=/opt/rustwide/target/debug/build/log/243a4081f8655140/out -L dependency=/opt/rustwide/target/debug/build/mio/46f64652e77ffaca/out -L dependency=/opt/rustwide/target/debug/build/once_cell/6f8123b0c2eed634/out -L dependency=/opt/rustwide/target/debug/build/pin-project-lite/7176d3be2b7ee2e1/out -L dependency=/opt/rustwide/target/debug/build/signal-hook-registry/580a44cfc0a51087/out -L dependency=/opt/rustwide/target/debug/build/socket2/c0ba1ba8b4b3a90a/out -L dependency=/opt/rustwide/target/debug/build/tokio-macros/5245f75f1c433b38/out -L dependency=/opt/rustwide/target/debug/build/tokio/e1c63bab79f91846/out -L dependency=/opt/rustwide/target/debug/build/tracing-attributes/44e0a9075c9092e4/out -L dependency=/opt/rustwide/target/debug/build/tracing-core/924ceb6a991dbdfe/out --extern atomic_waker=/opt/rustwide/target/debug/build/atomic-waker/d2edf130acb84086/out/libatomic_waker-d2edf130acb84086.rmeta --extern bytes=/opt/rustwide/target/debug/build/bytes/c3c82aecfaa31497/out/libbytes-c3c82aecfaa31497.rmeta --extern fnv=/opt/rustwide/target/debug/build/fnv/bf9ae889bab8acee/out/libfnv-bf9ae889bab8acee.rmeta --extern futures_core=/opt/rustwide/target/debug/build/futures-core/1cd512d543215c04/out/libfutures_core-1cd512d543215c04.rmeta --extern futures_sink=/opt/rustwide/target/debug/build/futures-sink/80687936758fa695/out/libfutures_sink-80687936758fa695.rmeta --extern http=/opt/rustwide/target/debug/build/http/5d41b5ec4d8cdc57/out/libhttp-5d41b5ec4d8cdc57.rmeta --extern indexmap=/opt/rustwide/target/debug/build/indexmap/bad0424019eef9ed/out/libindexmap-bad0424019eef9ed.rmeta --extern slab=/opt/rustwide/target/debug/build/slab/101f873bca723251/out/libslab-101f873bca723251.rmeta --extern tokio=/opt/rustwide/target/debug/build/tokio/e1c63bab79f91846/out/libtokio-e1c63bab79f91846.rmeta --extern tokio_util=/opt/rustwide/target/debug/build/tokio-util/853b6bcdb7c54188/out/libtokio_util-853b6bcdb7c54188.rmeta --extern tracing=/opt/rustwide/target/debug/build/tracing/482bf527cc98c86f/out/libtracing-482bf527cc98c86f.rmeta --cap-lints allow --cap-lints=forbid --force-warn=unused_crate_dependencies` (signal: 9, SIGKILL: kill)
[INFO] [stderr] warning: build failed, waiting for other jobs to finish...
[INFO] [stderr] error: could not compile `k8s-openapi` (lib)
[INFO] [stderr] 
[INFO] [stderr] Caused by:
[INFO] [stderr]   process didn't exit successfully: `/opt/rustwide/rustup-home/toolchains/c60b92c03ca8a3b101eb9d57f51e2232690638c7/bin/rustc --crate-name k8s_openapi --edition=2021 /opt/rustwide/cargo-home/registry/src/index.crates.io-1949cf8c6b5b557f/k8s-openapi-0.24.0/src/lib.rs --error-format=json --json=diagnostic-rendered-ansi,artifacts,future-incompat,unused-externs-silent --crate-type lib --emit=dep-info,metadata -C embed-bitcode=no -C debuginfo=2 --cfg 'feature="v1_30"' --check-cfg 'cfg(docsrs,test)' --check-cfg 'cfg(feature, values("earliest", "latest", "schemars", "v1_28", "v1_29", "v1_30", "v1_31", "v1_32"))' -C metadata=4c948e0f2c47b111 -C extra-filename=-231a1ba570468f83 --out-dir /opt/rustwide/target/debug/build/k8s-openapi/231a1ba570468f83/out -L dependency=/opt/rustwide/target/debug/build/iana-time-zone/4c741fc3ef3881f8/out -L dependency=/opt/rustwide/target/debug/build/itoa/6847572a153e76b0/out -L dependency=/opt/rustwide/target/debug/build/memchr/3d944e3b9ac373a3/out -L dependency=/opt/rustwide/target/debug/build/num-traits/1c82cdd41ab98e3a/out -L dependency=/opt/rustwide/target/debug/build/ordered-float/1c322bd0603f72c0/out -L dependency=/opt/rustwide/target/debug/build/serde/69181cb720c26d11/out -L dependency=/opt/rustwide/target/debug/build/serde_core/3c925aec2ec92997/out -L dependency=/opt/rustwide/target/debug/build/serde_derive/0d175b916ca1f2fd/out -L dependency=/opt/rustwide/target/debug/build/zmij/7606d3367d7489bc/out --extern base64=/opt/rustwide/target/debug/build/base64/d8aec028dea2d277/out/libbase64-d8aec028dea2d277.rmeta --extern chrono=/opt/rustwide/target/debug/build/chrono/8a9fe43fe37c1a45/out/libchrono-8a9fe43fe37c1a45.rmeta --extern serde=/opt/rustwide/target/debug/build/serde/69181cb720c26d11/out/libserde-69181cb720c26d11.rmeta --extern serde_value=/opt/rustwide/target/debug/build/serde-value/348661d4f9718208/out/libserde_value-348661d4f9718208.rmeta --extern serde_json=/opt/rustwide/target/debug/build/serde_json/9f10383fc154e997/out/libserde_json-9f10383fc154e997.rmeta --cap-lints allow --cap-lints=forbid --force-warn=unused_crate_dependencies --cfg 'k8s_openapi_enabled_version="1.30"' --check-cfg 'cfg(k8s_openapi_enabled_version, values("1.28", "1.29", "1.30", "1.31", "1.32"))'` (signal: 9, SIGKILL: kill)
[INFO] [stderr] error: failed to run custom build command for `rdkafka-sys v4.10.0+2.12.1`
[INFO] [stderr] note: To improve backtraces for build dependencies, set the CARGO_PROFILE_DEV_BUILD_OVERRIDE_DEBUG=true environment variable to enable debug information generation.
[INFO] [stderr] 
[INFO] [stderr] Caused by:
[INFO] [stderr]   process didn't exit successfully: `/opt/rustwide/target/debug/build/rdkafka-sys/6f5afdeed9b78bd3/out/build_script_build` (exit status: 101)
[INFO] [stderr]   --- stdout
[INFO] [stderr]   Configuring and compiling librdkafka
[INFO] [stderr]   CMAKE_TOOLCHAIN_FILE_x86_64-unknown-linux-gnu = None
[INFO] [stderr]   CMAKE_TOOLCHAIN_FILE_x86_64_unknown_linux_gnu = None
[INFO] [stderr]   HOST_CMAKE_TOOLCHAIN_FILE = None
[INFO] [stderr]   CMAKE_TOOLCHAIN_FILE = None
[INFO] [stderr]   CMAKE_GENERATOR_x86_64-unknown-linux-gnu = None
[INFO] [stderr]   CMAKE_GENERATOR_x86_64_unknown_linux_gnu = None
[INFO] [stderr]   HOST_CMAKE_GENERATOR = None
[INFO] [stderr]   CMAKE_GENERATOR = None
[INFO] [stderr]   CMAKE_PREFIX_PATH_x86_64-unknown-linux-gnu = None
[INFO] [stderr]   CMAKE_PREFIX_PATH_x86_64_unknown_linux_gnu = None
[INFO] [stderr]   HOST_CMAKE_PREFIX_PATH = None
[INFO] [stderr]   CMAKE_PREFIX_PATH = None
[INFO] [stderr]   CMAKE_x86_64-unknown-linux-gnu = None
[INFO] [stderr]   CMAKE_x86_64_unknown_linux_gnu = None
[INFO] [stderr]   HOST_CMAKE = None
[INFO] [stderr]   CMAKE = None
[INFO] [stderr]   -- The C compiler identification is GNU 15.2.0
[INFO] [stderr]   -- The CXX compiler identification is GNU 15.2.0
[INFO] [stderr]   -- Detecting C compiler ABI info
[INFO] [stderr]   -- Detecting C compiler ABI info - done
[INFO] [stderr]   -- Check for working C compiler: /usr/bin/cc - skipped
[INFO] [stderr]   -- Detecting C compile features
[INFO] [stderr]   -- Detecting C compile features - done
[INFO] [stderr]   -- Detecting CXX compiler ABI info
[INFO] [stderr]   -- Detecting CXX compiler ABI info - done
[INFO] [stderr]   -- Check for working CXX compiler: /usr/bin/c++ - skipped
[INFO] [stderr]   -- Detecting CXX compile features
[INFO] [stderr]   -- Detecting CXX compile features - done
[INFO] [stderr]   -- Looking for pow in m
[INFO] [stderr]   -- Looking for pow in m - found
[INFO] [stderr]   -- Found Zstd: /usr/lib/x86_64-linux-gnu/libzstd.so
[INFO] [stderr]   -- Checking for module 'libsasl2'
[INFO] [stderr]   --   Found libsasl2, version 2.1.28
[INFO] [stderr]   -- Found ZLIB: /usr/lib/x86_64-linux-gnu/libz.so (found version "1.3.1")
[INFO] [stderr]   -- Performing Test CMAKE_HAVE_LIBC_PTHREAD
[INFO] [stderr]   -- Performing Test CMAKE_HAVE_LIBC_PTHREAD - Success
[INFO] [stderr]   -- Found Threads: TRUE
[INFO] [stderr]   -- Configuring done (5.3s)
[INFO] [stderr]   -- Generating done (0.0s)
[INFO] [stderr]   -- Build files have been written to: /opt/rustwide/target/debug/build/rdkafka-sys/46c3746dff1375c4/out/build
[INFO] [stderr]   [  1%] Building C object src/CMakeFiles/rdkafka.dir/rdaddr.c.o
[INFO] [stderr]   [  2%] Building C object src/CMakeFiles/rdkafka.dir/rdbuf.c.o
[INFO] [stderr]   [  3%] Building C object src/CMakeFiles/rdkafka.dir/rdcrc32.c.o
[INFO] [stderr]   [  4%] Building C object src/CMakeFiles/rdkafka.dir/crc32c.c.o
[INFO] [stderr]   [  5%] Building C object src/CMakeFiles/rdkafka.dir/rdbase64.c.o
[INFO] [stderr]   [  6%] Building C object src/CMakeFiles/rdkafka.dir/rdkafka_buf.c.o
[INFO] [stderr]   [  7%] Building C object src/CMakeFiles/rdkafka.dir/rdavl.c.o
[INFO] [stderr]   [  9%] Building C object src/CMakeFiles/rdkafka.dir/rdkafka.c.o
[INFO] [stderr]   [  9%] Building C object src/CMakeFiles/rdkafka.dir/rdkafka_broker.c.o
[INFO] [stderr]   [ 10%] Building C object src/CMakeFiles/rdkafka.dir/rdfnv1a.c.o
[INFO] [stderr]   [ 11%] Building C object src/CMakeFiles/rdkafka.dir/rdkafka_assignor.c.o
[INFO] [stderr]   [ 12%] Building C object src/CMakeFiles/rdkafka.dir/rdkafka_cgrp.c.o
[INFO] [stderr]   [ 13%] Building C object src/CMakeFiles/rdkafka.dir/rdkafka_conf.c.o
[INFO] [stderr]   [ 14%] Building C object src/CMakeFiles/rdkafka.dir/rdkafka_event.c.o
[INFO] [stderr]   [ 15%] Building C object src/CMakeFiles/rdkafka.dir/rdkafka_feature.c.o
[INFO] [stderr]   [ 16%] Building C object src/CMakeFiles/rdkafka.dir/rdkafka_lz4.c.o
[INFO] [stderr]   [ 17%] Building C object src/CMakeFiles/rdkafka.dir/rdkafka_metadata.c.o
[INFO] [stderr]   [ 18%] Building C object src/CMakeFiles/rdkafka.dir/rdkafka_metadata_cache.c.o
[INFO] [stderr]   [ 19%] Building C object src/CMakeFiles/rdkafka.dir/rdkafka_msg.c.o
[INFO] [stderr]   [ 20%] Building C object src/CMakeFiles/rdkafka.dir/rdkafka_msgset_reader.c.o
[INFO] [stderr]   [ 21%] Building C object src/CMakeFiles/rdkafka.dir/rdkafka_msgset_writer.c.o
[INFO] [stderr]   [ 22%] Building C object src/CMakeFiles/rdkafka.dir/rdkafka_offset.c.o
[INFO] [stderr]   [ 23%] Building C object src/CMakeFiles/rdkafka.dir/rdkafka_op.c.o
[INFO] [stderr]   [ 25%] Building C object src/CMakeFiles/rdkafka.dir/rdkafka_pattern.c.o
[INFO] [stderr]   [ 26%] Building C object src/CMakeFiles/rdkafka.dir/rdkafka_partition.c.o
[INFO] [stderr]   [ 27%] Building C object src/CMakeFiles/rdkafka.dir/rdkafka_queue.c.o
[INFO] [stderr]   [ 28%] Building C object src/CMakeFiles/rdkafka.dir/rdkafka_range_assignor.c.o
[INFO] [stderr]   [ 29%] Building C object src/CMakeFiles/rdkafka.dir/rdkafka_request.c.o
[INFO] [stderr]   [ 30%] Building C object src/CMakeFiles/rdkafka.dir/rdkafka_roundrobin_assignor.c.o
[INFO] [stderr]   [ 31%] Building C object src/CMakeFiles/rdkafka.dir/rdkafka_sasl.c.o
[INFO] [stderr]   [ 32%] Building C object src/CMakeFiles/rdkafka.dir/rdkafka_sasl_plain.c.o
[INFO] [stderr]   [ 33%] Building C object src/CMakeFiles/rdkafka.dir/rdkafka_sticky_assignor.c.o
[INFO] [stderr]   [ 34%] Building C object src/CMakeFiles/rdkafka.dir/rdkafka_subscription.c.o
[INFO] [stderr]   [ 35%] Building C object src/CMakeFiles/rdkafka.dir/rdkafka_assignment.c.o
[INFO] [stderr]   [ 36%] Building C object src/CMakeFiles/rdkafka.dir/rdkafka_timer.c.o
[INFO] [stderr]   [ 37%] Building C object src/CMakeFiles/rdkafka.dir/rdkafka_topic.c.o
[INFO] [stderr]   [ 38%] Building C object src/CMakeFiles/rdkafka.dir/rdkafka_transport.c.o
[INFO] [stderr]   [ 39%] Building C object src/CMakeFiles/rdkafka.dir/rdkafka_interceptor.c.o
[INFO] [stderr]   [ 40%] Building C object src/CMakeFiles/rdkafka.dir/rdkafka_header.c.o
[INFO] [stderr]   [ 41%] Building C object src/CMakeFiles/rdkafka.dir/rdkafka_admin.c.o
[INFO] [stderr]   [ 42%] Building C object src/CMakeFiles/rdkafka.dir/rdkafka_aux.c.o
[INFO] [stderr]   [ 43%] Building C object src/CMakeFiles/rdkafka.dir/rdkafka_background.c.o
[INFO] [stderr]   [ 44%] Building C object src/CMakeFiles/rdkafka.dir/rdkafka_idempotence.c.o
[INFO] [stderr]   [ 45%] Building C object src/CMakeFiles/rdkafka.dir/rdkafka_txnmgr.c.o
[INFO] [stderr]   [ 46%] Building C object src/CMakeFiles/rdkafka.dir/rdkafka_cert.c.o
[INFO] [stderr]   [ 47%] Building C object src/CMakeFiles/rdkafka.dir/rdkafka_coord.c.o
[INFO] [stderr]   [ 48%] Building C object src/CMakeFiles/rdkafka.dir/rdkafka_mock.c.o
[INFO] [stderr]   [ 50%] Building C object src/CMakeFiles/rdkafka.dir/rdkafka_mock_handlers.c.o
[INFO] [stderr]   [ 51%] Building C object src/CMakeFiles/rdkafka.dir/rdkafka_mock_cgrp.c.o
[INFO] [stderr]   [ 52%] Building C object src/CMakeFiles/rdkafka.dir/rdkafka_error.c.o
[INFO] [stderr]   [ 53%] Building C object src/CMakeFiles/rdkafka.dir/rdkafka_fetcher.c.o
[INFO] [stderr]   [ 54%] Building C object src/CMakeFiles/rdkafka.dir/rdkafka_telemetry.c.o
[INFO] [stderr]   [ 55%] Building C object src/CMakeFiles/rdkafka.dir/rdkafka_telemetry_decode.c.o
[INFO] [stderr]   [ 56%] Building C object src/CMakeFiles/rdkafka.dir/rdkafka_telemetry_encode.c.o
[INFO] [stderr]   [ 57%] Building C object src/CMakeFiles/rdkafka.dir/nanopb/pb_encode.c.o
[INFO] [stderr]   [ 58%] Building C object src/CMakeFiles/rdkafka.dir/nanopb/pb_decode.c.o
[INFO] [stderr]   [ 59%] Building C object src/CMakeFiles/rdkafka.dir/nanopb/pb_common.c.o
[INFO] [stderr]   [ 60%] Building C object src/CMakeFiles/rdkafka.dir/opentelemetry/metrics.pb.c.o
[INFO] [stderr]   [ 61%] Building C object src/CMakeFiles/rdkafka.dir/opentelemetry/common.pb.c.o
[INFO] [stderr]   [ 62%] Building C object src/CMakeFiles/rdkafka.dir/opentelemetry/resource.pb.c.o
[INFO] [stderr]   [ 64%] Building C object src/CMakeFiles/rdkafka.dir/rdlist.c.o
[INFO] [stderr]   [ 64%] Building C object src/CMakeFiles/rdkafka.dir/rdlog.c.o
[INFO] [stderr]   [ 65%] Building C object src/CMakeFiles/rdkafka.dir/rdmurmur2.c.o
[INFO] [stderr]   [ 66%] Building C object src/CMakeFiles/rdkafka.dir/rdports.c.o
[INFO] [stderr]   [ 67%] Building C object src/CMakeFiles/rdkafka.dir/rdrand.c.o
[INFO] [stderr]   [ 68%] Building C object src/CMakeFiles/rdkafka.dir/rdregex.c.o
[INFO] [stderr]   [ 69%] Building C object src/CMakeFiles/rdkafka.dir/rdstring.c.o
[INFO] [stderr]   [ 70%] Building C object src/CMakeFiles/rdkafka.dir/rdunittest.c.o
[INFO] [stderr]   [ 71%] Building C object src/CMakeFiles/rdkafka.dir/rdvarint.c.o
[INFO] [stderr]   [ 72%] Building C object src/CMakeFiles/rdkafka.dir/rdmap.c.o
[INFO] [stderr]   [ 73%] Building C object src/CMakeFiles/rdkafka.dir/snappy.c.o
[INFO] [stderr]   [ 75%] Building C object src/CMakeFiles/rdkafka.dir/tinycthread.c.o
[INFO] [stderr]   [ 76%] Building C object src/CMakeFiles/rdkafka.dir/rdxxhash.c.o
[INFO] [stderr]   [ 77%] Building C object src/CMakeFiles/rdkafka.dir/tinycthread_extra.c.o
[INFO] [stderr]   [ 78%] Building C object src/CMakeFiles/rdkafka.dir/cJSON.c.o
[INFO] [stderr]   [ 79%] Building C object src/CMakeFiles/rdkafka.dir/rdhdrhistogram.c.o
[INFO] [stderr]   [ 80%] Building C object src/CMakeFiles/rdkafka.dir/rddl.c.o
[INFO] [stderr]   [ 81%] Building C object src/CMakeFiles/rdkafka.dir/rdkafka_plugin.c.o
[INFO] [stderr]   [ 82%] Building C object src/CMakeFiles/rdkafka.dir/rdgz.c.o
[INFO] [stderr]   [ 83%] Building C object src/CMakeFiles/rdkafka.dir/lz4.c.o
[INFO] [stderr]   [ 84%] Building C object src/CMakeFiles/rdkafka.dir/lz4frame.c.o
[INFO] [stderr]   [ 85%] Building C object src/CMakeFiles/rdkafka.dir/lz4hc.c.o
[INFO] [stderr]   [ 86%] Linking C static library librdkafka.a
[INFO] [stderr]   [ 86%] Built target rdkafka
[INFO] [stderr]   [ 87%] Building CXX object src-cpp/CMakeFiles/rdkafka++.dir/KafkaConsumerImpl.cpp.o
[INFO] [stderr]   [ 90%] Building CXX object src-cpp/CMakeFiles/rdkafka++.dir/ConfImpl.cpp.o
[INFO] [stderr]   [ 90%] Building CXX object src-cpp/CMakeFiles/rdkafka++.dir/ConsumerImpl.cpp.o
[INFO] [stderr]   [ 90%] Building CXX object src-cpp/CMakeFiles/rdkafka++.dir/HeadersImpl.cpp.o
[INFO] [stderr]   [ 91%] Building CXX object src-cpp/CMakeFiles/rdkafka++.dir/HandleImpl.cpp.o
[INFO] [stderr]   [ 92%] Building CXX object src-cpp/CMakeFiles/rdkafka++.dir/QueueImpl.cpp.o
[INFO] [stderr]   [ 94%] Building CXX object src-cpp/CMakeFiles/rdkafka++.dir/RdKafka.cpp.o
[INFO] [stderr]   [ 94%] Building CXX object src-cpp/CMakeFiles/rdkafka++.dir/ProducerImpl.cpp.o
[INFO] [stderr]   [ 95%] Building CXX object src-cpp/CMakeFiles/rdkafka++.dir/MessageImpl.cpp.o
[INFO] [stderr]   [ 97%] Building CXX object src-cpp/CMakeFiles/rdkafka++.dir/TopicPartitionImpl.cpp.o
[INFO] [stderr]   [ 97%] Building CXX object src-cpp/CMakeFiles/rdkafka++.dir/TopicImpl.cpp.o
[INFO] [stderr]   [ 98%] Building CXX object src-cpp/CMakeFiles/rdkafka++.dir/MetadataImpl.cpp.o
[INFO] [stderr] 
[INFO] [stderr]   --- stderr
[INFO] [stderr]   Building and linking librdkafka statically
[INFO] [stderr]   running: cd "/opt/rustwide/target/debug/build/rdkafka-sys/46c3746dff1375c4/out/build" && CMAKE_PREFIX_PATH="" LC_ALL="C" "cmake" "/opt/rustwide/cargo-home/registry/src/index.crates.io-1949cf8c6b5b557f/rdkafka-sys-4.10.0+2.12.1/librdkafka" "-B" "/opt/rustwide/target/debug/build/rdkafka-sys/46c3746dff1375c4/out/build" "-DRDKAFKA_BUILD_STATIC=1" "-DRDKAFKA_BUILD_TESTS=0" "-DRDKAFKA_BUILD_EXAMPLES=0" "-DCMAKE_INSTALL_LIBDIR=lib" "-DCMAKE_POLICY_VERSION_MINIMUM=3.5" "-DWITH_ZLIB=1" "-DWITH_CURL=0" "-DWITH_SSL=0" "-DWITH_SASL=0" "-DWITH_ZSTD=0" "-DENABLE_LZ4_EXT=0" "-DCMAKE_INSTALL_PREFIX=/opt/rustwide/target/debug/build/rdkafka-sys/46c3746dff1375c4/out" "-DCMAKE_C_FLAGS= -ffunction-sections -fdata-sections -fPIC -m64 -w" "-DCMAKE_C_COMPILER=/usr/bin/cc" "-DCMAKE_CXX_FLAGS= -ffunction-sections -fdata-sections -fPIC -m64 -w" "-DCMAKE_CXX_COMPILER=/usr/bin/c++" "-DCMAKE_ASM_FLAGS= -ffunction-sections -fdata-sections -fPIC -m64 -w" "-DCMAKE_ASM_COMPILER=/usr/bin/cc" "-DCMAKE_BUILD_TYPE=Debug"
[INFO] [stderr]   CMake Deprecation Warning at CMakeLists.txt:1 (cmake_minimum_required):
[INFO] [stderr]     Compatibility with CMake < 3.10 will be removed from a future version of
[INFO] [stderr]     CMake.
[INFO] [stderr] 
[INFO] [stderr]     Update the VERSION argument <min> value.  Or, use the <min>...<max> syntax
[INFO] [stderr]     to tell CMake that the project requires at least <min> but has been updated
[INFO] [stderr]     to work with policies introduced by <max> or earlier.
[INFO] [stderr] 
[INFO] [stderr] 
[INFO] [stderr]   CMake Warning:
[INFO] [stderr]     Manually-specified variables were not used by the project:
[INFO] [stderr] 
[INFO] [stderr]       CMAKE_ASM_COMPILER
[INFO] [stderr]       CMAKE_ASM_FLAGS
[INFO] [stderr] 
[INFO] [stderr] 
[INFO] [stderr]   running: cd "/opt/rustwide/target/debug/build/rdkafka-sys/46c3746dff1375c4/out/build" && LC_ALL="C" MAKEFLAGS="-j --jobserver-fds=4,5 --jobserver-auth=4,5" "cmake" "--build" "/opt/rustwide/target/debug/build/rdkafka-sys/46c3746dff1375c4/out/build" "--target" "install" "--config" "Debug"
[INFO] [stderr]   c++: fatal error: Killed signal terminated program cc1plus
[INFO] [stderr]   compilation terminated.
[INFO] [stderr]   gmake[2]: *** [src-cpp/CMakeFiles/rdkafka++.dir/build.make:107: src-cpp/CMakeFiles/rdkafka++.dir/HandleImpl.cpp.o] Error 1
[INFO] [stderr]   gmake[2]: *** Waiting for unfinished jobs....
[INFO] [stderr]   gmake[1]: *** [CMakeFiles/Makefile2:161: src-cpp/CMakeFiles/rdkafka++.dir/all] Error 2
[INFO] [stderr]   gmake: *** [Makefile:136: all] Error 2
[INFO] [stderr] 
[INFO] [stderr]   thread 'main' (389) panicked at /opt/rustwide/cargo-home/registry/src/index.crates.io-1949cf8c6b5b557f/cmake-0.1.57/src/lib.rs:1132:5:
[INFO] [stderr] 
[INFO] [stderr]   command did not execute successfully, got: exit status: 2
[INFO] [stderr] 
[INFO] [stderr]   build script failed, must exit now
[INFO] [stderr]   stack backtrace:
[INFO] [stderr]      0:     0x60dc006bd5e1 - std[a664a428715ef049]::backtrace_rs::backtrace::libunwind::trace
[INFO] [stderr]                                  at /rustc/c60b92c03ca8a3b101eb9d57f51e2232690638c7/library/std/src/../../backtrace/src/backtrace/libunwind.rs:117:9
[INFO] [stderr]      1:     0x60dc006bd5e1 - std[a664a428715ef049]::backtrace_rs::backtrace::trace_unsynchronized::<std[a664a428715ef049]::sys::backtrace::_print_fmt::{closure#1}>
[INFO] [stderr]                                  at /rustc/c60b92c03ca8a3b101eb9d57f51e2232690638c7/library/std/src/../../backtrace/src/backtrace/mod.rs:66:14
[INFO] [stderr]      2:     0x60dc006bd5e1 - std[a664a428715ef049]::sys::backtrace::_print_fmt
[INFO] [stderr]                                  at /rustc/c60b92c03ca8a3b101eb9d57f51e2232690638c7/library/std/src/sys/backtrace.rs:74:9
[INFO] [stderr]      3:     0x60dc006bd5e1 - <<std[a664a428715ef049]::sys::backtrace::BacktraceLock>::print::DisplayBacktrace as core[72be084901f51118]::fmt::Display>::fmt
[INFO] [stderr]                                  at /rustc/c60b92c03ca8a3b101eb9d57f51e2232690638c7/library/std/src/sys/backtrace.rs:44:26
[INFO] [stderr]      4:     0x60dc006d186a - <core[72be084901f51118]::fmt::rt::Argument>::fmt
[INFO] [stderr]                                  at /rustc/c60b92c03ca8a3b101eb9d57f51e2232690638c7/library/core/src/fmt/rt.rs:152:76
[INFO] [stderr]      5:     0x60dc006d186a - core[72be084901f51118]::fmt::write
[INFO] [stderr]      6:     0x60dc006c309c - core[72be084901f51118]::io::write::default_write_fmt::<std[a664a428715ef049]::sys::stdio::unix::Stderr>
[INFO] [stderr]                                  at /rustc/c60b92c03ca8a3b101eb9d57f51e2232690638c7/library/core/src/io/write.rs:402:11
[INFO] [stderr]      7:     0x60dc006c309c - <std[a664a428715ef049]::sys::stdio::unix::Stderr as core[72be084901f51118]::io::write::Write>::write_fmt
[INFO] [stderr]                                  at /rustc/c60b92c03ca8a3b101eb9d57f51e2232690638c7/library/core/src/io/write.rs:335:13
[INFO] [stderr]      8:     0x60dc0069b93c - <std[a664a428715ef049]::sys::backtrace::BacktraceLock>::print
[INFO] [stderr]                                  at /rustc/c60b92c03ca8a3b101eb9d57f51e2232690638c7/library/std/src/sys/backtrace.rs:47:9
[INFO] [stderr]      9:     0x60dc0069b93c - std[a664a428715ef049]::panicking::default_hook::{closure#0}
[INFO] [stderr]                                  at /rustc/c60b92c03ca8a3b101eb9d57f51e2232690638c7/library/std/src/panicking.rs:289:27
[INFO] [stderr]     10:     0x60dc006b7431 - std[a664a428715ef049]::panicking::default_hook
[INFO] [stderr]                                  at /rustc/c60b92c03ca8a3b101eb9d57f51e2232690638c7/library/std/src/panicking.rs:316:9
[INFO] [stderr]     11:     0x60dc006b75eb - std[a664a428715ef049]::panicking::panic_with_hook
[INFO] [stderr]                                  at /rustc/c60b92c03ca8a3b101eb9d57f51e2232690638c7/library/std/src/panicking.rs:811:13
[INFO] [stderr]     12:     0x60dc0069b9f2 - std[a664a428715ef049]::panicking::panic_handler::{closure#0}
[INFO] [stderr]                                  at /rustc/c60b92c03ca8a3b101eb9d57f51e2232690638c7/library/std/src/panicking.rs:685:13
[INFO] [stderr]     13:     0x60dc00694499 - std[a664a428715ef049]::sys::backtrace::__rust_end_short_backtrace::<std[a664a428715ef049]::panicking::panic_handler::{closure#0}, !>
[INFO] [stderr]                                  at /rustc/c60b92c03ca8a3b101eb9d57f51e2232690638c7/library/std/src/sys/backtrace.rs:182:18
[INFO] [stderr]     14:     0x60dc0069c27d - __rustc[12a7e04b5f77a1a9]::rust_begin_unwind
[INFO] [stderr]                                  at /rustc/c60b92c03ca8a3b101eb9d57f51e2232690638c7/library/std/src/panicking.rs:676:5
[INFO] [stderr]     15:     0x60dc006d205c - core[72be084901f51118]::panicking::panic_fmt
[INFO] [stderr]                                  at /rustc/c60b92c03ca8a3b101eb9d57f51e2232690638c7/library/core/src/panicking.rs:80:14
[INFO] [stderr]     16:     0x60dc00604417 - cmake[aedcd734e86546ee]::fail
[INFO] [stderr]     17:     0x60dc006040a3 - cmake[aedcd734e86546ee]::run
[INFO] [stderr]     18:     0x60dc0060a0a5 - <cmake[aedcd734e86546ee]::Config>::build
[INFO] [stderr]     19:     0x60dc005f5343 - build_script_build[32ec06c02e312397]::build_librdkafka
[INFO] [stderr]     20:     0x60dc005f5806 - build_script_build[32ec06c02e312397]::main
[INFO] [stderr]     21:     0x60dc005f6b33 - <fn() as core[72be084901f51118]::ops::function::FnOnce<()>>::call_once
[INFO] [stderr]     22:     0x60dc005f3516 - std[a664a428715ef049]::sys::backtrace::__rust_begin_short_backtrace::<fn(), ()>
[INFO] [stderr]     23:     0x60dc005f3579 - std[a664a428715ef049]::rt::lang_start::<()>::{closure#0}
[INFO] [stderr]     24:     0x60dc006b6748 - <&dyn core[72be084901f51118]::ops::function::Fn<(), Output = i32> + core[72be084901f51118]::marker::Sync + core[72be084901f51118]::panic::unwind_safe::RefUnwindSafe as core[72be084901f51118]::ops::function::FnOnce<()>>::call_once
[INFO] [stderr]                                  at /rustc/c60b92c03ca8a3b101eb9d57f51e2232690638c7/library/core/src/ops/function.rs:287:21
[INFO] [stderr]     25:     0x60dc006b6748 - std[a664a428715ef049]::panicking::catch_unwind::do_call::<&dyn core[72be084901f51118]::ops::function::Fn<(), Output = i32> + core[72be084901f51118]::marker::Sync + core[72be084901f51118]::panic::unwind_safe::RefUnwindSafe, i32>
[INFO] [stderr]                                  at /rustc/c60b92c03ca8a3b101eb9d57f51e2232690638c7/library/std/src/panicking.rs:573:43
[INFO] [stderr]     26:     0x60dc006b6748 - std[a664a428715ef049]::panicking::catch_unwind::<i32, &dyn core[72be084901f51118]::ops::function::Fn<(), Output = i32> + core[72be084901f51118]::marker::Sync + core[72be084901f51118]::panic::unwind_safe::RefUnwindSafe>
[INFO] [stderr]                                  at /rustc/c60b92c03ca8a3b101eb9d57f51e2232690638c7/library/std/src/panicking.rs:541:19
[INFO] [stderr]     27:     0x60dc006b6748 - std[a664a428715ef049]::panic::catch_unwind::<&dyn core[72be084901f51118]::ops::function::Fn<(), Output = i32> + core[72be084901f51118]::marker::Sync + core[72be084901f51118]::panic::unwind_safe::RefUnwindSafe, i32>
[INFO] [stderr]                                  at /rustc/c60b92c03ca8a3b101eb9d57f51e2232690638c7/library/std/src/panic.rs:359:14
[INFO] [stderr]     28:     0x60dc006b6748 - std[a664a428715ef049]::rt::lang_start_internal::{closure#0}
[INFO] [stderr]                                  at /rustc/c60b92c03ca8a3b101eb9d57f51e2232690638c7/library/std/src/rt.rs:175:24
[INFO] [stderr]     29:     0x60dc006b6748 - std[a664a428715ef049]::panicking::catch_unwind::do_call::<std[a664a428715ef049]::rt::lang_start_internal::{closure#0}, isize>
[INFO] [stderr]                                  at /rustc/c60b92c03ca8a3b101eb9d57f51e2232690638c7/library/std/src/panicking.rs:573:43
[INFO] [stderr]     30:     0x60dc006b6748 - std[a664a428715ef049]::panicking::catch_unwind::<isize, std[a664a428715ef049]::rt::lang_start_internal::{closure#0}>
[INFO] [stderr]                                  at /rustc/c60b92c03ca8a3b101eb9d57f51e2232690638c7/library/std/src/panicking.rs:541:19
[INFO] [stderr]     31:     0x60dc006b6748 - std[a664a428715ef049]::panic::catch_unwind::<std[a664a428715ef049]::rt::lang_start_internal::{closure#0}, isize>
[INFO] [stderr]                                  at /rustc/c60b92c03ca8a3b101eb9d57f51e2232690638c7/library/std/src/panic.rs:359:14
[INFO] [stderr]     32:     0x60dc006b6748 - std[a664a428715ef049]::rt::lang_start_internal
[INFO] [stderr]                                  at /rustc/c60b92c03ca8a3b101eb9d57f51e2232690638c7/library/std/src/rt.rs:171:5
[INFO] [stderr]     33:     0x60dc005f33a1 - std[a664a428715ef049]::rt::lang_start::<()>
[INFO] [stderr]     34:     0x60dc005f6ba5 - main
[INFO] [stderr]     35:     0x75b3fef23601 - <unknown>
[INFO] [stderr]     36:     0x75b3fef23718 - __libc_start_main
[INFO] [stderr]     37:     0x60dc005f14a5 - _start
[INFO] [stderr]     38:                0x0 - <unknown>
[INFO] running `Command { std: "docker" "inspect" "f78d9ecad9c329bc3e99e4328ca2103aa7f0a45224e6ed7228a3ac81417b6e6f", kill_on_drop: false }`
[INFO] running `Command { std: "docker" "rm" "-f" "f78d9ecad9c329bc3e99e4328ca2103aa7f0a45224e6ed7228a3ac81417b6e6f", kill_on_drop: false }`
[INFO] [stdout] f78d9ecad9c329bc3e99e4328ca2103aa7f0a45224e6ed7228a3ac81417b6e6f
