[INFO] cloning repository https://github.com/KidIkaros/cogent
[INFO] running `Command { std: "git" "-c" "credential.helper=" "-c" "credential.helper=/workspace/cargo-home/bin/git-credential-null" "clone" "--bare" "https://github.com/KidIkaros/cogent" "/workspace/cache/git-repos/https%3A%2F%2Fgithub.com%2FKidIkaros%2Fcogent", kill_on_drop: false }`
[INFO] [stderr] Cloning into bare repository '/workspace/cache/git-repos/https%3A%2F%2Fgithub.com%2FKidIkaros%2Fcogent'...
[INFO] running `Command { std: "git" "rev-parse" "HEAD", kill_on_drop: false }`
[INFO] [stdout] 21ec11aa26864821920168e9c277aa75fa7b31bc
[INFO] checking KidIkaros/cogent against c60b92c03ca8a3b101eb9d57f51e2232690638c7 for pr-164148-crater-rollup
[INFO] running `Command { std: "git" "clone" "/workspace/cache/git-repos/https%3A%2F%2Fgithub.com%2FKidIkaros%2Fcogent" "/workspace/builds/worker-5-tc2/source", kill_on_drop: false }`
[INFO] [stderr] Cloning into '/workspace/builds/worker-5-tc2/source'...
[INFO] [stderr] done.
[INFO] removed /workspace/builds/worker-5-tc2/source/.cargo/config.toml
[INFO] started tweaking git repo https://github.com/KidIkaros/cogent
[INFO] finished tweaking git repo https://github.com/KidIkaros/cogent
[INFO] tweaked toml for git repo https://github.com/KidIkaros/cogent written to /workspace/builds/worker-5-tc2/source/Cargo.toml
[INFO] validating manifest of git repo https://github.com/KidIkaros/cogent on toolchain c60b92c03ca8a3b101eb9d57f51e2232690638c7
[INFO] running `Command { std: CARGO_HOME="/workspace/cargo-home" RUSTUP_HOME="/workspace/rustup-home" "/workspace/cargo-home/bin/cargo" "+c60b92c03ca8a3b101eb9d57f51e2232690638c7" "metadata" "--manifest-path" "Cargo.toml" "--no-deps", kill_on_drop: false }`
[INFO] crate git repo https://github.com/KidIkaros/cogent already has a lockfile, it will not be regenerated
[INFO] running `Command { std: CARGO_HOME="/workspace/cargo-home" RUSTUP_HOME="/workspace/rustup-home" "/workspace/cargo-home/bin/cargo" "+c60b92c03ca8a3b101eb9d57f51e2232690638c7" "fetch" "--manifest-path" "Cargo.toml", kill_on_drop: false }`
[INFO] [stderr]     Blocking waiting for file lock on package cache
[INFO] [stderr]     Blocking waiting for file lock on package cache
[INFO] running `Command { std: "docker" "create" "-v" "/var/lib/crater-agent-workspace/builds/worker-5-tc2/source:/opt/rustwide/workdir:ro,Z" "-v" "/var/lib/crater-agent-workspace/builds/worker-5-tc2/target:/opt/rustwide/target:rw,Z" "-v" "/var/lib/crater-agent-workspace/cargo-home:/opt/rustwide/cargo-home:ro,Z" "-v" "/var/lib/crater-agent-workspace/rustup-home:/opt/rustwide/rustup-home:ro,Z" "-m" "1610612736" "--network" "none" "ghcr.io/rust-lang/crates-build-env/linux@sha256:77db811e55d90add9212f6832c23229e3de5f1c1f9905e8cb07319ea15df73ac" "sleep" "infinity", kill_on_drop: false }`
[INFO] [stdout] 21ae2d4905ab5e6333d0b3e42c015d37b3928f4b735d3a737df831504b14087d
[INFO] running `Command { std: "docker" "start" "21ae2d4905ab5e6333d0b3e42c015d37b3928f4b735d3a737df831504b14087d", kill_on_drop: false }`
[INFO] running `Command { std: "docker" "inspect" "21ae2d4905ab5e6333d0b3e42c015d37b3928f4b735d3a737df831504b14087d", kill_on_drop: false }`
[INFO] running `Command { std: "docker" "exec" "-e" "SOURCE_DIR=/opt/rustwide/workdir" "-e" "CARGO_HOME=/opt/rustwide/cargo-home" "-e" "RUSTUP_HOME=/opt/rustwide/rustup-home" "-e" "CARGO_TARGET_DIR=/opt/rustwide/target" "-w" "/opt/rustwide/workdir" "--user" "0:0" "21ae2d4905ab5e6333d0b3e42c015d37b3928f4b735d3a737df831504b14087d" "/opt/rustwide/cargo-home/bin/cargo" "+c60b92c03ca8a3b101eb9d57f51e2232690638c7" "metadata" "--no-deps" "--format-version=1", kill_on_drop: false }`
[INFO] running `Command { std: "docker" "inspect" "21ae2d4905ab5e6333d0b3e42c015d37b3928f4b735d3a737df831504b14087d", kill_on_drop: false }`
[INFO] running `Command { std: "docker" "exec" "-e" "SOURCE_DIR=/opt/rustwide/workdir" "-e" "CARGO_HOME=/opt/rustwide/cargo-home" "-e" "RUSTUP_HOME=/opt/rustwide/rustup-home" "-e" "CARGO_TARGET_DIR=/opt/rustwide/target" "-e" "CARGO_INCREMENTAL=0" "-e" "RUST_BACKTRACE=full" "-e" "RUSTFLAGS=--cap-lints=forbid" "-e" "RUSTDOCFLAGS=--cap-lints=forbid" "-w" "/opt/rustwide/workdir" "--user" "0:0" "21ae2d4905ab5e6333d0b3e42c015d37b3928f4b735d3a737df831504b14087d" "/opt/rustwide/cargo-home/bin/cargo" "+c60b92c03ca8a3b101eb9d57f51e2232690638c7" "check" "--frozen" "--all" "--all-targets" "--message-format=json", kill_on_drop: false }`
[INFO] [stderr]    Compiling quote v1.0.45
[INFO] [stderr]    Compiling proc-macro2 v1.0.106
[INFO] [stderr]    Compiling libc v0.2.186
[INFO] [stderr]     Checking memchr v2.8.0
[INFO] [stderr]    Compiling serde_core v1.0.228
[INFO] [stderr]    Compiling serde v1.0.228
[INFO] [stderr]    Compiling zmij v1.0.21
[INFO] [stderr]     Checking itoa v1.0.18
[INFO] [stderr]    Compiling serde_json v1.0.150
[INFO] [stderr]    Compiling getrandom v0.4.2
[INFO] [stderr]     Checking anstyle v1.0.14
[INFO] [stderr]     Checking utf8parse v0.2.2
[INFO] [stderr]     Checking anstyle-query v1.1.5
[INFO] [stderr]    Compiling num-traits v0.2.19
[INFO] [stderr]     Checking is_terminal_polyfill v1.70.2
[INFO] [stderr]     Checking colorchoice v1.0.5
[INFO] [stderr]     Checking strsim v0.11.1
[INFO] [stderr]    Compiling thiserror v2.0.18
[INFO] [stderr]     Checking clap_lex v1.1.0
[INFO] [stderr]     Checking anstyle-parse v1.0.0
[INFO] [stderr]    Compiling heck v0.5.0
[INFO] [stderr]     Checking iana-time-zone v0.1.65
[INFO] [stderr]     Checking unicode-width v0.2.2
[INFO] [stderr]    Compiling find-msvc-tools v0.1.9
[INFO] [stderr]     Checking regex-syntax v0.8.10
[INFO] [stderr]     Checking anstream v1.0.0
[INFO] [stderr]    Compiling tree-sitter-language v0.1.7
[INFO] [stderr]     Checking predicates-core v1.0.10
[INFO] [stderr]    Compiling cc v1.2.62
[INFO] [stderr]     Checking normalize-line-endings v0.3.0
[INFO] [stderr]     Checking termtree v0.5.1
[INFO] [stderr]     Checking difflib v0.4.0
[INFO] [stderr]    Compiling assert_cmd v2.2.2
[INFO] [stderr]     Checking predicates-tree v1.0.13
[INFO] [stderr]    Compiling hashbrown v0.17.1
[INFO] [stderr]    Compiling equivalent v1.0.2
[INFO] [stderr]     Checking streaming-iterator v0.1.9
[INFO] [stderr]     Checking bitflags v2.11.1
[INFO] [stderr]     Checking clap_builder v4.6.0
[INFO] [stderr]     Checking fastrand v2.4.1
[INFO] [stderr]     Checking aho-corasick v1.1.4
[INFO] [stderr]     Checking either v1.16.0
[INFO] [stderr]    Compiling rayon-core v1.13.0
[INFO] [stderr]     Checking pin-project-lite v0.2.17
[INFO] [stderr]     Checking rustix v1.1.4
[INFO] [stderr]    Compiling version_check v0.9.5
[INFO] [stderr]     Checking stable_deref_trait v1.2.1
[INFO] [stderr]    Compiling zerocopy v0.8.48
[INFO] [stderr]    Compiling getrandom v0.3.4
[INFO] [stderr]     Checking futures-core v0.3.32
[INFO] [stderr]     Checking smallvec v1.15.1
[INFO] [stderr]    Compiling generic-array v0.14.7
[INFO] [stderr]     Checking tracing-core v0.1.36
[INFO] [stderr]    Compiling syn v2.0.117
[INFO] [stderr]     Checking unicode-ident v1.0.24
[INFO] [stderr]     Checking rayon v1.12.0
[INFO] [stderr]     Checking bytes v1.11.1
[INFO] [stderr]    Compiling indexmap v2.14.0
[INFO] [stderr]     Checking float-cmp v0.10.0
[INFO] [stderr]     Checking writeable v0.6.3
[INFO] [stderr]     Checking typenum v1.20.0
[INFO] [stderr]     Checking futures-sink v0.3.32
[INFO] [stderr]     Checking wait-timeout v0.2.1
[INFO] [stderr]     Checking errno v0.3.14
[INFO] [stderr]     Checking socket2 v0.6.3
[INFO] [stderr]     Checking signal-hook-registry v1.4.8
[INFO] [stderr]     Checking mio v1.2.0
[INFO] [stderr]     Checking litemap v0.8.2
[INFO] [stderr]     Checking futures-channel v0.3.32
[INFO] [stderr]     Checking num-integer v0.1.46
[INFO] [stderr]     Checking futures-task v0.3.32
[INFO] [stderr]     Checking slab v0.4.12
[INFO] [stderr]    Compiling icu_normalizer_data v2.2.0
[INFO] [stderr]     Checking log v0.4.29
[INFO] [stderr]    Compiling icu_properties_data v2.2.0
[INFO] [stderr]     Checking futures-io v0.3.32
[INFO] [stderr]    Compiling tree-sitter-c v0.23.4
[INFO] [stderr]    Compiling tree-sitter-cpp v0.23.4
[INFO] [stderr]    Compiling tree-sitter-go v0.25.0
[INFO] [stderr]    Compiling tree-sitter-ocaml v0.24.2
[INFO] [stderr]    Compiling tree-sitter-rust v0.24.2
[INFO] [stderr]    Compiling tree-sitter-solidity v1.2.13
[INFO] [stderr]    Compiling tree-sitter-swift v0.7.2
[INFO] [stderr]    Compiling tree-sitter-typescript v0.23.2
[INFO] [stderr]    Compiling tree-sitter-python v0.25.0
[INFO] [stderr]    Compiling tree-sitter-javascript v0.25.0
[INFO] [stderr]     Checking regex-automata v0.4.14
[INFO] [stderr]     Checking tempfile v3.27.0
[INFO] [stderr]    Compiling tree-sitter v0.20.10
[INFO] [stderr]    Compiling tree-sitter-kotlin v0.3.5
[INFO] [stderr]    Compiling tree-sitter-java v0.23.5
[INFO] [stderr]    Compiling tree-sitter-ruby v0.23.1
[INFO] [stderr]    Compiling tree-sitter-php v0.24.2
[INFO] [stderr]    Compiling tree-sitter-c-sharp v0.23.5
[INFO] [stderr]     Checking uuid v1.23.1
[INFO] [stderr]     Checking winnow v0.7.15
[INFO] [stderr]    Compiling ref-cast v1.0.25
[INFO] [stderr]     Checking toml_write v0.1.2
[INFO] [stderr]     Checking bit-vec v0.8.0
[INFO] [stderr]     Checking option-ext v0.2.0
[INFO] [stderr]     Checking dirs-sys v0.4.1
[INFO] [stderr]     Checking crypto-common v0.1.7
[INFO] [stderr]     Checking bit-set v0.8.0
[INFO] [stderr]     Checking block-buffer v0.10.4
[INFO] [stderr]     Checking num-bigint v0.4.6
[INFO] [stderr]    Compiling ahash v0.8.12
[INFO] [stderr]     Checking subtle v2.6.1
[INFO] [stderr]     Checking same-file v1.0.6
[INFO] [stderr]     Checking dirs v5.0.1
[INFO] [stderr]     Checking walkdir v2.5.0
[INFO] [stderr]     Checking digest v0.10.7
[INFO] [stderr]     Checking parking_lot_core v0.9.12
[INFO] [stderr]     Checking num-iter v0.1.45
[INFO] [stderr]     Checking inotify-sys v0.1.5
[INFO] [stderr]     Checking num-complex v0.4.6
[INFO] [stderr]     Checking colored v2.2.0
[INFO] [stderr]     Checking plotters-backend v0.3.7
[INFO] [stderr] error: could not compile `syn` (lib)
[INFO] [stderr] 
[INFO] [stderr] Caused by:
[INFO] [stderr]   process didn't exit successfully: `/opt/rustwide/rustup-home/toolchains/c60b92c03ca8a3b101eb9d57f51e2232690638c7/bin/rustc --crate-name syn --edition=2021 /opt/rustwide/cargo-home/registry/src/index.crates.io-1949cf8c6b5b557f/syn-2.0.117/src/lib.rs --error-format=json --json=diagnostic-rendered-ansi,artifacts,future-incompat,unused-externs-silent --crate-type lib --emit=dep-info,metadata,link -Z embed-metadata=no -C embed-bitcode=no --cfg 'feature="clone-impls"' --cfg 'feature="default"' --cfg 'feature="derive"' --cfg 'feature="extra-traits"' --cfg 'feature="fold"' --cfg 'feature="full"' --cfg 'feature="parsing"' --cfg 'feature="printing"' --cfg 'feature="proc-macro"' --cfg 'feature="visit"' --cfg 'feature="visit-mut"' --check-cfg 'cfg(docsrs,test)' --check-cfg 'cfg(feature, values("clone-impls", "default", "derive", "extra-traits", "fold", "full", "parsing", "printing", "proc-macro", "test", "visit", "visit-mut"))' -C metadata=ed56e477e0a728e6 -C extra-filename=-4f439dfa5f25d1b9 --out-dir /opt/rustwide/target/debug/build/syn/4f439dfa5f25d1b9/out -L dependency=/opt/rustwide/target/debug/build/proc-macro2/d4cb564e807a9cd7/out -L dependency=/opt/rustwide/target/debug/build/unicode-ident/8c98a1a0e58216a9/out --extern proc_macro2=/opt/rustwide/target/debug/build/proc-macro2/d4cb564e807a9cd7/out/libproc_macro2-d4cb564e807a9cd7.rmeta --extern quote=/opt/rustwide/target/debug/build/quote/e966a8bd65140364/out/libquote-e966a8bd65140364.rmeta --extern unicode_ident=/opt/rustwide/target/debug/build/unicode-ident/8c98a1a0e58216a9/out/libunicode_ident-8c98a1a0e58216a9.rmeta --cap-lints allow --cap-lints=forbid --force-warn=unused_crate_dependencies` (signal: 9, SIGKILL: kill)
[INFO] [stderr] warning: build failed, waiting for other jobs to finish...
[INFO] [stderr] error: could not compile `regex-automata` (lib)
[INFO] [stderr] 
[INFO] [stderr] Caused by:
[INFO] [stderr]   process didn't exit successfully: `/opt/rustwide/rustup-home/toolchains/c60b92c03ca8a3b101eb9d57f51e2232690638c7/bin/rustc --crate-name regex_automata --edition=2021 /opt/rustwide/cargo-home/registry/src/index.crates.io-1949cf8c6b5b557f/regex-automata-0.4.14/src/lib.rs --error-format=json --json=diagnostic-rendered-ansi,artifacts,future-incompat,unused-externs-silent --crate-type lib --emit=dep-info,metadata -C embed-bitcode=no -C debuginfo=2 --cfg 'feature="alloc"' --cfg 'feature="dfa"' --cfg 'feature="dfa-build"' --cfg 'feature="dfa-onepass"' --cfg 'feature="dfa-search"' --cfg 'feature="hybrid"' --cfg 'feature="meta"' --cfg 'feature="nfa"' --cfg 'feature="nfa-backtrack"' --cfg 'feature="nfa-pikevm"' --cfg 'feature="nfa-thompson"' --cfg 'feature="perf"' --cfg 'feature="perf-inline"' --cfg 'feature="perf-literal"' --cfg 'feature="perf-literal-multisubstring"' --cfg 'feature="perf-literal-substring"' --cfg 'feature="std"' --cfg 'feature="syntax"' --cfg 'feature="unicode"' --cfg 'feature="unicode-age"' --cfg 'feature="unicode-bool"' --cfg 'feature="unicode-case"' --cfg 'feature="unicode-gencat"' --cfg 'feature="unicode-perl"' --cfg 'feature="unicode-script"' --cfg 'feature="unicode-segment"' --cfg 'feature="unicode-word-boundary"' --check-cfg 'cfg(docsrs,test)' --check-cfg 'cfg(feature, values("alloc", "default", "dfa", "dfa-build", "dfa-onepass", "dfa-search", "hybrid", "internal-instrument", "internal-instrument-pikevm", "logging", "meta", "nfa", "nfa-backtrack", "nfa-pikevm", "nfa-thompson", "perf", "perf-inline", "perf-literal", "perf-literal-multisubstring", "perf-literal-substring", "std", "syntax", "unicode", "unicode-age", "unicode-bool", "unicode-case", "unicode-gencat", "unicode-perl", "unicode-script", "unicode-segment", "unicode-word-boundary"))' -C metadata=3b0d8e5cd3005e6e -C extra-filename=-0eee9353ba62335b --out-dir /opt/rustwide/target/debug/build/regex-automata/0eee9353ba62335b/out -L dependency=/opt/rustwide/target/debug/build/memchr/3d944e3b9ac373a3/out --extern aho_corasick=/opt/rustwide/target/debug/build/aho-corasick/0fb197dd6545f795/out/libaho_corasick-0fb197dd6545f795.rmeta --extern memchr=/opt/rustwide/target/debug/build/memchr/3d944e3b9ac373a3/out/libmemchr-3d944e3b9ac373a3.rmeta --extern regex_syntax=/opt/rustwide/target/debug/build/regex-syntax/6cb68f2e111607e3/out/libregex_syntax-6cb68f2e111607e3.rmeta --cap-lints allow --cap-lints=forbid --force-warn=unused_crate_dependencies` (signal: 9, SIGKILL: kill)
[INFO] [stderr] warning: tree-sitter-ocaml@0.24.2: cc: fatal error: Killed signal terminated program cc1
[INFO] [stderr] warning: tree-sitter-ocaml@0.24.2: compilation terminated.
[INFO] [stderr] error: failed to run custom build command for `tree-sitter-ocaml v0.24.2`
[INFO] [stderr] note: To improve backtraces for build dependencies, set the CARGO_PROFILE_DEV_BUILD_OVERRIDE_DEBUG=true environment variable to enable debug information generation.
[INFO] [stderr] 
[INFO] [stderr] Caused by:
[INFO] [stderr]   process didn't exit successfully: `/opt/rustwide/target/debug/build/tree-sitter-ocaml/478ff6a768d39df2/out/build_script_build` (exit status: 1)
[INFO] [stderr]   --- stdout
[INFO] [stderr]   cargo:rerun-if-changed=./common
[INFO] [stderr]   cargo:rerun-if-changed=./grammars/ocaml/src/parser.c
[INFO] [stderr]   cargo:rerun-if-changed=./grammars/ocaml/src/scanner.c
[INFO] [stderr]   cargo:rerun-if-changed=./grammars/interface/src/parser.c
[INFO] [stderr]   cargo:rerun-if-changed=./grammars/interface/src/scanner.c
[INFO] [stderr]   cargo:rerun-if-changed=./grammars/type/src/parser.c
[INFO] [stderr]   cargo:rerun-if-changed=./grammars/type/src/scanner.c
[INFO] [stderr]   cargo:rerun-if-env-changed=CC_FORCE_DISABLE
[INFO] [stderr]   CC_FORCE_DISABLE = None
[INFO] [stderr]   cargo:rerun-if-env-changed=CC_x86_64-unknown-linux-gnu
[INFO] [stderr]   CC_x86_64-unknown-linux-gnu = None
[INFO] [stderr]   cargo:rerun-if-env-changed=CC_x86_64_unknown_linux_gnu
[INFO] [stderr]   CC_x86_64_unknown_linux_gnu = None
[INFO] [stderr]   cargo:rerun-if-env-changed=HOST_CC
[INFO] [stderr]   HOST_CC = None
[INFO] [stderr]   cargo:rerun-if-env-changed=CC
[INFO] [stderr]   CC = None
[INFO] [stderr]   cargo:rerun-if-env-changed=CC_ENABLE_DEBUG_OUTPUT
[INFO] [stderr]   cargo:rerun-if-env-changed=CRATE_CC_NO_DEFAULTS
[INFO] [stderr]   CRATE_CC_NO_DEFAULTS = None
[INFO] [stderr]   cargo:rerun-if-env-changed=CFLAGS
[INFO] [stderr]   CFLAGS = None
[INFO] [stderr]   cargo:rerun-if-env-changed=HOST_CFLAGS
[INFO] [stderr]   HOST_CFLAGS = None
[INFO] [stderr]   cargo:rerun-if-env-changed=CFLAGS_x86_64_unknown_linux_gnu
[INFO] [stderr]   CFLAGS_x86_64_unknown_linux_gnu = None
[INFO] [stderr]   cargo:rerun-if-env-changed=CFLAGS_x86_64-unknown-linux-gnu
[INFO] [stderr]   CFLAGS_x86_64-unknown-linux-gnu = None
[INFO] [stderr]   cargo:warning=cc: fatal error: Killed signal terminated program cc1
[INFO] [stderr]   cargo:warning=compilation terminated.
[INFO] [stderr] 
[INFO] [stderr]   --- stderr
[INFO] [stderr] 
[INFO] [stderr] 
[INFO] [stderr]   error occurred in cc-rs: command did not execute successfully (status code exit status: 1): LC_ALL="C" "cc" "-O0" "-ffunction-sections" "-fdata-sections" "-fPIC" "-g" "-gdwarf-4" "-fno-omit-frame-pointer" "-m64" "-std=c11" "-I" "./grammars/ocaml/src" "-Wall" "-Wextra" "-o" "/opt/rustwide/target/debug/build/tree-sitter-ocaml/1b487a5e49b3fd89/out/09f21494030ab430-parser.o" "-c" "./grammars/ocaml/src/parser.c"
[INFO] [stderr] 
[INFO] [stderr] 
[INFO] [stderr] warning: tree-sitter-swift@0.7.2: cc: fatal error: Killed signal terminated program cc1
[INFO] [stderr] warning: tree-sitter-swift@0.7.2: compilation terminated.
[INFO] [stderr] error: failed to run custom build command for `tree-sitter-swift v0.7.2`
[INFO] [stderr] note: To improve backtraces for build dependencies, set the CARGO_PROFILE_DEV_BUILD_OVERRIDE_DEBUG=true environment variable to enable debug information generation.
[INFO] [stderr] 
[INFO] [stderr] Caused by:
[INFO] [stderr]   process didn't exit successfully: `/opt/rustwide/target/debug/build/tree-sitter-swift/105c8ece5b040fe3/out/build_script_build` (exit status: 1)
[INFO] [stderr]   --- stdout
[INFO] [stderr]   cargo:rerun-if-changed=src/parser.c
[INFO] [stderr]   cargo:rerun-if-changed=src/scanner.c
[INFO] [stderr]   cargo:rerun-if-env-changed=CC_FORCE_DISABLE
[INFO] [stderr]   CC_FORCE_DISABLE = None
[INFO] [stderr]   cargo:rerun-if-env-changed=CC_x86_64-unknown-linux-gnu
[INFO] [stderr]   CC_x86_64-unknown-linux-gnu = None
[INFO] [stderr]   cargo:rerun-if-env-changed=CC_x86_64_unknown_linux_gnu
[INFO] [stderr]   CC_x86_64_unknown_linux_gnu = None
[INFO] [stderr]   cargo:rerun-if-env-changed=HOST_CC
[INFO] [stderr]   HOST_CC = None
[INFO] [stderr]   cargo:rerun-if-env-changed=CC
[INFO] [stderr]   CC = None
[INFO] [stderr]   cargo:rerun-if-env-changed=CC_ENABLE_DEBUG_OUTPUT
[INFO] [stderr]   cargo:rerun-if-env-changed=CRATE_CC_NO_DEFAULTS
[INFO] [stderr]   CRATE_CC_NO_DEFAULTS = None
[INFO] [stderr]   cargo:rerun-if-env-changed=CFLAGS
[INFO] [stderr]   CFLAGS = None
[INFO] [stderr]   cargo:rerun-if-env-changed=HOST_CFLAGS
[INFO] [stderr]   HOST_CFLAGS = None
[INFO] [stderr]   cargo:rerun-if-env-changed=CFLAGS_x86_64_unknown_linux_gnu
[INFO] [stderr]   CFLAGS_x86_64_unknown_linux_gnu = None
[INFO] [stderr]   cargo:rerun-if-env-changed=CFLAGS_x86_64-unknown-linux-gnu
[INFO] [stderr]   CFLAGS_x86_64-unknown-linux-gnu = None
[INFO] [stderr]   cargo:warning=cc: fatal error: Killed signal terminated program cc1
[INFO] [stderr]   cargo:warning=compilation terminated.
[INFO] [stderr] 
[INFO] [stderr]   --- stderr
[INFO] [stderr] 
[INFO] [stderr] 
[INFO] [stderr]   error occurred in cc-rs: command did not execute successfully (status code exit status: 1): LC_ALL="C" "cc" "-O0" "-ffunction-sections" "-fdata-sections" "-fPIC" "-g" "-gdwarf-4" "-fno-omit-frame-pointer" "-m64" "-std=c11" "-I" "src" "-Wall" "-Wextra" "-o" "/opt/rustwide/target/debug/build/tree-sitter-swift/3bbbab9118cf85fa/out/ea708c7824d36062-parser.o" "-c" "src/parser.c"
[INFO] [stderr] 
[INFO] [stderr] 
[INFO] running `Command { std: "docker" "inspect" "21ae2d4905ab5e6333d0b3e42c015d37b3928f4b735d3a737df831504b14087d", kill_on_drop: false }`
[INFO] running `Command { std: "docker" "rm" "-f" "21ae2d4905ab5e6333d0b3e42c015d37b3928f4b735d3a737df831504b14087d", kill_on_drop: false }`
[INFO] [stdout] 21ae2d4905ab5e6333d0b3e42c015d37b3928f4b735d3a737df831504b14087d
