[INFO] cloning repository https://github.com/AlexGatz/rustyburp
[INFO] running `Command { std: "git" "-c" "credential.helper=" "-c" "credential.helper=/workspace/cargo-home/bin/git-credential-null" "clone" "--bare" "https://github.com/AlexGatz/rustyburp" "/workspace/cache/git-repos/https%3A%2F%2Fgithub.com%2FAlexGatz%2Frustyburp", kill_on_drop: false }`
[INFO] [stderr] Cloning into bare repository '/workspace/cache/git-repos/https%3A%2F%2Fgithub.com%2FAlexGatz%2Frustyburp'...
[INFO] running `Command { std: "git" "rev-parse" "HEAD", kill_on_drop: false }`
[INFO] [stdout] 5e6e5ce0f8fd452a65c0b34d0f03d3cdb3a4c269
[INFO] checking AlexGatz/rustyburp against c60b92c03ca8a3b101eb9d57f51e2232690638c7 for pr-164148-crater-rollup
[INFO] running `Command { std: "git" "clone" "/workspace/cache/git-repos/https%3A%2F%2Fgithub.com%2FAlexGatz%2Frustyburp" "/workspace/builds/worker-1-tc2/source", kill_on_drop: false }`
[INFO] [stderr] Cloning into '/workspace/builds/worker-1-tc2/source'...
[INFO] [stderr] done.
[INFO] started tweaking git repo https://github.com/AlexGatz/rustyburp
[INFO] finished tweaking git repo https://github.com/AlexGatz/rustyburp
[INFO] tweaked toml for git repo https://github.com/AlexGatz/rustyburp written to /workspace/builds/worker-1-tc2/source/Cargo.toml
[INFO] validating manifest of git repo https://github.com/AlexGatz/rustyburp on toolchain c60b92c03ca8a3b101eb9d57f51e2232690638c7
[INFO] running `Command { std: CARGO_HOME="/workspace/cargo-home" RUSTUP_HOME="/workspace/rustup-home" "/workspace/cargo-home/bin/cargo" "+c60b92c03ca8a3b101eb9d57f51e2232690638c7" "metadata" "--manifest-path" "Cargo.toml" "--no-deps", kill_on_drop: false }`
[INFO] crate git repo https://github.com/AlexGatz/rustyburp already has a lockfile, it will not be regenerated
[INFO] running `Command { std: CARGO_HOME="/workspace/cargo-home" RUSTUP_HOME="/workspace/rustup-home" "/workspace/cargo-home/bin/cargo" "+c60b92c03ca8a3b101eb9d57f51e2232690638c7" "fetch" "--manifest-path" "Cargo.toml", kill_on_drop: false }`
[INFO] running `Command { std: "docker" "create" "-v" "/var/lib/crater-agent-workspace/builds/worker-1-tc2/source:/opt/rustwide/workdir:ro,Z" "-v" "/var/lib/crater-agent-workspace/builds/worker-1-tc2/target:/opt/rustwide/target:rw,Z" "-v" "/var/lib/crater-agent-workspace/cargo-home:/opt/rustwide/cargo-home:ro,Z" "-v" "/var/lib/crater-agent-workspace/rustup-home:/opt/rustwide/rustup-home:ro,Z" "-m" "1610612736" "--network" "none" "ghcr.io/rust-lang/crates-build-env/linux@sha256:77db811e55d90add9212f6832c23229e3de5f1c1f9905e8cb07319ea15df73ac" "sleep" "infinity", kill_on_drop: false }`
[INFO] [stdout] 57ab93e0c55591d9ac63068499c3cced327aaaffef8d1372302328fb5371f090
[INFO] running `Command { std: "docker" "start" "57ab93e0c55591d9ac63068499c3cced327aaaffef8d1372302328fb5371f090", kill_on_drop: false }`
[INFO] running `Command { std: "docker" "inspect" "57ab93e0c55591d9ac63068499c3cced327aaaffef8d1372302328fb5371f090", kill_on_drop: false }`
[INFO] running `Command { std: "docker" "exec" "-e" "SOURCE_DIR=/opt/rustwide/workdir" "-e" "CARGO_HOME=/opt/rustwide/cargo-home" "-e" "RUSTUP_HOME=/opt/rustwide/rustup-home" "-e" "CARGO_TARGET_DIR=/opt/rustwide/target" "-w" "/opt/rustwide/workdir" "--user" "0:0" "57ab93e0c55591d9ac63068499c3cced327aaaffef8d1372302328fb5371f090" "/opt/rustwide/cargo-home/bin/cargo" "+c60b92c03ca8a3b101eb9d57f51e2232690638c7" "metadata" "--no-deps" "--format-version=1", kill_on_drop: false }`
[INFO] running `Command { std: "docker" "inspect" "57ab93e0c55591d9ac63068499c3cced327aaaffef8d1372302328fb5371f090", kill_on_drop: false }`
[INFO] running `Command { std: "docker" "exec" "-e" "SOURCE_DIR=/opt/rustwide/workdir" "-e" "CARGO_HOME=/opt/rustwide/cargo-home" "-e" "RUSTUP_HOME=/opt/rustwide/rustup-home" "-e" "CARGO_TARGET_DIR=/opt/rustwide/target" "-e" "CARGO_INCREMENTAL=0" "-e" "RUST_BACKTRACE=full" "-e" "RUSTFLAGS=--cap-lints=forbid" "-e" "RUSTDOCFLAGS=--cap-lints=forbid" "-w" "/opt/rustwide/workdir" "--user" "0:0" "57ab93e0c55591d9ac63068499c3cced327aaaffef8d1372302328fb5371f090" "/opt/rustwide/cargo-home/bin/cargo" "+c60b92c03ca8a3b101eb9d57f51e2232690638c7" "check" "--frozen" "--all" "--all-targets" "--message-format=json", kill_on_drop: false }`
[INFO] [stderr]    Compiling proc-macro2 v1.0.79
[INFO] [stderr]    Compiling autocfg v1.2.0
[INFO] [stderr]    Compiling serde v1.0.197
[INFO] [stderr]     Checking bytes v1.6.0
[INFO] [stderr]     Checking pin-project-lite v0.2.14
[INFO] [stderr]    Compiling libc v0.2.153
[INFO] [stderr]     Checking futures-core v0.3.30
[INFO] [stderr]    Compiling rustversion v1.0.15
[INFO] [stderr]     Checking log v0.4.21
[INFO] [stderr]     Checking futures-task v0.3.30
[INFO] [stderr]    Compiling parking_lot_core v0.9.9
[INFO] [stderr]    Compiling cc v1.0.92
[INFO] [stderr]     Checking futures-sink v0.3.30
[INFO] [stderr]     Checking tinyvec v1.6.0
[INFO] [stderr]    Compiling thiserror v1.0.58
[INFO] [stderr]     Checking unicode-bidi v0.3.15
[INFO] [stderr]     Checking tracing-core v0.1.32
[INFO] [stderr]     Checking cpufeatures v0.2.12
[INFO] [stderr]    Compiling async-trait v0.1.79
[INFO] [stderr]     Checking sha1 v0.10.6
[INFO] [stderr]     Checking futures-channel v0.3.30
[INFO] [stderr]     Checking ryu v1.0.17
[INFO] [stderr]     Checking tower-layer v0.3.2
[INFO] [stderr]    Compiling serde_json v1.0.115
[INFO] [stderr]     Checking data-encoding v2.5.0
[INFO] [stderr]     Checking either v1.10.0
[INFO] [stderr]     Checking sync_wrapper v1.0.1
[INFO] [stderr]     Checking memchr v2.7.2
[INFO] [stderr]     Checking octets v0.2.0
[INFO] [stderr]    Compiling slab v0.4.9
[INFO] [stderr]    Compiling lock_api v0.4.11
[INFO] [stderr]    Compiling memoffset v0.9.1
[INFO] [stderr]     Checking tracing v0.1.40
[INFO] [stderr]     Checking intrusive-collections v0.9.6
[INFO] [stderr]     Checking futures-util v0.3.30
[INFO] [stderr]     Checking http v1.1.0
[INFO] [stderr]    Compiling axum-core v0.4.3
[INFO] [stderr]    Compiling axum v0.7.5
[INFO] [stderr]    Compiling quote v1.0.35
[INFO] [stderr]     Checking unicode-normalization v0.1.23
[INFO] [stderr]     Checking getrandom v0.2.14
[INFO] [stderr]     Checking num_cpus v1.16.0
[INFO] [stderr]     Checking signal-hook-registry v1.4.1
[INFO] [stderr]     Checking mio v0.8.11
[INFO] [stderr]     Checking socket2 v0.5.6
[INFO] [stderr]     Checking rand_core v0.6.4
[INFO] [stderr]    Compiling cmake v0.1.50
[INFO] [stderr]    Compiling syn v2.0.58
[INFO] [stderr]     Checking rand_chacha v0.3.1
[INFO] [stderr]    Compiling ring v0.17.8
[INFO] [stderr]    Compiling quiche v0.20.1
[INFO] [stderr]     Checking idna v0.5.0
[INFO] [stderr]     Checking rand v0.8.5
[INFO] [stderr]     Checking http-body v1.0.0
[INFO] [stderr]     Checking url v2.5.0
[INFO] [stderr]     Checking http-body-util v0.1.1
[INFO] [stderr]    Compiling serde_derive v1.0.197
[INFO] [stderr]    Compiling tokio-macros v2.2.0
[INFO] [stderr]    Compiling thiserror-impl v1.0.58
[INFO] [stderr]    Compiling pin-project-internal v1.1.5
[INFO] [stderr]     Checking pin-project v1.1.5
[INFO] [stderr]     Checking tungstenite v0.21.0
[INFO] [stderr] error: could not compile `serde_derive` (lib)
[INFO] [stderr] 
[INFO] [stderr] Caused by:
[INFO] [stderr]   process didn't exit successfully: `/opt/rustwide/rustup-home/toolchains/c60b92c03ca8a3b101eb9d57f51e2232690638c7/bin/rustc --crate-name serde_derive --edition=2015 /opt/rustwide/cargo-home/registry/src/index.crates.io-1949cf8c6b5b557f/serde_derive-1.0.197/src/lib.rs --error-format=json --json=diagnostic-rendered-ansi,artifacts,future-incompat,unused-externs-silent --crate-type proc-macro --emit=dep-info,link -C prefer-dynamic -C embed-bitcode=no --cfg 'feature="default"' --check-cfg 'cfg(docsrs,test)' --check-cfg 'cfg(feature, values("default", "deserialize_in_place"))' -C metadata=750af310fe2ff55a -C extra-filename=-b2028de2fae59afd --out-dir /opt/rustwide/target/debug/build/serde_derive/b2028de2fae59afd/out -L dependency=/opt/rustwide/target/debug/build/proc-macro2/88a0d38fa4576876/out -L dependency=/opt/rustwide/target/debug/build/quote/80c3e9964e30f5d6/out -L dependency=/opt/rustwide/target/debug/build/unicode-ident/f2de522ba645d884/out --extern proc_macro2=/opt/rustwide/target/debug/build/proc-macro2/88a0d38fa4576876/out/libproc_macro2-88a0d38fa4576876.rlib --extern proc_macro2=/opt/rustwide/target/debug/build/proc-macro2/88a0d38fa4576876/out/libproc_macro2-88a0d38fa4576876.rmeta --extern quote=/opt/rustwide/target/debug/build/quote/80c3e9964e30f5d6/out/libquote-80c3e9964e30f5d6.rlib --extern quote=/opt/rustwide/target/debug/build/quote/80c3e9964e30f5d6/out/libquote-80c3e9964e30f5d6.rmeta --extern syn=/opt/rustwide/target/debug/build/syn/fe7d39f9a880ed69/out/libsyn-fe7d39f9a880ed69.rlib --extern syn=/opt/rustwide/target/debug/build/syn/fe7d39f9a880ed69/out/libsyn-fe7d39f9a880ed69.rmeta --extern proc_macro --cap-lints allow --cap-lints=forbid --force-warn=unused_crate_dependencies` (signal: 9, SIGKILL: kill)
[INFO] [stderr] warning: build failed, waiting for other jobs to finish...
[INFO] [stderr] error: failed to run custom build command for `quiche v0.20.1`
[INFO] [stderr] note: To improve backtraces for build dependencies, set the CARGO_PROFILE_DEV_BUILD_OVERRIDE_DEBUG=true environment variable to enable debug information generation.
[INFO] [stderr] 
[INFO] [stderr] Caused by:
[INFO] [stderr]   process didn't exit successfully: `/opt/rustwide/target/debug/build/quiche/595d1aed6d78ccc5/out/build_script_build` (exit status: 101)
[INFO] [stderr]   --- stdout
[INFO] [stderr]   CMAKE_TOOLCHAIN_FILE_x86_64-unknown-linux-gnu = None
[INFO] [stderr]   CMAKE_TOOLCHAIN_FILE_x86_64_unknown_linux_gnu = None
[INFO] [stderr]   HOST_CMAKE_TOOLCHAIN_FILE = None
[INFO] [stderr]   CMAKE_TOOLCHAIN_FILE = None
[INFO] [stderr]   CMAKE_GENERATOR_x86_64-unknown-linux-gnu = None
[INFO] [stderr]   CMAKE_GENERATOR_x86_64_unknown_linux_gnu = None
[INFO] [stderr]   HOST_CMAKE_GENERATOR = None
[INFO] [stderr]   CMAKE_GENERATOR = None
[INFO] [stderr]   CMAKE_PREFIX_PATH_x86_64-unknown-linux-gnu = None
[INFO] [stderr]   CMAKE_PREFIX_PATH_x86_64_unknown_linux_gnu = None
[INFO] [stderr]   HOST_CMAKE_PREFIX_PATH = None
[INFO] [stderr]   CMAKE_PREFIX_PATH = None
[INFO] [stderr]   CMAKE_x86_64-unknown-linux-gnu = None
[INFO] [stderr]   CMAKE_x86_64_unknown_linux_gnu = None
[INFO] [stderr]   HOST_CMAKE = None
[INFO] [stderr]   CMAKE = None
[INFO] [stderr]   running: cd "/opt/rustwide/target/debug/build/quiche/067a0af28810a460/out/build" && CMAKE_PREFIX_PATH="" "cmake" "/opt/rustwide/cargo-home/registry/src/index.crates.io-1949cf8c6b5b557f/quiche-0.20.1/deps/boringssl" "-DCMAKE_INSTALL_PREFIX=/opt/rustwide/target/debug/build/quiche/067a0af28810a460/out" "-DCMAKE_C_FLAGS= -ffunction-sections -fdata-sections -fPIC -m64" "-DCMAKE_C_COMPILER=/usr/bin/cc" "-DCMAKE_CXX_FLAGS= -ffunction-sections -fdata-sections -fPIC -m64" "-DCMAKE_CXX_COMPILER=/usr/bin/c++" "-DCMAKE_ASM_FLAGS= -ffunction-sections -fdata-sections -fPIC -m64" "-DCMAKE_ASM_COMPILER=/usr/bin/cc" "-DCMAKE_BUILD_TYPE=Debug"
[INFO] [stderr]   -- The C compiler identification is GNU 15.2.0
[INFO] [stderr]   -- The CXX compiler identification is GNU 15.2.0
[INFO] [stderr]   -- Detecting C compiler ABI info
[INFO] [stderr]   -- Detecting C compiler ABI info - done
[INFO] [stderr]   -- Check for working C compiler: /usr/bin/cc - skipped
[INFO] [stderr]   -- Detecting C compile features
[INFO] [stderr]   -- Detecting C compile features - done
[INFO] [stderr]   -- Detecting CXX compiler ABI info
[INFO] [stderr]   -- Detecting CXX compiler ABI info - done
[INFO] [stderr]   -- Check for working CXX compiler: /usr/bin/c++ - skipped
[INFO] [stderr]   -- Detecting CXX compile features
[INFO] [stderr]   -- Detecting CXX compile features - done
[INFO] [stderr]   -- The ASM compiler identification is GNU
[INFO] [stderr]   -- Found assembler: /usr/bin/cc
[INFO] [stderr]   -- Configuring done (2.3s)
[INFO] [stderr]   -- Generating done (0.2s)
[INFO] [stderr]   -- Build files have been written to: /opt/rustwide/target/debug/build/quiche/067a0af28810a460/out/build
[INFO] [stderr]   running: cd "/opt/rustwide/target/debug/build/quiche/067a0af28810a460/out/build" && MAKEFLAGS="-j --jobserver-fds=4,5 --jobserver-auth=4,5" "cmake" "--build" "." "--target" "ssl" "--config" "Debug"
[INFO] [stderr]   [  0%] Building CXX object CMakeFiles/ssl.dir/src/ssl/bio_ssl.cc.o
[INFO] [stderr]   [  7%] Building CXX object CMakeFiles/ssl.dir/src/ssl/d1_srtp.cc.o
[INFO] [stderr]   [  7%] Building CXX object CMakeFiles/ssl.dir/src/ssl/d1_pkt.cc.o
[INFO] [stderr]   [  7%] Building CXX object CMakeFiles/ssl.dir/src/ssl/d1_lib.cc.o
[INFO] [stderr]   [ 15%] Building CXX object CMakeFiles/ssl.dir/src/ssl/handshake.cc.o
[INFO] [stderr]   [ 15%] Building CXX object CMakeFiles/ssl.dir/src/ssl/handoff.cc.o
[INFO] [stderr]   [ 15%] Building CXX object CMakeFiles/ssl.dir/src/ssl/dtls_record.cc.o
[INFO] [stderr]   [ 15%] Building CXX object CMakeFiles/ssl.dir/src/ssl/handshake_client.cc.o
[INFO] [stderr]   [ 15%] Building CXX object CMakeFiles/ssl.dir/src/ssl/extensions.cc.o
[INFO] [stderr]   [ 15%] Building CXX object CMakeFiles/ssl.dir/src/ssl/dtls_method.cc.o
[INFO] [stderr]   [ 23%] Building CXX object CMakeFiles/ssl.dir/src/ssl/encrypted_client_hello.cc.o
[INFO] [stderr]   [ 30%] Building CXX object CMakeFiles/ssl.dir/src/ssl/d1_both.cc.o
[INFO] [stderr]   [ 30%] Building CXX object CMakeFiles/ssl.dir/src/ssl/handshake_server.cc.o
[INFO] [stderr]   [ 38%] Building CXX object CMakeFiles/ssl.dir/src/ssl/s3_both.cc.o
[INFO] [stderr]   [ 38%] Building CXX object CMakeFiles/ssl.dir/src/ssl/s3_lib.cc.o
[INFO] [stderr] 
[INFO] [stderr]   --- stderr
[INFO] [stderr]   CMake Deprecation Warning at CMakeLists.txt:7 (cmake_minimum_required):
[INFO] [stderr]     Compatibility with CMake < 3.10 will be removed from a future version of
[INFO] [stderr]     CMake.
[INFO] [stderr] 
[INFO] [stderr]     Update the VERSION argument <min> value.  Or, use the <min>...<max> syntax
[INFO] [stderr]     to tell CMake that the project requires at least <min> but has been updated
[INFO] [stderr]     to work with policies introduced by <max> or earlier.
[INFO] [stderr] 
[INFO] [stderr] 
[INFO] [stderr]   c++: fatal error: Killed signal terminated program cc1plus
[INFO] [stderr]   compilation terminated.
[INFO] [stderr]   gmake[3]: *** [CMakeFiles/ssl.dir/build.make:191: CMakeFiles/ssl.dir/src/ssl/extensions.cc.o] Error 1
[INFO] [stderr]   gmake[3]: *** Waiting for unfinished jobs....
[INFO] [stderr]   gmake[2]: *** [CMakeFiles/Makefile2:125: CMakeFiles/ssl.dir/all] Error 2
[INFO] [stderr]   gmake[1]: *** [CMakeFiles/Makefile2:132: CMakeFiles/ssl.dir/rule] Error 2
[INFO] [stderr]   gmake: *** [Makefile:137: ssl] Error 2
[INFO] [stderr] 
[INFO] [stderr]   thread 'main' (872) panicked at /opt/rustwide/cargo-home/registry/src/index.crates.io-1949cf8c6b5b557f/cmake-0.1.50/src/lib.rs:1098:5:
[INFO] [stderr] 
[INFO] [stderr]   command did not execute successfully, got: exit status: 2
[INFO] [stderr] 
[INFO] [stderr]   build script failed, must exit now
[INFO] [stderr]   stack backtrace:
[INFO] [stderr]      0:     0x5b635951dd61 - std[a664a428715ef049]::backtrace_rs::backtrace::libunwind::trace
[INFO] [stderr]                                  at /rustc/c60b92c03ca8a3b101eb9d57f51e2232690638c7/library/std/src/../../backtrace/src/backtrace/libunwind.rs:117:9
[INFO] [stderr]      1:     0x5b635951dd61 - std[a664a428715ef049]::backtrace_rs::backtrace::trace_unsynchronized::<std[a664a428715ef049]::sys::backtrace::_print_fmt::{closure#1}>
[INFO] [stderr]                                  at /rustc/c60b92c03ca8a3b101eb9d57f51e2232690638c7/library/std/src/../../backtrace/src/backtrace/mod.rs:66:14
[INFO] [stderr]      2:     0x5b635951dd61 - std[a664a428715ef049]::sys::backtrace::_print_fmt
[INFO] [stderr]                                  at /rustc/c60b92c03ca8a3b101eb9d57f51e2232690638c7/library/std/src/sys/backtrace.rs:74:9
[INFO] [stderr]      3:     0x5b635951dd61 - <<std[a664a428715ef049]::sys::backtrace::BacktraceLock>::print::DisplayBacktrace as core[72be084901f51118]::fmt::Display>::fmt
[INFO] [stderr]                                  at /rustc/c60b92c03ca8a3b101eb9d57f51e2232690638c7/library/std/src/sys/backtrace.rs:44:26
[INFO] [stderr]      4:     0x5b6359531efa - <core[72be084901f51118]::fmt::rt::Argument>::fmt
[INFO] [stderr]                                  at /rustc/c60b92c03ca8a3b101eb9d57f51e2232690638c7/library/core/src/fmt/rt.rs:152:76
[INFO] [stderr]      5:     0x5b6359531efa - core[72be084901f51118]::fmt::write
[INFO] [stderr]      6:     0x5b63595237fc - core[72be084901f51118]::io::write::default_write_fmt::<std[a664a428715ef049]::sys::stdio::unix::Stderr>
[INFO] [stderr]                                  at /rustc/c60b92c03ca8a3b101eb9d57f51e2232690638c7/library/core/src/io/write.rs:402:11
[INFO] [stderr]      7:     0x5b63595237fc - <std[a664a428715ef049]::sys::stdio::unix::Stderr as core[72be084901f51118]::io::write::Write>::write_fmt
[INFO] [stderr]                                  at /rustc/c60b92c03ca8a3b101eb9d57f51e2232690638c7/library/core/src/io/write.rs:335:13
[INFO] [stderr]      8:     0x5b63594fd79c - <std[a664a428715ef049]::sys::backtrace::BacktraceLock>::print
[INFO] [stderr]                                  at /rustc/c60b92c03ca8a3b101eb9d57f51e2232690638c7/library/std/src/sys/backtrace.rs:47:9
[INFO] [stderr]      9:     0x5b63594fd79c - std[a664a428715ef049]::panicking::default_hook::{closure#0}
[INFO] [stderr]                                  at /rustc/c60b92c03ca8a3b101eb9d57f51e2232690638c7/library/std/src/panicking.rs:289:27
[INFO] [stderr]     10:     0x5b6359518a81 - std[a664a428715ef049]::panicking::default_hook
[INFO] [stderr]                                  at /rustc/c60b92c03ca8a3b101eb9d57f51e2232690638c7/library/std/src/panicking.rs:316:9
[INFO] [stderr]     11:     0x5b6359518c3b - std[a664a428715ef049]::panicking::panic_with_hook
[INFO] [stderr]                                  at /rustc/c60b92c03ca8a3b101eb9d57f51e2232690638c7/library/std/src/panicking.rs:811:13
[INFO] [stderr]     12:     0x5b63594fd852 - std[a664a428715ef049]::panicking::panic_handler::{closure#0}
[INFO] [stderr]                                  at /rustc/c60b92c03ca8a3b101eb9d57f51e2232690638c7/library/std/src/panicking.rs:685:13
[INFO] [stderr]     13:     0x5b63594f6519 - std[a664a428715ef049]::sys::backtrace::__rust_end_short_backtrace::<std[a664a428715ef049]::panicking::panic_handler::{closure#0}, !>
[INFO] [stderr]                                  at /rustc/c60b92c03ca8a3b101eb9d57f51e2232690638c7/library/std/src/sys/backtrace.rs:182:18
[INFO] [stderr]     14:     0x5b63594fe03d - __rustc[12a7e04b5f77a1a9]::rust_begin_unwind
[INFO] [stderr]                                  at /rustc/c60b92c03ca8a3b101eb9d57f51e2232690638c7/library/std/src/panicking.rs:676:5
[INFO] [stderr]     15:     0x5b635953266c - core[72be084901f51118]::panicking::panic_fmt
[INFO] [stderr]                                  at /rustc/c60b92c03ca8a3b101eb9d57f51e2232690638c7/library/core/src/panicking.rs:80:14
[INFO] [stderr]     16:     0x5b635949eb47 - cmake[78acf82b5361bfa]::fail
[INFO] [stderr]     17:     0x5b635949e801 - cmake[78acf82b5361bfa]::run
[INFO] [stderr]     18:     0x5b63594a453a - <cmake[78acf82b5361bfa]::Config>::build
[INFO] [stderr]     19:     0x5b635948df34 - build_script_build[6595ba9d0c4f0c20]::main::{closure#0}
[INFO] [stderr]     20:     0x5b635948d657 - <core[72be084901f51118]::result::Result<alloc[7e126751b56287a4]::string::String, std[a664a428715ef049]::env::VarError>>::unwrap_or_else::<build_script_build[6595ba9d0c4f0c20]::main::{closure#0}>
[INFO] [stderr]     21:     0x5b635948f340 - build_script_build[6595ba9d0c4f0c20]::main
[INFO] [stderr]     22:     0x5b6359490a0b - <fn() as core[72be084901f51118]::ops::function::FnOnce<()>>::call_once
[INFO] [stderr]     23:     0x5b635948de6e - std[a664a428715ef049]::sys::backtrace::__rust_begin_short_backtrace::<fn(), ()>
[INFO] [stderr]     24:     0x5b635948de79 - std[a664a428715ef049]::rt::lang_start::<()>::{closure#0}
[INFO] [stderr]     25:     0x5b6359517d98 - <&dyn core[72be084901f51118]::ops::function::Fn<(), Output = i32> + core[72be084901f51118]::marker::Sync + core[72be084901f51118]::panic::unwind_safe::RefUnwindSafe as core[72be084901f51118]::ops::function::FnOnce<()>>::call_once
[INFO] [stderr]                                  at /rustc/c60b92c03ca8a3b101eb9d57f51e2232690638c7/library/core/src/ops/function.rs:287:21
[INFO] [stderr]     26:     0x5b6359517d98 - std[a664a428715ef049]::panicking::catch_unwind::do_call::<&dyn core[72be084901f51118]::ops::function::Fn<(), Output = i32> + core[72be084901f51118]::marker::Sync + core[72be084901f51118]::panic::unwind_safe::RefUnwindSafe, i32>
[INFO] [stderr]                                  at /rustc/c60b92c03ca8a3b101eb9d57f51e2232690638c7/library/std/src/panicking.rs:573:43
[INFO] [stderr]     27:     0x5b6359517d98 - std[a664a428715ef049]::panicking::catch_unwind::<i32, &dyn core[72be084901f51118]::ops::function::Fn<(), Output = i32> + core[72be084901f51118]::marker::Sync + core[72be084901f51118]::panic::unwind_safe::RefUnwindSafe>
[INFO] [stderr]                                  at /rustc/c60b92c03ca8a3b101eb9d57f51e2232690638c7/library/std/src/panicking.rs:541:19
[INFO] [stderr]     28:     0x5b6359517d98 - std[a664a428715ef049]::panic::catch_unwind::<&dyn core[72be084901f51118]::ops::function::Fn<(), Output = i32> + core[72be084901f51118]::marker::Sync + core[72be084901f51118]::panic::unwind_safe::RefUnwindSafe, i32>
[INFO] [stderr]                                  at /rustc/c60b92c03ca8a3b101eb9d57f51e2232690638c7/library/std/src/panic.rs:359:14
[INFO] [stderr]     29:     0x5b6359517d98 - std[a664a428715ef049]::rt::lang_start_internal::{closure#0}
[INFO] [stderr]                                  at /rustc/c60b92c03ca8a3b101eb9d57f51e2232690638c7/library/std/src/rt.rs:175:24
[INFO] [stderr]     30:     0x5b6359517d98 - std[a664a428715ef049]::panicking::catch_unwind::do_call::<std[a664a428715ef049]::rt::lang_start_internal::{closure#0}, isize>
[INFO] [stderr]                                  at /rustc/c60b92c03ca8a3b101eb9d57f51e2232690638c7/library/std/src/panicking.rs:573:43
[INFO] [stderr]     31:     0x5b6359517d98 - std[a664a428715ef049]::panicking::catch_unwind::<isize, std[a664a428715ef049]::rt::lang_start_internal::{closure#0}>
[INFO] [stderr]                                  at /rustc/c60b92c03ca8a3b101eb9d57f51e2232690638c7/library/std/src/panicking.rs:541:19
[INFO] [stderr]     32:     0x5b6359517d98 - std[a664a428715ef049]::panic::catch_unwind::<std[a664a428715ef049]::rt::lang_start_internal::{closure#0}, isize>
[INFO] [stderr]                                  at /rustc/c60b92c03ca8a3b101eb9d57f51e2232690638c7/library/std/src/panic.rs:359:14
[INFO] [stderr]     33:     0x5b6359517d98 - std[a664a428715ef049]::rt::lang_start_internal
[INFO] [stderr]                                  at /rustc/c60b92c03ca8a3b101eb9d57f51e2232690638c7/library/std/src/rt.rs:171:5
[INFO] [stderr]     34:     0x5b635948de61 - std[a664a428715ef049]::rt::lang_start::<()>
[INFO] [stderr]     35:     0x5b6359490a75 - main
[INFO] [stderr]     36:     0x7458634f3601 - <unknown>
[INFO] [stderr]     37:     0x7458634f3718 - __libc_start_main
[INFO] [stderr]     38:     0x5b635948c8f5 - _start
[INFO] [stderr]     39:                0x0 - <unknown>
[INFO] running `Command { std: "docker" "inspect" "57ab93e0c55591d9ac63068499c3cced327aaaffef8d1372302328fb5371f090", kill_on_drop: false }`
[INFO] running `Command { std: "docker" "rm" "-f" "57ab93e0c55591d9ac63068499c3cced327aaaffef8d1372302328fb5371f090", kill_on_drop: false }`
[INFO] [stdout] 57ab93e0c55591d9ac63068499c3cced327aaaffef8d1372302328fb5371f090
