[INFO] fetching crate codebook-lsp 0.3.42...
[INFO] checking codebook-lsp-0.3.42 against 7211ea594cbf137ef6118b1752b959dea7cb9088 for pr-164148-crater-rollup
[INFO] extracting crate codebook-lsp 0.3.42 into /workspace/builds/worker-1-tc1/source
[INFO] started tweaking crates.io crate codebook-lsp 0.3.42
[INFO] removed 0 missing tests
[INFO] finished tweaking crates.io crate codebook-lsp 0.3.42
[INFO] tweaked toml for crates.io crate codebook-lsp 0.3.42 written to /workspace/builds/worker-1-tc1/source/Cargo.toml
[INFO] validating manifest of crates.io crate codebook-lsp 0.3.42 on toolchain 7211ea594cbf137ef6118b1752b959dea7cb9088
[INFO] running `Command { std: CARGO_HOME="/workspace/cargo-home" RUSTUP_HOME="/workspace/rustup-home" "/workspace/cargo-home/bin/cargo" "+7211ea594cbf137ef6118b1752b959dea7cb9088" "metadata" "--manifest-path" "Cargo.toml" "--no-deps", kill_on_drop: false }`
[INFO] crate crates.io crate codebook-lsp 0.3.42 already has a lockfile, it will not be regenerated
[INFO] running `Command { std: CARGO_HOME="/workspace/cargo-home" RUSTUP_HOME="/workspace/rustup-home" "/workspace/cargo-home/bin/cargo" "+7211ea594cbf137ef6118b1752b959dea7cb9088" "fetch" "--manifest-path" "Cargo.toml", kill_on_drop: false }`
[INFO] [stderr] warning: `package.homepage` is redundant with `package.repository`
[INFO] [stderr]   --> Cargo.toml:64:12
[INFO] [stderr]    |
[INFO] [stderr] 64 | homepage = "https://github.com/blopker/codebook"
[INFO] [stderr]    |            ^^^^^^^^^^^^^^^^^^^^^^^^^^^^^^^^^^^^^
[INFO] [stderr] ...
[INFO] [stderr] 70 | repository = "https://github.com/blopker/codebook"
[INFO] [stderr]    |              -------------------------------------
[INFO] [stderr]    |
[INFO] [stderr]    = note: `cargo::redundant_homepage` is set to `warn` by default
[INFO] [stderr] help: consider removing `package.homepage`
[INFO] [stderr] warning: `codebook-lsp` (manifest) generated 1 warning
[INFO] [stderr]     Blocking waiting for file lock on package cache
[INFO] [stderr]     Updating crates.io index
[INFO] [stderr]     Blocking waiting for file lock on package cache
[INFO] [stderr]  Downloading crates ...
[INFO] [stderr]   Downloaded string-offsets v0.2.0
[INFO] [stderr]   Downloaded str_stack v0.1.1
[INFO] [stderr]   Downloaded codebook_downloader v0.3.42
[INFO] [stderr]   Downloaded codebook_config v0.3.42
[INFO] [stderr]   Downloaded tree-sitter-toml-ng v0.7.0
[INFO] [stderr]   Downloaded findshlibs v0.10.2
[INFO] [stderr]   Downloaded symbolic-common v12.18.3
[INFO] [stderr]   Downloaded spin v0.10.0
[INFO] [stderr]   Downloaded pprof v0.15.0
[INFO] [stderr]   Downloaded codebook-tree-sitter-just v0.1.3
[INFO] [stderr]   Downloaded inferno v0.11.21
[INFO] [stderr]   Downloaded quick-xml v0.26.0
[INFO] [stderr]   Downloaded tree-sitter-erlang v0.19.0
[INFO] [stderr]   Downloaded tree-sitter-r v1.3.0
[INFO] [stderr]   Downloaded symbolic-demangle v12.18.3
[INFO] [stderr]   Downloaded tree-sitter-zig v1.1.2
[INFO] [stderr]   Downloaded tree-sitter-c v0.24.2
[INFO] [stderr]   Downloaded tree-sitter-md v0.5.3
[INFO] [stderr]   Downloaded codebook-tree-sitter-typst v0.12.1
[INFO] [stderr]   Downloaded tree-sitter-rust v0.24.2
[INFO] [stderr]   Downloaded tree-sitter-vhdl v1.4.0
[INFO] [stderr]   Downloaded codebook v0.3.42
[INFO] [stderr]   Downloaded spellbook v0.4.2
[INFO] [stderr]   Downloaded tree-sitter-odin-codebook v1.4.0
[INFO] [stderr]   Downloaded tree-sitter-swift v0.7.3
[INFO] [stderr]   Downloaded tree-sitter-c-sharp v0.23.5
[INFO] [stderr]   Downloaded tree-sitter-ocaml v0.25.0
[INFO] [stderr]   Downloaded codebook-tree-sitter-latex v0.6.1
[INFO] running `Command { std: "docker" "create" "-v" "/var/lib/crater-agent-workspace/builds/worker-1-tc1/source:/opt/rustwide/workdir:ro,Z" "-v" "/var/lib/crater-agent-workspace/builds/worker-1-tc1/target:/opt/rustwide/target:rw,Z" "-v" "/var/lib/crater-agent-workspace/cargo-home:/opt/rustwide/cargo-home:ro,Z" "-v" "/var/lib/crater-agent-workspace/rustup-home:/opt/rustwide/rustup-home:ro,Z" "-m" "1610612736" "--network" "none" "ghcr.io/rust-lang/crates-build-env/linux@sha256:77db811e55d90add9212f6832c23229e3de5f1c1f9905e8cb07319ea15df73ac" "sleep" "infinity", kill_on_drop: false }`
[INFO] [stdout] 150e077aea8675b5d466a5417ddaf2acd1355ef33d8f2235c4688f4807c50c7f
[INFO] running `Command { std: "docker" "start" "150e077aea8675b5d466a5417ddaf2acd1355ef33d8f2235c4688f4807c50c7f", kill_on_drop: false }`
[INFO] running `Command { std: "docker" "inspect" "150e077aea8675b5d466a5417ddaf2acd1355ef33d8f2235c4688f4807c50c7f", kill_on_drop: false }`
[INFO] running `Command { std: "docker" "exec" "-e" "SOURCE_DIR=/opt/rustwide/workdir" "-e" "CARGO_HOME=/opt/rustwide/cargo-home" "-e" "RUSTUP_HOME=/opt/rustwide/rustup-home" "-e" "CARGO_TARGET_DIR=/opt/rustwide/target" "-w" "/opt/rustwide/workdir" "--user" "0:0" "150e077aea8675b5d466a5417ddaf2acd1355ef33d8f2235c4688f4807c50c7f" "/opt/rustwide/cargo-home/bin/cargo" "+7211ea594cbf137ef6118b1752b959dea7cb9088" "metadata" "--no-deps" "--format-version=1", kill_on_drop: false }`
[INFO] running `Command { std: "docker" "inspect" "150e077aea8675b5d466a5417ddaf2acd1355ef33d8f2235c4688f4807c50c7f", kill_on_drop: false }`
[INFO] running `Command { std: "docker" "exec" "-e" "SOURCE_DIR=/opt/rustwide/workdir" "-e" "CARGO_HOME=/opt/rustwide/cargo-home" "-e" "RUSTUP_HOME=/opt/rustwide/rustup-home" "-e" "CARGO_TARGET_DIR=/opt/rustwide/target" "-e" "CARGO_INCREMENTAL=0" "-e" "RUST_BACKTRACE=full" "-e" "RUSTFLAGS=--cap-lints=forbid" "-e" "RUSTDOCFLAGS=--cap-lints=forbid" "-w" "/opt/rustwide/workdir" "--user" "0:0" "150e077aea8675b5d466a5417ddaf2acd1355ef33d8f2235c4688f4807c50c7f" "/opt/rustwide/cargo-home/bin/cargo" "+7211ea594cbf137ef6118b1752b959dea7cb9088" "check" "--frozen" "--all" "--all-targets" "--message-format=json", kill_on_drop: false }`
[INFO] [stderr] warning: `package.homepage` is redundant with `package.repository`
[INFO] [stderr]   --> Cargo.toml:64:12
[INFO] [stderr]    |
[INFO] [stderr] 64 | homepage = "https://github.com/blopker/codebook"
[INFO] [stderr]    |            ^^^^^^^^^^^^^^^^^^^^^^^^^^^^^^^^^^^^^
[INFO] [stderr] ...
[INFO] [stderr] 70 | repository = "https://github.com/blopker/codebook"
[INFO] [stderr]    |              -------------------------------------
[INFO] [stderr]    |
[INFO] [stderr]    = note: `cargo::redundant_homepage` is set to `warn` by default
[INFO] [stderr] help: consider removing `package.homepage`
[INFO] [stderr] warning: `codebook-lsp` (manifest) generated 1 warning
[INFO] [stderr]    Compiling libc v0.2.186
[INFO] [stderr]    Compiling tree-sitter-language v0.1.7
[INFO] [stderr]     Checking stable_deref_trait v1.2.1
[INFO] [stderr]    Compiling aws-lc-rs v1.17.1
[INFO] [stderr]     Checking rustls-pki-types v1.15.0
[INFO] [stderr]    Compiling syn v2.0.118
[INFO] [stderr]    Compiling rustls v0.23.41
[INFO] [stderr]     Checking regex-automata v0.4.14
[INFO] [stderr]     Checking hashbrown v0.17.1
[INFO] [stderr]    Compiling serde_json v1.0.150
[INFO] [stderr]    Compiling zerocopy v0.8.53
[INFO] [stderr]    Compiling ahash v0.8.12
[INFO] [stderr]    Compiling cpp_demangle v0.4.5
[INFO] [stderr]     Checking uuid v1.23.4
[INFO] [stderr]    Compiling crossbeam-utils v0.8.22
[INFO] [stderr]     Checking crypto-common v0.2.2
[INFO] [stderr]     Checking block-buffer v0.12.1
[INFO] [stderr]     Checking bytemuck v1.25.0
[INFO] [stderr]     Checking winnow v1.0.3
[INFO] [stderr]    Compiling symbolic-demangle v12.18.3
[INFO] [stderr]     Checking rustc-demangle v0.1.27
[INFO] [stderr]     Checking num-format v0.4.4
[INFO] [stderr]     Checking rustls-native-certs v0.8.4
[INFO] [stderr]     Checking rgb v0.8.53
[INFO] [stderr]     Checking debugid v0.8.0
[INFO] [stderr]     Checking object v0.37.3
[INFO] [stderr]     Checking toml_parser v1.1.2+spec-1.1.0
[INFO] [stderr]     Checking indexmap v2.14.0
[INFO] [stderr]     Checking serde_spanned v1.1.1
[INFO] [stderr]     Checking toml_datetime v1.1.1+spec-1.1.0
[INFO] [stderr]     Checking quick-xml v0.26.0
[INFO] [stderr]     Checking toml_writer v1.1.1+spec-1.1.0
[INFO] [stderr]    Compiling pprof v0.15.0
[INFO] [stderr]     Checking digest v0.11.3
[INFO] [stderr]     Checking str_stack v0.1.1
[INFO] [stderr]     Checking webpki-roots v1.0.8
[INFO] [stderr]     Checking spin v0.10.0
[INFO] [stderr]     Checking bstr v1.12.3
[INFO] [stderr]     Checking crossbeam-epoch v0.9.20
[INFO] [stderr]     Checking base16ct v1.0.0
[INFO] [stderr]     Checking sha2 v0.11.0
[INFO] [stderr]     Checking toml v1.1.2+spec-1.1.0
[INFO] [stderr]     Checking streaming-iterator v0.1.9
[INFO] [stderr]     Checking jiff v0.2.31
[INFO] [stderr]    Compiling jobserver v0.1.35
[INFO] [stderr]     Checking hashbrown v0.14.5
[INFO] [stderr]     Checking crossbeam-deque v0.8.7
[INFO] [stderr]     Checking spellbook v0.4.2
[INFO] [stderr]    Compiling cc v1.2.66
[INFO] [stderr]     Checking lru v0.18.0
[INFO] [stderr]     Checking string-offsets v0.2.0
[INFO] [stderr]    Compiling cmake v0.1.58
[INFO] [stderr]     Checking regex v1.12.4
[INFO] [stderr]     Checking globset v0.4.18
[INFO] [stderr]    Compiling findshlibs v0.10.2
[INFO] [stderr]    Compiling tree-sitter v0.26.10
[INFO] [stderr]    Compiling tree-sitter-lua v0.5.0
[INFO] [stderr]    Compiling tree-sitter-md v0.5.3
[INFO] [stderr]    Compiling tree-sitter-ocaml v0.25.0
[INFO] [stderr]    Compiling tree-sitter-odin-codebook v1.4.0
[INFO] [stderr]    Compiling tree-sitter-bash v0.25.1
[INFO] [stderr]    Compiling tree-sitter-php v0.24.2
[INFO] [stderr]    Compiling aws-lc-sys v0.42.0
[INFO] [stderr]    Compiling tree-sitter-c v0.24.2
[INFO] [stderr]    Compiling tree-sitter-python v0.25.0
[INFO] [stderr]    Compiling tree-sitter-c-sharp v0.23.5
[INFO] [stderr]    Compiling tree-sitter-r v1.3.0
[INFO] [stderr]    Compiling tree-sitter-cpp v0.23.4
[INFO] [stderr]    Compiling tree-sitter-css v0.25.0
[INFO] [stderr]    Compiling tree-sitter-dart v0.2.0
[INFO] [stderr]    Compiling tree-sitter-ruby v0.23.1
[INFO] [stderr]    Compiling tree-sitter-rust v0.24.2
[INFO] [stderr]    Compiling tree-sitter-swift v0.7.3
[INFO] [stderr]    Compiling tree-sitter-elixir v0.3.5
[INFO] [stderr]    Compiling tree-sitter-toml-ng v0.7.0
[INFO] [stderr]    Compiling tree-sitter-erlang v0.19.0
[INFO] [stderr]    Compiling tree-sitter-typescript v0.23.2
[INFO] [stderr]    Compiling tree-sitter-go v0.25.0
[INFO] [stderr]    Compiling tree-sitter-vhdl v1.4.0
[INFO] [stderr]    Compiling tree-sitter-haskell v0.23.1
[INFO] [stderr]    Compiling tree-sitter-html v0.23.2
[INFO] [stderr]    Compiling tree-sitter-java v0.23.5
[INFO] [stderr]    Compiling tree-sitter-yaml v0.7.2
[INFO] [stderr]    Compiling tree-sitter-zig v1.1.2
[INFO] [stderr]    Compiling codebook-tree-sitter-just v0.1.3
[INFO] [stderr]    Compiling tree-sitter-javascript v0.25.0
[INFO] [stderr]    Compiling codebook-tree-sitter-typst v0.12.1
[INFO] [stderr]    Compiling codebook-tree-sitter-latex v0.6.1
[INFO] [stderr]     Checking parking_lot_core v0.9.12
[INFO] [stderr]     Checking errno v0.3.14
[INFO] [stderr]     Checking signal-hook-registry v1.4.8
[INFO] [stderr]     Checking parking_lot v0.12.5
[INFO] [stderr]     Checking mio v1.2.1
[INFO] [stderr]     Checking socket2 v0.6.4
[INFO] [stderr]     Checking getrandom v0.4.3
[INFO] [stderr]     Checking getrandom v0.3.4
[INFO] [stderr]     Checking memmap2 v0.9.11
[INFO] [stderr]     Checking tempfile v3.27.0
[INFO] [stderr]     Checking symbolic-common v12.18.3
[INFO] [stderr]     Checking is-terminal v0.4.17
[INFO] [stderr]    Compiling synstructure v0.13.2
[INFO] [stderr]     Checking dirs-sys v0.5.0
[INFO] [stderr]     Checking nix v0.26.4
[INFO] [stderr]     Checking dirs v6.0.0
[INFO] [stderr]     Checking inferno v0.11.21
[INFO] [stderr]     Checking backtrace v0.3.76
[INFO] [stderr]     Checking env_filter v2.0.0
[INFO] [stderr]    Compiling zerofrom-derive v0.1.7
[INFO] [stderr]    Compiling yoke-derive v0.8.2
[INFO] [stderr]    Compiling zerovec-derive v0.11.3
[INFO] [stderr]    Compiling displaydoc v0.2.6
[INFO] [stderr]    Compiling tokio-macros v2.7.0
[INFO] [stderr]    Compiling futures-macro v0.3.32
[INFO] [stderr]    Compiling serde_derive v1.0.228
[INFO] [stderr]    Compiling tracing-attributes v0.1.31
[INFO] [stderr]     Checking tokio v1.52.3
[INFO] [stderr]     Checking zerofrom v0.1.8
[INFO] [stderr]    Compiling equator-macro v0.4.2
[INFO] [stderr]     Checking yoke v0.8.3
[INFO] [stderr]    Compiling thiserror-impl v2.0.18
[INFO] [stderr]     Checking futures-util v0.3.32
[INFO] [stderr]     Checking zerotrie v0.2.4
[INFO] [stderr]    Compiling pin-project-internal v1.1.13
[INFO] [stderr]    Compiling serde_repr v0.1.20
[INFO] [stderr]     Checking equator v0.4.2
[INFO] [stderr]     Checking zerovec v0.11.6
[INFO] [stderr]     Checking aligned-vec v0.6.4
[INFO] [stderr]     Checking tracing v0.1.44
[INFO] [stderr]     Checking tinystr v0.8.3
[INFO] [stderr]     Checking potential_utf v0.1.5
[INFO] [stderr]     Checking icu_collections v2.2.0
[INFO] [stderr]     Checking icu_locale_core v2.2.0
[INFO] [stderr]     Checking pin-project v1.1.13
[INFO] [stderr]     Checking thiserror v2.0.18
[INFO] [stderr]    Compiling tower-lsp-macros v0.9.0
[INFO] [stderr]    Compiling clap_derive v4.6.1
[INFO] [stderr] error: could not compile `tokio` (lib)
[INFO] [stderr] 
[INFO] [stderr] Caused by:
[INFO] [stderr]   process didn't exit successfully: `/opt/rustwide/rustup-home/toolchains/7211ea594cbf137ef6118b1752b959dea7cb9088/bin/rustc --crate-name tokio --edition=2021 /opt/rustwide/cargo-home/registry/src/index.crates.io-1949cf8c6b5b557f/tokio-1.52.3/src/lib.rs --error-format=json --json=diagnostic-rendered-ansi,artifacts,future-incompat,unused-externs-silent --crate-type lib --emit=dep-info,metadata -C embed-bitcode=no -C debuginfo=2 --cfg 'feature="bytes"' --cfg 'feature="default"' --cfg 'feature="fs"' --cfg 'feature="full"' --cfg 'feature="io-std"' --cfg 'feature="io-util"' --cfg 'feature="libc"' --cfg 'feature="macros"' --cfg 'feature="mio"' --cfg 'feature="net"' --cfg 'feature="parking_lot"' --cfg 'feature="process"' --cfg 'feature="rt"' --cfg 'feature="rt-multi-thread"' --cfg 'feature="signal"' --cfg 'feature="signal-hook-registry"' --cfg 'feature="socket2"' --cfg 'feature="sync"' --cfg 'feature="time"' --cfg 'feature="tokio-macros"' --check-cfg 'cfg(docsrs,test)' --check-cfg 'cfg(feature, values("bytes", "default", "fs", "full", "io-std", "io-uring", "io-util", "libc", "macros", "mio", "net", "parking_lot", "process", "rt", "rt-multi-thread", "signal", "signal-hook-registry", "socket2", "sync", "taskdump", "test-util", "time", "tokio-macros", "tracing", "windows-sys"))' -C metadata=94ccacdb00d1d530 -C extra-filename=-4600358834f6ecc0 --out-dir /opt/rustwide/target/debug/build/tokio/4600358834f6ecc0/out -L dependency=/opt/rustwide/target/debug/build/cfg-if/190c9021fd162845/out -L dependency=/opt/rustwide/target/debug/build/errno/2bdd740d2be47fdb/out -L dependency=/opt/rustwide/target/debug/build/libc/16836f44866b8b3d/out -L dependency=/opt/rustwide/target/debug/build/lock_api/b47e4fe57039b3cf/out -L dependency=/opt/rustwide/target/debug/build/parking_lot_core/797bb12e41892138/out -L dependency=/opt/rustwide/target/debug/build/scopeguard/e7d227cb308b3799/out -L dependency=/opt/rustwide/target/debug/build/smallvec/3fa8e7f1993d4002/out --extern bytes=/opt/rustwide/target/debug/build/bytes/c38626212d5d479c/out/libbytes-c38626212d5d479c.rmeta --extern libc=/opt/rustwide/target/debug/build/libc/16836f44866b8b3d/out/liblibc-16836f44866b8b3d.rmeta --extern mio=/opt/rustwide/target/debug/build/mio/1a4ca9584ecec01f/out/libmio-1a4ca9584ecec01f.rmeta --extern parking_lot=/opt/rustwide/target/debug/build/parking_lot/fc7fd88f8429e47d/out/libparking_lot-fc7fd88f8429e47d.rmeta --extern pin_project_lite=/opt/rustwide/target/debug/build/pin-project-lite/7176d3be2b7ee2e1/out/libpin_project_lite-7176d3be2b7ee2e1.rmeta --extern signal_hook_registry=/opt/rustwide/target/debug/build/signal-hook-registry/157c2e8046536c9a/out/libsignal_hook_registry-157c2e8046536c9a.rmeta --extern socket2=/opt/rustwide/target/debug/build/socket2/40c047aad9f25ab0/out/libsocket2-40c047aad9f25ab0.rmeta --extern tokio_macros=/opt/rustwide/target/debug/build/tokio-macros/c806c5ddbf4a8e27/out/libtokio_macros-c806c5ddbf4a8e27.so --cap-lints allow --cap-lints=forbid --force-warn=unused_crate_dependencies` (signal: 9, SIGKILL: kill)
[INFO] [stderr] warning: build failed, waiting for other jobs to finish...
[INFO] [stderr] warning: tree-sitter-c-sharp@0.23.5: cc: fatal error: Killed signal terminated program cc1
[INFO] [stderr] warning: tree-sitter-c-sharp@0.23.5: compilation terminated.
[INFO] [stderr] warning: tree-sitter-c-sharp@0.23.5: ToolExecError: command did not execute successfully (status code exit status: 1): LC_ALL="C" "cc" "-O0" "-ffunction-sections" "-fdata-sections" "-fPIC" "-g" "-gdwarf-4" "-fno-omit-frame-pointer" "-m64" "-std=c11" "-I" "src" "-Wall" "-Wextra" "-o" "/opt/rustwide/target/debug/build/tree-sitter-c-sharp/64e487a8171c037a/out/ea708c7824d36062-parser.o" "-c" "src/parser.c"cargo:warning=In file included from src/scanner.c:2:
[INFO] [stderr] warning: tree-sitter-c-sharp@0.23.5: src/scanner.c: In function 'tree_sitter_c_sharp_external_scanner_scan':
[INFO] [stderr] warning: tree-sitter-c-sharp@0.23.5: src/tree_sitter/array.h:127:42: warning: value computed is not used [-Wunused-value]
[INFO] [stderr] warning: tree-sitter-c-sharp@0.23.5:   127 | #define array_pop(self) ((self)->contents[--(self)->size])
[INFO] [stderr] warning: tree-sitter-c-sharp@0.23.5:       |                         ~~~~~~~~~~~~~~~~~^~~~~~~~~~~~~~~~~
[INFO] [stderr] warning: tree-sitter-c-sharp@0.23.5: src/scanner.c:276:13: note: in expansion of macro 'array_pop'
[INFO] [stderr] warning: tree-sitter-c-sharp@0.23.5:   276 |             array_pop(&scanner->interpolation_stack);
[INFO] [stderr] warning: tree-sitter-c-sharp@0.23.5:       |             ^~~~~~~~~
[INFO] [stderr] error: failed to run custom build command for `tree-sitter-c-sharp v0.23.5`
[INFO] [stderr] note: To improve backtraces for build dependencies, set the CARGO_PROFILE_DEV_BUILD_OVERRIDE_DEBUG=true environment variable to enable debug information generation.
[INFO] [stderr] 
[INFO] [stderr] Caused by:
[INFO] [stderr]   process didn't exit successfully: `/opt/rustwide/target/debug/build/tree-sitter-c-sharp/087037ef8ada87d5/out/build_script_build` (exit status: 1)
[INFO] [stderr]   --- stdout
[INFO] [stderr]   cargo:rerun-if-changed=src/parser.c
[INFO] [stderr]   cargo:rerun-if-changed=src/scanner.c
[INFO] [stderr]   cargo:rerun-if-env-changed=CC_FORCE_DISABLE
[INFO] [stderr]   CC_FORCE_DISABLE = None
[INFO] [stderr]   cargo:rerun-if-env-changed=CC_x86_64-unknown-linux-gnu
[INFO] [stderr]   CC_x86_64-unknown-linux-gnu = None
[INFO] [stderr]   cargo:rerun-if-env-changed=CC_x86_64_unknown_linux_gnu
[INFO] [stderr]   CC_x86_64_unknown_linux_gnu = None
[INFO] [stderr]   cargo:rerun-if-env-changed=HOST_CC
[INFO] [stderr]   HOST_CC = None
[INFO] [stderr]   cargo:rerun-if-env-changed=CC
[INFO] [stderr]   CC = None
[INFO] [stderr]   cargo:rerun-if-env-changed=CC_ENABLE_DEBUG_OUTPUT
[INFO] [stderr]   cargo:rerun-if-env-changed=CRATE_CC_NO_DEFAULTS
[INFO] [stderr]   CRATE_CC_NO_DEFAULTS = None
[INFO] [stderr]   cargo:rerun-if-env-changed=CFLAGS
[INFO] [stderr]   CFLAGS = None
[INFO] [stderr]   cargo:rerun-if-env-changed=HOST_CFLAGS
[INFO] [stderr]   HOST_CFLAGS = None
[INFO] [stderr]   cargo:rerun-if-env-changed=CFLAGS_x86_64_unknown_linux_gnu
[INFO] [stderr]   CFLAGS_x86_64_unknown_linux_gnu = None
[INFO] [stderr]   cargo:rerun-if-env-changed=CFLAGS_x86_64-unknown-linux-gnu
[INFO] [stderr]   CFLAGS_x86_64-unknown-linux-gnu = None
[INFO] [stderr]   cargo:rerun-if-env-changed=CC_x86_64-unknown-linux-gnu
[INFO] [stderr]   CC_x86_64-unknown-linux-gnu = None
[INFO] [stderr]   cargo:rerun-if-env-changed=CC_x86_64_unknown_linux_gnu
[INFO] [stderr]   CC_x86_64_unknown_linux_gnu = None
[INFO] [stderr]   cargo:rerun-if-env-changed=HOST_CC
[INFO] [stderr]   HOST_CC = None
[INFO] [stderr]   cargo:rerun-if-env-changed=CC
[INFO] [stderr]   CC = None
[INFO] [stderr]   cargo:rerun-if-env-changed=CRATE_CC_NO_DEFAULTS
[INFO] [stderr]   CRATE_CC_NO_DEFAULTS = None
[INFO] [stderr]   cargo:rerun-if-env-changed=CFLAGS
[INFO] [stderr]   CFLAGS = None
[INFO] [stderr]   cargo:rerun-if-env-changed=HOST_CFLAGS
[INFO] [stderr]   HOST_CFLAGS = None
[INFO] [stderr]   cargo:rerun-if-env-changed=CFLAGS_x86_64_unknown_linux_gnu
[INFO] [stderr]   CFLAGS_x86_64_unknown_linux_gnu = None
[INFO] [stderr]   cargo:rerun-if-env-changed=CFLAGS_x86_64-unknown-linux-gnu
[INFO] [stderr]   CFLAGS_x86_64-unknown-linux-gnu = None
[INFO] [stderr]   cargo:warning=cc: fatal error: Killed signal terminated program cc1
[INFO] [stderr]   cargo:warning=compilation terminated.
[INFO] [stderr]   exit status: 1
[INFO] [stderr]   cargo:warning=ToolExecError: command did not execute successfully (status code exit status: 1): LC_ALL="C" "cc" "-O0" "-ffunction-sections" "-fdata-sections" "-fPIC" "-g" "-gdwarf-4" "-fno-omit-frame-pointer" "-m64" "-std=c11" "-I" "src" "-Wall" "-Wextra" "-o" "/opt/rustwide/target/debug/build/tree-sitter-c-sharp/64e487a8171c037a/out/ea708c7824d36062-parser.o" "-c" "src/parser.c"cargo:warning=In file included from src/scanner.c:2:
[INFO] [stderr]   cargo:warning=src/scanner.c: In function 'tree_sitter_c_sharp_external_scanner_scan':
[INFO] [stderr]   cargo:warning=src/tree_sitter/array.h:127:42: warning: value computed is not used [-Wunused-value]
[INFO] [stderr]   cargo:warning=  127 | #define array_pop(self) ((self)->contents[--(self)->size])
[INFO] [stderr]   cargo:warning=      |                         ~~~~~~~~~~~~~~~~~^~~~~~~~~~~~~~~~~
[INFO] [stderr]   cargo:warning=src/scanner.c:276:13: note: in expansion of macro 'array_pop'
[INFO] [stderr]   cargo:warning=  276 |             array_pop(&scanner->interpolation_stack);
[INFO] [stderr]   cargo:warning=      |             ^~~~~~~~~
[INFO] [stderr] 
[INFO] [stderr]   exit status: 0
[INFO] [stderr] 
[INFO] [stderr]   --- stderr
[INFO] [stderr] 
[INFO] [stderr] 
[INFO] [stderr]   error occurred in cc-rs: command did not execute successfully (status code exit status: 1): LC_ALL="C" "cc" "-O0" "-ffunction-sections" "-fdata-sections" "-fPIC" "-g" "-gdwarf-4" "-fno-omit-frame-pointer" "-m64" "-std=c11" "-I" "src" "-Wall" "-Wextra" "-o" "/opt/rustwide/target/debug/build/tree-sitter-c-sharp/64e487a8171c037a/out/ea708c7824d36062-parser.o" "-c" "src/parser.c"
[INFO] [stderr] 
[INFO] [stderr] 
[INFO] [stderr] warning: codebook-tree-sitter-latex@0.6.1: In file included from src/parser.c:3:
[INFO] [stderr] warning: codebook-tree-sitter-latex@0.6.1: src/parser.c: In function 'ts_lex_keywords':
[INFO] [stderr] warning: codebook-tree-sitter-latex@0.6.1: src/tree_sitter/parser.h:189:3: warning: label 'next_state' defined but not used [-Wunused-label]
[INFO] [stderr] warning: codebook-tree-sitter-latex@0.6.1:   189 |   next_state:                   \
[INFO] [stderr] warning: codebook-tree-sitter-latex@0.6.1:       |   ^~~~~~~~~~
[INFO] [stderr] warning: codebook-tree-sitter-latex@0.6.1: src/parser.c:24396:3: note: in expansion of macro 'START_LEXER'
[INFO] [stderr] warning: codebook-tree-sitter-latex@0.6.1: 24396 |   START_LEXER();
[INFO] [stderr] warning: codebook-tree-sitter-latex@0.6.1:       |   ^~~~~~~~~~~
[INFO] [stderr] warning: codebook-tree-sitter-latex@0.6.1: src/tree_sitter/parser.h:187:11: warning: variable 'lookahead' set but not used [-Wunused-but-set-variable]
[INFO] [stderr] warning: codebook-tree-sitter-latex@0.6.1:   187 |   int32_t lookahead;            \
[INFO] [stderr] warning: codebook-tree-sitter-latex@0.6.1:       |           ^~~~~~~~~
[INFO] [stderr] warning: codebook-tree-sitter-latex@0.6.1: src/parser.c:24396:3: note: in expansion of macro 'START_LEXER'
[INFO] [stderr] warning: codebook-tree-sitter-latex@0.6.1: 24396 |   START_LEXER();
[INFO] [stderr] warning: codebook-tree-sitter-latex@0.6.1:       |   ^~~~~~~~~~~
[INFO] [stderr] warning: codebook-tree-sitter-latex@0.6.1: cc: fatal error: Killed signal terminated program cc1
[INFO] [stderr] warning: codebook-tree-sitter-latex@0.6.1: compilation terminated.
[INFO] [stderr] warning: codebook-tree-sitter-latex@0.6.1: ToolExecError: command did not execute successfully (status code exit status: 1): LC_ALL="C" "cc" "-O0" "-ffunction-sections" "-fdata-sections" "-fPIC" "-g" "-gdwarf-4" "-fno-omit-frame-pointer" "-m64" "-std=c11" "-I" "src" "-Wall" "-Wextra" "-o" "/opt/rustwide/target/debug/build/codebook-tree-sitter-latex/d86051bb3e95f3f9/out/ea708c7824d36062-parser.o" "-c" "src/parser.c"cargo:warning=src/scanner.c: In function 'tree_sitter_latex_external_scanner_destroy':
[INFO] [stderr] warning: codebook-tree-sitter-latex@0.6.1: src/scanner.c:86:55: warning: unused parameter 'payload' [-Wunused-parameter]
[INFO] [stderr] warning: codebook-tree-sitter-latex@0.6.1:    86 | void tree_sitter_latex_external_scanner_destroy(void *payload) {}
[INFO] [stderr] warning: codebook-tree-sitter-latex@0.6.1:       |                                                 ~~~~~~^~~~~~~
[INFO] [stderr] warning: codebook-tree-sitter-latex@0.6.1: src/scanner.c: In function 'tree_sitter_latex_external_scanner_serialize':
[INFO] [stderr] warning: codebook-tree-sitter-latex@0.6.1: src/scanner.c:88:61: warning: unused parameter 'payload' [-Wunused-parameter]
[INFO] [stderr] warning: codebook-tree-sitter-latex@0.6.1:    88 | unsigned tree_sitter_latex_external_scanner_serialize(void *payload,
[INFO] [stderr] warning: codebook-tree-sitter-latex@0.6.1:       |                                                       ~~~~~~^~~~~~~
[INFO] [stderr] warning: codebook-tree-sitter-latex@0.6.1: src/scanner.c:89:61: warning: unused parameter 'buffer' [-Wunused-parameter]
[INFO] [stderr] warning: codebook-tree-sitter-latex@0.6.1:    89 |                                                       char *buffer) {
[INFO] [stderr] warning: codebook-tree-sitter-latex@0.6.1:       |                                                       ~~~~~~^~~~~~
[INFO] [stderr] warning: codebook-tree-sitter-latex@0.6.1: src/scanner.c: In function 'tree_sitter_latex_external_scanner_deserialize':
[INFO] [stderr] warning: codebook-tree-sitter-latex@0.6.1: src/scanner.c:93:59: warning: unused parameter 'payload' [-Wunused-parameter]
[INFO] [stderr] warning: codebook-tree-sitter-latex@0.6.1:    93 | void tree_sitter_latex_external_scanner_deserialize(void *payload,
[INFO] [stderr] warning: codebook-tree-sitter-latex@0.6.1:       |                                                     ~~~~~~^~~~~~~
[INFO] [stderr] warning: codebook-tree-sitter-latex@0.6.1: src/scanner.c:94:65: warning: unused parameter 'buffer' [-Wunused-parameter]
[INFO] [stderr] warning: codebook-tree-sitter-latex@0.6.1:    94 |                                                     const char *buffer,
[INFO] [stderr] warning: codebook-tree-sitter-latex@0.6.1:       |                                                     ~~~~~~~~~~~~^~~~~~
[INFO] [stderr] warning: codebook-tree-sitter-latex@0.6.1: src/scanner.c:95:62: warning: unused parameter 'length' [-Wunused-parameter]
[INFO] [stderr] warning: codebook-tree-sitter-latex@0.6.1:    95 |                                                     unsigned length) {}
[INFO] [stderr] warning: codebook-tree-sitter-latex@0.6.1:       |                                                     ~~~~~~~~~^~~~~~
[INFO] [stderr] warning: codebook-tree-sitter-latex@0.6.1: src/scanner.c: In function 'tree_sitter_latex_external_scanner_scan':
[INFO] [stderr] warning: codebook-tree-sitter-latex@0.6.1: src/scanner.c:97:52: warning: unused parameter 'payload' [-Wunused-parameter]
[INFO] [stderr] warning: codebook-tree-sitter-latex@0.6.1:    97 | bool tree_sitter_latex_external_scanner_scan(void *payload, TSLexer *lexer,
[INFO] [stderr] warning: codebook-tree-sitter-latex@0.6.1:       |                                              ~~~~~~^~~~~~~
[INFO] [stderr] error: failed to run custom build command for `codebook-tree-sitter-latex v0.6.1`
[INFO] [stderr] note: To improve backtraces for build dependencies, set the CARGO_PROFILE_DEV_BUILD_OVERRIDE_DEBUG=true environment variable to enable debug information generation.
[INFO] [stderr] 
[INFO] [stderr] Caused by:
[INFO] [stderr]   process didn't exit successfully: `/opt/rustwide/target/debug/build/codebook-tree-sitter-latex/26e2d69b5a751c96/out/build_script_build` (exit status: 1)
[INFO] [stderr]   --- stdout
[INFO] [stderr]   cargo:rerun-if-changed=src/parser.c
[INFO] [stderr]   cargo:rerun-if-changed=src/scanner.c
[INFO] [stderr]   cargo:rerun-if-env-changed=CC_FORCE_DISABLE
[INFO] [stderr]   CC_FORCE_DISABLE = None
[INFO] [stderr]   cargo:rerun-if-env-changed=CC_x86_64-unknown-linux-gnu
[INFO] [stderr]   CC_x86_64-unknown-linux-gnu = None
[INFO] [stderr]   cargo:rerun-if-env-changed=CC_x86_64_unknown_linux_gnu
[INFO] [stderr]   CC_x86_64_unknown_linux_gnu = None
[INFO] [stderr]   cargo:rerun-if-env-changed=HOST_CC
[INFO] [stderr]   HOST_CC = None
[INFO] [stderr]   cargo:rerun-if-env-changed=CC
[INFO] [stderr]   CC = None
[INFO] [stderr]   cargo:rerun-if-env-changed=CC_ENABLE_DEBUG_OUTPUT
[INFO] [stderr]   cargo:rerun-if-env-changed=CRATE_CC_NO_DEFAULTS
[INFO] [stderr]   CRATE_CC_NO_DEFAULTS = None
[INFO] [stderr]   cargo:rerun-if-env-changed=CFLAGS
[INFO] [stderr]   CFLAGS = None
[INFO] [stderr]   cargo:rerun-if-env-changed=HOST_CFLAGS
[INFO] [stderr]   HOST_CFLAGS = None
[INFO] [stderr]   cargo:rerun-if-env-changed=CFLAGS_x86_64_unknown_linux_gnu
[INFO] [stderr]   CFLAGS_x86_64_unknown_linux_gnu = None
[INFO] [stderr]   cargo:rerun-if-env-changed=CFLAGS_x86_64-unknown-linux-gnu
[INFO] [stderr]   CFLAGS_x86_64-unknown-linux-gnu = None
[INFO] [stderr]   cargo:rerun-if-env-changed=CC_x86_64-unknown-linux-gnu
[INFO] [stderr]   CC_x86_64-unknown-linux-gnu = None
[INFO] [stderr]   cargo:rerun-if-env-changed=CC_x86_64_unknown_linux_gnu
[INFO] [stderr]   CC_x86_64_unknown_linux_gnu = None
[INFO] [stderr]   cargo:rerun-if-env-changed=HOST_CC
[INFO] [stderr]   HOST_CC = None
[INFO] [stderr]   cargo:rerun-if-env-changed=CC
[INFO] [stderr]   CC = None
[INFO] [stderr]   cargo:rerun-if-env-changed=CRATE_CC_NO_DEFAULTS
[INFO] [stderr]   CRATE_CC_NO_DEFAULTS = None
[INFO] [stderr]   cargo:rerun-if-env-changed=CFLAGS
[INFO] [stderr]   CFLAGS = None
[INFO] [stderr]   cargo:rerun-if-env-changed=HOST_CFLAGS
[INFO] [stderr]   HOST_CFLAGS = None
[INFO] [stderr]   cargo:rerun-if-env-changed=CFLAGS_x86_64_unknown_linux_gnu
[INFO] [stderr]   CFLAGS_x86_64_unknown_linux_gnu = None
[INFO] [stderr]   cargo:rerun-if-env-changed=CFLAGS_x86_64-unknown-linux-gnu
[INFO] [stderr]   CFLAGS_x86_64-unknown-linux-gnu = None
[INFO] [stderr]   cargo:warning=In file included from src/parser.c:3:
[INFO] [stderr]   cargo:warning=src/parser.c: In function 'ts_lex_keywords':
[INFO] [stderr]   cargo:warning=src/tree_sitter/parser.h:189:3: warning: label 'next_state' defined but not used [-Wunused-label]
[INFO] [stderr]   cargo:warning=  189 |   next_state:                   \
[INFO] [stderr]   cargo:warning=      |   ^~~~~~~~~~
[INFO] [stderr]   cargo:warning=src/parser.c:24396:3: note: in expansion of macro 'START_LEXER'
[INFO] [stderr]   cargo:warning=24396 |   START_LEXER();
[INFO] [stderr]   cargo:warning=      |   ^~~~~~~~~~~
[INFO] [stderr]   cargo:warning=src/tree_sitter/parser.h:187:11: warning: variable 'lookahead' set but not used [-Wunused-but-set-variable]
[INFO] [stderr]   cargo:warning=  187 |   int32_t lookahead;            \
[INFO] [stderr]   cargo:warning=      |           ^~~~~~~~~
[INFO] [stderr]   cargo:warning=src/parser.c:24396:3: note: in expansion of macro 'START_LEXER'
[INFO] [stderr]   cargo:warning=24396 |   START_LEXER();
[INFO] [stderr]   cargo:warning=      |   ^~~~~~~~~~~
[INFO] [stderr]   cargo:warning=cc: fatal error: Killed signal terminated program cc1
[INFO] [stderr]   cargo:warning=compilation terminated.
[INFO] [stderr]   exit status: 1
[INFO] [stderr]   cargo:warning=ToolExecError: command did not execute successfully (status code exit status: 1): LC_ALL="C" "cc" "-O0" "-ffunction-sections" "-fdata-sections" "-fPIC" "-g" "-gdwarf-4" "-fno-omit-frame-pointer" "-m64" "-std=c11" "-I" "src" "-Wall" "-Wextra" "-o" "/opt/rustwide/target/debug/build/codebook-tree-sitter-latex/d86051bb3e95f3f9/out/ea708c7824d36062-parser.o" "-c" "src/parser.c"cargo:warning=src/scanner.c: In function 'tree_sitter_latex_external_scanner_destroy':
[INFO] [stderr]   cargo:warning=src/scanner.c:86:55: warning: unused parameter 'payload' [-Wunused-parameter]
[INFO] [stderr]   cargo:warning=   86 | void tree_sitter_latex_external_scanner_destroy(void *payload) {}
[INFO] [stderr]   cargo:warning=      |                                                 ~~~~~~^~~~~~~
[INFO] [stderr]   cargo:warning=src/scanner.c: In function 'tree_sitter_latex_external_scanner_serialize':
[INFO] [stderr]   cargo:warning=src/scanner.c:88:61: warning: unused parameter 'payload' [-Wunused-parameter]
[INFO] [stderr]   cargo:warning=   88 | unsigned tree_sitter_latex_external_scanner_serialize(void *payload,
[INFO] [stderr]   cargo:warning=      |                                                       ~~~~~~^~~~~~~
[INFO] [stderr]   cargo:warning=src/scanner.c:89:61: warning: unused parameter 'buffer' [-Wunused-parameter]
[INFO] [stderr]   cargo:warning=   89 |                                                       char *buffer) {
[INFO] [stderr]   cargo:warning=      |                                                       ~~~~~~^~~~~~
[INFO] [stderr]   cargo:warning=src/scanner.c: In function 'tree_sitter_latex_external_scanner_deserialize':
[INFO] [stderr]   cargo:warning=src/scanner.c:93:59: warning: unused parameter 'payload' [-Wunused-parameter]
[INFO] [stderr]   cargo:warning=   93 | void tree_sitter_latex_external_scanner_deserialize(void *payload,
[INFO] [stderr]   cargo:warning=      |                                                     ~~~~~~^~~~~~~
[INFO] [stderr]   cargo:warning=src/scanner.c:94:65: warning: unused parameter 'buffer' [-Wunused-parameter]
[INFO] [stderr]   cargo:warning=   94 |                                                     const char *buffer,
[INFO] [stderr]   cargo:warning=      |                                                     ~~~~~~~~~~~~^~~~~~
[INFO] [stderr]   cargo:warning=src/scanner.c:95:62: warning: unused parameter 'length' [-Wunused-parameter]
[INFO] [stderr]   cargo:warning=   95 |                                                     unsigned length) {}
[INFO] [stderr]   cargo:warning=      |                                                     ~~~~~~~~~^~~~~~
[INFO] [stderr]   cargo:warning=src/scanner.c: In function 'tree_sitter_latex_external_scanner_scan':
[INFO] [stderr]   cargo:warning=src/scanner.c:97:52: warning: unused parameter 'payload' [-Wunused-parameter]
[INFO] [stderr]   cargo:warning=   97 | bool tree_sitter_latex_external_scanner_scan(void *payload, TSLexer *lexer,
[INFO] [stderr]   cargo:warning=      |                                              ~~~~~~^~~~~~~
[INFO] [stderr] 
[INFO] [stderr]   exit status: 0
[INFO] [stderr] 
[INFO] [stderr]   --- stderr
[INFO] [stderr] 
[INFO] [stderr] 
[INFO] [stderr]   error occurred in cc-rs: command did not execute successfully (status code exit status: 1): LC_ALL="C" "cc" "-O0" "-ffunction-sections" "-fdata-sections" "-fPIC" "-g" "-gdwarf-4" "-fno-omit-frame-pointer" "-m64" "-std=c11" "-I" "src" "-Wall" "-Wextra" "-o" "/opt/rustwide/target/debug/build/codebook-tree-sitter-latex/d86051bb3e95f3f9/out/ea708c7824d36062-parser.o" "-c" "src/parser.c"
[INFO] [stderr] 
[INFO] [stderr] 
[INFO] running `Command { std: "docker" "inspect" "150e077aea8675b5d466a5417ddaf2acd1355ef33d8f2235c4688f4807c50c7f", kill_on_drop: false }`
[INFO] running `Command { std: "docker" "rm" "-f" "150e077aea8675b5d466a5417ddaf2acd1355ef33d8f2235c4688f4807c50c7f", kill_on_drop: false }`
[INFO] [stdout] 150e077aea8675b5d466a5417ddaf2acd1355ef33d8f2235c4688f4807c50c7f
