[INFO] cloning repository https://github.com/kylebarron/geoarrow-rs
[INFO] running `Command { std: "git" "-c" "credential.helper=" "-c" "credential.helper=/workspace/cargo-home/bin/git-credential-null" "clone" "--bare" "https://github.com/kylebarron/geoarrow-rs" "/workspace/cache/git-repos/https%3A%2F%2Fgithub.com%2Fkylebarron%2Fgeoarrow-rs", kill_on_drop: false }`
[INFO] [stderr] Cloning into bare repository '/workspace/cache/git-repos/https%3A%2F%2Fgithub.com%2Fkylebarron%2Fgeoarrow-rs'...
[INFO] running `Command { std: "git" "rev-parse" "HEAD", kill_on_drop: false }`
[INFO] [stdout] 02985efd113aa5d5678a9eecbed1551a00bbc7f4
[INFO] checking kylebarron/geoarrow-rs/02985efd113aa5d5678a9eecbed1551a00bbc7f4 against 7211ea594cbf137ef6118b1752b959dea7cb9088 for pr-164148-crater-rollup
[INFO] running `Command { std: "git" "clone" "/workspace/cache/git-repos/https%3A%2F%2Fgithub.com%2Fkylebarron%2Fgeoarrow-rs" "/workspace/builds/worker-6-tc1/source", kill_on_drop: false }`
[INFO] [stderr] Cloning into '/workspace/builds/worker-6-tc1/source'...
[INFO] [stderr] done.
[INFO] started tweaking git repo https://github.com/kylebarron/geoarrow-rs
[INFO] finished tweaking git repo https://github.com/kylebarron/geoarrow-rs
[INFO] tweaked toml for git repo https://github.com/kylebarron/geoarrow-rs written to /workspace/builds/worker-6-tc1/source/Cargo.toml
[INFO] validating manifest of git repo https://github.com/kylebarron/geoarrow-rs on toolchain 7211ea594cbf137ef6118b1752b959dea7cb9088
[INFO] running `Command { std: CARGO_HOME="/workspace/cargo-home" RUSTUP_HOME="/workspace/rustup-home" "/workspace/cargo-home/bin/cargo" "+7211ea594cbf137ef6118b1752b959dea7cb9088" "metadata" "--manifest-path" "Cargo.toml" "--no-deps", kill_on_drop: false }`
[INFO] crate git repo https://github.com/kylebarron/geoarrow-rs already has a lockfile, it will not be regenerated
[INFO] running `Command { std: CARGO_HOME="/workspace/cargo-home" RUSTUP_HOME="/workspace/rustup-home" "/workspace/cargo-home/bin/cargo" "+7211ea594cbf137ef6118b1752b959dea7cb9088" "fetch" "--manifest-path" "Cargo.toml", kill_on_drop: false }`
[INFO] [stderr] warning: unused workspace dependency `approx`
[INFO] [stderr]  --> Cargo.toml:7:1
[INFO] [stderr]   |
[INFO] [stderr] 7 | approx = "0.5.1"
[INFO] [stderr]   | ^^^^^^
[INFO] [stderr]   |
[INFO] [stderr]   = note: `cargo::unused_workspace_dependencies` is set to `warn` by default
[INFO] [stderr] help: consider removing the workspace dependency `approx`
[INFO] [stderr] warning: unused workspace dependency `arrow-data`
[INFO] [stderr]   --> Cargo.toml:13:1
[INFO] [stderr]    |
[INFO] [stderr] 13 | arrow-data = "59"
[INFO] [stderr]    | ^^^^^^^^^^
[INFO] [stderr]    |
[INFO] [stderr] help: consider removing the workspace dependency `arrow-data`
[INFO] [stderr] warning: unused workspace dependency `arrow-ipc`
[INFO] [stderr]   --> Cargo.toml:14:1
[INFO] [stderr]    |
[INFO] [stderr] 14 | arrow-ipc = "59"
[INFO] [stderr]    | ^^^^^^^^^
[INFO] [stderr]    |
[INFO] [stderr] help: consider removing the workspace dependency `arrow-ipc`
[INFO] [stderr] warning: unused workspace dependency `geoarrow-flatgeobuf`
[INFO] [stderr]   --> Cargo.toml:64:25
[INFO] [stderr]    |
[INFO] [stderr] 64 | [workspace.dependencies.geoarrow-flatgeobuf]
[INFO] [stderr]    |                         ^^^^^^^^^^^^^^^^^^^
[INFO] [stderr]    |
[INFO] [stderr] help: consider removing the workspace dependency `geoarrow-flatgeobuf`
[INFO] [stderr] warning: unused workspace dependency `geoarrow-geojson`
[INFO] [stderr]   --> Cargo.toml:68:25
[INFO] [stderr]    |
[INFO] [stderr] 68 | [workspace.dependencies.geoarrow-geojson]
[INFO] [stderr]    |                         ^^^^^^^^^^^^^^^^
[INFO] [stderr]    |
[INFO] [stderr] help: consider removing the workspace dependency `geoarrow-geojson`
[INFO] [stderr] warning: unused workspace dependency `geohash`
[INFO] [stderr]   --> Cargo.toml:25:1
[INFO] [stderr]    |
[INFO] [stderr] 25 | geohash = "0.13.1"
[INFO] [stderr]    | ^^^^^^^
[INFO] [stderr]    |
[INFO] [stderr] help: consider removing the workspace dependency `geohash`
[INFO] [stderr] warning: unused workspace dependency `geoparquet`
[INFO] [stderr]   --> Cargo.toml:80:25
[INFO] [stderr]    |
[INFO] [stderr] 80 | [workspace.dependencies.geoparquet]
[INFO] [stderr]    |                         ^^^^^^^^^^
[INFO] [stderr]    |
[INFO] [stderr] help: consider removing the workspace dependency `geoparquet`
[INFO] [stderr] warning: unused workspace dependency `numpy`
[INFO] [stderr]   --> Cargo.toml:30:1
[INFO] [stderr]    |
[INFO] [stderr] 30 | numpy = "0.29"
[INFO] [stderr]    | ^^^^^
[INFO] [stderr]    |
[INFO] [stderr] help: consider removing the workspace dependency `numpy`
[INFO] [stderr] warning: unused workspace dependency `pyo3-geoarrow`
[INFO] [stderr]   --> Cargo.toml:96:25
[INFO] [stderr]    |
[INFO] [stderr] 96 | [workspace.dependencies.pyo3-geoarrow]
[INFO] [stderr]    |                         ^^^^^^^^^^^^^
[INFO] [stderr]    |
[INFO] [stderr] help: consider removing the workspace dependency `pyo3-geoarrow`
[INFO] [stderr] warning: unused workspace dependency `rstar`
[INFO] [stderr]   --> Cargo.toml:34:1
[INFO] [stderr]    |
[INFO] [stderr] 34 | rstar = "0.12.2"
[INFO] [stderr]    | ^^^^^
[INFO] [stderr]    |
[INFO] [stderr] help: consider removing the workspace dependency `rstar`
[INFO] [stderr] warning: unused workspace dependency `tempfile`
[INFO] [stderr]   --> Cargo.toml:38:1
[INFO] [stderr]    |
[INFO] [stderr] 38 | tempfile = "3"
[INFO] [stderr]    | ^^^^^^^^
[INFO] [stderr]    |
[INFO] [stderr] help: consider removing the workspace dependency `tempfile`
[INFO] [stderr] warning: workspace (manifest) generated 11 warnings
[INFO] [stderr]     Updating crates.io index
[INFO] [stderr]  Downloading crates ...
[INFO] [stderr]   Downloaded pyo3-macros v0.29.0
[INFO] [stderr]   Downloaded geo-traits v0.3.0
[INFO] [stderr]   Downloaded pyo3-arrow v0.19.0
[INFO] [stderr]   Downloaded sif-itree v0.4.1
[INFO] [stderr]   Downloaded i_float v1.16.0
[INFO] [stderr]   Downloaded i_tree v0.18.0
[INFO] [stderr]   Downloaded i_key_sort v0.10.3
[INFO] [stderr]   Downloaded float_next_after v2.0.0
[INFO] [stderr]   Downloaded pyo3-build-config v0.29.0
[INFO] [stderr]   Downloaded i_shape v1.18.0
[INFO] [stderr]   Downloaded pyo3-ffi v0.29.0
[INFO] [stderr]   Downloaded numpy v0.29.0
[INFO] [stderr]   Downloaded arrow-ord v59.0.0
[INFO] [stderr]   Downloaded geographiclib-rs v0.2.7
[INFO] [stderr]   Downloaded arrow-data v59.0.0
[INFO] [stderr]   Downloaded pyo3-macros-backend v0.29.0
[INFO] [stderr]   Downloaded arrow-schema v59.0.0
[INFO] [stderr]   Downloaded arrow-arith v59.0.0
[INFO] [stderr]   Downloaded http-range-client v0.9.1
[INFO] [stderr]   Downloaded arrow-json v59.0.0
[INFO] [stderr]   Downloaded arrow-select v59.0.0
[INFO] [stderr]   Downloaded arrow-buffer v59.0.0
[INFO] [stderr]   Downloaded arrow-cast v59.0.0
[INFO] [stderr]   Downloaded wkb v0.9.2
[INFO] [stderr]   Downloaded arrow-ipc v59.0.0
[INFO] [stderr]   Downloaded wkt v0.11.1
[INFO] [stderr]   Downloaded wkt v0.14.0
[INFO] [stderr]   Downloaded zlib-rs v0.6.4
[INFO] [stderr]   Downloaded i_overlay v4.5.2
[INFO] [stderr]   Downloaded arrow-array v59.0.0
[INFO] [stderr]   Downloaded time v0.3.52
[INFO] [stderr]   Downloaded flatgeobuf v5.0.0
[INFO] [stderr]   Downloaded read-logger v0.2.0
[INFO] [stderr]   Downloaded geos-sys v2.0.9
[INFO] [stderr]   Downloaded arrow-csv v59.0.0
[INFO] [stderr]   Downloaded geo v0.33.1
[INFO] [stderr]   Downloaded spade v2.15.1
[INFO] [stderr]   Downloaded geozero v0.14.0
[INFO] [stderr]   Downloaded geos v11.1.1
[INFO] [stderr]   Downloaded parquet v59.0.0
[INFO] [stderr]   Downloaded earcut v0.4.5
[INFO] [stderr]   Downloaded pyo3 v0.29.0
[INFO] [stderr]   Downloaded geos-src v0.2.4
[INFO] running `Command { std: "docker" "create" "-v" "/var/lib/crater-agent-workspace/builds/worker-6-tc1/source:/opt/rustwide/workdir:ro,Z" "-v" "/var/lib/crater-agent-workspace/builds/worker-6-tc1/target:/opt/rustwide/target:rw,Z" "-v" "/var/lib/crater-agent-workspace/cargo-home:/opt/rustwide/cargo-home:ro,Z" "-v" "/var/lib/crater-agent-workspace/rustup-home:/opt/rustwide/rustup-home:ro,Z" "-m" "1610612736" "--network" "none" "ghcr.io/rust-lang/crates-build-env/linux@sha256:77db811e55d90add9212f6832c23229e3de5f1c1f9905e8cb07319ea15df73ac" "sleep" "infinity", kill_on_drop: false }`
[INFO] [stdout] 4b34e7f30591ced608738d88fa32fd79886213c43828d699ea54a05d7f279583
[INFO] running `Command { std: "docker" "start" "4b34e7f30591ced608738d88fa32fd79886213c43828d699ea54a05d7f279583", kill_on_drop: false }`
[INFO] running `Command { std: "docker" "inspect" "4b34e7f30591ced608738d88fa32fd79886213c43828d699ea54a05d7f279583", kill_on_drop: false }`
[INFO] running `Command { std: "docker" "exec" "-e" "SOURCE_DIR=/opt/rustwide/workdir" "-e" "CARGO_HOME=/opt/rustwide/cargo-home" "-e" "RUSTUP_HOME=/opt/rustwide/rustup-home" "-e" "CARGO_TARGET_DIR=/opt/rustwide/target" "-w" "/opt/rustwide/workdir" "--user" "0:0" "4b34e7f30591ced608738d88fa32fd79886213c43828d699ea54a05d7f279583" "/opt/rustwide/cargo-home/bin/cargo" "+7211ea594cbf137ef6118b1752b959dea7cb9088" "metadata" "--no-deps" "--format-version=1", kill_on_drop: false }`
[INFO] running `Command { std: "docker" "inspect" "4b34e7f30591ced608738d88fa32fd79886213c43828d699ea54a05d7f279583", kill_on_drop: false }`
[INFO] running `Command { std: "docker" "exec" "-e" "SOURCE_DIR=/opt/rustwide/workdir" "-e" "CARGO_HOME=/opt/rustwide/cargo-home" "-e" "RUSTUP_HOME=/opt/rustwide/rustup-home" "-e" "CARGO_TARGET_DIR=/opt/rustwide/target" "-e" "CARGO_INCREMENTAL=0" "-e" "RUST_BACKTRACE=full" "-e" "RUSTFLAGS=--cap-lints=forbid" "-e" "RUSTDOCFLAGS=--cap-lints=forbid" "-w" "/opt/rustwide/workdir" "--user" "0:0" "4b34e7f30591ced608738d88fa32fd79886213c43828d699ea54a05d7f279583" "/opt/rustwide/cargo-home/bin/cargo" "+7211ea594cbf137ef6118b1752b959dea7cb9088" "check" "--frozen" "--all" "--all-targets" "--message-format=json", kill_on_drop: false }`
[INFO] [stderr] warning: unused workspace dependency `approx`
[INFO] [stderr]  --> Cargo.toml:7:1
[INFO] [stderr]   |
[INFO] [stderr] 7 | approx = "0.5.1"
[INFO] [stderr]   | ^^^^^^
[INFO] [stderr]   |
[INFO] [stderr]   = note: `cargo::unused_workspace_dependencies` is set to `warn` by default
[INFO] [stderr] help: consider removing the workspace dependency `approx`
[INFO] [stderr] warning: unused workspace dependency `arrow-data`
[INFO] [stderr]   --> Cargo.toml:13:1
[INFO] [stderr]    |
[INFO] [stderr] 13 | arrow-data = "59"
[INFO] [stderr]    | ^^^^^^^^^^
[INFO] [stderr]    |
[INFO] [stderr] help: consider removing the workspace dependency `arrow-data`
[INFO] [stderr] warning: unused workspace dependency `arrow-ipc`
[INFO] [stderr]   --> Cargo.toml:14:1
[INFO] [stderr]    |
[INFO] [stderr] 14 | arrow-ipc = "59"
[INFO] [stderr]    | ^^^^^^^^^
[INFO] [stderr]    |
[INFO] [stderr] help: consider removing the workspace dependency `arrow-ipc`
[INFO] [stderr] warning: unused workspace dependency `geoarrow-flatgeobuf`
[INFO] [stderr]   --> Cargo.toml:64:25
[INFO] [stderr]    |
[INFO] [stderr] 64 | [workspace.dependencies.geoarrow-flatgeobuf]
[INFO] [stderr]    |                         ^^^^^^^^^^^^^^^^^^^
[INFO] [stderr]    |
[INFO] [stderr] help: consider removing the workspace dependency `geoarrow-flatgeobuf`
[INFO] [stderr] warning: unused workspace dependency `geoarrow-geojson`
[INFO] [stderr]   --> Cargo.toml:68:25
[INFO] [stderr]    |
[INFO] [stderr] 68 | [workspace.dependencies.geoarrow-geojson]
[INFO] [stderr]    |                         ^^^^^^^^^^^^^^^^
[INFO] [stderr]    |
[INFO] [stderr] help: consider removing the workspace dependency `geoarrow-geojson`
[INFO] [stderr] warning: unused workspace dependency `geohash`
[INFO] [stderr]   --> Cargo.toml:25:1
[INFO] [stderr]    |
[INFO] [stderr] 25 | geohash = "0.13.1"
[INFO] [stderr]    | ^^^^^^^
[INFO] [stderr]    |
[INFO] [stderr] help: consider removing the workspace dependency `geohash`
[INFO] [stderr] warning: unused workspace dependency `geoparquet`
[INFO] [stderr]   --> Cargo.toml:80:25
[INFO] [stderr]    |
[INFO] [stderr] 80 | [workspace.dependencies.geoparquet]
[INFO] [stderr]    |                         ^^^^^^^^^^
[INFO] [stderr]    |
[INFO] [stderr] help: consider removing the workspace dependency `geoparquet`
[INFO] [stderr] warning: unused workspace dependency `numpy`
[INFO] [stderr]   --> Cargo.toml:30:1
[INFO] [stderr]    |
[INFO] [stderr] 30 | numpy = "0.29"
[INFO] [stderr]    | ^^^^^
[INFO] [stderr]    |
[INFO] [stderr] help: consider removing the workspace dependency `numpy`
[INFO] [stderr] warning: unused workspace dependency `pyo3-geoarrow`
[INFO] [stderr]   --> Cargo.toml:96:25
[INFO] [stderr]    |
[INFO] [stderr] 96 | [workspace.dependencies.pyo3-geoarrow]
[INFO] [stderr]    |                         ^^^^^^^^^^^^^
[INFO] [stderr]    |
[INFO] [stderr] help: consider removing the workspace dependency `pyo3-geoarrow`
[INFO] [stderr] warning: unused workspace dependency `rstar`
[INFO] [stderr]   --> Cargo.toml:34:1
[INFO] [stderr]    |
[INFO] [stderr] 34 | rstar = "0.12.2"
[INFO] [stderr]    | ^^^^^
[INFO] [stderr]    |
[INFO] [stderr] help: consider removing the workspace dependency `rstar`
[INFO] [stderr] warning: unused workspace dependency `tempfile`
[INFO] [stderr]   --> Cargo.toml:38:1
[INFO] [stderr]    |
[INFO] [stderr] 38 | tempfile = "3"
[INFO] [stderr]    | ^^^^^^^^
[INFO] [stderr]    |
[INFO] [stderr] help: consider removing the workspace dependency `tempfile`
[INFO] [stderr] warning: workspace (manifest) generated 11 warnings
[INFO] [stderr]    Compiling quote v1.0.46
[INFO] [stderr]     Checking memchr v2.8.2
[INFO] [stderr]     Checking smallvec v1.15.2
[INFO] [stderr]    Compiling serde_json v1.0.150
[INFO] [stderr]    Compiling libc v0.2.186
[INFO] [stderr]     Checking bitflags v2.13.0
[INFO] [stderr]    Compiling zerocopy v0.8.52
[INFO] [stderr]     Checking bytes v1.12.0
[INFO] [stderr]    Compiling heapless v0.8.0
[INFO] [stderr]     Checking hash32 v0.3.1
[INFO] [stderr]    Compiling serde v1.0.228
[INFO] [stderr]     Checking chrono v0.4.45
[INFO] [stderr]     Checking phf_shared v0.12.1
[INFO] [stderr]     Checking rayon-core v1.13.0
[INFO] [stderr]     Checking hashbrown v0.16.1
[INFO] [stderr]     Checking robust v1.2.0
[INFO] [stderr]    Compiling chrono-tz v0.10.4
[INFO] [stderr]     Checking approx v0.5.1
[INFO] [stderr]     Checking num-bigint v0.4.6
[INFO] [stderr]     Checking num-complex v0.4.6
[INFO] [stderr]     Checking phf v0.12.1
[INFO] [stderr]     Checking lexical-util v1.0.7
[INFO] [stderr]    Compiling winnow v1.0.3
[INFO] [stderr]     Checking comfy-table v7.2.2
[INFO] [stderr]     Checking atoi v2.0.0
[INFO] [stderr]    Compiling geozero v0.14.0
[INFO] [stderr]     Checking simdutf8 v0.1.5
[INFO] [stderr]    Compiling syn v2.0.118
[INFO] [stderr]    Compiling target-lexicon v0.13.5
[INFO] [stderr]     Checking i_float v1.16.0
[INFO] [stderr]     Checking rayon v1.12.0
[INFO] [stderr]     Checking futures-channel v0.3.32
[INFO] [stderr]     Checking i_tree v0.18.0
[INFO] [stderr]     Checking i_shape v1.18.0
[INFO] [stderr]     Checking rand v0.10.1
[INFO] [stderr]     Checking lexical-write-integer v1.0.6
[INFO] [stderr]     Checking lexical-parse-integer v1.0.6
[INFO] [stderr]     Checking spade v2.15.1
[INFO] [stderr]     Checking rand_pcg v0.10.2
[INFO] [stderr]     Checking earcut v0.4.5
[INFO] [stderr]     Checking geographiclib-rs v0.2.7
[INFO] [stderr]     Checking lexical-parse-float v1.0.6
[INFO] [stderr]    Compiling matrixmultiply v0.3.10
[INFO] [stderr]     Checking lexical-write-float v1.0.6
[INFO] [stderr]     Checking sif-itree v0.4.1
[INFO] [stderr]    Compiling zstd-safe v7.2.4
[INFO] [stderr]     Checking float_next_after v2.0.0
[INFO] [stderr]    Compiling snap v1.1.1
[INFO] [stderr]     Checking form_urlencoded v1.2.2
[INFO] [stderr]     Checking flatbuffers v25.12.19
[INFO] [stderr]     Checking getrandom v0.3.4
[INFO] [stderr]     Checking aho-corasick v1.1.4
[INFO] [stderr]    Compiling pyo3-build-config v0.29.0
[INFO] [stderr]     Checking arrow-schema v59.0.0
[INFO] [stderr]    Compiling flatbuffers v24.12.23
[INFO] [stderr]    Compiling geos-sys v2.0.9
[INFO] [stderr]     Checking regex-syntax v0.8.11
[INFO] [stderr]     Checking zlib-rs v0.6.4
[INFO] [stderr]     Checking lexical-core v1.0.6
[INFO] [stderr]     Checking twox-hash v2.1.2
[INFO] [stderr]     Checking ndarray v0.17.2
[INFO] [stderr]     Checking rustix v1.1.4
[INFO] [stderr]     Checking lz4_flex v0.13.1
[INFO] [stderr]    Compiling jobserver v0.1.34
[INFO] [stderr]     Checking brotli v8.0.4
[INFO] [stderr]     Checking getrandom v0.4.3
[INFO] [stderr]    Compiling cc v1.2.65
[INFO] [stderr]     Checking csv-core v0.1.13
[INFO] [stderr]     Checking rustc-hash v2.1.2
[INFO] [stderr]     Checking fastrand v2.4.1
[INFO] [stderr]     Checking parking_lot_core v0.9.12
[INFO] [stderr]     Checking csv v1.4.0
[INFO] [stderr]    Compiling toml_parser v1.1.2+spec-1.1.0
[INFO] [stderr]    Compiling pyo3-ffi v0.29.0
[INFO] [stderr]    Compiling pyo3 v0.29.0
[INFO] [stderr]    Compiling numpy v0.29.0
[INFO] [stderr]     Checking parking_lot v0.12.5
[INFO] [stderr]     Checking http v1.4.2
[INFO] [stderr]     Checking itertools v0.14.0
[INFO] [stderr]     Checking humantime v2.3.0
[INFO] [stderr]    Compiling toml_edit v0.25.12+spec-1.1.0
[INFO] [stderr]     Checking flate2 v1.1.9
[INFO] [stderr]    Compiling cmake v0.1.58
[INFO] [stderr]     Checking i_key_sort v0.10.3
[INFO] [stderr]     Checking regex-automata v0.4.14
[INFO] [stderr]    Compiling zstd-sys v2.0.16+zstd.1.5.7
[INFO] [stderr]    Compiling link-cplusplus v1.0.12
[INFO] [stderr]    Compiling geos-src v0.2.4
[INFO] [stderr]     Checking i_overlay v4.5.2
[INFO] [stderr]    Compiling proc-macro-crate v3.5.0
[INFO] [stderr]     Checking tempfile v3.27.0
[INFO] [stderr]     Checking regex v1.12.4
[INFO] [stderr] error: could not compile `syn` (lib)
[INFO] [stderr] 
[INFO] [stderr] Caused by:
[INFO] [stderr]   process didn't exit successfully: `/opt/rustwide/rustup-home/toolchains/7211ea594cbf137ef6118b1752b959dea7cb9088/bin/rustc --crate-name syn --edition=2021 /opt/rustwide/cargo-home/registry/src/index.crates.io-1949cf8c6b5b557f/syn-2.0.118/src/lib.rs --error-format=json --json=diagnostic-rendered-ansi,artifacts,future-incompat,unused-externs-silent --crate-type lib --emit=dep-info,metadata,link -Z embed-metadata=no -C embed-bitcode=no --cfg 'feature="clone-impls"' --cfg 'feature="default"' --cfg 'feature="derive"' --cfg 'feature="extra-traits"' --cfg 'feature="fold"' --cfg 'feature="full"' --cfg 'feature="parsing"' --cfg 'feature="printing"' --cfg 'feature="proc-macro"' --cfg 'feature="visit"' --cfg 'feature="visit-mut"' --check-cfg 'cfg(docsrs,test)' --check-cfg 'cfg(feature, values("clone-impls", "default", "derive", "extra-traits", "fold", "full", "parsing", "printing", "proc-macro", "test", "visit", "visit-mut"))' -C metadata=eb49bd5d46bf93de -C extra-filename=-96e082687b56cdd9 --out-dir /opt/rustwide/target/debug/build/syn/96e082687b56cdd9/out -L dependency=/opt/rustwide/target/debug/build/proc-macro2/d4cb564e807a9cd7/out -L dependency=/opt/rustwide/target/debug/build/unicode-ident/8c98a1a0e58216a9/out --extern proc_macro2=/opt/rustwide/target/debug/build/proc-macro2/d4cb564e807a9cd7/out/libproc_macro2-d4cb564e807a9cd7.rmeta --extern quote=/opt/rustwide/target/debug/build/quote/12a774c18bdf157c/out/libquote-12a774c18bdf157c.rmeta --extern unicode_ident=/opt/rustwide/target/debug/build/unicode-ident/8c98a1a0e58216a9/out/libunicode_ident-8c98a1a0e58216a9.rmeta --cap-lints allow --cap-lints=forbid --force-warn=unused_crate_dependencies` (signal: 9, SIGKILL: kill)
[INFO] [stderr] warning: build failed, waiting for other jobs to finish...
[INFO] [stderr] error: could not compile `ndarray` (lib)
[INFO] [stderr] 
[INFO] [stderr] Caused by:
[INFO] [stderr]   process didn't exit successfully: `/opt/rustwide/rustup-home/toolchains/7211ea594cbf137ef6118b1752b959dea7cb9088/bin/rustc --crate-name ndarray --edition=2021 /opt/rustwide/cargo-home/registry/src/index.crates.io-1949cf8c6b5b557f/ndarray-0.17.2/src/lib.rs --error-format=json --json=diagnostic-rendered-ansi,artifacts,future-incompat,unused-externs-silent --crate-type lib --emit=dep-info,metadata -C embed-bitcode=no -C debuginfo=2 --cfg 'feature="default"' --cfg 'feature="std"' --check-cfg 'cfg(docsrs,test)' --check-cfg 'cfg(feature, values("approx", "blas", "default", "matrixmultiply-threading", "portable-atomic-critical-section", "rayon", "serde", "std"))' -C metadata=7060a93d5b96b0af -C extra-filename=-1eea166f3c21bee5 --out-dir /opt/rustwide/target/debug/build/ndarray/1eea166f3c21bee5/out -L dependency=/opt/rustwide/target/debug/build/libm/89e5b3015da8f563/out -L dependency=/opt/rustwide/target/debug/build/num-traits/db5824db52a73596/out -L dependency=/opt/rustwide/target/debug/build/rawpointer/1161d966db9d7afd/out --extern matrixmultiply=/opt/rustwide/target/debug/build/matrixmultiply/39d9508daba152fa/out/libmatrixmultiply-39d9508daba152fa.rmeta --extern num_complex=/opt/rustwide/target/debug/build/num-complex/52094011d82f8a6e/out/libnum_complex-52094011d82f8a6e.rmeta --extern num_integer=/opt/rustwide/target/debug/build/num-integer/9d4088e8ebbef0c3/out/libnum_integer-9d4088e8ebbef0c3.rmeta --extern num_traits=/opt/rustwide/target/debug/build/num-traits/db5824db52a73596/out/libnum_traits-db5824db52a73596.rmeta --extern rawpointer=/opt/rustwide/target/debug/build/rawpointer/1161d966db9d7afd/out/librawpointer-1161d966db9d7afd.rmeta --cap-lints allow --cap-lints=forbid --force-warn=unused_crate_dependencies` (signal: 9, SIGKILL: kill)
[INFO] [stderr] error: could not compile `chrono-tz` (lib)
[INFO] [stderr] 
[INFO] [stderr] Caused by:
[INFO] [stderr]   process didn't exit successfully: `/opt/rustwide/rustup-home/toolchains/7211ea594cbf137ef6118b1752b959dea7cb9088/bin/rustc --crate-name chrono_tz --edition=2021 /opt/rustwide/cargo-home/registry/src/index.crates.io-1949cf8c6b5b557f/chrono-tz-0.10.4/src/lib.rs --error-format=json --json=diagnostic-rendered-ansi,artifacts,future-incompat,unused-externs-silent --crate-type lib --emit=dep-info,metadata -C embed-bitcode=no -C debuginfo=2 --cfg 'feature="default"' --cfg 'feature="std"' --check-cfg 'cfg(docsrs,test)' --check-cfg 'cfg(feature, values("arbitrary", "case-insensitive", "chrono-tz-build", "default", "filter-by-regex", "serde", "std"))' -C metadata=43b8c83f442de973 -C extra-filename=-290d805cd002bbc2 --out-dir /opt/rustwide/target/debug/build/chrono-tz/290d805cd002bbc2/out -L dependency=/opt/rustwide/target/debug/build/iana-time-zone/4c741fc3ef3881f8/out -L dependency=/opt/rustwide/target/debug/build/libm/89e5b3015da8f563/out -L dependency=/opt/rustwide/target/debug/build/num-traits/db5824db52a73596/out -L dependency=/opt/rustwide/target/debug/build/phf_shared/329483547a290f91/out -L dependency=/opt/rustwide/target/debug/build/siphasher/893e00f08ec67819/out --extern chrono=/opt/rustwide/target/debug/build/chrono/ba69f5261d9809bb/out/libchrono-ba69f5261d9809bb.rmeta --extern phf=/opt/rustwide/target/debug/build/phf/be26ca6f7b91dc8f/out/libphf-be26ca6f7b91dc8f.rmeta --cap-lints allow --cap-lints=forbid --force-warn=unused_crate_dependencies` (signal: 9, SIGKILL: kill)
[INFO] [stderr] error: failed to run custom build command for `geos-src v0.2.4`
[INFO] [stderr] note: To improve backtraces for build dependencies, set the CARGO_PROFILE_DEV_BUILD_OVERRIDE_DEBUG=true environment variable to enable debug information generation.
[INFO] [stderr] 
[INFO] [stderr] Caused by:
[INFO] [stderr]   process didn't exit successfully: `/opt/rustwide/target/debug/build/geos-src/5a7da8b1c1af84e3/out/build_script_build` (exit status: 101)
[INFO] [stderr]   --- stdout
[INFO] [stderr]   cargo:rerun-if-changed=build.rs
[INFO] [stderr]   CMAKE_TOOLCHAIN_FILE_x86_64-unknown-linux-gnu = None
[INFO] [stderr]   CMAKE_TOOLCHAIN_FILE_x86_64_unknown_linux_gnu = None
[INFO] [stderr]   HOST_CMAKE_TOOLCHAIN_FILE = None
[INFO] [stderr]   CMAKE_TOOLCHAIN_FILE = None
[INFO] [stderr]   CMAKE_GENERATOR_x86_64-unknown-linux-gnu = None
[INFO] [stderr]   CMAKE_GENERATOR_x86_64_unknown_linux_gnu = None
[INFO] [stderr]   HOST_CMAKE_GENERATOR = None
[INFO] [stderr]   CMAKE_GENERATOR = None
[INFO] [stderr]   CMAKE_PREFIX_PATH_x86_64-unknown-linux-gnu = None
[INFO] [stderr]   CMAKE_PREFIX_PATH_x86_64_unknown_linux_gnu = None
[INFO] [stderr]   HOST_CMAKE_PREFIX_PATH = None
[INFO] [stderr]   CMAKE_PREFIX_PATH = None
[INFO] [stderr]   CMAKE_x86_64-unknown-linux-gnu = None
[INFO] [stderr]   CMAKE_x86_64_unknown_linux_gnu = None
[INFO] [stderr]   HOST_CMAKE = None
[INFO] [stderr]   CMAKE = None
[INFO] [stderr]   -- The C compiler identification is GNU 15.2.0
[INFO] [stderr]   -- The CXX compiler identification is GNU 15.2.0
[INFO] [stderr]   -- Detecting C compiler ABI info
[INFO] [stderr]   -- Detecting C compiler ABI info - done
[INFO] [stderr]   -- Check for working C compiler: /usr/bin/cc - skipped
[INFO] [stderr]   -- Detecting C compile features
[INFO] [stderr]   -- Detecting C compile features - done
[INFO] [stderr]   -- Detecting CXX compiler ABI info
[INFO] [stderr]   -- Detecting CXX compiler ABI info - done
[INFO] [stderr]   -- Check for working CXX compiler: /usr/bin/c++ - skipped
[INFO] [stderr]   -- Detecting CXX compile features
[INFO] [stderr]   -- Detecting CXX compile features - done
[INFO] [stderr]   -- GEOS: Version 3.14.1
[INFO] [stderr]   -- GEOS: C API Version 1.20.5
[INFO] [stderr]   -- GEOS: JTS port 1.18.0
[INFO] [stderr]   -- GEOS: Build type: Release
[INFO] [stderr]   -- GEOS: Run-time output: /opt/rustwide/target/debug/build/geos-src/2bd9a53135a3fb0f/out/build/bin
[INFO] [stderr]   -- GEOS: Archives output: /opt/rustwide/target/debug/build/geos-src/2bd9a53135a3fb0f/out/build/lib
[INFO] [stderr]   -- GEOS: Require C++17
[INFO] [stderr]   -- Looking for pow in m
[INFO] [stderr]   -- Looking for pow in m - found
[INFO] [stderr]   -- GEOS: Build geosop ON
[INFO] [stderr]   -- GEOS: Build astyle OFF
[INFO] [stderr]   -- GEOS: Configured 'dist' target
[INFO] [stderr]   -- GEOS: Configured 'distcheck' target
[INFO] [stderr]   -- Looking for fenv.h
[INFO] [stderr]   -- Looking for fenv.h - found
[INFO] [stderr]   -- Configuring done (4.2s)
[INFO] [stderr]   -- Generating done (0.8s)
[INFO] [stderr]   -- Build files have been written to: /opt/rustwide/target/debug/build/geos-src/2bd9a53135a3fb0f/out/build
[INFO] [stderr]   [  1%] Building C object src/deps/CMakeFiles/ryu.dir/ryu/d2s.c.o
[INFO] [stderr]   [  1%] Built target ryu
[INFO] [stderr]   [  1%] Building CXX object CMakeFiles/geos.dir/src/algorithm/Area.cpp.o
[INFO] [stderr]   [  2%] Building CXX object CMakeFiles/geos.dir/src/algorithm/Centroid.cpp.o
[INFO] [stderr]   [  2%] Building CXX object CMakeFiles/geos.dir/src/algorithm/Angle.cpp.o
[INFO] [stderr]   [  2%] Building CXX object CMakeFiles/geos.dir/src/algorithm/CGAlgorithmsDD.cpp.o
[INFO] [stderr]   [  2%] Building CXX object CMakeFiles/geos.dir/src/algorithm/CircularArcs.cpp.o
[INFO] [stderr]   [  2%] Building CXX object CMakeFiles/geos.dir/src/algorithm/BoundaryNodeRule.cpp.o
[INFO] [stderr]   [  2%] Building CXX object CMakeFiles/geos.dir/src/algorithm/ConvexHull.cpp.o
[INFO] [stderr]   [  2%] Building CXX object CMakeFiles/geos.dir/src/algorithm/HCoordinate.cpp.o
[INFO] [stderr]   [  2%] Building CXX object CMakeFiles/geos.dir/src/algorithm/Distance.cpp.o
[INFO] [stderr]   [  3%] Building CXX object CMakeFiles/geos.dir/src/algorithm/InteriorPointArea.cpp.o
[INFO] [stderr]   [  3%] Building CXX object CMakeFiles/geos.dir/src/algorithm/InteriorPointLine.cpp.o
[INFO] [stderr]   [  3%] Building CXX object CMakeFiles/geos.dir/src/algorithm/InteriorPointPoint.cpp.o
[INFO] [stderr]   [  4%] Building CXX object CMakeFiles/geos.dir/src/algorithm/Length.cpp.o
[INFO] [stderr]   [  4%] Building CXX object CMakeFiles/geos.dir/src/algorithm/Intersection.cpp.o
[INFO] [stderr]   [  4%] Building CXX object CMakeFiles/geos.dir/src/algorithm/LineIntersector.cpp.o
[INFO] [stderr]   [  4%] Building CXX object CMakeFiles/geos.dir/src/algorithm/MinimumAreaRectangle.cpp.o
[INFO] [stderr]   [  4%] Building CXX object CMakeFiles/geos.dir/src/algorithm/MinimumBoundingCircle.cpp.o
[INFO] [stderr]   [  4%] Building CXX object CMakeFiles/geos.dir/src/algorithm/MinimumDiameter.cpp.o
[INFO] [stderr]   [  5%] Building CXX object CMakeFiles/geos.dir/src/algorithm/NotRepresentableException.cpp.o
[INFO] [stderr]   [  5%] Building CXX object CMakeFiles/geos.dir/src/algorithm/Orientation.cpp.o
[INFO] [stderr]   [  5%] Building CXX object CMakeFiles/geos.dir/src/algorithm/PointLocation.cpp.o
[INFO] [stderr]   [  5%] Building CXX object CMakeFiles/geos.dir/src/algorithm/PointLocator.cpp.o
[INFO] [stderr]   [  6%] Building CXX object CMakeFiles/geos.dir/src/algorithm/PolygonNodeTopology.cpp.o
[INFO] [stderr]   [  6%] Building CXX object CMakeFiles/geos.dir/src/algorithm/RayCrossingCounter.cpp.o
[INFO] [stderr]   [  6%] Building CXX object CMakeFiles/geos.dir/src/algorithm/Rectangle.cpp.o
[INFO] [stderr]   [  6%] Building CXX object CMakeFiles/geos.dir/src/algorithm/RobustDeterminant.cpp.o
[INFO] [stderr]   [  6%] Building CXX object CMakeFiles/geos.dir/src/algorithm/construct/ExactMaxInscribedCircle.cpp.o
[INFO] [stderr]   [  7%] Building CXX object CMakeFiles/geos.dir/src/algorithm/construct/IndexedDistanceToPoint.cpp.o
[INFO] [stderr]   [  7%] Building CXX object CMakeFiles/geos.dir/src/algorithm/construct/IndexedPointInPolygonsLocator.cpp.o
[INFO] [stderr]   [  7%] Building CXX object CMakeFiles/geos.dir/src/algorithm/construct/LargestEmptyCircle.cpp.o
[INFO] [stderr]   [  7%] Building CXX object CMakeFiles/geos.dir/src/algorithm/construct/MaximumInscribedCircle.cpp.o
[INFO] [stderr]   [  8%] Building CXX object CMakeFiles/geos.dir/src/algorithm/distance/DiscreteFrechetDistance.cpp.o
[INFO] [stderr]   [  8%] Building CXX object CMakeFiles/geos.dir/src/algorithm/distance/DiscreteHausdorffDistance.cpp.o
[INFO] [stderr]   [  8%] Building CXX object CMakeFiles/geos.dir/src/algorithm/distance/DistanceToPoint.cpp.o
[INFO] [stderr]   [  8%] Building CXX object CMakeFiles/geos.dir/src/algorithm/hull/ConcaveHull.cpp.o
[INFO] [stderr]   [  8%] Building CXX object CMakeFiles/geos.dir/src/algorithm/hull/ConcaveHullOfPolygons.cpp.o
[INFO] [stderr]   [  9%] Building CXX object CMakeFiles/geos.dir/src/algorithm/hull/HullTri.cpp.o
[INFO] [stderr]   [  9%] Building CXX object CMakeFiles/geos.dir/src/algorithm/hull/HullTriangulation.cpp.o
[INFO] [stderr]   [  9%] Building CXX object CMakeFiles/geos.dir/src/algorithm/hull/OuterShellsExtracter.cpp.o
[INFO] [stderr] 
[INFO] [stderr]   --- stderr
[INFO] [stderr]   running: cd "/opt/rustwide/target/debug/build/geos-src/2bd9a53135a3fb0f/out/build" && CMAKE_PREFIX_PATH="" LC_ALL="C" "cmake" "/opt/rustwide/cargo-home/registry/src/index.crates.io-1949cf8c6b5b557f/geos-src-0.2.4/source" "-B" "/opt/rustwide/target/debug/build/geos-src/2bd9a53135a3fb0f/out/build" "-DBUILD_BENCHMARKS=OFF" "-DBUILD_TESTING=OFF" "-DGEOS_ENABLE_TESTS=OFF" "-DBUILD_DOCUMENTATION=OFF" "-DCMAKE_INSTALL_LIBDIR=lib" "-DBUILD_SHARED_LIBS=OFF" "-DGEOS_BUILD_STATIC=ON" "-DGEOS_BUILD_SHARED=OFF" "-DCMAKE_INSTALL_PREFIX=/opt/rustwide/target/debug/build/geos-src/2bd9a53135a3fb0f/out" "-DCMAKE_C_FLAGS= -ffunction-sections -fdata-sections -fPIC -m64 -w" "-DCMAKE_C_COMPILER=/usr/bin/cc" "-DCMAKE_CXX_FLAGS= -ffunction-sections -fdata-sections -fPIC -m64 -w" "-DCMAKE_CXX_COMPILER=/usr/bin/c++" "-DCMAKE_ASM_FLAGS= -ffunction-sections -fdata-sections -fPIC -m64 -w" "-DCMAKE_ASM_COMPILER=/usr/bin/cc" "-DCMAKE_BUILD_TYPE=Release"
[INFO] [stderr]   CMake Warning:
[INFO] [stderr]     Manually-specified variables were not used by the project:
[INFO] [stderr] 
[INFO] [stderr]       CMAKE_ASM_COMPILER
[INFO] [stderr]       CMAKE_ASM_FLAGS
[INFO] [stderr]       GEOS_BUILD_SHARED
[INFO] [stderr]       GEOS_BUILD_STATIC
[INFO] [stderr]       GEOS_ENABLE_TESTS
[INFO] [stderr] 
[INFO] [stderr] 
[INFO] [stderr]   running: cd "/opt/rustwide/target/debug/build/geos-src/2bd9a53135a3fb0f/out/build" && LC_ALL="C" MAKEFLAGS="-j --jobserver-fds=4,5 --jobserver-auth=4,5" "cmake" "--build" "/opt/rustwide/target/debug/build/geos-src/2bd9a53135a3fb0f/out/build" "--target" "install" "--config" "Release"
[INFO] [stderr]   c++: fatal error: Killed signal terminated program cc1plus
[INFO] [stderr]   compilation terminated.
[INFO] [stderr]   gmake[2]: *** [CMakeFiles/geos.dir/build.make:275: CMakeFiles/geos.dir/src/algorithm/LineIntersector.cpp.o] Error 1
[INFO] [stderr]   gmake[2]: *** Waiting for unfinished jobs....
[INFO] [stderr]   c++: fatal error: Killed signal terminated program cc1plus
[INFO] [stderr]   compilation terminated.
[INFO] [stderr]   gmake[2]: *** [CMakeFiles/geos.dir/build.make:471: CMakeFiles/geos.dir/src/algorithm/construct/IndexedPointInPolygonsLocator.cpp.o] Error 1
[INFO] [stderr]   c++: fatal error: Killed signal terminated program cc1plus
[INFO] [stderr]   compilation terminated.
[INFO] [stderr]   gmake[2]: *** [CMakeFiles/geos.dir/build.make:415: CMakeFiles/geos.dir/src/algorithm/Rectangle.cpp.o] Error 1
[INFO] [stderr]   gmake[1]: *** [CMakeFiles/Makefile2:272: CMakeFiles/geos.dir/all] Error 2
[INFO] [stderr]   gmake: *** [Makefile:156: all] Error 2
[INFO] [stderr] 
[INFO] [stderr]   thread 'main' (914) panicked at /opt/rustwide/cargo-home/registry/src/index.crates.io-1949cf8c6b5b557f/cmake-0.1.58/src/lib.rs:1132:5:
[INFO] [stderr] 
[INFO] [stderr]   command did not execute successfully, got: exit status: 2
[INFO] [stderr] 
[INFO] [stderr]   build script failed, must exit now
[INFO] [stderr]   stack backtrace:
[INFO] [stderr]      0:     0x63a39bf98781 - std[c18826f88f1b691e]::backtrace_rs::backtrace::libunwind::trace
[INFO] [stderr]                                  at /rustc/7211ea594cbf137ef6118b1752b959dea7cb9088/library/std/src/../../backtrace/src/backtrace/libunwind.rs:117:9
[INFO] [stderr]      1:     0x63a39bf98781 - std[c18826f88f1b691e]::backtrace_rs::backtrace::trace_unsynchronized::<std[c18826f88f1b691e]::sys::backtrace::_print_fmt::{closure#1}>
[INFO] [stderr]                                  at /rustc/7211ea594cbf137ef6118b1752b959dea7cb9088/library/std/src/../../backtrace/src/backtrace/mod.rs:66:14
[INFO] [stderr]      2:     0x63a39bf98781 - std[c18826f88f1b691e]::sys::backtrace::_print_fmt
[INFO] [stderr]                                  at /rustc/7211ea594cbf137ef6118b1752b959dea7cb9088/library/std/src/sys/backtrace.rs:74:9
[INFO] [stderr]      3:     0x63a39bf98781 - <<std[c18826f88f1b691e]::sys::backtrace::BacktraceLock>::print::DisplayBacktrace as core[4bc0dc667b90ba1f]::fmt::Display>::fmt
[INFO] [stderr]                                  at /rustc/7211ea594cbf137ef6118b1752b959dea7cb9088/library/std/src/sys/backtrace.rs:44:26
[INFO] [stderr]      4:     0x63a39bfac98a - <core[4bc0dc667b90ba1f]::fmt::rt::Argument>::fmt
[INFO] [stderr]                                  at /rustc/7211ea594cbf137ef6118b1752b959dea7cb9088/library/core/src/fmt/rt.rs:152:76
[INFO] [stderr]      5:     0x63a39bfac98a - core[4bc0dc667b90ba1f]::fmt::write
[INFO] [stderr]      6:     0x63a39bf9e1dc - core[4bc0dc667b90ba1f]::io::write::default_write_fmt::<std[c18826f88f1b691e]::sys::stdio::unix::Stderr>
[INFO] [stderr]                                  at /rustc/7211ea594cbf137ef6118b1752b959dea7cb9088/library/core/src/io/write.rs:402:11
[INFO] [stderr]      7:     0x63a39bf9e1dc - <std[c18826f88f1b691e]::sys::stdio::unix::Stderr as core[4bc0dc667b90ba1f]::io::write::Write>::write_fmt
[INFO] [stderr]                                  at /rustc/7211ea594cbf137ef6118b1752b959dea7cb9088/library/core/src/io/write.rs:335:13
[INFO] [stderr]      8:     0x63a39bf77d36 - <std[c18826f88f1b691e]::sys::backtrace::BacktraceLock>::print
[INFO] [stderr]                                  at /rustc/7211ea594cbf137ef6118b1752b959dea7cb9088/library/std/src/sys/backtrace.rs:47:9
[INFO] [stderr]      9:     0x63a39bf77d36 - std[c18826f88f1b691e]::panicking::default_hook::{closure#0}
[INFO] [stderr]                                  at /rustc/7211ea594cbf137ef6118b1752b959dea7cb9088/library/std/src/panicking.rs:289:27
[INFO] [stderr]     10:     0x63a39bf93451 - std[c18826f88f1b691e]::panicking::default_hook
[INFO] [stderr]                                  at /rustc/7211ea594cbf137ef6118b1752b959dea7cb9088/library/std/src/panicking.rs:316:9
[INFO] [stderr]     11:     0x63a39bf9360b - std[c18826f88f1b691e]::panicking::panic_with_hook
[INFO] [stderr]                                  at /rustc/7211ea594cbf137ef6118b1752b959dea7cb9088/library/std/src/panicking.rs:811:13
[INFO] [stderr]     12:     0x63a39bf77de2 - std[c18826f88f1b691e]::panicking::panic_handler::{closure#0}
[INFO] [stderr]                                  at /rustc/7211ea594cbf137ef6118b1752b959dea7cb9088/library/std/src/panicking.rs:685:13
[INFO] [stderr]     13:     0x63a39bf71889 - std[c18826f88f1b691e]::sys::backtrace::__rust_end_short_backtrace::<std[c18826f88f1b691e]::panicking::panic_handler::{closure#0}, !>
[INFO] [stderr]                                  at /rustc/7211ea594cbf137ef6118b1752b959dea7cb9088/library/std/src/sys/backtrace.rs:182:18
[INFO] [stderr]     14:     0x63a39bf785cd - __rustc[87e9560f837c1f61]::rust_begin_unwind
[INFO] [stderr]                                  at /rustc/7211ea594cbf137ef6118b1752b959dea7cb9088/library/std/src/panicking.rs:676:5
[INFO] [stderr]     15:     0x63a39bfad17c - core[4bc0dc667b90ba1f]::panicking::panic_fmt
[INFO] [stderr]                                  at /rustc/7211ea594cbf137ef6118b1752b959dea7cb9088/library/core/src/panicking.rs:80:14
[INFO] [stderr]     16:     0x63a39bf01717 - cmake[45f2f7ec91cdfdcc]::fail
[INFO] [stderr]     17:     0x63a39bf013a3 - cmake[45f2f7ec91cdfdcc]::run
[INFO] [stderr]     18:     0x63a39bf07375 - <cmake[45f2f7ec91cdfdcc]::Config>::build
[INFO] [stderr]     19:     0x63a39bef3812 - build_script_build[14f078ce5cec428b]::main
[INFO] [stderr]     20:     0x63a39bef40d3 - <fn() as core[4bc0dc667b90ba1f]::ops::function::FnOnce<()>>::call_once
[INFO] [stderr]     21:     0x63a39bef359e - std[c18826f88f1b691e]::sys::backtrace::__rust_begin_short_backtrace::<fn(), ()>
[INFO] [stderr]     22:     0x63a39bef35a9 - std[c18826f88f1b691e]::rt::lang_start::<()>::{closure#0}
[INFO] [stderr]     23:     0x63a39bf92758 - <&dyn core[4bc0dc667b90ba1f]::ops::function::Fn<(), Output = i32> + core[4bc0dc667b90ba1f]::panic::unwind_safe::RefUnwindSafe + core[4bc0dc667b90ba1f]::marker::Sync as core[4bc0dc667b90ba1f]::ops::function::FnOnce<()>>::call_once
[INFO] [stderr]                                  at /rustc/7211ea594cbf137ef6118b1752b959dea7cb9088/library/core/src/ops/function.rs:287:21
[INFO] [stderr]     24:     0x63a39bf92758 - std[c18826f88f1b691e]::panicking::catch_unwind::do_call::<&dyn core[4bc0dc667b90ba1f]::ops::function::Fn<(), Output = i32> + core[4bc0dc667b90ba1f]::panic::unwind_safe::RefUnwindSafe + core[4bc0dc667b90ba1f]::marker::Sync, i32>
[INFO] [stderr]                                  at /rustc/7211ea594cbf137ef6118b1752b959dea7cb9088/library/std/src/panicking.rs:573:43
[INFO] [stderr]     25:     0x63a39bf92758 - std[c18826f88f1b691e]::panicking::catch_unwind::<i32, &dyn core[4bc0dc667b90ba1f]::ops::function::Fn<(), Output = i32> + core[4bc0dc667b90ba1f]::panic::unwind_safe::RefUnwindSafe + core[4bc0dc667b90ba1f]::marker::Sync>
[INFO] [stderr]                                  at /rustc/7211ea594cbf137ef6118b1752b959dea7cb9088/library/std/src/panicking.rs:541:19
[INFO] [stderr]     26:     0x63a39bf92758 - std[c18826f88f1b691e]::panic::catch_unwind::<&dyn core[4bc0dc667b90ba1f]::ops::function::Fn<(), Output = i32> + core[4bc0dc667b90ba1f]::panic::unwind_safe::RefUnwindSafe + core[4bc0dc667b90ba1f]::marker::Sync, i32>
[INFO] [stderr]                                  at /rustc/7211ea594cbf137ef6118b1752b959dea7cb9088/library/std/src/panic.rs:359:14
[INFO] [stderr]     27:     0x63a39bf92758 - std[c18826f88f1b691e]::rt::lang_start_internal::{closure#0}
[INFO] [stderr]                                  at /rustc/7211ea594cbf137ef6118b1752b959dea7cb9088/library/std/src/rt.rs:175:24
[INFO] [stderr]     28:     0x63a39bf92758 - std[c18826f88f1b691e]::panicking::catch_unwind::do_call::<std[c18826f88f1b691e]::rt::lang_start_internal::{closure#0}, isize>
[INFO] [stderr]                                  at /rustc/7211ea594cbf137ef6118b1752b959dea7cb9088/library/std/src/panicking.rs:573:43
[INFO] [stderr]     29:     0x63a39bf92758 - std[c18826f88f1b691e]::panicking::catch_unwind::<isize, std[c18826f88f1b691e]::rt::lang_start_internal::{closure#0}>
[INFO] [stderr]                                  at /rustc/7211ea594cbf137ef6118b1752b959dea7cb9088/library/std/src/panicking.rs:541:19
[INFO] [stderr]     30:     0x63a39bf92758 - std[c18826f88f1b691e]::panic::catch_unwind::<std[c18826f88f1b691e]::rt::lang_start_internal::{closure#0}, isize>
[INFO] [stderr]                                  at /rustc/7211ea594cbf137ef6118b1752b959dea7cb9088/library/std/src/panic.rs:359:14
[INFO] [stderr]     31:     0x63a39bf92758 - std[c18826f88f1b691e]::rt::lang_start_internal
[INFO] [stderr]                                  at /rustc/7211ea594cbf137ef6118b1752b959dea7cb9088/library/std/src/rt.rs:171:5
[INFO] [stderr]     32:     0x63a39bef3591 - std[c18826f88f1b691e]::rt::lang_start::<()>
[INFO] [stderr]     33:     0x63a39bef4145 - main
[INFO] [stderr]     34:     0x7a25b0647601 - <unknown>
[INFO] [stderr]     35:     0x7a25b0647718 - __libc_start_main
[INFO] [stderr]     36:     0x63a39bef2505 - _start
[INFO] [stderr]     37:                0x0 - <unknown>
[INFO] running `Command { std: "docker" "inspect" "4b34e7f30591ced608738d88fa32fd79886213c43828d699ea54a05d7f279583", kill_on_drop: false }`
[INFO] running `Command { std: "docker" "rm" "-f" "4b34e7f30591ced608738d88fa32fd79886213c43828d699ea54a05d7f279583", kill_on_drop: false }`
[INFO] [stdout] 4b34e7f30591ced608738d88fa32fd79886213c43828d699ea54a05d7f279583
