[INFO] cloning repository https://github.com/jaudiger/distributed-job-system-rs
[INFO] running `Command { std: "git" "-c" "credential.helper=" "-c" "credential.helper=/workspace/cargo-home/bin/git-credential-null" "clone" "--bare" "https://github.com/jaudiger/distributed-job-system-rs" "/workspace/cache/git-repos/https%3A%2F%2Fgithub.com%2Fjaudiger%2Fdistributed-job-system-rs", kill_on_drop: false }`
[INFO] [stderr] Cloning into bare repository '/workspace/cache/git-repos/https%3A%2F%2Fgithub.com%2Fjaudiger%2Fdistributed-job-system-rs'...
[INFO] running `Command { std: "git" "rev-parse" "HEAD", kill_on_drop: false }`
[INFO] [stdout] e78a8bab69045d4c3a3bc58c2d8b4dd60ab32a6e
[INFO] checking jaudiger/distributed-job-system-rs against 7211ea594cbf137ef6118b1752b959dea7cb9088 for pr-164148-crater-rollup
[INFO] running `Command { std: "git" "clone" "/workspace/cache/git-repos/https%3A%2F%2Fgithub.com%2Fjaudiger%2Fdistributed-job-system-rs" "/workspace/builds/worker-5-tc1/source", kill_on_drop: false }`
[INFO] [stderr] Cloning into '/workspace/builds/worker-5-tc1/source'...
[INFO] [stderr] done.
[INFO] started tweaking git repo https://github.com/jaudiger/distributed-job-system-rs
[INFO] finished tweaking git repo https://github.com/jaudiger/distributed-job-system-rs
[INFO] tweaked toml for git repo https://github.com/jaudiger/distributed-job-system-rs written to /workspace/builds/worker-5-tc1/source/Cargo.toml
[INFO] validating manifest of git repo https://github.com/jaudiger/distributed-job-system-rs on toolchain 7211ea594cbf137ef6118b1752b959dea7cb9088
[INFO] running `Command { std: CARGO_HOME="/workspace/cargo-home" RUSTUP_HOME="/workspace/rustup-home" "/workspace/cargo-home/bin/cargo" "+7211ea594cbf137ef6118b1752b959dea7cb9088" "metadata" "--manifest-path" "Cargo.toml" "--no-deps", kill_on_drop: false }`
[INFO] crate git repo https://github.com/jaudiger/distributed-job-system-rs already has a lockfile, it will not be regenerated
[INFO] running `Command { std: CARGO_HOME="/workspace/cargo-home" RUSTUP_HOME="/workspace/rustup-home" "/workspace/cargo-home/bin/cargo" "+7211ea594cbf137ef6118b1752b959dea7cb9088" "fetch" "--manifest-path" "Cargo.toml", kill_on_drop: false }`
[INFO] [stderr]     Updating crates.io index
[INFO] [stderr]  Downloading crates ...
[INFO] [stderr]   Downloaded evalexpr v13.1.0
[INFO] [stderr]   Downloaded opentelemetry v0.33.0
[INFO] [stderr]   Downloaded tracing-opentelemetry v0.34.0
[INFO] [stderr]   Downloaded rdkafka v0.39.0
[INFO] [stderr]   Downloaded rustc_version_runtime v0.3.0
[INFO] [stderr]   Downloaded mongodb-internal-macros v3.9.1
[INFO] [stderr]   Downloaded opentelemetry-resource-detectors v0.13.0
[INFO] [stderr]   Downloaded typed-builder v0.22.0
[INFO] [stderr]   Downloaded serde_with_macros v3.24.0
[INFO] [stderr]   Downloaded typed-builder-macro v0.22.0
[INFO] [stderr]   Downloaded opentelemetry-http v0.33.0
[INFO] [stderr]   Downloaded opentelemetry-proto v0.33.0
[INFO] [stderr]   Downloaded axum-macros v0.5.1
[INFO] [stderr]   Downloaded opentelemetry-otlp v0.33.0
[INFO] [stderr]   Downloaded opentelemetry v0.31.0
[INFO] [stderr]   Downloaded cc v1.6.0
[INFO] [stderr]   Downloaded opentelemetry-semantic-conventions v0.33.0
[INFO] [stderr]   Downloaded serde_with v3.24.0
[INFO] [stderr]   Downloaded mongocrypt v0.4.0
[INFO] [stderr]   Downloaded mongocrypt-sys v0.1.6+1.18.2
[INFO] [stderr]   Downloaded opentelemetry_sdk v0.33.0
[INFO] [stderr]   Downloaded hickory-resolver v0.26.3
[INFO] [stderr]   Downloaded mongodb v3.9.1
[INFO] [stderr]   Downloaded bson v2.15.0
[INFO] [stderr]   Downloaded zstd-sys v2.1.0+zstd.1.5.7
[INFO] [stderr]   Downloaded rdkafka-sys v4.10.0+2.12.1
[INFO] [stderr]   Downloaded hickory-proto v0.26.3
[INFO] [stderr]   Downloaded derive-where v1.7.0
[INFO] [stderr]   Downloaded bson v3.1.0
[INFO] [stderr]   Downloaded hickory-net v0.26.3
[INFO] running `Command { std: "docker" "create" "-v" "/var/lib/crater-agent-workspace/builds/worker-5-tc1/source:/opt/rustwide/workdir:ro,Z" "-v" "/var/lib/crater-agent-workspace/builds/worker-5-tc1/target:/opt/rustwide/target:rw,Z" "-v" "/var/lib/crater-agent-workspace/cargo-home:/opt/rustwide/cargo-home:ro,Z" "-v" "/var/lib/crater-agent-workspace/rustup-home:/opt/rustwide/rustup-home:ro,Z" "-m" "1610612736" "--network" "none" "ghcr.io/rust-lang/crates-build-env/linux@sha256:77db811e55d90add9212f6832c23229e3de5f1c1f9905e8cb07319ea15df73ac" "sleep" "infinity", kill_on_drop: false }`
[INFO] [stdout] 31454ebea0a860f8664b6e342679622a3234a93efc908c83ce4dcadf2f422a83
[INFO] running `Command { std: "docker" "start" "31454ebea0a860f8664b6e342679622a3234a93efc908c83ce4dcadf2f422a83", kill_on_drop: false }`
[INFO] running `Command { std: "docker" "inspect" "31454ebea0a860f8664b6e342679622a3234a93efc908c83ce4dcadf2f422a83", kill_on_drop: false }`
[INFO] running `Command { std: "docker" "exec" "-e" "SOURCE_DIR=/opt/rustwide/workdir" "-e" "CARGO_HOME=/opt/rustwide/cargo-home" "-e" "RUSTUP_HOME=/opt/rustwide/rustup-home" "-e" "CARGO_TARGET_DIR=/opt/rustwide/target" "-w" "/opt/rustwide/workdir" "--user" "0:0" "31454ebea0a860f8664b6e342679622a3234a93efc908c83ce4dcadf2f422a83" "/opt/rustwide/cargo-home/bin/cargo" "+7211ea594cbf137ef6118b1752b959dea7cb9088" "metadata" "--no-deps" "--format-version=1", kill_on_drop: false }`
[INFO] running `Command { std: "docker" "inspect" "31454ebea0a860f8664b6e342679622a3234a93efc908c83ce4dcadf2f422a83", kill_on_drop: false }`
[INFO] running `Command { std: "docker" "exec" "-e" "SOURCE_DIR=/opt/rustwide/workdir" "-e" "CARGO_HOME=/opt/rustwide/cargo-home" "-e" "RUSTUP_HOME=/opt/rustwide/rustup-home" "-e" "CARGO_TARGET_DIR=/opt/rustwide/target" "-e" "CARGO_INCREMENTAL=0" "-e" "RUST_BACKTRACE=full" "-e" "RUSTFLAGS=--cap-lints=forbid" "-e" "RUSTDOCFLAGS=--cap-lints=forbid" "-w" "/opt/rustwide/workdir" "--user" "0:0" "31454ebea0a860f8664b6e342679622a3234a93efc908c83ce4dcadf2f422a83" "/opt/rustwide/cargo-home/bin/cargo" "+7211ea594cbf137ef6118b1752b959dea7cb9088" "check" "--frozen" "--all" "--all-targets" "--message-format=json", kill_on_drop: false }`
[INFO] [stderr]    Compiling proc-macro2 v1.0.107
[INFO] [stderr]    Compiling unicode-ident v1.0.26
[INFO] [stderr]    Compiling quote v1.0.47
[INFO] [stderr]    Compiling libc v0.2.190
[INFO] [stderr]     Checking cfg-if v1.0.5
[INFO] [stderr]    Compiling portable-atomic v1.15.0
[INFO] [stderr]     Checking pin-project-lite v0.2.17
[INFO] [stderr]     Checking critical-section v1.2.0
[INFO] [stderr]     Checking futures-core v0.3.34
[INFO] [stderr]     Checking log v0.4.34
[INFO] [stderr]     Checking bytes v1.12.1
[INFO] [stderr]    Compiling serde_core v1.0.229
[INFO] [stderr]     Checking futures-sink v0.3.34
[INFO] [stderr]     Checking stable_deref_trait v1.2.1
[INFO] [stderr]     Checking memchr v2.8.3
[INFO] [stderr]     Checking smallvec v1.16.2
[INFO] [stderr]     Checking futures-io v0.3.34
[INFO] [stderr]     Checking itoa v1.0.18
[INFO] [stderr]     Checking slab v0.4.12
[INFO] [stderr]     Checking futures-task v0.3.34
[INFO] [stderr]     Checking percent-encoding v2.3.2
[INFO] [stderr]    Compiling serde v1.0.229
[INFO] [stderr]    Compiling shlex v2.0.1
[INFO] [stderr]     Checking litemap v0.8.3
[INFO] [stderr]     Checking writeable v0.6.4
[INFO] [stderr]     Checking futures-channel v0.3.34
[INFO] [stderr]    Compiling find-msvc-tools v0.1.14
[INFO] [stderr]    Compiling thiserror v2.0.21
[INFO] [stderr]    Compiling icu_properties_data v2.3.0
[INFO] [stderr]    Compiling icu_normalizer_data v2.3.0
[INFO] [stderr]     Checking utf8_iter v1.0.4
[INFO] [stderr]    Compiling getrandom v0.3.4
[INFO] [stderr]    Compiling zerocopy v0.8.62
[INFO] [stderr]     Checking form_urlencoded v1.2.2
[INFO] [stderr]     Checking tower-service v0.3.3
[INFO] [stderr]     Checking tower-layer v0.3.3
[INFO] [stderr]     Checking equivalent v1.0.2
[INFO] [stderr]    Compiling httparse v1.10.1
[INFO] [stderr]     Checking sync_wrapper v1.0.2
[INFO] [stderr]    Compiling winnow v1.0.4
[INFO] [stderr]    Compiling anyhow v1.0.104
[INFO] [stderr]    Compiling zmij v1.0.23
[INFO] [stderr]    Compiling crunchy v0.2.4
[INFO] [stderr]     Checking try-lock v0.2.5
[INFO] [stderr]    Compiling hashbrown v0.17.1
[INFO] [stderr]    Compiling pkg-config v0.3.34
[INFO] [stderr]     Checking want v0.3.2
[INFO] [stderr]     Checking rand_core v0.10.1
[INFO] [stderr]     Checking http v1.5.0
[INFO] [stderr]     Checking typenum v1.20.1
[INFO] [stderr]    Compiling toml_datetime v1.1.2+spec-1.1.0
[INFO] [stderr]    Compiling getrandom v0.4.3
[INFO] [stderr]     Checking bitflags v2.13.2
[INFO] [stderr]     Checking httpdate v1.0.3
[INFO] [stderr]    Compiling serde_json v1.0.151
[INFO] [stderr]    Compiling syn v3.0.6
[INFO] [stderr]    Compiling syn v2.0.119
[INFO] [stderr]     Checking once_cell v1.21.4
[INFO] [stderr]    Compiling tiny-keccak v2.0.2
[INFO] [stderr]     Checking atomic-waker v1.1.2
[INFO] [stderr]     Checking base64 v0.23.1
[INFO] [stderr]    Compiling either v1.19.0
[INFO] [stderr]     Checking tracing-core v0.1.36
[INFO] [stderr]    Compiling rustversion v1.0.23
[INFO] [stderr]    Compiling itertools v0.14.0
[INFO] [stderr]     Checking indexmap v2.14.2
[INFO] [stderr]     Checking http-body v1.1.0
[INFO] [stderr]     Checking http-body-util v0.1.5
[INFO] [stderr]    Compiling autocfg v1.5.1
[INFO] [stderr]     Checking regex-syntax v0.8.11
[INFO] [stderr]     Checking cpufeatures v0.3.1
[INFO] [stderr]     Checking cmov v0.5.4
[INFO] [stderr]    Compiling crc32fast v1.5.2
[INFO] [stderr]    Compiling num-traits v0.2.19
[INFO] [stderr]     Checking ctutils v0.4.3
[INFO] [stderr]    Compiling rdkafka-sys v4.10.0+2.12.1
[INFO] [stderr]     Checking lazy_static v1.5.1
[INFO] [stderr]     Checking errno v0.3.14
[INFO] [stderr]     Checking socket2 v0.6.5
[INFO] [stderr]     Checking signal-hook-registry v1.4.8
[INFO] [stderr]     Checking mio v1.2.4
[INFO] [stderr]     Checking simd-adler32 v0.3.10
[INFO] [stderr]    Compiling crossbeam-utils v0.8.23
[INFO] [stderr]     Checking adler2 v2.0.1
[INFO] [stderr]     Checking rand_core v0.9.5
[INFO] [stderr]     Checking const-oid v0.10.2
[INFO] [stderr]    Compiling jobserver v0.1.35
[INFO] [stderr]    Compiling getrandom v0.2.17
[INFO] [stderr]     Checking miniz_oxide v0.9.1
[INFO] [stderr]     Checking sharded-slab v0.1.7
[INFO] [stderr]    Compiling cc v1.6.0
[INFO] [stderr]    Compiling const-random-macro v0.1.16
[INFO] [stderr]     Checking tracing-log v0.2.0
[INFO] [stderr]     Checking thread_local v1.1.10
[INFO] [stderr]     Checking ryu v1.0.23
[INFO] [stderr]    Compiling opentelemetry-resource-detectors v0.13.0
[INFO] [stderr]     Checking nu-ansi-term v0.50.3
[INFO] [stderr]    Compiling parking_lot_core v0.9.12
[INFO] [stderr]    Compiling strsim v0.11.1
[INFO] [stderr]    Compiling const-random v0.1.18
[INFO] [stderr]     Checking mime v0.3.17
[INFO] [stderr]    Compiling ident_case v1.0.1
[INFO] [stderr]     Checking zeroize v1.9.1
[INFO] [stderr]     Checking tinyvec v1.13.3
[INFO] [stderr]     Checking flate2 v1.1.10
[INFO] [stderr]     Checking rustls-pki-types v1.15.1
[INFO] [stderr]     Checking chacha20 v0.10.2
[INFO] [stderr]    Compiling toml_parser v1.1.5+spec-1.1.0
[INFO] [stderr]     Checking serde_path_to_error v0.1.20
[INFO] [stderr]    Compiling semver v1.0.28
[INFO] [stderr]     Checking regex-automata v0.4.18
[INFO] [stderr]     Checking opentelemetry-semantic-conventions v0.33.0
[INFO] [stderr]    Compiling radium v0.7.0
[INFO] [stderr]     Checking scopeguard v1.2.0
[INFO] [stderr]     Checking untrusted v0.9.0
[INFO] [stderr]    Compiling version_check v0.9.5
[INFO] [stderr]    Compiling crossbeam-epoch v0.9.21
[INFO] [stderr]     Checking matchit v0.8.4
[INFO] [stderr]    Compiling toml_edit v0.25.17+spec-1.1.0
[INFO] [stderr]    Compiling rustc_version v0.4.1
[INFO] [stderr]     Checking lock_api v0.4.14
[INFO] [stderr]     Checking hybrid-array v0.4.15
[INFO] [stderr]     Checking rand v0.10.3
[INFO] [stderr]     Checking uuid v1.28.0
[INFO] [stderr]    Compiling unicode-segmentation v1.13.3
[INFO] [stderr]    Compiling ahash v0.8.12
[INFO] [stderr]     Checking tap v1.0.1
[INFO] [stderr]    Compiling time-core v0.1.9
[INFO] [stderr]    Compiling rustls v0.23.45
[INFO] [stderr]     Checking data-encoding v2.11.1
[INFO] [stderr]    Compiling num-conv v0.2.2
[INFO] [stderr]     Checking wyz v0.5.1
[INFO] [stderr]     Checking parking_lot v0.12.5
[INFO] [stderr]    Compiling rustc_version_runtime v0.3.0
[INFO] [stderr]    Compiling time-macros v0.2.32
[INFO] [stderr]    Compiling proc-macro-crate v3.5.0
[INFO] [stderr]     Checking crossbeam-channel v0.5.17
[INFO] [stderr]     Checking deranged v0.5.8
[INFO] [stderr]    Compiling convert_case v0.10.0
[INFO] [stderr]     Checking subtle v2.6.1
[INFO] [stderr]    Compiling unicode-xid v0.2.6
[INFO] [stderr]     Checking crypto-common v0.2.2
[INFO] [stderr]     Checking block-buffer v0.12.1
[INFO] [stderr]     Checking tagptr v0.2.0
[INFO] [stderr]     Checking powerfmt v0.2.1
[INFO] [stderr]     Checking funty v2.0.0
[INFO] [stderr]     Checking moka v0.12.16
[INFO] [stderr]     Checking unicode-normalization v0.1.25
[INFO] [stderr]     Checking serde_bytes v0.11.19
[INFO] [stderr]     Checking resolv-conf v0.7.6
[INFO] [stderr]     Checking unicode-properties v0.1.4
[INFO] [stderr]     Checking hex v0.4.3
[INFO] [stderr]     Checking base64 v0.22.1
[INFO] [stderr]     Checking unicode-bidi v0.3.18
[INFO] [stderr]     Checking webpki-roots v1.0.9
[INFO] [stderr]     Checking take_mut v0.2.2
[INFO] [stderr]     Checking evalexpr v13.1.0
[INFO] [stderr]     Checking bitvec v1.1.1
[INFO] [stderr]    Compiling zstd-sys v2.1.0+zstd.1.5.7
[INFO] [stderr]    Compiling ring v0.17.14
[INFO] [stderr]     Checking stringprep v0.1.5
[INFO] [stderr]    Compiling synstructure v0.14.0
[INFO] [stderr]    Compiling darling_core v0.24.1
[INFO] [stderr]     Checking digest v0.11.3
[INFO] [stderr]     Checking sha1 v0.11.0
[INFO] [stderr]     Checking sha2 v0.11.0
[INFO] [stderr]     Checking md-5 v0.11.0
[INFO] [stderr]     Checking hmac v0.13.0
[INFO] [stderr]     Checking matchers v0.2.0
[INFO] [stderr]     Checking pbkdf2 v0.13.0
[INFO] [stderr]     Checking time v0.3.55
[INFO] [stderr]    Compiling zerofrom-derive v0.1.8
[INFO] [stderr]    Compiling yoke-derive v0.8.4
[INFO] [stderr]    Compiling tokio-macros v2.7.2
[INFO] [stderr]    Compiling zerovec-derive v0.11.6
[INFO] [stderr]     Checking tokio v1.53.2
[INFO] [stderr]    Compiling displaydoc v0.2.7
[INFO] [stderr]    Compiling futures-macro v0.3.34
[INFO] [stderr]    Compiling serde_derive v1.0.229
[INFO] [stderr]    Compiling thiserror-impl v2.0.21
[INFO] [stderr]     Checking zerofrom v0.1.8
[INFO] [stderr]     Checking ppv-lite86 v0.2.21
[INFO] [stderr]     Checking yoke v0.8.3
[INFO] [stderr]    Compiling async-trait v0.1.92
[INFO] [stderr]     Checking rustls-webpki v0.103.15
[INFO] [stderr]     Checking zerotrie v0.2.5
[INFO] [stderr]    Compiling tracing-attributes v0.1.31
[INFO] [stderr]     Checking zerovec v0.11.8
[INFO] [stderr]     Checking rand_chacha v0.9.0
[INFO] [stderr]     Checking rand v0.9.5
[INFO] [stderr]    Compiling num_enum_derive v0.7.6
[INFO] [stderr]    Compiling prost-derive v0.14.4
[INFO] [stderr]    Compiling macro_magic_core_macros v0.5.1
[INFO] [stderr]     Checking futures-util v0.3.34
[INFO] [stderr]    Compiling derive-syn-parse v0.2.0
[INFO] [stderr]    Compiling axum-macros v0.5.1
[INFO] [stderr]     Checking tinystr v0.8.4
[INFO] [stderr]     Checking potential_utf v0.1.6
[INFO] [stderr]     Checking icu_collections v2.3.0
[INFO] [stderr]    Compiling derive_more-impl v2.1.1
[INFO] [stderr]    Compiling typed-builder-macro v0.22.0
[INFO] [stderr]     Checking icu_locale_core v2.3.0
[INFO] [stderr]     Checking tracing v0.1.44
[INFO] [stderr]    Compiling macro_magic_core v0.5.1
[INFO] [stderr]     Checking num_enum v0.7.6
[INFO] [stderr]    Compiling derive-where v1.7.0
[INFO] [stderr]     Checking opentelemetry v0.33.0
[INFO] [stderr]     Checking tracing-subscriber v0.3.23
[INFO] [stderr]     Checking axum-core v0.5.6
[INFO] [stderr]    Compiling darling_macro v0.24.1
[INFO] [stderr]    Compiling macro_magic_macros v0.5.1
[INFO] [stderr]     Checking prost v0.14.4
[INFO] [stderr]     Checking icu_provider v2.3.1
[INFO] [stderr]     Checking tower-http v0.7.1
[INFO] [stderr]    Compiling darling v0.24.1
[INFO] [stderr]    Compiling serde_with_macros v3.24.0
[INFO] [stderr]     Checking icu_normalizer v2.3.0
[INFO] [stderr]     Checking icu_properties v2.3.0
[INFO] [stderr]    Compiling macro_magic v0.5.1
[INFO] [stderr]    Compiling mongodb-internal-macros v3.9.1
[INFO] [stderr]     Checking typed-builder v0.22.0
[INFO] [stderr]     Checking opentelemetry v0.31.0
[INFO] [stderr]     Checking serde_with v3.24.0
[INFO] [stderr]     Checking tracing-opentelemetry v0.34.0
[INFO] [stderr]     Checking ipnet v2.12.2
[INFO] [stderr]     Checking serde_urlencoded v0.7.1
[INFO] [stderr]     Checking bson v2.15.0
[INFO] [stderr]     Checking idna_adapter v1.2.2
[INFO] [stderr]     Checking idna v1.1.0
[INFO] [stderr]     Checking derive_more v2.1.1
[INFO] [stderr]     Checking url v2.5.8
[INFO] [stderr]     Checking prefix-trie v0.8.4
[INFO] [stderr]     Checking futures-executor v0.3.34
[INFO] [stderr]     Checking futures v0.3.34
[INFO] [stderr]     Checking hyper v1.12.0
[INFO] [stderr]     Checking tower v0.5.3
[INFO] [stderr]     Checking tokio-stream v0.1.19
[INFO] [stderr]     Checking tokio-util v0.7.19
[INFO] [stderr]     Checking tower-http v0.6.11
[INFO] [stderr]     Checking tokio-rustls v0.26.6
[INFO] [stderr]     Checking opentelemetry_sdk v0.33.0
[INFO] [stderr]     Checking hickory-proto v0.26.3
[INFO] [stderr]     Checking hyper-util v0.1.21
[INFO] [stderr]     Checking hickory-net v0.26.3
[INFO] [stderr]     Checking reqwest v0.13.5
[INFO] [stderr]     Checking axum v0.8.9
[INFO] [stderr]     Checking opentelemetry-proto v0.33.0
[INFO] [stderr]     Checking opentelemetry-http v0.33.0
[INFO] [stderr]     Checking hickory-resolver v0.26.3
[INFO] [stderr]     Checking opentelemetry-otlp v0.33.0
[INFO] [stderr]     Checking mongodb v3.9.1
[INFO] [stderr] error: could not compile `mongodb` (lib)
[INFO] [stderr] 
[INFO] [stderr] Caused by:
[INFO] [stderr]   process didn't exit successfully: `/opt/rustwide/rustup-home/toolchains/7211ea594cbf137ef6118b1752b959dea7cb9088/bin/rustc --crate-name mongodb --edition=2021 /opt/rustwide/cargo-home/registry/src/index.crates.io-1949cf8c6b5b557f/mongodb-3.9.1/src/lib.rs --error-format=json --json=diagnostic-rendered-ansi,artifacts,future-incompat,unused-externs-silent --crate-type lib --emit=dep-info,metadata -C embed-bitcode=no -C debuginfo=2 -C split-debuginfo=unpacked --cfg 'feature="bson-2"' --cfg 'feature="compat-3-0-0"' --cfg 'feature="compat-3-3-0"' --cfg 'feature="default"' --cfg 'feature="dns-resolver"' --cfg 'feature="log"' --cfg 'feature="opentelemetry"' --cfg 'feature="rustls-tls"' --cfg 'feature="tracing-unstable"' --check-cfg 'cfg(docsrs,test)' --check-cfg 'cfg(feature, values("aws-auth", "azure-kms", "azure-oidc", "bson-2", "bson-3", "cert-key-password", "compat-3-0-0", "compat-3-3-0", "default", "dns-resolver", "error-backtrace", "gcp-kms", "gcp-oidc", "gssapi-auth", "in-use-encryption", "in-use-encryption-unstable", "log", "openssl-tls", "opentelemetry", "redact-errors", "rustls-tls", "rustls-tls-aws-lc", "snappy-compression", "socks5-proxy", "sync", "text-indexes-unstable", "tracing-unstable", "zlib-compression", "zstd-compression"))' -C metadata=f75157e11f6d4fce -C extra-filename=-0787db25552db0a2 --out-dir /opt/rustwide/target/debug/build/mongodb/0787db25552db0a2/out -L dependency=/opt/rustwide/target/debug/build/ahash/c311679c42f4e51d/out -L dependency=/opt/rustwide/target/debug/build/async-trait/04b716b716dadd6b/out -L dependency=/opt/rustwide/target/debug/build/base64/ddbc850222ab8a54/out -L dependency=/opt/rustwide/target/debug/build/bitvec/7d7a1190485ccd3a/out -L dependency=/opt/rustwide/target/debug/build/block-buffer/8b8f72259b29eadb/out -L dependency=/opt/rustwide/target/debug/build/bytes/9c3da4bf92bf038a/out -L dependency=/opt/rustwide/target/debug/build/cfg-if/a6a9b95050fbf11c/out -L dependency=/opt/rustwide/target/debug/build/chacha20/a2f4e4cc672048e0/out -L dependency=/opt/rustwide/target/debug/build/cmov/934b11c81001e2d7/out -L dependency=/opt/rustwide/target/debug/build/const-oid/bc694653619501b5/out -L dependency=/opt/rustwide/target/debug/build/cpufeatures/d4bf77f1fc4c88aa/out -L dependency=/opt/rustwide/target/debug/build/critical-section/1cae5923af4fb565/out -L dependency=/opt/rustwide/target/debug/build/crossbeam-channel/1523eca682717793/out -L dependency=/opt/rustwide/target/debug/build/crossbeam-epoch/cd79a238ea972e7f/out -L dependency=/opt/rustwide/target/debug/build/crossbeam-utils/a23916583d970c65/out -L dependency=/opt/rustwide/target/debug/build/crypto-common/e4ac37191de2c432/out -L dependency=/opt/rustwide/target/debug/build/ctutils/71ca21c1b3a9b223/out -L dependency=/opt/rustwide/target/debug/build/data-encoding/1b2968379a507d62/out -L dependency=/opt/rustwide/target/debug/build/deranged/5cb1f9df9308fe8d/out -L dependency=/opt/rustwide/target/debug/build/derive_more-impl/ddf3e23aa27b1a99/out -L dependency=/opt/rustwide/target/debug/build/digest/2cd723227b5ad682/out -L dependency=/opt/rustwide/target/debug/build/displaydoc/4d4d75e7c5ae9d93/out -L dependency=/opt/rustwide/target/debug/build/either/d84781ee372d3a69/out -L dependency=/opt/rustwide/target/debug/build/equivalent/7827acf13ec0104b/out -L dependency=/opt/rustwide/target/debug/build/errno/640cab0f69a292b9/out -L dependency=/opt/rustwide/target/debug/build/form_urlencoded/f3e9c48d6f5eb1fe/out -L dependency=/opt/rustwide/target/debug/build/funty/e303f694e08eb5d1/out -L dependency=/opt/rustwide/target/debug/build/futures-channel/e7d56cd5892f2f6d/out -L dependency=/opt/rustwide/target/debug/build/futures-core/3acea2d827769e82/out -L dependency=/opt/rustwide/target/debug/build/futures-io/5408179341a5f4a9/out -L dependency=/opt/rustwide/target/debug/build/futures-macro/ff06fc81220792c7/out -L dependency=/opt/rustwide/target/debug/build/futures-sink/92fbfd7381ff4f39/out -L dependency=/opt/rustwide/target/debug/build/futures-task/75e3854220da037d/out -L dependency=/opt/rustwide/target/debug/build/futures-util/aa6799c546ed30bd/out -L dependency=/opt/rustwide/target/debug/build/getrandom/3f2b863f7968e845/out -L dependency=/opt/rustwide/target/debug/build/getrandom/4efb2d6aa5f3917a/out -L dependency=/opt/rustwide/target/debug/build/getrandom/66858d7a037e95cf/out -L dependency=/opt/rustwide/target/debug/build/hashbrown/d5167b0a880a9f2c/out -L dependency=/opt/rustwide/target/debug/build/hex/0cc8e19f3a0d7195/out -L dependency=/opt/rustwide/target/debug/build/hickory-net/1ea9d632ff499a7e/out -L dependency=/opt/rustwide/target/debug/build/hickory-proto/502a515c9afa3e19/out -L dependency=/opt/rustwide/target/debug/build/hybrid-array/7933530988688666/out -L dependency=/opt/rustwide/target/debug/build/icu_collections/e8e682a1fa5a5a7e/out -L dependency=/opt/rustwide/target/debug/build/icu_locale_core/a3249c48f955ae09/out -L dependency=/opt/rustwide/target/debug/build/icu_normalizer/3ea1e66d49da272a/out -L dependency=/opt/rustwide/target/debug/build/icu_normalizer_data/2ab9f9a75f3277f6/out -L dependency=/opt/rustwide/target/debug/build/icu_properties/57d5b63eff7f0b7a/out -L dependency=/opt/rustwide/target/debug/build/icu_properties_data/a163e3cb1cc3f036/out -L dependency=/opt/rustwide/target/debug/build/icu_provider/7df906192dab7320/out -L dependency=/opt/rustwide/target/debug/build/idna/fa3f386018353124/out -L dependency=/opt/rustwide/target/debug/build/idna_adapter/bbcf9513df3b0314/out -L dependency=/opt/rustwide/target/debug/build/indexmap/f967bda41cc12916/out -L dependency=/opt/rustwide/target/debug/build/ipnet/b9bb7f69da3a7711/out -L dependency=/opt/rustwide/target/debug/build/itoa/4dee55ca79943ab8/out -L dependency=/opt/rustwide/target/debug/build/libc/192e260d35595a04/out -L dependency=/opt/rustwide/target/debug/build/litemap/0f53308175fdb1ee/out -L dependency=/opt/rustwide/target/debug/build/lock_api/30b5938f5bb71f11/out -L dependency=/opt/rustwide/target/debug/build/log/618561ebaa8e5dda/out -L dependency=/opt/rustwide/target/debug/build/macro_magic_macros/fa17bd94826c0924/out -L dependency=/opt/rustwide/target/debug/build/memchr/ad3f575b3af5d7ae/out -L dependency=/opt/rustwide/target/debug/build/mio/50c87e0891b9c87a/out -L dependency=/opt/rustwide/target/debug/build/moka/5d9e07625f4f0887/out -L dependency=/opt/rustwide/target/debug/build/num-conv/90f110195b302b01/out -L dependency=/opt/rustwide/target/debug/build/num-traits/b3ba8447603bbc9e/out -L dependency=/opt/rustwide/target/debug/build/once_cell/16e4f8a977950a6f/out -L dependency=/opt/rustwide/target/debug/build/parking_lot/de278397b7b56912/out -L dependency=/opt/rustwide/target/debug/build/parking_lot_core/5ded8d4c707e38d6/out -L dependency=/opt/rustwide/target/debug/build/percent-encoding/5412466a2e7798a2/out -L dependency=/opt/rustwide/target/debug/build/pin-project-lite/31fe18a6bccf5b99/out -L dependency=/opt/rustwide/target/debug/build/portable-atomic/27fdbf090f028363/out -L dependency=/opt/rustwide/target/debug/build/potential_utf/8d540f4dc75a803e/out -L dependency=/opt/rustwide/target/debug/build/powerfmt/cfac7b3048dbc113/out -L dependency=/opt/rustwide/target/debug/build/ppv-lite86/2b8159f6a2c18cb6/out -L dependency=/opt/rustwide/target/debug/build/prefix-trie/ca2507b3bbbb4942/out -L dependency=/opt/rustwide/target/debug/build/radium/60c5bf5e148ce06b/out -L dependency=/opt/rustwide/target/debug/build/rand/32295a9e5d6a4bae/out -L dependency=/opt/rustwide/target/debug/build/rand/4599c9e9bb39b89b/out -L dependency=/opt/rustwide/target/debug/build/rand_chacha/05256da979b4517b/out -L dependency=/opt/rustwide/target/debug/build/rand_core/3117668e861271c1/out -L dependency=/opt/rustwide/target/debug/build/rand_core/a9fa521734f1f7a9/out -L dependency=/opt/rustwide/target/debug/build/resolv-conf/70f151ceb9066212/out -L dependency=/opt/rustwide/target/debug/build/ring/c102e2a1c64bf5eb/out -L dependency=/opt/rustwide/target/debug/build/rustc_version/6930764aeee27d0a/out -L dependency=/opt/rustwide/target/debug/build/rustls-pki-types/7d29313b573f1a2b/out -L dependency=/opt/rustwide/target/debug/build/rustls-webpki/c534d876ef0d29eb/out -L dependency=/opt/rustwide/target/debug/build/rustls/8c1722a21be36739/out -L dependency=/opt/rustwide/target/debug/build/scopeguard/7d38a08e60d7b7e8/out -L dependency=/opt/rustwide/target/debug/build/semver/be16d49de25b1f81/out -L dependency=/opt/rustwide/target/debug/build/serde/326792864b7f91a4/out -L dependency=/opt/rustwide/target/debug/build/serde_bytes/fd16073fba80b497/out -L dependency=/opt/rustwide/target/debug/build/serde_core/2cbdd3b0076f4f59/out -L dependency=/opt/rustwide/target/debug/build/serde_derive/90d6cbc7c23c83c4/out -L dependency=/opt/rustwide/target/debug/build/serde_json/8728e513e9fc5ba5/out -L dependency=/opt/rustwide/target/debug/build/serde_with_macros/ef043847d449b155/out -L dependency=/opt/rustwide/target/debug/build/signal-hook-registry/ed3a3c32a480f39d/out -L dependency=/opt/rustwide/target/debug/build/slab/473bef71df6fe311/out -L dependency=/opt/rustwide/target/debug/build/smallvec/ccc72571f6d34620/out -L dependency=/opt/rustwide/target/debug/build/socket2/c3b5b52af441e420/out -L dependency=/opt/rustwide/target/debug/build/stable_deref_trait/48677e0c6a27f4c9/out -L dependency=/opt/rustwide/target/debug/build/subtle/678706b5cb947b58/out -L dependency=/opt/rustwide/target/debug/build/tagptr/ba1b9e4b8c422a90/out -L dependency=/opt/rustwide/target/debug/build/tap/5618cd92f8d0e3fe/out -L dependency=/opt/rustwide/target/debug/build/thiserror-impl/05f02bec3fc32686/out -L dependency=/opt/rustwide/target/debug/build/thiserror/6e7eb405a634c441/out -L dependency=/opt/rustwide/target/debug/build/time-core/14edbea88906d9c0/out -L dependency=/opt/rustwide/target/debug/build/time-macros/6874c6fd389dd967/out -L dependency=/opt/rustwide/target/debug/build/time/4281050f5c76f788/out -L dependency=/opt/rustwide/target/debug/build/tinystr/189c974eaf2916be/out -L dependency=/opt/rustwide/target/debug/build/tinyvec/7cb1d268dc5adaca/out -L dependency=/opt/rustwide/target/debug/build/tokio-macros/ced6511eba4b9d4d/out -L dependency=/opt/rustwide/target/debug/build/tokio/2852151011c9238c/out -L dependency=/opt/rustwide/target/debug/build/tracing-attributes/a9e73a9e0b05df8c/out -L dependency=/opt/rustwide/target/debug/build/tracing-core/a47dfeb1608ecb42/out -L dependency=/opt/rustwide/target/debug/build/tracing/4b06982cf70ba7a5/out -L dependency=/opt/rustwide/target/debug/build/typed-builder-macro/451bafa9851e180f/out -L dependency=/opt/rustwide/target/debug/build/typenum/c3b1925b7087ad45/out -L dependency=/opt/rustwide/target/debug/build/unicode-bidi/570465055356f5b3/out -L dependency=/opt/rustwide/target/debug/build/unicode-normalization/117de299b3f032f3/out -L dependency=/opt/rustwide/target/debug/build/unicode-properties/7bbecebbad70be60/out -L dependency=/opt/rustwide/target/debug/build/untrusted/4749de635ec20320/out -L dependency=/opt/rustwide/target/debug/build/url/6ee0f047b1300fdf/out -L dependency=/opt/rustwide/target/debug/build/utf8_iter/3818bcfcc3e54371/out -L dependency=/opt/rustwide/target/debug/build/uuid/ab21c7941000e207/out -L dependency=/opt/rustwide/target/debug/build/writeable/7712f911b89218a6/out -L dependency=/opt/rustwide/target/debug/build/wyz/28934a21b16d8f4f/out -L dependency=/opt/rustwide/target/debug/build/yoke-derive/b9f0c213c9c8a0bf/out -L dependency=/opt/rustwide/target/debug/build/yoke/1740c1f0278b3121/out -L dependency=/opt/rustwide/target/debug/build/zerocopy/e097cc3c74a98e3f/out -L dependency=/opt/rustwide/target/debug/build/zerofrom-derive/dd3b3efc75c9bf4f/out -L dependency=/opt/rustwide/target/debug/build/zerofrom/d60b968dfa66e356/out -L dependency=/opt/rustwide/target/debug/build/zeroize/588c7eca366a5358/out -L dependency=/opt/rustwide/target/debug/build/zerotrie/3d95494ccc7f387b/out -L dependency=/opt/rustwide/target/debug/build/zerovec-derive/6f385bc46985f898/out -L dependency=/opt/rustwide/target/debug/build/zerovec/126048ef1e054387/out -L dependency=/opt/rustwide/target/debug/build/zmij/6a20bc10bd31c551/out --extern base64=/opt/rustwide/target/debug/build/base64/ddbc850222ab8a54/out/libbase64-ddbc850222ab8a54.rmeta --extern bitflags=/opt/rustwide/target/debug/build/bitflags/1328554f5f9fe608/out/libbitflags-1328554f5f9fe608.rmeta --extern bson2=/opt/rustwide/target/debug/build/bson/05b3592efe58878b/out/libbson-05b3592efe58878b.rmeta --extern derive_where=/opt/rustwide/target/debug/build/derive-where/86560780ed2ec2aa/out/libderive_where-86560780ed2ec2aa.so --extern derive_more=/opt/rustwide/target/debug/build/derive_more/07fc1f62fa2d5ae8/out/libderive_more-07fc1f62fa2d5ae8.rmeta --extern futures_core=/opt/rustwide/target/debug/build/futures-core/3acea2d827769e82/out/libfutures_core-3acea2d827769e82.rmeta --extern futures_io=/opt/rustwide/target/debug/build/futures-io/5408179341a5f4a9/out/libfutures_io-5408179341a5f4a9.rmeta --extern futures_util=/opt/rustwide/target/debug/build/futures-util/aa6799c546ed30bd/out/libfutures_util-aa6799c546ed30bd.rmeta --extern hex=/opt/rustwide/target/debug/build/hex/0cc8e19f3a0d7195/out/libhex-0cc8e19f3a0d7195.rmeta --extern hickory_net=/opt/rustwide/target/debug/build/hickory-net/1ea9d632ff499a7e/out/libhickory_net-1ea9d632ff499a7e.rmeta --extern hickory_proto=/opt/rustwide/target/debug/build/hickory-proto/502a515c9afa3e19/out/libhickory_proto-502a515c9afa3e19.rmeta --extern hickory_resolver=/opt/rustwide/target/debug/build/hickory-resolver/843af44e9dd98c7d/out/libhickory_resolver-843af44e9dd98c7d.rmeta --extern hmac=/opt/rustwide/target/debug/build/hmac/c762b7774a3f7a75/out/libhmac-c762b7774a3f7a75.rmeta --extern log=/opt/rustwide/target/debug/build/log/618561ebaa8e5dda/out/liblog-618561ebaa8e5dda.rmeta --extern macro_magic=/opt/rustwide/target/debug/build/macro_magic/404720519a96ad5c/out/libmacro_magic-404720519a96ad5c.rmeta --extern md5=/opt/rustwide/target/debug/build/md-5/789f064c3c175e21/out/libmd5-789f064c3c175e21.rmeta --extern mongodb_internal_macros=/opt/rustwide/target/debug/build/mongodb-internal-macros/827f93cf3993f134/out/libmongodb_internal_macros-827f93cf3993f134.so --extern opentelemetry=/opt/rustwide/target/debug/build/opentelemetry/67a7623819c7e243/out/libopentelemetry-67a7623819c7e243.rmeta --extern pbkdf2=/opt/rustwide/target/debug/build/pbkdf2/4588a63316f2adb1/out/libpbkdf2-4588a63316f2adb1.rmeta --extern percent_encoding=/opt/rustwide/target/debug/build/percent-encoding/5412466a2e7798a2/out/libpercent_encoding-5412466a2e7798a2.rmeta --extern rand=/opt/rustwide/target/debug/build/rand/32295a9e5d6a4bae/out/librand-32295a9e5d6a4bae.rmeta --extern rustc_version_runtime=/opt/rustwide/target/debug/build/rustc_version_runtime/296a14cd8bbc5bba/out/librustc_version_runtime-296a14cd8bbc5bba.rmeta --extern rustls=/opt/rustwide/target/debug/build/rustls/8c1722a21be36739/out/librustls-8c1722a21be36739.rmeta --extern serde=/opt/rustwide/target/debug/build/serde/326792864b7f91a4/out/libserde-326792864b7f91a4.rmeta --extern serde_bytes=/opt/rustwide/target/debug/build/serde_bytes/fd16073fba80b497/out/libserde_bytes-fd16073fba80b497.rmeta --extern serde_json=/opt/rustwide/target/debug/build/serde_json/8728e513e9fc5ba5/out/libserde_json-8728e513e9fc5ba5.rmeta --extern serde_with=/opt/rustwide/target/debug/build/serde_with/968d1ba02251fa50/out/libserde_with-968d1ba02251fa50.rmeta --extern sha1=/opt/rustwide/target/debug/build/sha1/315658880fe570c2/out/libsha1-315658880fe570c2.rmeta --extern sha2=/opt/rustwide/target/debug/build/sha2/8c2f476dd76748aa/out/libsha2-8c2f476dd76748aa.rmeta --extern socket2=/opt/rustwide/target/debug/build/socket2/c3b5b52af441e420/out/libsocket2-c3b5b52af441e420.rmeta --extern stringprep=/opt/rustwide/target/debug/build/stringprep/230b179258a2ddf6/out/libstringprep-230b179258a2ddf6.rmeta --extern strsim=/opt/rustwide/target/debug/build/strsim/37e8e8658acae8ce/out/libstrsim-37e8e8658acae8ce.rmeta --extern take_mut=/opt/rustwide/target/debug/build/take_mut/f446d0a207197d55/out/libtake_mut-f446d0a207197d55.rmeta --extern thiserror=/opt/rustwide/target/debug/build/thiserror/6e7eb405a634c441/out/libthiserror-6e7eb405a634c441.rmeta --extern tokio=/opt/rustwide/target/debug/build/tokio/2852151011c9238c/out/libtokio-2852151011c9238c.rmeta --extern tokio_rustls=/opt/rustwide/target/debug/build/tokio-rustls/99719a4bc35b3350/out/libtokio_rustls-99719a4bc35b3350.rmeta --extern tokio_util=/opt/rustwide/target/debug/build/tokio-util/3cca3bd3592f7a7c/out/libtokio_util-3cca3bd3592f7a7c.rmeta --extern tracing=/opt/rustwide/target/debug/build/tracing/4b06982cf70ba7a5/out/libtracing-4b06982cf70ba7a5.rmeta --extern typed_builder=/opt/rustwide/target/debug/build/typed-builder/df1f6b05f6b24869/out/libtyped_builder-df1f6b05f6b24869.rmeta --extern uuid=/opt/rustwide/target/debug/build/uuid/ab21c7941000e207/out/libuuid-ab21c7941000e207.rmeta --extern webpki_roots=/opt/rustwide/target/debug/build/webpki-roots/093b3c253e77e8f7/out/libwebpki_roots-093b3c253e77e8f7.rmeta --cap-lints allow --cap-lints=forbid --force-warn=unused_crate_dependencies -L native=/opt/rustwide/target/debug/build/ring/85c49e50ec591f5a/out` (signal: 9, SIGKILL: kill)
[INFO] [stderr] warning: build failed, waiting for other jobs to finish...
[INFO] [stderr] error: failed to run custom build command for `rdkafka-sys v4.10.0+2.12.1`
[INFO] [stderr] note: To improve backtraces for build dependencies, set the CARGO_PROFILE_DEV_BUILD_OVERRIDE_DEBUG=true environment variable to enable debug information generation.
[INFO] [stderr] 
[INFO] [stderr] Caused by:
[INFO] [stderr]   process didn't exit successfully: `/opt/rustwide/target/debug/build/rdkafka-sys/73b4f20a7712e9bc/out/build_script_build` (exit status: 101)
[INFO] [stderr]   --- stdout
[INFO] [stderr]   Cloning librdkafka
[INFO] [stderr]   Configuring librdkafka
[INFO] [stderr]   checking for OS or distribution... ok (ubuntu)
[INFO] [stderr]   checking for C compiler from CC env... failed
[INFO] [stderr]   checking for gcc (by command)... ok
[INFO] [stderr]   checking for C++ compiler from CXX env... failed
[INFO] [stderr]   checking for C++ compiler (g++)... ok
[INFO] [stderr]   checking executable ld... ok
[INFO] [stderr]   checking executable nm... ok
[INFO] [stderr]   checking executable objdump... ok
[INFO] [stderr]   checking executable strip... ok
[INFO] [stderr]   checking executable libtool... ok
[INFO] [stderr]   checking executable ranlib... ok
[INFO] [stderr]   checking for pkgconfig (by command)... ok
[INFO] [stderr]   checking for install (by command)... ok
[INFO] [stderr]   checking for GNU ar... ok
[INFO] [stderr]   checking for PIC (by compile)... ok
[INFO] [stderr]   checking for GNU-compatible linker options... ok
[INFO] [stderr]   checking for GNU linker-script ld flag... ok
[INFO] [stderr]   checking for __atomic_32 (by compile)... ok
[INFO] [stderr]   checking for __atomic_64 (by compile)... ok
[INFO] [stderr]   checking for socket (by compile)... ok
[INFO] [stderr]   parsing version '0x020c01ff'... ok (2.12.1)
[INFO] [stderr]   checking for librt (by pkg-config)... failed
[INFO] [stderr]   checking for librt (by compile)... ok
[INFO] [stderr]   checking for libpthread (by pkg-config)... failed
[INFO] [stderr]   checking for libpthread (by compile)... ok
[INFO] [stderr]   checking for c11threads (by pkg-config)... failed
[INFO] [stderr]   checking for c11threads (by compile)... ok
[INFO] [stderr]   checking for libdl (by pkg-config)... failed
[INFO] [stderr]   checking for libdl (by compile)... ok
[INFO] [stderr]   checking for libzstd (by pkg-config)... ok
[INFO] [stderr]   checking for libm (by pkg-config)... failed
[INFO] [stderr]   checking for libm (by compile)... ok
[INFO] [stderr]   checking for syslog (by compile)... ok
[INFO] [stderr]   checking for rapidjson (by compile)... failed (disable)
[INFO] [stderr]   checking for crc32chw (by compile)... ok
[INFO] [stderr]   checking for regex (by compile)... ok
[INFO] [stderr]   checking for rand_r (by compile)... ok
[INFO] [stderr]   checking for strndup (by compile)... ok
[INFO] [stderr]   checking for strlcpy (by compile)... ok
[INFO] [stderr]   checking for strerror_r (by compile)... ok
[INFO] [stderr]   checking for strcasestr (by compile)... ok
[INFO] [stderr]   checking for pthread_setname_gnu (by compile)... ok
[INFO] [stderr]   checking for nm (by env NM)... ok (cached)
[INFO] [stderr]   checking for python3 (by command)... ok
[INFO] [stderr]   checking for getrusage (by compile)... ok
[INFO] [stderr]   Generated Makefile.config
[INFO] [stderr]   Generated config.h
[INFO] [stderr] 
[INFO] [stderr]   Configuration summary:
[INFO] [stderr]     prefix                   /usr/local
[INFO] [stderr]     MKL_DISTRO               ubuntu
[INFO] [stderr]     SOLIB_EXT                .so
[INFO] [stderr]     ARCH                     x86_64
[INFO] [stderr]     CPU                      generic
[INFO] [stderr]     GEN_PKG_CONFIG           y
[INFO] [stderr]     MKL_APP_NAME             librdkafka
[INFO] [stderr]     MKL_APP_DESC_ONELINE     The Apache Kafka C/C++ library
[INFO] [stderr]     CC                       gcc
[INFO] [stderr]     CXX                      g++
[INFO] [stderr]     LD                       ld
[INFO] [stderr]     NM                       nm
[INFO] [stderr]     OBJDUMP                  objdump
[INFO] [stderr]     STRIP                    strip
[INFO] [stderr]     LIBTOOL                  libtool
[INFO] [stderr]     RANLIB                   ranlib
[INFO] [stderr]     CFLAGS                   -I/opt/rustwide/target/debug/build/zstd-sys/e3e597c5dcfdb637/out/include 
[INFO] [stderr]     LDFLAGS                  -L/opt/rustwide/target/debug/build/zstd-sys/e3e597c5dcfdb637/out
[INFO] [stderr]     CPPFLAGS                 -g -O2 -fPIC -Wall -Wsign-compare -Wfloat-equal -Wpointer-arith -Wcast-align
[INFO] [stderr]     PKG_CONFIG               pkg-config
[INFO] [stderr]     INSTALL                  /usr/bin/install
[INFO] [stderr]     HAS_GNU_AR               y
[INFO] [stderr]     LIB_LDFLAGS              -shared -Wl,-soname,$(LIBFILENAME)
[INFO] [stderr]     LDFLAG_LINKERSCRIPT      -Wl,--version-script=
[INFO] [stderr]     RDKAFKA_VERSION_STR      2.12.1
[INFO] [stderr]     MKL_APP_VERSION          2.12.1
[INFO] [stderr]     LIBS                     -lm -lzstd -ldl -lpthread -lrt -lpthread -lrt
[INFO] [stderr]     MKL_PKGCONFIG_LIBS_PRIVATE -lm -ldl -lpthread -lrt -lpthread -lrt
[INFO] [stderr]     MKL_PKGCONFIG_REQUIRES_PRIVATE libzstd
[INFO] [stderr]     MKL_PKGCONFIG_REQUIRES   libzstd
[INFO] [stderr]     CXXFLAGS                 -Wno-non-virtual-dtor
[INFO] [stderr]     SYMDUMPER                $(NM) -D
[INFO] [stderr]     MKL_DYNAMIC_LIBS         -lm -lzstd -ldl -lpthread -lrt -lpthread -lrt
[INFO] [stderr]     exec_prefix              /usr/local
[INFO] [stderr]     bindir                   /usr/local/bin
[INFO] [stderr]     sbindir                  /usr/local/sbin
[INFO] [stderr]     libexecdir               /usr/local/libexec
[INFO] [stderr]     datadir                  /usr/local/share
[INFO] [stderr]     sysconfdir               /usr/local/etc
[INFO] [stderr]     sharedstatedir           /usr/local/com
[INFO] [stderr]     localstatedir            /usr/local/var
[INFO] [stderr]     runstatedir              /usr/local/var/run
[INFO] [stderr]     libdir                   /usr/local/lib
[INFO] [stderr]     includedir               /usr/local/include
[INFO] [stderr]     infodir                  /usr/local/info
[INFO] [stderr]     mandir                   /usr/local/man
[INFO] [stderr]     BUILT_WITH               GCC GXX PKGCONFIG INSTALL GNULD LDS C11THREADS LIBDL PLUGINS ZSTD HDRHISTOGRAM SYSLOG SNAPPY SOCKEM CRC32C_HW
[INFO] [stderr]   Generated config.cache
[INFO] [stderr] 
[INFO] [stderr]   Now type 'make' to build
[INFO] [stderr]   Compiling librdkafka
[INFO] [stderr]   make[1]: Entering directory '/opt/rustwide/target/debug/build/rdkafka-sys/7065bb86fccb1489/out/src'
[INFO] [stderr]   gcc -MD -MP -g -O2 -fPIC -Wall -Wsign-compare -Wfloat-equal -Wpointer-arith -Wcast-align -I. -I/opt/rustwide/target/debug/build/zstd-sys/e3e597c5dcfdb637/out/include -I/opt/rustwide/target/debug/build/zstd-sys/e3e597c5dcfdb637/out/include  -I/opt/rustwide/target/debug/build/zstd-sys/e3e597c5dcfdb637/out/include  -c rdkafka.c -o rdkafka.o
[INFO] [stderr]   gcc -MD -MP -g -O2 -fPIC -Wall -Wsign-compare -Wfloat-equal -Wpointer-arith -Wcast-align -I. -I/opt/rustwide/target/debug/build/zstd-sys/e3e597c5dcfdb637/out/include -I/opt/rustwide/target/debug/build/zstd-sys/e3e597c5dcfdb637/out/include  -I/opt/rustwide/target/debug/build/zstd-sys/e3e597c5dcfdb637/out/include  -c rdkafka_broker.c -o rdkafka_broker.o
[INFO] [stderr]   gcc -MD -MP -g -O2 -fPIC -Wall -Wsign-compare -Wfloat-equal -Wpointer-arith -Wcast-align -I. -I/opt/rustwide/target/debug/build/zstd-sys/e3e597c5dcfdb637/out/include -I/opt/rustwide/target/debug/build/zstd-sys/e3e597c5dcfdb637/out/include  -I/opt/rustwide/target/debug/build/zstd-sys/e3e597c5dcfdb637/out/include  -c rdkafka_msg.c -o rdkafka_msg.o
[INFO] [stderr]   gcc -MD -MP -g -O2 -fPIC -Wall -Wsign-compare -Wfloat-equal -Wpointer-arith -Wcast-align -I. -I/opt/rustwide/target/debug/build/zstd-sys/e3e597c5dcfdb637/out/include -I/opt/rustwide/target/debug/build/zstd-sys/e3e597c5dcfdb637/out/include  -I/opt/rustwide/target/debug/build/zstd-sys/e3e597c5dcfdb637/out/include  -c rdkafka_topic.c -o rdkafka_topic.o
[INFO] [stderr]   gcc -MD -MP -g -O2 -fPIC -Wall -Wsign-compare -Wfloat-equal -Wpointer-arith -Wcast-align -I. -I/opt/rustwide/target/debug/build/zstd-sys/e3e597c5dcfdb637/out/include -I/opt/rustwide/target/debug/build/zstd-sys/e3e597c5dcfdb637/out/include  -I/opt/rustwide/target/debug/build/zstd-sys/e3e597c5dcfdb637/out/include  -c rdkafka_conf.c -o rdkafka_conf.o
[INFO] [stderr]   gcc -MD -MP -g -O2 -fPIC -Wall -Wsign-compare -Wfloat-equal -Wpointer-arith -Wcast-align -I. -I/opt/rustwide/target/debug/build/zstd-sys/e3e597c5dcfdb637/out/include -I/opt/rustwide/target/debug/build/zstd-sys/e3e597c5dcfdb637/out/include  -I/opt/rustwide/target/debug/build/zstd-sys/e3e597c5dcfdb637/out/include  -c rdkafka_timer.c -o rdkafka_timer.o
[INFO] [stderr]   gcc -MD -MP -g -O2 -fPIC -Wall -Wsign-compare -Wfloat-equal -Wpointer-arith -Wcast-align -I. -I/opt/rustwide/target/debug/build/zstd-sys/e3e597c5dcfdb637/out/include -I/opt/rustwide/target/debug/build/zstd-sys/e3e597c5dcfdb637/out/include  -I/opt/rustwide/target/debug/build/zstd-sys/e3e597c5dcfdb637/out/include  -c rdkafka_offset.c -o rdkafka_offset.o
[INFO] [stderr]   gcc -MD -MP -g -O2 -fPIC -Wall -Wsign-compare -Wfloat-equal -Wpointer-arith -Wcast-align -I. -I/opt/rustwide/target/debug/build/zstd-sys/e3e597c5dcfdb637/out/include -I/opt/rustwide/target/debug/build/zstd-sys/e3e597c5dcfdb637/out/include  -I/opt/rustwide/target/debug/build/zstd-sys/e3e597c5dcfdb637/out/include  -c rdkafka_transport.c -o rdkafka_transport.o
[INFO] [stderr]   gcc -MD -MP -g -O2 -fPIC -Wall -Wsign-compare -Wfloat-equal -Wpointer-arith -Wcast-align -I. -I/opt/rustwide/target/debug/build/zstd-sys/e3e597c5dcfdb637/out/include -I/opt/rustwide/target/debug/build/zstd-sys/e3e597c5dcfdb637/out/include  -I/opt/rustwide/target/debug/build/zstd-sys/e3e597c5dcfdb637/out/include  -c rdkafka_buf.c -o rdkafka_buf.o
[INFO] [stderr]   gcc -MD -MP -g -O2 -fPIC -Wall -Wsign-compare -Wfloat-equal -Wpointer-arith -Wcast-align -I. -I/opt/rustwide/target/debug/build/zstd-sys/e3e597c5dcfdb637/out/include -I/opt/rustwide/target/debug/build/zstd-sys/e3e597c5dcfdb637/out/include  -I/opt/rustwide/target/debug/build/zstd-sys/e3e597c5dcfdb637/out/include  -c rdkafka_queue.c -o rdkafka_queue.o
[INFO] [stderr]   gcc -MD -MP -g -O2 -fPIC -Wall -Wsign-compare -Wfloat-equal -Wpointer-arith -Wcast-align -I. -I/opt/rustwide/target/debug/build/zstd-sys/e3e597c5dcfdb637/out/include -I/opt/rustwide/target/debug/build/zstd-sys/e3e597c5dcfdb637/out/include  -I/opt/rustwide/target/debug/build/zstd-sys/e3e597c5dcfdb637/out/include  -c rdkafka_op.c -o rdkafka_op.o
[INFO] [stderr]   gcc -MD -MP -g -O2 -fPIC -Wall -Wsign-compare -Wfloat-equal -Wpointer-arith -Wcast-align -I. -I/opt/rustwide/target/debug/build/zstd-sys/e3e597c5dcfdb637/out/include -I/opt/rustwide/target/debug/build/zstd-sys/e3e597c5dcfdb637/out/include  -I/opt/rustwide/target/debug/build/zstd-sys/e3e597c5dcfdb637/out/include  -c rdkafka_request.c -o rdkafka_request.o
[INFO] [stderr]   gcc -MD -MP -g -O2 -fPIC -Wall -Wsign-compare -Wfloat-equal -Wpointer-arith -Wcast-align -I. -I/opt/rustwide/target/debug/build/zstd-sys/e3e597c5dcfdb637/out/include -I/opt/rustwide/target/debug/build/zstd-sys/e3e597c5dcfdb637/out/include  -I/opt/rustwide/target/debug/build/zstd-sys/e3e597c5dcfdb637/out/include  -c rdkafka_cgrp.c -o rdkafka_cgrp.o
[INFO] [stderr]   gcc -MD -MP -g -O2 -fPIC -Wall -Wsign-compare -Wfloat-equal -Wpointer-arith -Wcast-align -I. -I/opt/rustwide/target/debug/build/zstd-sys/e3e597c5dcfdb637/out/include -I/opt/rustwide/target/debug/build/zstd-sys/e3e597c5dcfdb637/out/include  -I/opt/rustwide/target/debug/build/zstd-sys/e3e597c5dcfdb637/out/include  -c rdkafka_pattern.c -o rdkafka_pattern.o
[INFO] [stderr]   gcc -MD -MP -g -O2 -fPIC -Wall -Wsign-compare -Wfloat-equal -Wpointer-arith -Wcast-align -I. -I/opt/rustwide/target/debug/build/zstd-sys/e3e597c5dcfdb637/out/include -I/opt/rustwide/target/debug/build/zstd-sys/e3e597c5dcfdb637/out/include  -I/opt/rustwide/target/debug/build/zstd-sys/e3e597c5dcfdb637/out/include  -c rdkafka_partition.c -o rdkafka_partition.o
[INFO] [stderr]   gcc -MD -MP -g -O2 -fPIC -Wall -Wsign-compare -Wfloat-equal -Wpointer-arith -Wcast-align -I. -I/opt/rustwide/target/debug/build/zstd-sys/e3e597c5dcfdb637/out/include -I/opt/rustwide/target/debug/build/zstd-sys/e3e597c5dcfdb637/out/include  -I/opt/rustwide/target/debug/build/zstd-sys/e3e597c5dcfdb637/out/include  -c rdkafka_subscription.c -o rdkafka_subscription.o
[INFO] [stderr]   gcc -MD -MP -g -O2 -fPIC -Wall -Wsign-compare -Wfloat-equal -Wpointer-arith -Wcast-align -I. -I/opt/rustwide/target/debug/build/zstd-sys/e3e597c5dcfdb637/out/include -I/opt/rustwide/target/debug/build/zstd-sys/e3e597c5dcfdb637/out/include  -I/opt/rustwide/target/debug/build/zstd-sys/e3e597c5dcfdb637/out/include  -c rdkafka_assignment.c -o rdkafka_assignment.o
[INFO] [stderr]   gcc -MD -MP -g -O2 -fPIC -Wall -Wsign-compare -Wfloat-equal -Wpointer-arith -Wcast-align -I. -I/opt/rustwide/target/debug/build/zstd-sys/e3e597c5dcfdb637/out/include -I/opt/rustwide/target/debug/build/zstd-sys/e3e597c5dcfdb637/out/include  -I/opt/rustwide/target/debug/build/zstd-sys/e3e597c5dcfdb637/out/include  -c rdkafka_assignor.c -o rdkafka_assignor.o
[INFO] [stderr]   gcc -MD -MP -g -O2 -fPIC -Wall -Wsign-compare -Wfloat-equal -Wpointer-arith -Wcast-align -I. -I/opt/rustwide/target/debug/build/zstd-sys/e3e597c5dcfdb637/out/include -I/opt/rustwide/target/debug/build/zstd-sys/e3e597c5dcfdb637/out/include  -I/opt/rustwide/target/debug/build/zstd-sys/e3e597c5dcfdb637/out/include  -c rdkafka_range_assignor.c -o rdkafka_range_assignor.o
[INFO] [stderr]   gcc -MD -MP -g -O2 -fPIC -Wall -Wsign-compare -Wfloat-equal -Wpointer-arith -Wcast-align -I. -I/opt/rustwide/target/debug/build/zstd-sys/e3e597c5dcfdb637/out/include -I/opt/rustwide/target/debug/build/zstd-sys/e3e597c5dcfdb637/out/include  -I/opt/rustwide/target/debug/build/zstd-sys/e3e597c5dcfdb637/out/include  -c rdkafka_roundrobin_assignor.c -o rdkafka_roundrobin_assignor.o
[INFO] [stderr]   gcc -MD -MP -g -O2 -fPIC -Wall -Wsign-compare -Wfloat-equal -Wpointer-arith -Wcast-align -I. -I/opt/rustwide/target/debug/build/zstd-sys/e3e597c5dcfdb637/out/include -I/opt/rustwide/target/debug/build/zstd-sys/e3e597c5dcfdb637/out/include  -I/opt/rustwide/target/debug/build/zstd-sys/e3e597c5dcfdb637/out/include  -c rdkafka_sticky_assignor.c -o rdkafka_sticky_assignor.o
[INFO] [stderr]   gcc -MD -MP -g -O2 -fPIC -Wall -Wsign-compare -Wfloat-equal -Wpointer-arith -Wcast-align -I. -I/opt/rustwide/target/debug/build/zstd-sys/e3e597c5dcfdb637/out/include -I/opt/rustwide/target/debug/build/zstd-sys/e3e597c5dcfdb637/out/include  -I/opt/rustwide/target/debug/build/zstd-sys/e3e597c5dcfdb637/out/include  -c rdkafka_feature.c -o rdkafka_feature.o
[INFO] [stderr]   gcc -MD -MP -g -O2 -fPIC -Wall -Wsign-compare -Wfloat-equal -Wpointer-arith -Wcast-align -I. -I/opt/rustwide/target/debug/build/zstd-sys/e3e597c5dcfdb637/out/include -I/opt/rustwide/target/debug/build/zstd-sys/e3e597c5dcfdb637/out/include  -I/opt/rustwide/target/debug/build/zstd-sys/e3e597c5dcfdb637/out/include  -c rdcrc32.c -o rdcrc32.o
[INFO] [stderr]   gcc -MD -MP -g -O2 -fPIC -Wall -Wsign-compare -Wfloat-equal -Wpointer-arith -Wcast-align -I. -I/opt/rustwide/target/debug/build/zstd-sys/e3e597c5dcfdb637/out/include -I/opt/rustwide/target/debug/build/zstd-sys/e3e597c5dcfdb637/out/include  -I/opt/rustwide/target/debug/build/zstd-sys/e3e597c5dcfdb637/out/include  -c crc32c.c -o crc32c.o
[INFO] [stderr]   gcc -MD -MP -g -O2 -fPIC -Wall -Wsign-compare -Wfloat-equal -Wpointer-arith -Wcast-align -I. -I/opt/rustwide/target/debug/build/zstd-sys/e3e597c5dcfdb637/out/include -I/opt/rustwide/target/debug/build/zstd-sys/e3e597c5dcfdb637/out/include  -I/opt/rustwide/target/debug/build/zstd-sys/e3e597c5dcfdb637/out/include  -c rdmurmur2.c -o rdmurmur2.o
[INFO] [stderr]   gcc -MD -MP -g -O2 -fPIC -Wall -Wsign-compare -Wfloat-equal -Wpointer-arith -Wcast-align -I. -I/opt/rustwide/target/debug/build/zstd-sys/e3e597c5dcfdb637/out/include -I/opt/rustwide/target/debug/build/zstd-sys/e3e597c5dcfdb637/out/include  -I/opt/rustwide/target/debug/build/zstd-sys/e3e597c5dcfdb637/out/include  -c rdfnv1a.c -o rdfnv1a.o
[INFO] [stderr]   gcc -MD -MP -g -O2 -fPIC -Wall -Wsign-compare -Wfloat-equal -Wpointer-arith -Wcast-align -I. -I/opt/rustwide/target/debug/build/zstd-sys/e3e597c5dcfdb637/out/include -I/opt/rustwide/target/debug/build/zstd-sys/e3e597c5dcfdb637/out/include  -I/opt/rustwide/target/debug/build/zstd-sys/e3e597c5dcfdb637/out/include  -c cJSON.c -o cJSON.o
[INFO] [stderr]   gcc -MD -MP -g -O2 -fPIC -Wall -Wsign-compare -Wfloat-equal -Wpointer-arith -Wcast-align -I. -I/opt/rustwide/target/debug/build/zstd-sys/e3e597c5dcfdb637/out/include -I/opt/rustwide/target/debug/build/zstd-sys/e3e597c5dcfdb637/out/include  -I/opt/rustwide/target/debug/build/zstd-sys/e3e597c5dcfdb637/out/include  -c rdaddr.c -o rdaddr.o
[INFO] [stderr]   gcc -MD -MP -g -O2 -fPIC -Wall -Wsign-compare -Wfloat-equal -Wpointer-arith -Wcast-align -I. -I/opt/rustwide/target/debug/build/zstd-sys/e3e597c5dcfdb637/out/include -I/opt/rustwide/target/debug/build/zstd-sys/e3e597c5dcfdb637/out/include  -I/opt/rustwide/target/debug/build/zstd-sys/e3e597c5dcfdb637/out/include  -c rdrand.c -o rdrand.o
[INFO] [stderr]   gcc -MD -MP -g -O2 -fPIC -Wall -Wsign-compare -Wfloat-equal -Wpointer-arith -Wcast-align -I. -I/opt/rustwide/target/debug/build/zstd-sys/e3e597c5dcfdb637/out/include -I/opt/rustwide/target/debug/build/zstd-sys/e3e597c5dcfdb637/out/include  -I/opt/rustwide/target/debug/build/zstd-sys/e3e597c5dcfdb637/out/include  -c rdlist.c -o rdlist.o
[INFO] [stderr]   gcc -MD -MP -g -O2 -fPIC -Wall -Wsign-compare -Wfloat-equal -Wpointer-arith -Wcast-align -I. -I/opt/rustwide/target/debug/build/zstd-sys/e3e597c5dcfdb637/out/include -I/opt/rustwide/target/debug/build/zstd-sys/e3e597c5dcfdb637/out/include  -I/opt/rustwide/target/debug/build/zstd-sys/e3e597c5dcfdb637/out/include  -c tinycthread.c -o tinycthread.o
[INFO] [stderr]   gcc -MD -MP -g -O2 -fPIC -Wall -Wsign-compare -Wfloat-equal -Wpointer-arith -Wcast-align -I. -I/opt/rustwide/target/debug/build/zstd-sys/e3e597c5dcfdb637/out/include -I/opt/rustwide/target/debug/build/zstd-sys/e3e597c5dcfdb637/out/include  -I/opt/rustwide/target/debug/build/zstd-sys/e3e597c5dcfdb637/out/include  -c tinycthread_extra.c -o tinycthread_extra.o
[INFO] [stderr]   gcc -MD -MP -g -O2 -fPIC -Wall -Wsign-compare -Wfloat-equal -Wpointer-arith -Wcast-align -I. -I/opt/rustwide/target/debug/build/zstd-sys/e3e597c5dcfdb637/out/include -I/opt/rustwide/target/debug/build/zstd-sys/e3e597c5dcfdb637/out/include  -I/opt/rustwide/target/debug/build/zstd-sys/e3e597c5dcfdb637/out/include  -c rdlog.c -o rdlog.o
[INFO] [stderr]   gcc -MD -MP -g -O2 -fPIC -Wall -Wsign-compare -Wfloat-equal -Wpointer-arith -Wcast-align -I. -I/opt/rustwide/target/debug/build/zstd-sys/e3e597c5dcfdb637/out/include -I/opt/rustwide/target/debug/build/zstd-sys/e3e597c5dcfdb637/out/include  -I/opt/rustwide/target/debug/build/zstd-sys/e3e597c5dcfdb637/out/include  -c rdstring.c -o rdstring.o
[INFO] [stderr]   gcc -MD -MP -g -O2 -fPIC -Wall -Wsign-compare -Wfloat-equal -Wpointer-arith -Wcast-align -I. -I/opt/rustwide/target/debug/build/zstd-sys/e3e597c5dcfdb637/out/include -I/opt/rustwide/target/debug/build/zstd-sys/e3e597c5dcfdb637/out/include  -I/opt/rustwide/target/debug/build/zstd-sys/e3e597c5dcfdb637/out/include  -c rdkafka_event.c -o rdkafka_event.o
[INFO] [stderr]   gcc -MD -MP -g -O2 -fPIC -Wall -Wsign-compare -Wfloat-equal -Wpointer-arith -Wcast-align -I. -I/opt/rustwide/target/debug/build/zstd-sys/e3e597c5dcfdb637/out/include -I/opt/rustwide/target/debug/build/zstd-sys/e3e597c5dcfdb637/out/include  -I/opt/rustwide/target/debug/build/zstd-sys/e3e597c5dcfdb637/out/include  -c rdkafka_metadata.c -o rdkafka_metadata.o
[INFO] [stderr]   gcc -MD -MP -g -O2 -fPIC -Wall -Wsign-compare -Wfloat-equal -Wpointer-arith -Wcast-align -I. -I/opt/rustwide/target/debug/build/zstd-sys/e3e597c5dcfdb637/out/include -I/opt/rustwide/target/debug/build/zstd-sys/e3e597c5dcfdb637/out/include  -I/opt/rustwide/target/debug/build/zstd-sys/e3e597c5dcfdb637/out/include  -c rdregex.c -o rdregex.o
[INFO] [stderr]   gcc -MD -MP -g -O2 -fPIC -Wall -Wsign-compare -Wfloat-equal -Wpointer-arith -Wcast-align -I. -I/opt/rustwide/target/debug/build/zstd-sys/e3e597c5dcfdb637/out/include -I/opt/rustwide/target/debug/build/zstd-sys/e3e597c5dcfdb637/out/include  -I/opt/rustwide/target/debug/build/zstd-sys/e3e597c5dcfdb637/out/include  -c rdports.c -o rdports.o
[INFO] [stderr]   gcc -MD -MP -g -O2 -fPIC -Wall -Wsign-compare -Wfloat-equal -Wpointer-arith -Wcast-align -I. -I/opt/rustwide/target/debug/build/zstd-sys/e3e597c5dcfdb637/out/include -I/opt/rustwide/target/debug/build/zstd-sys/e3e597c5dcfdb637/out/include  -I/opt/rustwide/target/debug/build/zstd-sys/e3e597c5dcfdb637/out/include  -c rdkafka_metadata_cache.c -o rdkafka_metadata_cache.o
[INFO] [stderr]   gcc -MD -MP -g -O2 -fPIC -Wall -Wsign-compare -Wfloat-equal -Wpointer-arith -Wcast-align -I. -I/opt/rustwide/target/debug/build/zstd-sys/e3e597c5dcfdb637/out/include -I/opt/rustwide/target/debug/build/zstd-sys/e3e597c5dcfdb637/out/include  -I/opt/rustwide/target/debug/build/zstd-sys/e3e597c5dcfdb637/out/include  -c rdavl.c -o rdavl.o
[INFO] [stderr]   gcc -MD -MP -g -O2 -fPIC -Wall -Wsign-compare -Wfloat-equal -Wpointer-arith -Wcast-align -I. -I/opt/rustwide/target/debug/build/zstd-sys/e3e597c5dcfdb637/out/include -I/opt/rustwide/target/debug/build/zstd-sys/e3e597c5dcfdb637/out/include  -I/opt/rustwide/target/debug/build/zstd-sys/e3e597c5dcfdb637/out/include  -c rdkafka_sasl.c -o rdkafka_sasl.o
[INFO] [stderr]   gcc -MD -MP -g -O2 -fPIC -Wall -Wsign-compare -Wfloat-equal -Wpointer-arith -Wcast-align -I. -I/opt/rustwide/target/debug/build/zstd-sys/e3e597c5dcfdb637/out/include -I/opt/rustwide/target/debug/build/zstd-sys/e3e597c5dcfdb637/out/include  -I/opt/rustwide/target/debug/build/zstd-sys/e3e597c5dcfdb637/out/include  -c rdkafka_sasl_plain.c -o rdkafka_sasl_plain.o
[INFO] [stderr]   gcc -MD -MP -g -O2 -fPIC -Wall -Wsign-compare -Wfloat-equal -Wpointer-arith -Wcast-align -I. -I/opt/rustwide/target/debug/build/zstd-sys/e3e597c5dcfdb637/out/include -I/opt/rustwide/target/debug/build/zstd-sys/e3e597c5dcfdb637/out/include  -I/opt/rustwide/target/debug/build/zstd-sys/e3e597c5dcfdb637/out/include  -c rdkafka_interceptor.c -o rdkafka_interceptor.o
[INFO] [stderr]   gcc -MD -MP -g -O2 -fPIC -Wall -Wsign-compare -Wfloat-equal -Wpointer-arith -Wcast-align -I. -I/opt/rustwide/target/debug/build/zstd-sys/e3e597c5dcfdb637/out/include -I/opt/rustwide/target/debug/build/zstd-sys/e3e597c5dcfdb637/out/include  -I/opt/rustwide/target/debug/build/zstd-sys/e3e597c5dcfdb637/out/include  -c rdkafka_msgset_writer.c -o rdkafka_msgset_writer.o
[INFO] [stderr]   gcc -MD -MP -g -O2 -fPIC -Wall -Wsign-compare -Wfloat-equal -Wpointer-arith -Wcast-align -I. -I/opt/rustwide/target/debug/build/zstd-sys/e3e597c5dcfdb637/out/include -I/opt/rustwide/target/debug/build/zstd-sys/e3e597c5dcfdb637/out/include  -I/opt/rustwide/target/debug/build/zstd-sys/e3e597c5dcfdb637/out/include  -c rdkafka_msgset_reader.c -o rdkafka_msgset_reader.o
[INFO] [stderr]   gcc -MD -MP -g -O2 -fPIC -Wall -Wsign-compare -Wfloat-equal -Wpointer-arith -Wcast-align -I. -I/opt/rustwide/target/debug/build/zstd-sys/e3e597c5dcfdb637/out/include -I/opt/rustwide/target/debug/build/zstd-sys/e3e597c5dcfdb637/out/include  -I/opt/rustwide/target/debug/build/zstd-sys/e3e597c5dcfdb637/out/include  -c rdkafka_header.c -o rdkafka_header.o
[INFO] [stderr]   gcc -MD -MP -g -O2 -fPIC -Wall -Wsign-compare -Wfloat-equal -Wpointer-arith -Wcast-align -I. -I/opt/rustwide/target/debug/build/zstd-sys/e3e597c5dcfdb637/out/include -I/opt/rustwide/target/debug/build/zstd-sys/e3e597c5dcfdb637/out/include  -I/opt/rustwide/target/debug/build/zstd-sys/e3e597c5dcfdb637/out/include  -c rdkafka_admin.c -o rdkafka_admin.o
[INFO] [stderr]   gcc -MD -MP -g -O2 -fPIC -Wall -Wsign-compare -Wfloat-equal -Wpointer-arith -Wcast-align -I. -I/opt/rustwide/target/debug/build/zstd-sys/e3e597c5dcfdb637/out/include -I/opt/rustwide/target/debug/build/zstd-sys/e3e597c5dcfdb637/out/include  -I/opt/rustwide/target/debug/build/zstd-sys/e3e597c5dcfdb637/out/include  -c rdkafka_aux.c -o rdkafka_aux.o
[INFO] [stderr]   gcc -MD -MP -g -O2 -fPIC -Wall -Wsign-compare -Wfloat-equal -Wpointer-arith -Wcast-align -I. -I/opt/rustwide/target/debug/build/zstd-sys/e3e597c5dcfdb637/out/include -I/opt/rustwide/target/debug/build/zstd-sys/e3e597c5dcfdb637/out/include  -I/opt/rustwide/target/debug/build/zstd-sys/e3e597c5dcfdb637/out/include  -c rdkafka_background.c -o rdkafka_background.o
[INFO] [stderr]   gcc -MD -MP -g -O2 -fPIC -Wall -Wsign-compare -Wfloat-equal -Wpointer-arith -Wcast-align -I. -I/opt/rustwide/target/debug/build/zstd-sys/e3e597c5dcfdb637/out/include -I/opt/rustwide/target/debug/build/zstd-sys/e3e597c5dcfdb637/out/include  -I/opt/rustwide/target/debug/build/zstd-sys/e3e597c5dcfdb637/out/include  -c rdkafka_idempotence.c -o rdkafka_idempotence.o
[INFO] [stderr]   gcc -MD -MP -g -O2 -fPIC -Wall -Wsign-compare -Wfloat-equal -Wpointer-arith -Wcast-align -I. -I/opt/rustwide/target/debug/build/zstd-sys/e3e597c5dcfdb637/out/include -I/opt/rustwide/target/debug/build/zstd-sys/e3e597c5dcfdb637/out/include  -I/opt/rustwide/target/debug/build/zstd-sys/e3e597c5dcfdb637/out/include  -c rdkafka_cert.c -o rdkafka_cert.o
[INFO] [stderr]   gcc -MD -MP -g -O2 -fPIC -Wall -Wsign-compare -Wfloat-equal -Wpointer-arith -Wcast-align -I. -I/opt/rustwide/target/debug/build/zstd-sys/e3e597c5dcfdb637/out/include -I/opt/rustwide/target/debug/build/zstd-sys/e3e597c5dcfdb637/out/include  -I/opt/rustwide/target/debug/build/zstd-sys/e3e597c5dcfdb637/out/include  -c rdkafka_txnmgr.c -o rdkafka_txnmgr.o
[INFO] [stderr]   gcc -MD -MP -g -O2 -fPIC -Wall -Wsign-compare -Wfloat-equal -Wpointer-arith -Wcast-align -I. -I/opt/rustwide/target/debug/build/zstd-sys/e3e597c5dcfdb637/out/include -I/opt/rustwide/target/debug/build/zstd-sys/e3e597c5dcfdb637/out/include  -I/opt/rustwide/target/debug/build/zstd-sys/e3e597c5dcfdb637/out/include  -c rdkafka_coord.c -o rdkafka_coord.o
[INFO] [stderr]   gcc -MD -MP -g -O2 -fPIC -Wall -Wsign-compare -Wfloat-equal -Wpointer-arith -Wcast-align -I. -I/opt/rustwide/target/debug/build/zstd-sys/e3e597c5dcfdb637/out/include -I/opt/rustwide/target/debug/build/zstd-sys/e3e597c5dcfdb637/out/include  -I/opt/rustwide/target/debug/build/zstd-sys/e3e597c5dcfdb637/out/include  -c rdbase64.c -o rdbase64.o
[INFO] [stderr]   gcc -MD -MP -g -O2 -fPIC -Wall -Wsign-compare -Wfloat-equal -Wpointer-arith -Wcast-align -I. -I/opt/rustwide/target/debug/build/zstd-sys/e3e597c5dcfdb637/out/include -I/opt/rustwide/target/debug/build/zstd-sys/e3e597c5dcfdb637/out/include  -I/opt/rustwide/target/debug/build/zstd-sys/e3e597c5dcfdb637/out/include  -c rdvarint.c -o rdvarint.o
[INFO] [stderr]   gcc -MD -MP -g -O2 -fPIC -Wall -Wsign-compare -Wfloat-equal -Wpointer-arith -Wcast-align -I. -I/opt/rustwide/target/debug/build/zstd-sys/e3e597c5dcfdb637/out/include -I/opt/rustwide/target/debug/build/zstd-sys/e3e597c5dcfdb637/out/include  -I/opt/rustwide/target/debug/build/zstd-sys/e3e597c5dcfdb637/out/include  -c rdbuf.c -o rdbuf.o
[INFO] [stderr]   gcc -MD -MP -g -O2 -fPIC -Wall -Wsign-compare -Wfloat-equal -Wpointer-arith -Wcast-align -I. -I/opt/rustwide/target/debug/build/zstd-sys/e3e597c5dcfdb637/out/include -I/opt/rustwide/target/debug/build/zstd-sys/e3e597c5dcfdb637/out/include  -I/opt/rustwide/target/debug/build/zstd-sys/e3e597c5dcfdb637/out/include  -c rdmap.c -o rdmap.o
[INFO] [stderr]   gcc -MD -MP -g -O2 -fPIC -Wall -Wsign-compare -Wfloat-equal -Wpointer-arith -Wcast-align -I. -I/opt/rustwide/target/debug/build/zstd-sys/e3e597c5dcfdb637/out/include -I/opt/rustwide/target/debug/build/zstd-sys/e3e597c5dcfdb637/out/include  -I/opt/rustwide/target/debug/build/zstd-sys/e3e597c5dcfdb637/out/include  -c rdunittest.c -o rdunittest.o
[INFO] [stderr]   gcc -MD -MP -g -O2 -fPIC -Wall -Wsign-compare -Wfloat-equal -Wpointer-arith -Wcast-align -I. -I/opt/rustwide/target/debug/build/zstd-sys/e3e597c5dcfdb637/out/include -I/opt/rustwide/target/debug/build/zstd-sys/e3e597c5dcfdb637/out/include  -I/opt/rustwide/target/debug/build/zstd-sys/e3e597c5dcfdb637/out/include  -c rdkafka_mock.c -o rdkafka_mock.o
[INFO] [stderr]   gcc -MD -MP -g -O2 -fPIC -Wall -Wsign-compare -Wfloat-equal -Wpointer-arith -Wcast-align -I. -I/opt/rustwide/target/debug/build/zstd-sys/e3e597c5dcfdb637/out/include -I/opt/rustwide/target/debug/build/zstd-sys/e3e597c5dcfdb637/out/include  -I/opt/rustwide/target/debug/build/zstd-sys/e3e597c5dcfdb637/out/include  -c rdkafka_mock_handlers.c -o rdkafka_mock_handlers.o
[INFO] [stderr]   gcc -MD -MP -g -O2 -fPIC -Wall -Wsign-compare -Wfloat-equal -Wpointer-arith -Wcast-align -I. -I/opt/rustwide/target/debug/build/zstd-sys/e3e597c5dcfdb637/out/include -I/opt/rustwide/target/debug/build/zstd-sys/e3e597c5dcfdb637/out/include  -I/opt/rustwide/target/debug/build/zstd-sys/e3e597c5dcfdb637/out/include  -c rdkafka_mock_cgrp.c -o rdkafka_mock_cgrp.o
[INFO] [stderr]   gcc -MD -MP -g -O2 -fPIC -Wall -Wsign-compare -Wfloat-equal -Wpointer-arith -Wcast-align -I. -I/opt/rustwide/target/debug/build/zstd-sys/e3e597c5dcfdb637/out/include -I/opt/rustwide/target/debug/build/zstd-sys/e3e597c5dcfdb637/out/include  -I/opt/rustwide/target/debug/build/zstd-sys/e3e597c5dcfdb637/out/include  -c rdkafka_error.c -o rdkafka_error.o
[INFO] [stderr]   gcc -MD -MP -g -O2 -fPIC -Wall -Wsign-compare -Wfloat-equal -Wpointer-arith -Wcast-align -I. -I/opt/rustwide/target/debug/build/zstd-sys/e3e597c5dcfdb637/out/include -I/opt/rustwide/target/debug/build/zstd-sys/e3e597c5dcfdb637/out/include  -I/opt/rustwide/target/debug/build/zstd-sys/e3e597c5dcfdb637/out/include  -c rdkafka_fetcher.c -o rdkafka_fetcher.o
[INFO] [stderr]   gcc -MD -MP -g -O2 -fPIC -Wall -Wsign-compare -Wfloat-equal -Wpointer-arith -Wcast-align -I. -I/opt/rustwide/target/debug/build/zstd-sys/e3e597c5dcfdb637/out/include -I/opt/rustwide/target/debug/build/zstd-sys/e3e597c5dcfdb637/out/include  -I/opt/rustwide/target/debug/build/zstd-sys/e3e597c5dcfdb637/out/include  -c rdkafka_telemetry.c -o rdkafka_telemetry.o
[INFO] [stderr]   gcc -MD -MP -g -O2 -fPIC -Wall -Wsign-compare -Wfloat-equal -Wpointer-arith -Wcast-align -I. -I/opt/rustwide/target/debug/build/zstd-sys/e3e597c5dcfdb637/out/include -I/opt/rustwide/target/debug/build/zstd-sys/e3e597c5dcfdb637/out/include  -I/opt/rustwide/target/debug/build/zstd-sys/e3e597c5dcfdb637/out/include  -c rdkafka_telemetry_encode.c -o rdkafka_telemetry_encode.o
[INFO] [stderr]   gcc -MD -MP -g -O2 -fPIC -Wall -Wsign-compare -Wfloat-equal -Wpointer-arith -Wcast-align -I. -I/opt/rustwide/target/debug/build/zstd-sys/e3e597c5dcfdb637/out/include -I/opt/rustwide/target/debug/build/zstd-sys/e3e597c5dcfdb637/out/include  -I/opt/rustwide/target/debug/build/zstd-sys/e3e597c5dcfdb637/out/include  -c rdkafka_telemetry_decode.c -o rdkafka_telemetry_decode.o
[INFO] [stderr]   gcc -MD -MP -g -O2 -fPIC -Wall -Wsign-compare -Wfloat-equal -Wpointer-arith -Wcast-align -I. -I/opt/rustwide/target/debug/build/zstd-sys/e3e597c5dcfdb637/out/include -I/opt/rustwide/target/debug/build/zstd-sys/e3e597c5dcfdb637/out/include  -I/opt/rustwide/target/debug/build/zstd-sys/e3e597c5dcfdb637/out/include  -c nanopb/pb_encode.c -o nanopb/pb_encode.o
[INFO] [stderr]   gcc -MD -MP -g -O2 -fPIC -Wall -Wsign-compare -Wfloat-equal -Wpointer-arith -Wcast-align -I. -I/opt/rustwide/target/debug/build/zstd-sys/e3e597c5dcfdb637/out/include -I/opt/rustwide/target/debug/build/zstd-sys/e3e597c5dcfdb637/out/include  -I/opt/rustwide/target/debug/build/zstd-sys/e3e597c5dcfdb637/out/include  -c nanopb/pb_decode.c -o nanopb/pb_decode.o
[INFO] [stderr]   gcc -MD -MP -g -O2 -fPIC -Wall -Wsign-compare -Wfloat-equal -Wpointer-arith -Wcast-align -I. -I/opt/rustwide/target/debug/build/zstd-sys/e3e597c5dcfdb637/out/include -I/opt/rustwide/target/debug/build/zstd-sys/e3e597c5dcfdb637/out/include  -I/opt/rustwide/target/debug/build/zstd-sys/e3e597c5dcfdb637/out/include  -c nanopb/pb_common.c -o nanopb/pb_common.o
[INFO] [stderr]   gcc -MD -MP -g -O2 -fPIC -Wall -Wsign-compare -Wfloat-equal -Wpointer-arith -Wcast-align -I. -I/opt/rustwide/target/debug/build/zstd-sys/e3e597c5dcfdb637/out/include -I/opt/rustwide/target/debug/build/zstd-sys/e3e597c5dcfdb637/out/include  -I/opt/rustwide/target/debug/build/zstd-sys/e3e597c5dcfdb637/out/include  -c opentelemetry/metrics.pb.c -o opentelemetry/metrics.pb.o
[INFO] [stderr]   gcc -MD -MP -g -O2 -fPIC -Wall -Wsign-compare -Wfloat-equal -Wpointer-arith -Wcast-align -I. -I/opt/rustwide/target/debug/build/zstd-sys/e3e597c5dcfdb637/out/include -I/opt/rustwide/target/debug/build/zstd-sys/e3e597c5dcfdb637/out/include  -I/opt/rustwide/target/debug/build/zstd-sys/e3e597c5dcfdb637/out/include  -c opentelemetry/common.pb.c -o opentelemetry/common.pb.o
[INFO] [stderr]   gcc -MD -MP -g -O2 -fPIC -Wall -Wsign-compare -Wfloat-equal -Wpointer-arith -Wcast-align -I. -I/opt/rustwide/target/debug/build/zstd-sys/e3e597c5dcfdb637/out/include -I/opt/rustwide/target/debug/build/zstd-sys/e3e597c5dcfdb637/out/include  -I/opt/rustwide/target/debug/build/zstd-sys/e3e597c5dcfdb637/out/include  -c opentelemetry/resource.pb.c -o opentelemetry/resource.pb.o
[INFO] [stderr]   gcc -MD -MP -g -O2 -fPIC -Wall -Wsign-compare -Wfloat-equal -Wpointer-arith -Wcast-align -I. -I/opt/rustwide/target/debug/build/zstd-sys/e3e597c5dcfdb637/out/include -I/opt/rustwide/target/debug/build/zstd-sys/e3e597c5dcfdb637/out/include  -I/opt/rustwide/target/debug/build/zstd-sys/e3e597c5dcfdb637/out/include  -c snappy.c -o snappy.o
[INFO] [stderr]   gcc -MD -MP -g -O2 -fPIC -Wall -Wsign-compare -Wfloat-equal -Wpointer-arith -Wcast-align -I. -I/opt/rustwide/target/debug/build/zstd-sys/e3e597c5dcfdb637/out/include -I/opt/rustwide/target/debug/build/zstd-sys/e3e597c5dcfdb637/out/include  -I/opt/rustwide/target/debug/build/zstd-sys/e3e597c5dcfdb637/out/include  -c rdkafka_zstd.c -o rdkafka_zstd.o
[INFO] [stderr]   gcc -MD -MP -g -O2 -fPIC -Wall -Wsign-compare -Wfloat-equal -Wpointer-arith -Wcast-align -I. -I/opt/rustwide/target/debug/build/zstd-sys/e3e597c5dcfdb637/out/include -I/opt/rustwide/target/debug/build/zstd-sys/e3e597c5dcfdb637/out/include  -I/opt/rustwide/target/debug/build/zstd-sys/e3e597c5dcfdb637/out/include  -c rdhdrhistogram.c -o rdhdrhistogram.o
[INFO] [stderr]   gcc -MD -MP -g -O2 -fPIC -Wall -Wsign-compare -Wfloat-equal -Wpointer-arith -Wcast-align -I. -I/opt/rustwide/target/debug/build/zstd-sys/e3e597c5dcfdb637/out/include -I/opt/rustwide/target/debug/build/zstd-sys/e3e597c5dcfdb637/out/include  -I/opt/rustwide/target/debug/build/zstd-sys/e3e597c5dcfdb637/out/include  -c rdkafka_lz4.c -o rdkafka_lz4.o
[INFO] [stderr]   gcc -MD -MP -g -O2 -fPIC -Wall -Wsign-compare -Wfloat-equal -Wpointer-arith -Wcast-align -I. -I/opt/rustwide/target/debug/build/zstd-sys/e3e597c5dcfdb637/out/include -I/opt/rustwide/target/debug/build/zstd-sys/e3e597c5dcfdb637/out/include  -I/opt/rustwide/target/debug/build/zstd-sys/e3e597c5dcfdb637/out/include  -O3 -c rdxxhash.c -o rdxxhash.o
[INFO] [stderr]   gcc -MD -MP -g -O2 -fPIC -Wall -Wsign-compare -Wfloat-equal -Wpointer-arith -Wcast-align -I. -I/opt/rustwide/target/debug/build/zstd-sys/e3e597c5dcfdb637/out/include -I/opt/rustwide/target/debug/build/zstd-sys/e3e597c5dcfdb637/out/include  -I/opt/rustwide/target/debug/build/zstd-sys/e3e597c5dcfdb637/out/include  -O3 -c lz4.c -o lz4.o
[INFO] [stderr]   gcc -MD -MP -g -O2 -fPIC -Wall -Wsign-compare -Wfloat-equal -Wpointer-arith -Wcast-align -I. -I/opt/rustwide/target/debug/build/zstd-sys/e3e597c5dcfdb637/out/include -I/opt/rustwide/target/debug/build/zstd-sys/e3e597c5dcfdb637/out/include  -I/opt/rustwide/target/debug/build/zstd-sys/e3e597c5dcfdb637/out/include  -O3 -c lz4frame.c -o lz4frame.o
[INFO] [stderr]   gcc -MD -MP -g -O2 -fPIC -Wall -Wsign-compare -Wfloat-equal -Wpointer-arith -Wcast-align -I. -I/opt/rustwide/target/debug/build/zstd-sys/e3e597c5dcfdb637/out/include -I/opt/rustwide/target/debug/build/zstd-sys/e3e597c5dcfdb637/out/include  -I/opt/rustwide/target/debug/build/zstd-sys/e3e597c5dcfdb637/out/include  -O3 -c lz4hc.c -o lz4hc.o
[INFO] [stderr]   gcc -MD -MP -g -O2 -fPIC -Wall -Wsign-compare -Wfloat-equal -Wpointer-arith -Wcast-align -I. -I/opt/rustwide/target/debug/build/zstd-sys/e3e597c5dcfdb637/out/include -I/opt/rustwide/target/debug/build/zstd-sys/e3e597c5dcfdb637/out/include  -I/opt/rustwide/target/debug/build/zstd-sys/e3e597c5dcfdb637/out/include  -c rddl.c -o rddl.o
[INFO] [stderr]   gcc -MD -MP -g -O2 -fPIC -Wall -Wsign-compare -Wfloat-equal -Wpointer-arith -Wcast-align -I. -I/opt/rustwide/target/debug/build/zstd-sys/e3e597c5dcfdb637/out/include -I/opt/rustwide/target/debug/build/zstd-sys/e3e597c5dcfdb637/out/include  -I/opt/rustwide/target/debug/build/zstd-sys/e3e597c5dcfdb637/out/include  -c rdkafka_plugin.c -o rdkafka_plugin.o
[INFO] [stderr]   Generating linker script librdkafka.lds from rdkafka.h rdkafka_mock.h
[INFO] [stderr]   Generating pkg-config file rdkafka.pc
[INFO] [stderr]   Creating static library librdkafka.a
[INFO] [stderr]   ar rcs librdkafka.a rdkafka.o rdkafka_broker.o rdkafka_msg.o rdkafka_topic.o rdkafka_conf.o rdkafka_timer.o rdkafka_offset.o rdkafka_transport.o rdkafka_buf.o rdkafka_queue.o rdkafka_op.o rdkafka_request.o rdkafka_cgrp.o rdkafka_pattern.o rdkafka_partition.o rdkafka_subscription.o rdkafka_assignment.o rdkafka_assignor.o rdkafka_range_assignor.o rdkafka_roundrobin_assignor.o rdkafka_sticky_assignor.o rdkafka_feature.o rdcrc32.o crc32c.o rdmurmur2.o rdfnv1a.o cJSON.o rdaddr.o rdrand.o rdlist.o tinycthread.o tinycthread_extra.o rdlog.o rdstring.o rdkafka_event.o rdkafka_metadata.o rdregex.o rdports.o rdkafka_metadata_cache.o rdavl.o rdkafka_sasl.o rdkafka_sasl_plain.o rdkafka_interceptor.o rdkafka_msgset_writer.o rdkafka_msgset_reader.o rdkafka_header.o rdkafka_admin.o rdkafka_aux.o rdkafka_background.o rdkafka_idempotence.o rdkafka_cert.o rdkafka_txnmgr.o rdkafka_coord.o rdbase64.o rdvarint.o rdbuf.o rdmap.o rdunittest.o rdkafka_mock.o rdkafka_mock_handlers.o rdkafka_mock_cgrp.o rdkafka_error.o rdkafka_fetcher.o rdkafka_telemetry.o rdkafka_telemetry_encode.o rdkafka_telemetry_decode.o nanopb/pb_encode.o nanopb/pb_decode.o nanopb/pb_common.o opentelemetry/metrics.pb.o opentelemetry/common.pb.o opentelemetry/resource.pb.o snappy.o rdkafka_zstd.o rdhdrhistogram.o rdkafka_lz4.o rdxxhash.o lz4.o lz4frame.o lz4hc.o rddl.o rdkafka_plugin.o
[INFO] [stderr]   Creating shared library librdkafka.so.1
[INFO] [stderr]   gcc -L/opt/rustwide/target/debug/build/zstd-sys/e3e597c5dcfdb637/out -L/opt/rustwide/target/debug/build/zstd-sys/e3e597c5dcfdb637/out -L/opt/rustwide/target/debug/build/zstd-sys/e3e597c5dcfdb637/out -shared -Wl,-soname,librdkafka.so.1 -Wl,--version-script=librdkafka.lds rdkafka.o rdkafka_broker.o rdkafka_msg.o rdkafka_topic.o rdkafka_conf.o rdkafka_timer.o rdkafka_offset.o rdkafka_transport.o rdkafka_buf.o rdkafka_queue.o rdkafka_op.o rdkafka_request.o rdkafka_cgrp.o rdkafka_pattern.o rdkafka_partition.o rdkafka_subscription.o rdkafka_assignment.o rdkafka_assignor.o rdkafka_range_assignor.o rdkafka_roundrobin_assignor.o rdkafka_sticky_assignor.o rdkafka_feature.o rdcrc32.o crc32c.o rdmurmur2.o rdfnv1a.o cJSON.o rdaddr.o rdrand.o rdlist.o tinycthread.o tinycthread_extra.o rdlog.o rdstring.o rdkafka_event.o rdkafka_metadata.o rdregex.o rdports.o rdkafka_metadata_cache.o rdavl.o rdkafka_sasl.o rdkafka_sasl_plain.o rdkafka_interceptor.o rdkafka_msgset_writer.o rdkafka_msgset_reader.o rdkafka_header.o rdkafka_admin.o rdkafka_aux.o rdkafka_background.o rdkafka_idempotence.o rdkafka_cert.o rdkafka_txnmgr.o rdkafka_coord.o rdbase64.o rdvarint.o rdbuf.o rdmap.o rdunittest.o rdkafka_mock.o rdkafka_mock_handlers.o rdkafka_mock_cgrp.o rdkafka_error.o rdkafka_fetcher.o rdkafka_telemetry.o rdkafka_telemetry_encode.o rdkafka_telemetry_decode.o nanopb/pb_encode.o nanopb/pb_decode.o nanopb/pb_common.o opentelemetry/metrics.pb.o opentelemetry/common.pb.o opentelemetry/resource.pb.o snappy.o rdkafka_zstd.o rdhdrhistogram.o rdkafka_lz4.o rdxxhash.o lz4.o lz4frame.o lz4hc.o rddl.o rdkafka_plugin.o -o librdkafka.so.1 -lm -lzstd -ldl -lpthread -lrt -lpthread -lrt
[INFO] [stderr]   cp librdkafka.a librdkafka-dbg.a
[INFO] [stderr]   WARNING: librdkafka-static.a: No static libraries available/enabled for inclusion in self-contained static library librdkafka-static.a: this library will be identical to librdkafka.a
[INFO] [stderr]   WARNING: librdkafka-static.a: The following libraries were not available as static libraries and need to be linked dynamically: -lm -lzstd -ldl -lpthread -lrt -lpthread -lrt
[INFO] [stderr]   cp librdkafka.a librdkafka-static.a
[INFO] [stderr]   cp librdkafka-dbg.a librdkafka-static-dbg.a
[INFO] [stderr]   cp librdkafka-static.a librdkafka-static-dbg.a
[INFO] [stderr]   Generating pkg-config file rdkafka-static.pc
[INFO] [stderr]   cp librdkafka.so.1 librdkafka-dbg.so.1
[INFO] [stderr]   Creating librdkafka.so symlink
[INFO] [stderr]   rm -f "librdkafka.so" && ln -s "librdkafka.so.1" "librdkafka.so"
[INFO] [stderr]   Checking librdkafka integrity
[INFO] [stderr]   librdkafka.so.1                OK
[INFO] [stderr]   librdkafka.a                   OK
[INFO] [stderr]   Symbol visibility              OK
[INFO] [stderr]   make[1]: Leaving directory '/opt/rustwide/target/debug/build/rdkafka-sys/7065bb86fccb1489/out/src'
[INFO] [stderr]   make[1]: Entering directory '/opt/rustwide/target/debug/build/rdkafka-sys/7065bb86fccb1489/out/src-cpp'
[INFO] [stderr]   g++ -MD -MP -g -O2 -fPIC -Wall -Wsign-compare -Wfloat-equal -Wpointer-arith -Wcast-align -Wno-non-virtual-dtor -c RdKafka.cpp -o RdKafka.o
[INFO] [stderr]   g++ -MD -MP -g -O2 -fPIC -Wall -Wsign-compare -Wfloat-equal -Wpointer-arith -Wcast-align -Wno-non-virtual-dtor -c ConfImpl.cpp -o ConfImpl.o
[INFO] [stderr]   g++ -MD -MP -g -O2 -fPIC -Wall -Wsign-compare -Wfloat-equal -Wpointer-arith -Wcast-align -Wno-non-virtual-dtor -c HandleImpl.cpp -o HandleImpl.o
[INFO] [stderr]   g++ -MD -MP -g -O2 -fPIC -Wall -Wsign-compare -Wfloat-equal -Wpointer-arith -Wcast-align -Wno-non-virtual-dtor -c ConsumerImpl.cpp -o ConsumerImpl.o
[INFO] [stderr]   g++ -MD -MP -g -O2 -fPIC -Wall -Wsign-compare -Wfloat-equal -Wpointer-arith -Wcast-align -Wno-non-virtual-dtor -c ProducerImpl.cpp -o ProducerImpl.o
[INFO] [stderr]   g++ -MD -MP -g -O2 -fPIC -Wall -Wsign-compare -Wfloat-equal -Wpointer-arith -Wcast-align -Wno-non-virtual-dtor -c KafkaConsumerImpl.cpp -o KafkaConsumerImpl.o
[INFO] [stderr]   g++ -MD -MP -g -O2 -fPIC -Wall -Wsign-compare -Wfloat-equal -Wpointer-arith -Wcast-align -Wno-non-virtual-dtor -c TopicImpl.cpp -o TopicImpl.o
[INFO] [stderr]   g++ -MD -MP -g -O2 -fPIC -Wall -Wsign-compare -Wfloat-equal -Wpointer-arith -Wcast-align -Wno-non-virtual-dtor -c TopicPartitionImpl.cpp -o TopicPartitionImpl.o
[INFO] [stderr]   g++ -MD -MP -g -O2 -fPIC -Wall -Wsign-compare -Wfloat-equal -Wpointer-arith -Wcast-align -Wno-non-virtual-dtor -c MessageImpl.cpp -o MessageImpl.o
[INFO] [stderr]   g++ -MD -MP -g -O2 -fPIC -Wall -Wsign-compare -Wfloat-equal -Wpointer-arith -Wcast-align -Wno-non-virtual-dtor -c HeadersImpl.cpp -o HeadersImpl.o
[INFO] [stderr]   g++ -MD -MP -g -O2 -fPIC -Wall -Wsign-compare -Wfloat-equal -Wpointer-arith -Wcast-align -Wno-non-virtual-dtor -c QueueImpl.cpp -o QueueImpl.o
[INFO] [stderr]   g++ -MD -MP -g -O2 -fPIC -Wall -Wsign-compare -Wfloat-equal -Wpointer-arith -Wcast-align -Wno-non-virtual-dtor -c MetadataImpl.cpp -o MetadataImpl.o
[INFO] [stderr]   Generating pkg-config file rdkafka++.pc
[INFO] [stderr]   Generating pkg-config file rdkafka++-static.pc
[INFO] [stderr]   make[1]: Leaving directory '/opt/rustwide/target/debug/build/rdkafka-sys/7065bb86fccb1489/out/src-cpp'
[INFO] [stderr] 
[INFO] [stderr]   --- stderr
[INFO] [stderr]   Building and linking librdkafka statically
[INFO] [stderr]   Running command: "cp -a librdkafka/. /opt/rustwide/target/debug/build/rdkafka-sys/7065bb86fccb1489/out" in dir: .
[INFO] [stderr]   Running command: "/opt/rustwide/target/debug/build/rdkafka-sys/7065bb86fccb1489/out/configure --disable-ssl --disable-gssapi --disable-zlib --disable-curl --enable-zstd --disable-lz4-ext" in dir: /opt/rustwide/target/debug/build/rdkafka-sys/7065bb86fccb1489/out
[INFO] [stderr]   Running command: "make libs" in dir: /opt/rustwide/target/debug/build/rdkafka-sys/7065bb86fccb1489/out
[INFO] [stderr]   rdkafka_aux.c: In function 'rd_kafka_Node_new_from_brokers':
[INFO] [stderr]   rdkafka_aux.c:270:13: warning: initialization discards 'const' qualifier from pointer target type [-Wdiscarded-qualifiers]
[INFO] [stderr]     270 |             bsearch(&key_sorted, brokers_sorted, broker_cnt,
[INFO] [stderr]         |             ^~~~~~~
[INFO] [stderr]   rdkafka_aux.c:275:13: warning: initialization discards 'const' qualifier from pointer target type [-Wdiscarded-qualifiers]
[INFO] [stderr]     275 |             bsearch(&key_internal, brokers_internal, broker_cnt,
[INFO] [stderr]         |             ^~~~~~~
[INFO] [stderr]   g++: fatal error: Killed signal terminated program cc1plus
[INFO] [stderr]   compilation terminated.
[INFO] [stderr]   make[1]: *** [../mklove/Makefile.base:100: TopicPartitionImpl.o] Error 1
[INFO] [stderr]   make[1]: *** Waiting for unfinished jobs....
[INFO] [stderr]   g++: fatal error: Killed signal terminated program cc1plus
[INFO] [stderr]   compilation terminated.
[INFO] [stderr]   make[1]: *** [../mklove/Makefile.base:100: QueueImpl.o] Error 1
[INFO] [stderr]   make: *** [Makefile:28: libs] Error 2
[INFO] [stderr] 
[INFO] [stderr]   thread 'main' (2834) panicked at /opt/rustwide/cargo-home/registry/src/index.crates.io-1949cf8c6b5b557f/rdkafka-sys-4.10.0+2.12.1/build.rs:36:33:
[INFO] [stderr]   Command failed with error code 2
[INFO] [stderr]   stack backtrace:
[INFO] [stderr]      0:     0x5e387c83d291 - std[c18826f88f1b691e]::backtrace_rs::backtrace::libunwind::trace
[INFO] [stderr]                                  at /rustc/7211ea594cbf137ef6118b1752b959dea7cb9088/library/std/src/../../backtrace/src/backtrace/libunwind.rs:117:9
[INFO] [stderr]      1:     0x5e387c83d291 - std[c18826f88f1b691e]::backtrace_rs::backtrace::trace_unsynchronized::<std[c18826f88f1b691e]::sys::backtrace::_print_fmt::{closure#1}>
[INFO] [stderr]                                  at /rustc/7211ea594cbf137ef6118b1752b959dea7cb9088/library/std/src/../../backtrace/src/backtrace/mod.rs:66:14
[INFO] [stderr]      2:     0x5e387c83d291 - std[c18826f88f1b691e]::sys::backtrace::_print_fmt
[INFO] [stderr]                                  at /rustc/7211ea594cbf137ef6118b1752b959dea7cb9088/library/std/src/sys/backtrace.rs:74:9
[INFO] [stderr]      3:     0x5e387c83d291 - <<std[c18826f88f1b691e]::sys::backtrace::BacktraceLock>::print::DisplayBacktrace as core[4bc0dc667b90ba1f]::fmt::Display>::fmt
[INFO] [stderr]                                  at /rustc/7211ea594cbf137ef6118b1752b959dea7cb9088/library/std/src/sys/backtrace.rs:44:26
[INFO] [stderr]      4:     0x5e387c84ee5a - <core[4bc0dc667b90ba1f]::fmt::rt::Argument>::fmt
[INFO] [stderr]                                  at /rustc/7211ea594cbf137ef6118b1752b959dea7cb9088/library/core/src/fmt/rt.rs:152:76
[INFO] [stderr]      5:     0x5e387c84ee5a - core[4bc0dc667b90ba1f]::fmt::write
[INFO] [stderr]      6:     0x5e387c8414dc - core[4bc0dc667b90ba1f]::io::write::default_write_fmt::<std[c18826f88f1b691e]::sys::stdio::unix::Stderr>
[INFO] [stderr]                                  at /rustc/7211ea594cbf137ef6118b1752b959dea7cb9088/library/core/src/io/write.rs:402:11
[INFO] [stderr]      7:     0x5e387c8414dc - <std[c18826f88f1b691e]::sys::stdio::unix::Stderr as core[4bc0dc667b90ba1f]::io::write::Write>::write_fmt
[INFO] [stderr]                                  at /rustc/7211ea594cbf137ef6118b1752b959dea7cb9088/library/core/src/io/write.rs:335:13
[INFO] [stderr]      8:     0x5e387c81e0b6 - <std[c18826f88f1b691e]::sys::backtrace::BacktraceLock>::print
[INFO] [stderr]                                  at /rustc/7211ea594cbf137ef6118b1752b959dea7cb9088/library/std/src/sys/backtrace.rs:47:9
[INFO] [stderr]      9:     0x5e387c81e0b6 - std[c18826f88f1b691e]::panicking::default_hook::{closure#0}
[INFO] [stderr]                                  at /rustc/7211ea594cbf137ef6118b1752b959dea7cb9088/library/std/src/panicking.rs:289:27
[INFO] [stderr]     10:     0x5e387c8385d1 - std[c18826f88f1b691e]::panicking::default_hook
[INFO] [stderr]                                  at /rustc/7211ea594cbf137ef6118b1752b959dea7cb9088/library/std/src/panicking.rs:316:9
[INFO] [stderr]     11:     0x5e387c83878b - std[c18826f88f1b691e]::panicking::panic_with_hook
[INFO] [stderr]                                  at /rustc/7211ea594cbf137ef6118b1752b959dea7cb9088/library/std/src/panicking.rs:811:13
[INFO] [stderr]     12:     0x5e387c81e162 - std[c18826f88f1b691e]::panicking::panic_handler::{closure#0}
[INFO] [stderr]                                  at /rustc/7211ea594cbf137ef6118b1752b959dea7cb9088/library/std/src/panicking.rs:685:13
[INFO] [stderr]     13:     0x5e387c817a89 - std[c18826f88f1b691e]::sys::backtrace::__rust_end_short_backtrace::<std[c18826f88f1b691e]::panicking::panic_handler::{closure#0}, !>
[INFO] [stderr]                                  at /rustc/7211ea594cbf137ef6118b1752b959dea7cb9088/library/std/src/sys/backtrace.rs:182:18
[INFO] [stderr]     14:     0x5e387c81e9ed - __rustc[87e9560f837c1f61]::rust_begin_unwind
[INFO] [stderr]                                  at /rustc/7211ea594cbf137ef6118b1752b959dea7cb9088/library/std/src/panicking.rs:676:5
[INFO] [stderr]     15:     0x5e387c84f5ec - core[4bc0dc667b90ba1f]::panicking::panic_fmt
[INFO] [stderr]                                  at /rustc/7211ea594cbf137ef6118b1752b959dea7cb9088/library/core/src/panicking.rs:80:14
[INFO] [stderr]     16:     0x5e387c7e5c2d - build_script_build[7949a458d79b144e]::run_command_or_fail::<&str, &str>
[INFO] [stderr]     17:     0x5e387c7e8c95 - build_script_build[7949a458d79b144e]::build_librdkafka
[INFO] [stderr]     18:     0x5e387c7e9156 - build_script_build[7949a458d79b144e]::main
[INFO] [stderr]     19:     0x5e387c7ea173 - <fn() as core[4bc0dc667b90ba1f]::ops::function::FnOnce<()>>::call_once
[INFO] [stderr]     20:     0x5e387c7e6c86 - std[c18826f88f1b691e]::sys::backtrace::__rust_begin_short_backtrace::<fn(), ()>
[INFO] [stderr]     21:     0x5e387c7e6e19 - std[c18826f88f1b691e]::rt::lang_start::<()>::{closure#0}
[INFO] [stderr]     22:     0x5e387c8379d8 - <&dyn core[4bc0dc667b90ba1f]::ops::function::Fn<(), Output = i32> + core[4bc0dc667b90ba1f]::panic::unwind_safe::RefUnwindSafe + core[4bc0dc667b90ba1f]::marker::Sync as core[4bc0dc667b90ba1f]::ops::function::FnOnce<()>>::call_once
[INFO] [stderr]                                  at /rustc/7211ea594cbf137ef6118b1752b959dea7cb9088/library/core/src/ops/function.rs:287:21
[INFO] [stderr]     23:     0x5e387c8379d8 - std[c18826f88f1b691e]::panicking::catch_unwind::do_call::<&dyn core[4bc0dc667b90ba1f]::ops::function::Fn<(), Output = i32> + core[4bc0dc667b90ba1f]::panic::unwind_safe::RefUnwindSafe + core[4bc0dc667b90ba1f]::marker::Sync, i32>
[INFO] [stderr]                                  at /rustc/7211ea594cbf137ef6118b1752b959dea7cb9088/library/std/src/panicking.rs:573:43
[INFO] [stderr]     24:     0x5e387c8379d8 - std[c18826f88f1b691e]::panicking::catch_unwind::<i32, &dyn core[4bc0dc667b90ba1f]::ops::function::Fn<(), Output = i32> + core[4bc0dc667b90ba1f]::panic::unwind_safe::RefUnwindSafe + core[4bc0dc667b90ba1f]::marker::Sync>
[INFO] [stderr]                                  at /rustc/7211ea594cbf137ef6118b1752b959dea7cb9088/library/std/src/panicking.rs:541:19
[INFO] [stderr]     25:     0x5e387c8379d8 - std[c18826f88f1b691e]::panic::catch_unwind::<&dyn core[4bc0dc667b90ba1f]::ops::function::Fn<(), Output = i32> + core[4bc0dc667b90ba1f]::panic::unwind_safe::RefUnwindSafe + core[4bc0dc667b90ba1f]::marker::Sync, i32>
[INFO] [stderr]                                  at /rustc/7211ea594cbf137ef6118b1752b959dea7cb9088/library/std/src/panic.rs:359:14
[INFO] [stderr]     26:     0x5e387c8379d8 - std[c18826f88f1b691e]::rt::lang_start_internal::{closure#0}
[INFO] [stderr]                                  at /rustc/7211ea594cbf137ef6118b1752b959dea7cb9088/library/std/src/rt.rs:175:24
[INFO] [stderr]     27:     0x5e387c8379d8 - std[c18826f88f1b691e]::panicking::catch_unwind::do_call::<std[c18826f88f1b691e]::rt::lang_start_internal::{closure#0}, isize>
[INFO] [stderr]                                  at /rustc/7211ea594cbf137ef6118b1752b959dea7cb9088/library/std/src/panicking.rs:573:43
[INFO] [stderr]     28:     0x5e387c8379d8 - std[c18826f88f1b691e]::panicking::catch_unwind::<isize, std[c18826f88f1b691e]::rt::lang_start_internal::{closure#0}>
[INFO] [stderr]                                  at /rustc/7211ea594cbf137ef6118b1752b959dea7cb9088/library/std/src/panicking.rs:541:19
[INFO] [stderr]     29:     0x5e387c8379d8 - std[c18826f88f1b691e]::panic::catch_unwind::<std[c18826f88f1b691e]::rt::lang_start_internal::{closure#0}, isize>
[INFO] [stderr]                                  at /rustc/7211ea594cbf137ef6118b1752b959dea7cb9088/library/std/src/panic.rs:359:14
[INFO] [stderr]     30:     0x5e387c8379d8 - std[c18826f88f1b691e]::rt::lang_start_internal
[INFO] [stderr]                                  at /rustc/7211ea594cbf137ef6118b1752b959dea7cb9088/library/std/src/rt.rs:171:5
[INFO] [stderr]     31:     0x5e387c7e69f1 - std[c18826f88f1b691e]::rt::lang_start::<()>
[INFO] [stderr]     32:     0x5e387c7ea1c5 - main
[INFO] [stderr]     33:     0x7a8233896601 - <unknown>
[INFO] [stderr]     34:     0x7a8233896718 - __libc_start_main
[INFO] [stderr]     35:     0x5e387c7e54f5 - _start
[INFO] [stderr]     36:                0x0 - <unknown>
[INFO] running `Command { std: "docker" "inspect" "31454ebea0a860f8664b6e342679622a3234a93efc908c83ce4dcadf2f422a83", kill_on_drop: false }`
[INFO] running `Command { std: "docker" "rm" "-f" "31454ebea0a860f8664b6e342679622a3234a93efc908c83ce4dcadf2f422a83", kill_on_drop: false }`
[INFO] [stdout] 31454ebea0a860f8664b6e342679622a3234a93efc908c83ce4dcadf2f422a83
