[INFO] cloning repository https://github.com/TtTRz/codelens
[INFO] running `Command { std: "git" "-c" "credential.helper=" "-c" "credential.helper=/workspace/cargo-home/bin/git-credential-null" "clone" "--bare" "https://github.com/TtTRz/codelens" "/workspace/cache/git-repos/https%3A%2F%2Fgithub.com%2FTtTRz%2Fcodelens", kill_on_drop: false }`
[INFO] [stderr] Cloning into bare repository '/workspace/cache/git-repos/https%3A%2F%2Fgithub.com%2FTtTRz%2Fcodelens'...
[INFO] running `Command { std: "git" "rev-parse" "HEAD", kill_on_drop: false }`
[INFO] [stdout] d86f19de58dcb0397a55fb2fefdf47eb07669501
[INFO] checking TtTRz/codelens against 7211ea594cbf137ef6118b1752b959dea7cb9088 for pr-164148-crater-rollup
[INFO] running `Command { std: "git" "clone" "/workspace/cache/git-repos/https%3A%2F%2Fgithub.com%2FTtTRz%2Fcodelens" "/workspace/builds/worker-6-tc1/source", kill_on_drop: false }`
[INFO] [stderr] Cloning into '/workspace/builds/worker-6-tc1/source'...
[INFO] [stderr] done.
[INFO] started tweaking git repo https://github.com/TtTRz/codelens
[INFO] finished tweaking git repo https://github.com/TtTRz/codelens
[INFO] tweaked toml for git repo https://github.com/TtTRz/codelens written to /workspace/builds/worker-6-tc1/source/Cargo.toml
[INFO] validating manifest of git repo https://github.com/TtTRz/codelens on toolchain 7211ea594cbf137ef6118b1752b959dea7cb9088
[INFO] running `Command { std: CARGO_HOME="/workspace/cargo-home" RUSTUP_HOME="/workspace/rustup-home" "/workspace/cargo-home/bin/cargo" "+7211ea594cbf137ef6118b1752b959dea7cb9088" "metadata" "--manifest-path" "Cargo.toml" "--no-deps", kill_on_drop: false }`
[INFO] crate git repo https://github.com/TtTRz/codelens already has a lockfile, it will not be regenerated
[INFO] running `Command { std: CARGO_HOME="/workspace/cargo-home" RUSTUP_HOME="/workspace/rustup-home" "/workspace/cargo-home/bin/cargo" "+7211ea594cbf137ef6118b1752b959dea7cb9088" "fetch" "--manifest-path" "Cargo.toml", kill_on_drop: false }`
[INFO] [stderr] warning: `package.homepage` is redundant with `package.repository`
[INFO] [stderr]    --> Cargo.toml:121:12
[INFO] [stderr]     |
[INFO] [stderr] 121 | homepage = "https://github.com/TtTRz/symlens"
[INFO] [stderr]     |            ^^^^^^^^^^^^^^^^^^^^^^^^^^^^^^^^^^
[INFO] [stderr] ...
[INFO] [stderr] 126 | repository = "https://github.com/TtTRz/symlens"
[INFO] [stderr]     |              ----------------------------------
[INFO] [stderr]     |
[INFO] [stderr]     = note: `cargo::redundant_homepage` is set to `warn` by default
[INFO] [stderr] help: consider removing `package.homepage`
[INFO] [stderr] warning: `symlens` (manifest) generated 1 warning
[INFO] [stderr]     Blocking waiting for file lock on package cache
[INFO] [stderr]     Updating crates.io index
[INFO] [stderr]     Blocking waiting for file lock on package cache
[INFO] [stderr]  Downloading crates ...
[INFO] [stderr]   Downloaded fastdivide v0.4.2
[INFO] [stderr]   Downloaded murmurhash32 v0.3.1
[INFO] [stderr]   Downloaded tantivy-tokenizer-api v0.7.0
[INFO] [stderr]   Downloaded ownedbytes v0.9.0
[INFO] [stderr]   Downloaded utf8-ranges v1.0.5
[INFO] [stderr]   Downloaded measure_time v0.9.0
[INFO] [stderr]   Downloaded levenshtein_automata v0.2.1
[INFO] [stderr]   Downloaded census v0.4.2
[INFO] [stderr]   Downloaded pastey v0.2.1
[INFO] [stderr]   Downloaded typetag-impl v0.2.21
[INFO] [stderr]   Downloaded tantivy-bitpacker v0.10.0
[INFO] [stderr]   Downloaded bitpacking v0.9.3
[INFO] [stderr]   Downloaded sketches-ddsketch v0.4.0
[INFO] [stderr]   Downloaded rmcp-macros v1.4.0
[INFO] [stderr]   Downloaded tantivy-stacker v0.7.0
[INFO] [stderr]   Downloaded tantivy-query-grammar v0.26.0
[INFO] [stderr]   Downloaded tantivy-common v0.11.0
[INFO] [stderr]   Downloaded typetag v0.2.21
[INFO] [stderr]   Downloaded oneshot v0.1.13
[INFO] [stderr]   Downloaded tantivy-sstable v0.7.0
[INFO] [stderr]   Downloaded lz4_flex v0.13.0
[INFO] [stderr]   Downloaded bon v3.9.1
[INFO] [stderr]   Downloaded clap_complete v4.6.1
[INFO] [stderr]   Downloaded htmlescape v0.3.1
[INFO] [stderr]   Downloaded tree-sitter-go v0.25.0
[INFO] [stderr]   Downloaded bon-macros v3.9.1
[INFO] [stderr]   Downloaded tantivy-columnar v0.7.0
[INFO] [stderr]   Downloaded rusqlite v0.34.0
[INFO] [stderr]   Downloaded tree-sitter-python v0.25.0
[INFO] [stderr]   Downloaded tree-sitter v0.26.8
[INFO] [stderr]   Downloaded tree-sitter-c v0.24.1
[INFO] [stderr]   Downloaded rmcp v1.4.0
[INFO] [stderr]   Downloaded tree-sitter-rust v0.24.2
[INFO] [stderr]   Downloaded tree-sitter-dart v0.1.0
[INFO] [stderr]   Downloaded tree-sitter-swift v0.7.1
[INFO] [stderr]   Downloaded tokio v1.51.1
[INFO] [stderr]   Downloaded tree-sitter-cpp v0.23.4
[INFO] [stderr]   Downloaded tree-sitter-kotlin-ng v1.1.0
[INFO] [stderr]   Downloaded tantivy v0.26.0
[INFO] [stderr]   Downloaded tantivy-fst v0.5.0
[INFO] [stderr]   Downloaded libsqlite3-sys v0.32.0
[INFO] running `Command { std: "docker" "create" "-v" "/var/lib/crater-agent-workspace/builds/worker-6-tc1/source:/opt/rustwide/workdir:ro,Z" "-v" "/var/lib/crater-agent-workspace/builds/worker-6-tc1/target:/opt/rustwide/target:rw,Z" "-v" "/var/lib/crater-agent-workspace/cargo-home:/opt/rustwide/cargo-home:ro,Z" "-v" "/var/lib/crater-agent-workspace/rustup-home:/opt/rustwide/rustup-home:ro,Z" "-m" "1610612736" "--network" "none" "ghcr.io/rust-lang/crates-build-env/linux@sha256:77db811e55d90add9212f6832c23229e3de5f1c1f9905e8cb07319ea15df73ac" "sleep" "infinity", kill_on_drop: false }`
[INFO] [stdout] f99b7583fb500804c1d8dc50a207e32cc4e4f9455a7b253cb91d7ca6811ad718
[INFO] running `Command { std: "docker" "start" "f99b7583fb500804c1d8dc50a207e32cc4e4f9455a7b253cb91d7ca6811ad718", kill_on_drop: false }`
[INFO] running `Command { std: "docker" "inspect" "f99b7583fb500804c1d8dc50a207e32cc4e4f9455a7b253cb91d7ca6811ad718", kill_on_drop: false }`
[INFO] running `Command { std: "docker" "exec" "-e" "SOURCE_DIR=/opt/rustwide/workdir" "-e" "CARGO_HOME=/opt/rustwide/cargo-home" "-e" "RUSTUP_HOME=/opt/rustwide/rustup-home" "-e" "CARGO_TARGET_DIR=/opt/rustwide/target" "-w" "/opt/rustwide/workdir" "--user" "0:0" "f99b7583fb500804c1d8dc50a207e32cc4e4f9455a7b253cb91d7ca6811ad718" "/opt/rustwide/cargo-home/bin/cargo" "+7211ea594cbf137ef6118b1752b959dea7cb9088" "metadata" "--no-deps" "--format-version=1", kill_on_drop: false }`
[INFO] running `Command { std: "docker" "inspect" "f99b7583fb500804c1d8dc50a207e32cc4e4f9455a7b253cb91d7ca6811ad718", kill_on_drop: false }`
[INFO] running `Command { std: "docker" "exec" "-e" "SOURCE_DIR=/opt/rustwide/workdir" "-e" "CARGO_HOME=/opt/rustwide/cargo-home" "-e" "RUSTUP_HOME=/opt/rustwide/rustup-home" "-e" "CARGO_TARGET_DIR=/opt/rustwide/target" "-e" "CARGO_INCREMENTAL=0" "-e" "RUST_BACKTRACE=full" "-e" "RUSTFLAGS=--cap-lints=forbid" "-e" "RUSTDOCFLAGS=--cap-lints=forbid" "-w" "/opt/rustwide/workdir" "--user" "0:0" "f99b7583fb500804c1d8dc50a207e32cc4e4f9455a7b253cb91d7ca6811ad718" "/opt/rustwide/cargo-home/bin/cargo" "+7211ea594cbf137ef6118b1752b959dea7cb9088" "check" "--frozen" "--all" "--all-targets" "--message-format=json", kill_on_drop: false }`
[INFO] [stderr] warning: `package.homepage` is redundant with `package.repository`
[INFO] [stderr]    --> Cargo.toml:121:12
[INFO] [stderr]     |
[INFO] [stderr] 121 | homepage = "https://github.com/TtTRz/symlens"
[INFO] [stderr]     |            ^^^^^^^^^^^^^^^^^^^^^^^^^^^^^^^^^^
[INFO] [stderr] ...
[INFO] [stderr] 126 | repository = "https://github.com/TtTRz/symlens"
[INFO] [stderr]     |              ----------------------------------
[INFO] [stderr]     |
[INFO] [stderr]     = note: `cargo::redundant_homepage` is set to `warn` by default
[INFO] [stderr] help: consider removing `package.homepage`
[INFO] [stderr] warning: `symlens` (manifest) generated 1 warning
[INFO] [stderr]    Compiling libc v0.2.185
[INFO] [stderr]    Compiling tree-sitter-language v0.1.7
[INFO] [stderr]     Checking regex-syntax v0.8.10
[INFO] [stderr]     Checking aho-corasick v1.1.4
[INFO] [stderr]    Compiling serde_core v1.0.228
[INFO] [stderr]    Compiling crunchy v0.2.4
[INFO] [stderr]     Checking time-core v0.1.8
[INFO] [stderr]    Compiling zstd-safe v7.2.4
[INFO] [stderr]     Checking deranged v0.5.8
[INFO] [stderr]     Checking num-conv v0.2.1
[INFO] [stderr]    Compiling syn v2.0.117
[INFO] [stderr]     Checking num-traits v0.2.19
[INFO] [stderr]     Checking ownedbytes v0.9.0
[INFO] [stderr]    Compiling hashbrown v0.17.0
[INFO] [stderr]    Compiling serde_json v1.0.149
[INFO] [stderr]    Compiling prettyplease v0.2.37
[INFO] [stderr]     Checking bitpacking v0.9.3
[INFO] [stderr]    Compiling zmij v1.0.21
[INFO] [stderr]     Checking slab v0.4.12
[INFO] [stderr]    Compiling memchr v2.8.0
[INFO] [stderr]     Checking futures-core v0.3.32
[INFO] [stderr]    Compiling erased-serde v0.4.10
[INFO] [stderr]     Checking utf8-ranges v1.0.5
[INFO] [stderr]    Compiling itoa v1.0.18
[INFO] [stderr]    Compiling zerocopy v0.8.48
[INFO] [stderr]     Checking hashbrown v0.15.5
[INFO] [stderr]     Checking clap_builder v4.6.0
[INFO] [stderr]     Checking tantivy-bitpacker v0.10.0
[INFO] [stderr]     Checking murmurhash32 v0.3.1
[INFO] [stderr]    Compiling typetag v0.2.21
[INFO] [stderr]     Checking nom v7.1.3
[INFO] [stderr]     Checking bstr v1.12.1
[INFO] [stderr]    Compiling virtue v0.0.18
[INFO] [stderr]    Compiling indexmap v2.14.0
[INFO] [stderr]     Checking ordered-float v5.3.0
[INFO] [stderr]    Compiling anyhow v1.0.102
[INFO] [stderr]     Checking winnow v1.0.1
[INFO] [stderr]     Checking downcast-rs v2.0.2
[INFO] [stderr]     Checking fastdivide v0.4.2
[INFO] [stderr]     Checking inventory v0.3.24
[INFO] [stderr]     Checking hashlink v0.10.0
[INFO] [stderr]     Checking lru v0.16.3
[INFO] [stderr]     Checking fs4 v0.13.1
[INFO] [stderr]     Checking arc-swap v1.9.1
[INFO] [stderr]     Checking measure_time v0.9.0
[INFO] [stderr]     Checking serde_spanned v1.1.1
[INFO] [stderr]     Checking crossbeam-channel v0.5.15
[INFO] [stderr]     Checking toml_datetime v1.1.1+spec-1.1.0
[INFO] [stderr]     Checking getrandom v0.4.2
[INFO] [stderr]     Checking inotify-sys v0.1.5
[INFO] [stderr]     Checking inotify v0.11.1
[INFO] [stderr]     Checking uuid v1.23.0
[INFO] [stderr]     Checking tempfile v3.27.0
[INFO] [stderr]     Checking toml_parser v1.1.2+spec-1.1.0
[INFO] [stderr]     Checking memmap2 v0.9.10
[INFO] [stderr]    Compiling bincode_derive v2.0.1
[INFO] [stderr]    Compiling jobserver v0.1.34
[INFO] [stderr]     Checking mio v1.2.0
[INFO] [stderr]     Checking parking_lot_core v0.9.12
[INFO] [stderr]     Checking notify-types v2.1.0
[INFO] [stderr]     Checking ciborium-io v0.2.2
[INFO] [stderr]     Checking constant_time_eq v0.4.2
[INFO] [stderr]     Checking toml_writer v1.1.1+spec-1.1.0
[INFO] [stderr]     Checking levenshtein_automata v0.2.1
[INFO] [stderr]     Checking fallible-iterator v0.3.0
[INFO] [stderr]     Checking time v0.3.47
[INFO] [stderr]     Checking htmlescape v0.3.1
[INFO] [stderr]     Checking fallible-streaming-iterator v0.1.9
[INFO] [stderr]    Compiling cc v1.2.60
[INFO] [stderr]     Checking lz4_flex v0.13.0
[INFO] [stderr]     Checking census v0.4.2
[INFO] [stderr]     Checking cpufeatures v0.3.0
[INFO] [stderr]     Checking streaming-iterator v0.1.9
[INFO] [stderr]     Checking unty v0.0.4
[INFO] [stderr]     Checking oneshot v0.1.13
[INFO] [stderr]     Checking rustc-hash v2.1.2
[INFO] [stderr]     Checking datasketches v0.2.0
[INFO] [stderr]     Checking plotters-backend v0.3.7
[INFO] [stderr]     Checking fixedbitset v0.5.7
[INFO] [stderr]     Checking plotters-svg v0.3.7
[INFO] [stderr]     Checking regex-automata v0.4.14
[INFO] [stderr]     Checking tantivy-fst v0.5.0
[INFO] [stderr]     Checking notify v8.2.0
[INFO] [stderr]     Checking parking_lot v0.12.5
[INFO] [stderr]     Checking toml v1.1.2+spec-1.1.0
[INFO] [stderr]     Checking petgraph v0.8.3
[INFO] [stderr]     Checking cast v0.3.0
[INFO] [stderr]     Checking plotters v0.3.7
[INFO] [stderr]     Checking page_size v0.6.0
[INFO] [stderr]     Checking anes v0.1.6
[INFO] [stderr]     Checking oorandom v11.1.5
[INFO] [stderr]     Checking criterion-plot v0.8.2
[INFO] [stderr]    Compiling zstd-sys v2.0.16+zstd.1.5.7
[INFO] [stderr]    Compiling libsqlite3-sys v0.32.0
[INFO] [stderr]    Compiling blake3 v1.8.4
[INFO] [stderr]    Compiling tree-sitter-python v0.25.0
[INFO] [stderr]    Compiling tree-sitter-rust v0.24.2
[INFO] [stderr]    Compiling tree-sitter-swift v0.7.1
[INFO] [stderr]    Compiling tree-sitter-typescript v0.23.2
[INFO] [stderr]    Compiling tree-sitter-c v0.24.1
[INFO] [stderr]    Compiling tree-sitter-cpp v0.23.4
[INFO] [stderr]    Compiling tree-sitter-dart v0.1.0
[INFO] [stderr]    Compiling tree-sitter-go v0.25.0
[INFO] [stderr]    Compiling tree-sitter-kotlin-ng v1.1.0
[INFO] [stderr]     Checking regex v1.12.3
[INFO] [stderr]     Checking globset v0.4.18
[INFO] [stderr]    Compiling alloca v0.4.0
[INFO] [stderr]     Checking ignore v0.4.25
[INFO] [stderr]    Compiling tree-sitter v0.26.8
[INFO] [stderr]    Compiling darling_core v0.23.0
[INFO] [stderr]    Compiling serde_derive v1.0.228
[INFO] [stderr]    Compiling async-trait v0.1.89
[INFO] [stderr]    Compiling futures-macro v0.3.32
[INFO] [stderr]    Compiling clap_derive v4.6.0
[INFO] [stderr]    Compiling zerocopy-derive v0.8.48
[INFO] [stderr]     Checking futures-util v0.3.32
[INFO] [stderr]    Compiling thiserror-impl v2.0.18
[INFO] [stderr]    Compiling typetag-impl v0.2.21
[INFO] [stderr] warning: libsqlite3-sys@0.32.0: cc: fatal error: Killed signal terminated program cc1
[INFO] [stderr] warning: libsqlite3-sys@0.32.0: compilation terminated.
[INFO] [stderr] error: failed to run custom build command for `libsqlite3-sys v0.32.0`
[INFO] [stderr] note: To improve backtraces for build dependencies, set the CARGO_PROFILE_DEV_BUILD_OVERRIDE_DEBUG=true environment variable to enable debug information generation.
[INFO] [stderr] 
[INFO] [stderr] Caused by:
[INFO] [stderr]   process didn't exit successfully: `/opt/rustwide/target/debug/build/libsqlite3-sys/5657e819388ac310/out/build_script_build` (exit status: 1)
[INFO] [stderr]   --- stdout
[INFO] [stderr]   cargo:rerun-if-env-changed=LIBSQLITE3_SYS_USE_PKG_CONFIG
[INFO] [stderr]   cargo:include=/opt/rustwide/cargo-home/registry/src/index.crates.io-1949cf8c6b5b557f/libsqlite3-sys-0.32.0/sqlite3
[INFO] [stderr]   cargo:rerun-if-changed=sqlite3/sqlite3.c
[INFO] [stderr]   cargo:rerun-if-changed=sqlite3/wasm32-wasi-vfs.c
[INFO] [stderr]   cargo:rerun-if-env-changed=SQLITE_MAX_VARIABLE_NUMBER
[INFO] [stderr]   cargo:rerun-if-env-changed=SQLITE_MAX_EXPR_DEPTH
[INFO] [stderr]   cargo:rerun-if-env-changed=SQLITE_MAX_COLUMN
[INFO] [stderr]   cargo:rerun-if-env-changed=LIBSQLITE3_FLAGS
[INFO] [stderr]   cargo:rerun-if-env-changed=CC_FORCE_DISABLE
[INFO] [stderr]   CC_FORCE_DISABLE = None
[INFO] [stderr]   cargo:rerun-if-env-changed=CC_x86_64-unknown-linux-gnu
[INFO] [stderr]   CC_x86_64-unknown-linux-gnu = None
[INFO] [stderr]   cargo:rerun-if-env-changed=CC_x86_64_unknown_linux_gnu
[INFO] [stderr]   CC_x86_64_unknown_linux_gnu = None
[INFO] [stderr]   cargo:rerun-if-env-changed=HOST_CC
[INFO] [stderr]   HOST_CC = None
[INFO] [stderr]   cargo:rerun-if-env-changed=CC
[INFO] [stderr]   CC = None
[INFO] [stderr]   cargo:rerun-if-env-changed=CC_ENABLE_DEBUG_OUTPUT
[INFO] [stderr]   cargo:rerun-if-env-changed=CRATE_CC_NO_DEFAULTS
[INFO] [stderr]   CRATE_CC_NO_DEFAULTS = None
[INFO] [stderr]   cargo:rerun-if-env-changed=CFLAGS
[INFO] [stderr]   CFLAGS = None
[INFO] [stderr]   cargo:rerun-if-env-changed=HOST_CFLAGS
[INFO] [stderr]   HOST_CFLAGS = None
[INFO] [stderr]   cargo:rerun-if-env-changed=CFLAGS_x86_64_unknown_linux_gnu
[INFO] [stderr]   CFLAGS_x86_64_unknown_linux_gnu = None
[INFO] [stderr]   cargo:rerun-if-env-changed=CFLAGS_x86_64-unknown-linux-gnu
[INFO] [stderr]   CFLAGS_x86_64-unknown-linux-gnu = None
[INFO] [stderr]   cargo:warning=cc: fatal error: Killed signal terminated program cc1
[INFO] [stderr]   cargo:warning=compilation terminated.
[INFO] [stderr] 
[INFO] [stderr]   --- stderr
[INFO] [stderr] 
[INFO] [stderr] 
[INFO] [stderr]   error occurred in cc-rs: command did not execute successfully (status code exit status: 1): LC_ALL="C" "cc" "-O0" "-ffunction-sections" "-fdata-sections" "-fPIC" "-g" "-gdwarf-4" "-fno-omit-frame-pointer" "-m64" "-w" "-DSQLITE_CORE" "-DSQLITE_DEFAULT_FOREIGN_KEYS=1" "-DSQLITE_ENABLE_API_ARMOR" "-DSQLITE_ENABLE_COLUMN_METADATA" "-DSQLITE_ENABLE_DBSTAT_VTAB" "-DSQLITE_ENABLE_FTS3" "-DSQLITE_ENABLE_FTS3_PARENTHESIS" "-DSQLITE_ENABLE_FTS5" "-DSQLITE_ENABLE_JSON1" "-DSQLITE_ENABLE_LOAD_EXTENSION=1" "-DSQLITE_ENABLE_MEMORY_MANAGEMENT" "-DSQLITE_ENABLE_RTREE" "-DSQLITE_ENABLE_STAT4" "-DSQLITE_SOUNDEX" "-DSQLITE_THREADSAFE=1" "-DSQLITE_USE_URI" "-DHAVE_USLEEP=1" "-DHAVE_ISNAN" "-D_POSIX_THREAD_SAFE_FUNCTIONS" "-DHAVE_LOCALTIME_R" "-o" "/opt/rustwide/target/debug/build/libsqlite3-sys/4d7e27ad59767da0/out/c877a2978823c39d-sqlite3.o" "-c" "sqlite3/sqlite3.c"
[INFO] [stderr] 
[INFO] [stderr] 
[INFO] [stderr] warning: build failed, waiting for other jobs to finish...
[INFO] [stderr] warning: tree-sitter-swift@0.7.1: cc: fatal error: Killed signal terminated program cc1
[INFO] [stderr] warning: tree-sitter-swift@0.7.1: compilation terminated.
[INFO] [stderr] warning: tree-sitter-swift@0.7.1: ToolExecError: command did not execute successfully (status code exit status: 1): LC_ALL="C" "cc" "-O0" "-ffunction-sections" "-fdata-sections" "-fPIC" "-g" "-gdwarf-4" "-fno-omit-frame-pointer" "-m64" "-std=c11" "-I" "src" "-Wall" "-Wextra" "-o" "/opt/rustwide/target/debug/build/tree-sitter-swift/871dcb7e2fde4264/out/ea708c7824d36062-parser.o" "-c" "src/parser.c"cargo:warning=src/scanner.c: In function 'eat_comment':
[INFO] [stderr] warning: tree-sitter-swift@0.7.1: src/scanner.c:541:17: warning: unused parameter 'valid_symbols' [-Wunused-parameter]
[INFO] [stderr] warning: tree-sitter-swift@0.7.1:   541 |     const bool *valid_symbols,
[INFO] [stderr] warning: tree-sitter-swift@0.7.1:       |     ~~~~~~~~~~~~^~~~~~~~~~~~~
[INFO] [stderr] error: failed to run custom build command for `tree-sitter-swift v0.7.1`
[INFO] [stderr] note: To improve backtraces for build dependencies, set the CARGO_PROFILE_DEV_BUILD_OVERRIDE_DEBUG=true environment variable to enable debug information generation.
[INFO] [stderr] 
[INFO] [stderr] Caused by:
[INFO] [stderr]   process didn't exit successfully: `/opt/rustwide/target/debug/build/tree-sitter-swift/66ecc637f4ce8906/out/build_script_build` (exit status: 1)
[INFO] [stderr]   --- stdout
[INFO] [stderr]   cargo:rerun-if-changed=src/parser.c
[INFO] [stderr]   cargo:rerun-if-changed=src/scanner.c
[INFO] [stderr]   cargo:rerun-if-env-changed=CC_FORCE_DISABLE
[INFO] [stderr]   CC_FORCE_DISABLE = None
[INFO] [stderr]   cargo:rerun-if-env-changed=CC_x86_64-unknown-linux-gnu
[INFO] [stderr]   CC_x86_64-unknown-linux-gnu = None
[INFO] [stderr]   cargo:rerun-if-env-changed=CC_x86_64_unknown_linux_gnu
[INFO] [stderr]   CC_x86_64_unknown_linux_gnu = None
[INFO] [stderr]   cargo:rerun-if-env-changed=HOST_CC
[INFO] [stderr]   HOST_CC = None
[INFO] [stderr]   cargo:rerun-if-env-changed=CC
[INFO] [stderr]   CC = None
[INFO] [stderr]   cargo:rerun-if-env-changed=CC_ENABLE_DEBUG_OUTPUT
[INFO] [stderr]   cargo:rerun-if-env-changed=CRATE_CC_NO_DEFAULTS
[INFO] [stderr]   CRATE_CC_NO_DEFAULTS = None
[INFO] [stderr]   cargo:rerun-if-env-changed=CFLAGS
[INFO] [stderr]   CFLAGS = None
[INFO] [stderr]   cargo:rerun-if-env-changed=HOST_CFLAGS
[INFO] [stderr]   HOST_CFLAGS = None
[INFO] [stderr]   cargo:rerun-if-env-changed=CFLAGS_x86_64_unknown_linux_gnu
[INFO] [stderr]   CFLAGS_x86_64_unknown_linux_gnu = None
[INFO] [stderr]   cargo:rerun-if-env-changed=CFLAGS_x86_64-unknown-linux-gnu
[INFO] [stderr]   CFLAGS_x86_64-unknown-linux-gnu = None
[INFO] [stderr]   cargo:rerun-if-env-changed=CC_x86_64-unknown-linux-gnu
[INFO] [stderr]   CC_x86_64-unknown-linux-gnu = None
[INFO] [stderr]   cargo:rerun-if-env-changed=CC_x86_64_unknown_linux_gnu
[INFO] [stderr]   CC_x86_64_unknown_linux_gnu = None
[INFO] [stderr]   cargo:rerun-if-env-changed=HOST_CC
[INFO] [stderr]   HOST_CC = None
[INFO] [stderr]   cargo:rerun-if-env-changed=CC
[INFO] [stderr]   CC = None
[INFO] [stderr]   cargo:rerun-if-env-changed=CRATE_CC_NO_DEFAULTS
[INFO] [stderr]   CRATE_CC_NO_DEFAULTS = None
[INFO] [stderr]   cargo:rerun-if-env-changed=CFLAGS
[INFO] [stderr]   CFLAGS = None
[INFO] [stderr]   cargo:rerun-if-env-changed=HOST_CFLAGS
[INFO] [stderr]   HOST_CFLAGS = None
[INFO] [stderr]   cargo:rerun-if-env-changed=CFLAGS_x86_64_unknown_linux_gnu
[INFO] [stderr]   CFLAGS_x86_64_unknown_linux_gnu = None
[INFO] [stderr]   cargo:rerun-if-env-changed=CFLAGS_x86_64-unknown-linux-gnu
[INFO] [stderr]   CFLAGS_x86_64-unknown-linux-gnu = None
[INFO] [stderr]   cargo:warning=cc: fatal error: Killed signal terminated program cc1
[INFO] [stderr]   cargo:warning=compilation terminated.
[INFO] [stderr]   exit status: 1
[INFO] [stderr]   cargo:warning=ToolExecError: command did not execute successfully (status code exit status: 1): LC_ALL="C" "cc" "-O0" "-ffunction-sections" "-fdata-sections" "-fPIC" "-g" "-gdwarf-4" "-fno-omit-frame-pointer" "-m64" "-std=c11" "-I" "src" "-Wall" "-Wextra" "-o" "/opt/rustwide/target/debug/build/tree-sitter-swift/871dcb7e2fde4264/out/ea708c7824d36062-parser.o" "-c" "src/parser.c"cargo:warning=src/scanner.c: In function 'eat_comment':
[INFO] [stderr]   cargo:warning=src/scanner.c:541:17: warning: unused parameter 'valid_symbols' [-Wunused-parameter]
[INFO] [stderr]   cargo:warning=  541 |     const bool *valid_symbols,
[INFO] [stderr]   cargo:warning=      |     ~~~~~~~~~~~~^~~~~~~~~~~~~
[INFO] [stderr] 
[INFO] [stderr]   exit status: 0
[INFO] [stderr] 
[INFO] [stderr]   --- stderr
[INFO] [stderr] 
[INFO] [stderr] 
[INFO] [stderr]   error occurred in cc-rs: command did not execute successfully (status code exit status: 1): LC_ALL="C" "cc" "-O0" "-ffunction-sections" "-fdata-sections" "-fPIC" "-g" "-gdwarf-4" "-fno-omit-frame-pointer" "-m64" "-std=c11" "-I" "src" "-Wall" "-Wextra" "-o" "/opt/rustwide/target/debug/build/tree-sitter-swift/871dcb7e2fde4264/out/ea708c7824d36062-parser.o" "-c" "src/parser.c"
[INFO] [stderr] 
[INFO] [stderr] 
[INFO] running `Command { std: "docker" "inspect" "f99b7583fb500804c1d8dc50a207e32cc4e4f9455a7b253cb91d7ca6811ad718", kill_on_drop: false }`
[INFO] running `Command { std: "docker" "rm" "-f" "f99b7583fb500804c1d8dc50a207e32cc4e4f9455a7b253cb91d7ca6811ad718", kill_on_drop: false }`
[INFO] [stdout] f99b7583fb500804c1d8dc50a207e32cc4e4f9455a7b253cb91d7ca6811ad718
