[INFO] fetching crate zoi-hooks 1.28.0...
[INFO] checking zoi-hooks-1.28.0 against c60b92c03ca8a3b101eb9d57f51e2232690638c7 for pr-164148-crater-rollup
[INFO] extracting crate zoi-hooks 1.28.0 into /workspace/builds/worker-6-tc2/source
[INFO] started tweaking crates.io crate zoi-hooks 1.28.0
[INFO] finished tweaking crates.io crate zoi-hooks 1.28.0
[INFO] tweaked toml for crates.io crate zoi-hooks 1.28.0 written to /workspace/builds/worker-6-tc2/source/Cargo.toml
[INFO] validating manifest of crates.io crate zoi-hooks 1.28.0 on toolchain c60b92c03ca8a3b101eb9d57f51e2232690638c7
[INFO] running `Command { std: CARGO_HOME="/workspace/cargo-home" RUSTUP_HOME="/workspace/rustup-home" "/workspace/cargo-home/bin/cargo" "+c60b92c03ca8a3b101eb9d57f51e2232690638c7" "metadata" "--manifest-path" "Cargo.toml" "--no-deps", kill_on_drop: false }`
[INFO] crate crates.io crate zoi-hooks 1.28.0 already has a lockfile, it will not be regenerated
[INFO] running `Command { std: CARGO_HOME="/workspace/cargo-home" RUSTUP_HOME="/workspace/rustup-home" "/workspace/cargo-home/bin/cargo" "+c60b92c03ca8a3b101eb9d57f51e2232690638c7" "fetch" "--manifest-path" "Cargo.toml", kill_on_drop: false }`
[INFO] running `Command { std: "docker" "create" "-v" "/var/lib/crater-agent-workspace/builds/worker-6-tc2/source:/opt/rustwide/workdir:ro,Z" "-v" "/var/lib/crater-agent-workspace/builds/worker-6-tc2/target:/opt/rustwide/target:rw,Z" "-v" "/var/lib/crater-agent-workspace/cargo-home:/opt/rustwide/cargo-home:ro,Z" "-v" "/var/lib/crater-agent-workspace/rustup-home:/opt/rustwide/rustup-home:ro,Z" "-m" "1610612736" "--network" "none" "ghcr.io/rust-lang/crates-build-env/linux@sha256:77db811e55d90add9212f6832c23229e3de5f1c1f9905e8cb07319ea15df73ac" "sleep" "infinity", kill_on_drop: false }`
[INFO] [stdout] 1c761ff83ffe992c6dc0512966b4aa28061d85fd8d031dbf9162d1d9343d4a3f
[INFO] running `Command { std: "docker" "start" "1c761ff83ffe992c6dc0512966b4aa28061d85fd8d031dbf9162d1d9343d4a3f", kill_on_drop: false }`
[INFO] running `Command { std: "docker" "inspect" "1c761ff83ffe992c6dc0512966b4aa28061d85fd8d031dbf9162d1d9343d4a3f", kill_on_drop: false }`
[INFO] running `Command { std: "docker" "exec" "-e" "SOURCE_DIR=/opt/rustwide/workdir" "-e" "CARGO_HOME=/opt/rustwide/cargo-home" "-e" "RUSTUP_HOME=/opt/rustwide/rustup-home" "-e" "CARGO_TARGET_DIR=/opt/rustwide/target" "-w" "/opt/rustwide/workdir" "--user" "0:0" "1c761ff83ffe992c6dc0512966b4aa28061d85fd8d031dbf9162d1d9343d4a3f" "/opt/rustwide/cargo-home/bin/cargo" "+c60b92c03ca8a3b101eb9d57f51e2232690638c7" "metadata" "--no-deps" "--format-version=1", kill_on_drop: false }`
[INFO] running `Command { std: "docker" "inspect" "1c761ff83ffe992c6dc0512966b4aa28061d85fd8d031dbf9162d1d9343d4a3f", kill_on_drop: false }`
[INFO] running `Command { std: "docker" "exec" "-e" "SOURCE_DIR=/opt/rustwide/workdir" "-e" "CARGO_HOME=/opt/rustwide/cargo-home" "-e" "RUSTUP_HOME=/opt/rustwide/rustup-home" "-e" "CARGO_TARGET_DIR=/opt/rustwide/target" "-e" "CARGO_INCREMENTAL=0" "-e" "RUST_BACKTRACE=full" "-e" "RUSTFLAGS=--cap-lints=forbid" "-e" "RUSTDOCFLAGS=--cap-lints=forbid" "-w" "/opt/rustwide/workdir" "--user" "0:0" "1c761ff83ffe992c6dc0512966b4aa28061d85fd8d031dbf9162d1d9343d4a3f" "/opt/rustwide/cargo-home/bin/cargo" "+c60b92c03ca8a3b101eb9d57f51e2232690638c7" "check" "--frozen" "--all" "--all-targets" "--message-format=json", kill_on_drop: false }`
[INFO] [stderr]    Compiling libc v0.2.189
[INFO] [stderr]    Compiling find-msvc-tools v0.1.12
[INFO] [stderr]    Compiling cfg-if v1.0.5
[INFO] [stderr]    Compiling memchr v2.8.3
[INFO] [stderr]    Compiling syn v3.0.5
[INFO] [stderr]    Compiling syn v2.0.119
[INFO] [stderr]    Compiling either v1.18.0
[INFO] [stderr]    Compiling regex-syntax v0.8.11
[INFO] [stderr]    Compiling clang-sys v1.9.1
[INFO] [stderr]    Compiling log v0.4.34
[INFO] [stderr]    Compiling prettyplease v0.2.37
[INFO] [stderr]     Checking smallvec v1.16.1
[INFO] [stderr]    Compiling minimal-lexical v0.2.1
[INFO] [stderr]    Compiling libloading v0.8.9
[INFO] [stderr]    Compiling bindgen v0.72.1
[INFO] [stderr]    Compiling nom v7.1.3
[INFO] [stderr]    Compiling annotate-snippets v0.11.5
[INFO] [stderr]    Compiling itertools v0.13.0
[INFO] [stderr]    Compiling jobserver v0.1.35
[INFO] [stderr]    Compiling regex-automata v0.4.18
[INFO] [stderr]    Compiling cc v1.4.6
[INFO] [stderr]    Compiling bitflags v2.13.2
[INFO] [stderr]     Checking mio v1.2.3
[INFO] [stderr]     Checking litemap v0.8.3
[INFO] [stderr]    Compiling synstructure v0.14.0
[INFO] [stderr]     Checking writeable v0.6.4
[INFO] [stderr]    Compiling cmake v0.1.58
[INFO] [stderr]    Compiling cexpr v0.6.0
[INFO] [stderr]    Compiling openssl-src v300.6.1+3.6.3
[INFO] [stderr]    Compiling aws-lc-rs v1.18.1
[INFO] [stderr]    Compiling regex v1.13.1
[INFO] [stderr]    Compiling typenum v1.20.1
[INFO] [stderr]    Compiling aws-lc-sys v0.45.0
[INFO] [stderr]    Compiling zerofrom-derive v0.1.8
[INFO] [stderr]    Compiling yoke-derive v0.8.3
[INFO] [stderr]    Compiling zerovec-derive v0.11.6
[INFO] [stderr]    Compiling displaydoc v0.2.7
[INFO] [stderr]     Checking zerofrom v0.1.8
[INFO] [stderr]     Checking yoke v0.8.3
[INFO] [stderr]    Compiling icu_normalizer_data v2.3.0
[INFO] [stderr]     Checking zerotrie v0.2.5
[INFO] [stderr]    Compiling icu_properties_data v2.3.0
[INFO] [stderr]    Compiling generic-array v0.14.7
[INFO] [stderr]     Checking zerovec v0.11.8
[INFO] [stderr]     Checking socket2 v0.6.5
[INFO] [stderr]    Compiling rustix v1.1.4
[INFO] [stderr]     Checking futures-sink v0.3.34
[INFO] [stderr]     Checking tokio v1.53.1
[INFO] [stderr]    Compiling serde_derive v1.0.229
[INFO] [stderr]     Checking tinystr v0.8.4
[INFO] [stderr]     Checking potential_utf v0.1.6
[INFO] [stderr]     Checking icu_collections v2.3.0
[INFO] [stderr]     Checking icu_locale_core v2.3.0
[INFO] [stderr]     Checking http v1.5.0
[INFO] [stderr]    Compiling crossbeam-utils v0.8.23
[INFO] [stderr]    Compiling parking_lot_core v0.9.12
[INFO] [stderr]    Compiling block-buffer v0.10.4
[INFO] [stderr]     Checking icu_provider v2.3.1
[INFO] [stderr]     Checking http-body v1.1.0
[INFO] [stderr]    Compiling crypto-common v0.1.7
[INFO] [stderr]    Compiling zstd-sys v2.1.0+zstd.1.5.7
[INFO] [stderr]    Compiling crossbeam-epoch v0.9.21
[INFO] [stderr]     Checking icu_properties v2.3.0
[INFO] [stderr]     Checking icu_normalizer v2.3.0
[INFO] [stderr]     Checking futures-io v0.3.34
[INFO] [stderr]     Checking futures-task v0.3.34
[INFO] [stderr]    Compiling rustls v0.23.45
[INFO] [stderr]    Compiling lalrpop-util v0.23.1
[INFO] [stderr]     Checking futures-util v0.3.34
[INFO] [stderr]    Compiling phf_shared v0.13.1
[INFO] [stderr]    Compiling indexmap v2.14.2
[INFO] [stderr]     Checking idna_adapter v1.2.2
[INFO] [stderr]    Compiling digest v0.10.7
[INFO] [stderr]    Compiling parking_lot v0.12.5
[INFO] [stderr]    Compiling term v1.2.1
[INFO] [stderr]    Compiling crossbeam-deque v0.8.8
[INFO] [stderr]    Compiling bit-vec v0.9.1
[INFO] [stderr]    Compiling new_debug_unreachable v1.0.6
[INFO] [stderr]    Compiling precomputed-hash v0.1.1
[INFO] [stderr]    Compiling keccak v0.1.6
[INFO] [stderr]    Compiling bit-set v0.9.1
[INFO] [stderr]    Compiling sha3 v0.10.9
[INFO] [stderr]    Compiling ascii-canvas v4.0.0
[INFO] [stderr]    Compiling string_cache v0.9.0
[INFO] [stderr]    Compiling petgraph v0.8.3
[INFO] [stderr]    Compiling serde v1.0.229
[INFO] [stderr]     Checking idna v1.1.0
[INFO] [stderr]     Checking futures-channel v0.3.34
[INFO] [stderr]    Compiling cdivsufsort v2.0.0
[INFO] [stderr]     Checking errno v0.3.14
[INFO] [stderr]     Checking hybrid-array v0.4.15
[INFO] [stderr]    Compiling ena v0.14.4
[INFO] [stderr]     Checking aho-corasick v1.1.5
[INFO] [stderr]    Compiling itertools v0.14.0
[INFO] [stderr]    Compiling unicode-xid v0.2.6
[INFO] [stderr]    Compiling zstd-safe v8.0.0
[INFO] [stderr]    Compiling getrandom v0.4.3
[INFO] [stderr]     Checking hyper v1.11.1
[INFO] [stderr]    Compiling serde_core v1.0.229
[INFO] [stderr]     Checking signal-hook-registry v1.4.8
[INFO] [stderr]     Checking tracing v0.1.44
[INFO] [stderr]    Compiling openssl-sys v0.9.117
[INFO] [stderr]    Compiling ossl v1.5.2
[INFO] [stderr]     Checking sacabase v2.0.0
[INFO] [stderr]     Checking form_urlencoded v1.2.2
[INFO] [stderr]     Checking sync_wrapper v1.0.2
[INFO] [stderr]    Compiling portable-atomic v1.15.0
[INFO] [stderr]    Compiling sha1collisiondetection v0.3.4
[INFO] [stderr]    Compiling lalrpop v0.23.1
[INFO] [stderr]     Checking ipnet v2.12.2
[INFO] [stderr]    Compiling cfg_aliases v0.2.2
[INFO] [stderr]     Checking rand_core v0.6.4
[INFO] [stderr]    Compiling thiserror v2.0.20
[INFO] [stderr]     Checking clap_lex v1.1.1
[INFO] [stderr]     Checking hyper-util v0.1.20
[INFO] [stderr]     Checking clap_builder v4.6.7
[INFO] [stderr]     Checking rustls-native-certs v0.8.4
[INFO] [stderr]     Checking password-hash v0.5.0
[INFO] [stderr]    Compiling nix v0.31.3
[INFO] [stderr]     Checking tower v0.5.3
[INFO] [stderr]     Checking url v2.5.8
[INFO] [stderr]     Checking generic-array v1.4.5
[INFO] [stderr]     Checking rayon-core v1.13.0
[INFO] [stderr]     Checking blake2 v0.10.6
[INFO] [stderr]     Checking signal-hook v0.3.18
[INFO] [stdout] error[E0493]: destructor of `ArrayBuilder<T, N>` cannot be evaluated at compile-time
[INFO] [stdout]    --> /opt/rustwide/cargo-home/registry/src/index.crates.io-1949cf8c6b5b557f/generic-array-1.4.5/src/internal.rs:103:31
[INFO] [stdout]     |
[INFO] [stdout] 103 |     pub unsafe fn assume_init(self) -> GenericArray<T, N> {
[INFO] [stdout]     |                               ^^^^ the destructor for this type cannot be evaluated in constant functions
[INFO] [stdout] ...
[INFO] [stdout] 109 |     }
[INFO] [stdout]     |     - value is dropped here
[INFO] [stdout] 
[INFO] [stdout] 
[INFO] [stdout] error[E0493]: destructor of `GenericArray<core::mem::MaybeUninit<*const T>, N>` cannot be evaluated at compile-time
[INFO] [stdout]    --> /opt/rustwide/cargo-home/registry/src/index.crates.io-1949cf8c6b5b557f/generic-array-1.4.5/src/lib.rs:983:13
[INFO] [stdout]     |
[INFO] [stdout] 983 |         let mut out: GenericArray<MaybeUninit<*const T>, N> = GenericArray::uninit();
[INFO] [stdout]     |             ^^^^^^^ the destructor for this type cannot be evaluated in constant functions
[INFO] [stdout] ...
[INFO] [stdout] 998 |     }
[INFO] [stdout]     |     - value is dropped here
[INFO] [stdout] 
[INFO] [stdout] 
[INFO] [stdout] error[E0493]: destructor of `GenericArray<core::mem::MaybeUninit<*mut T>, N>` cannot be evaluated at compile-time
[INFO] [stdout]     --> /opt/rustwide/cargo-home/registry/src/index.crates.io-1949cf8c6b5b557f/generic-array-1.4.5/src/lib.rs:1018:13
[INFO] [stdout]      |
[INFO] [stdout] 1018 |         let mut out: GenericArray<MaybeUninit<*mut T>, N> = GenericArray::uninit();
[INFO] [stdout]      |             ^^^^^^^ the destructor for this type cannot be evaluated in constant functions
[INFO] [stdout] ...
[INFO] [stdout] 1033 |     }
[INFO] [stdout]      |     - value is dropped here
[INFO] [stdout] 
[INFO] [stdout] 
[INFO] [stdout] For more information about this error, try `rustc --explain E0493`.
[INFO] [stdout] 
[INFO] [stderr] error: could not compile `generic-array` (lib) due to 3 previous errors
[INFO] [stderr] warning: build failed, waiting for other jobs to finish...
[INFO] running `Command { std: "docker" "inspect" "1c761ff83ffe992c6dc0512966b4aa28061d85fd8d031dbf9162d1d9343d4a3f", kill_on_drop: false }`
[INFO] running `Command { std: "docker" "rm" "-f" "1c761ff83ffe992c6dc0512966b4aa28061d85fd8d031dbf9162d1d9343d4a3f", kill_on_drop: false }`
[INFO] [stdout] 1c761ff83ffe992c6dc0512966b4aa28061d85fd8d031dbf9162d1d9343d4a3f
