[INFO] fetching crate zoi-audit 1.28.0...
[INFO] checking zoi-audit-1.28.0 against c60b92c03ca8a3b101eb9d57f51e2232690638c7 for pr-164148-crater-rollup
[INFO] extracting crate zoi-audit 1.28.0 into /workspace/builds/worker-1-tc2/source
[INFO] started tweaking crates.io crate zoi-audit 1.28.0
[INFO] finished tweaking crates.io crate zoi-audit 1.28.0
[INFO] tweaked toml for crates.io crate zoi-audit 1.28.0 written to /workspace/builds/worker-1-tc2/source/Cargo.toml
[INFO] validating manifest of crates.io crate zoi-audit 1.28.0 on toolchain c60b92c03ca8a3b101eb9d57f51e2232690638c7
[INFO] running `Command { std: CARGO_HOME="/workspace/cargo-home" RUSTUP_HOME="/workspace/rustup-home" "/workspace/cargo-home/bin/cargo" "+c60b92c03ca8a3b101eb9d57f51e2232690638c7" "metadata" "--manifest-path" "Cargo.toml" "--no-deps", kill_on_drop: false }`
[INFO] crate crates.io crate zoi-audit 1.28.0 already has a lockfile, it will not be regenerated
[INFO] running `Command { std: CARGO_HOME="/workspace/cargo-home" RUSTUP_HOME="/workspace/rustup-home" "/workspace/cargo-home/bin/cargo" "+c60b92c03ca8a3b101eb9d57f51e2232690638c7" "fetch" "--manifest-path" "Cargo.toml", kill_on_drop: false }`
[INFO] [stderr]     Blocking waiting for file lock on package cache
[INFO] running `Command { std: "docker" "create" "-v" "/var/lib/crater-agent-workspace/builds/worker-1-tc2/source:/opt/rustwide/workdir:ro,Z" "-v" "/var/lib/crater-agent-workspace/builds/worker-1-tc2/target:/opt/rustwide/target:rw,Z" "-v" "/var/lib/crater-agent-workspace/cargo-home:/opt/rustwide/cargo-home:ro,Z" "-v" "/var/lib/crater-agent-workspace/rustup-home:/opt/rustwide/rustup-home:ro,Z" "-m" "1610612736" "--network" "none" "ghcr.io/rust-lang/crates-build-env/linux@sha256:77db811e55d90add9212f6832c23229e3de5f1c1f9905e8cb07319ea15df73ac" "sleep" "infinity", kill_on_drop: false }`
[INFO] [stdout] f618a3062b771584a824e7e512a6f48c798f0a67aac577b4f2b111e0433575a8
[INFO] running `Command { std: "docker" "start" "f618a3062b771584a824e7e512a6f48c798f0a67aac577b4f2b111e0433575a8", kill_on_drop: false }`
[INFO] running `Command { std: "docker" "inspect" "f618a3062b771584a824e7e512a6f48c798f0a67aac577b4f2b111e0433575a8", kill_on_drop: false }`
[INFO] running `Command { std: "docker" "exec" "-e" "SOURCE_DIR=/opt/rustwide/workdir" "-e" "CARGO_HOME=/opt/rustwide/cargo-home" "-e" "RUSTUP_HOME=/opt/rustwide/rustup-home" "-e" "CARGO_TARGET_DIR=/opt/rustwide/target" "-w" "/opt/rustwide/workdir" "--user" "0:0" "f618a3062b771584a824e7e512a6f48c798f0a67aac577b4f2b111e0433575a8" "/opt/rustwide/cargo-home/bin/cargo" "+c60b92c03ca8a3b101eb9d57f51e2232690638c7" "metadata" "--no-deps" "--format-version=1", kill_on_drop: false }`
[INFO] running `Command { std: "docker" "inspect" "f618a3062b771584a824e7e512a6f48c798f0a67aac577b4f2b111e0433575a8", kill_on_drop: false }`
[INFO] running `Command { std: "docker" "exec" "-e" "SOURCE_DIR=/opt/rustwide/workdir" "-e" "CARGO_HOME=/opt/rustwide/cargo-home" "-e" "RUSTUP_HOME=/opt/rustwide/rustup-home" "-e" "CARGO_TARGET_DIR=/opt/rustwide/target" "-e" "CARGO_INCREMENTAL=0" "-e" "RUST_BACKTRACE=full" "-e" "RUSTFLAGS=--cap-lints=forbid" "-e" "RUSTDOCFLAGS=--cap-lints=forbid" "-w" "/opt/rustwide/workdir" "--user" "0:0" "f618a3062b771584a824e7e512a6f48c798f0a67aac577b4f2b111e0433575a8" "/opt/rustwide/cargo-home/bin/cargo" "+c60b92c03ca8a3b101eb9d57f51e2232690638c7" "check" "--frozen" "--all" "--all-targets" "--message-format=json", kill_on_drop: false }`
[INFO] [stderr]    Compiling libc v0.2.189
[INFO] [stderr]     Checking smallvec v1.16.1
[INFO] [stderr]     Checking typenum v1.20.1
[INFO] [stderr]    Compiling libloading v0.8.9
[INFO] [stderr]    Compiling anstyle v1.0.14
[INFO] [stderr]    Compiling bindgen v0.72.1
[INFO] [stderr]    Compiling unicode-width v0.2.2
[INFO] [stderr]    Compiling syn v3.0.5
[INFO] [stderr]    Compiling itertools v0.13.0
[INFO] [stderr]    Compiling cc v1.4.6
[INFO] [stderr]    Compiling prettyplease v0.2.37
[INFO] [stderr]    Compiling bitflags v2.13.2
[INFO] [stderr]    Compiling aws-lc-rs v1.18.1
[INFO] [stderr]    Compiling generic-array v0.14.7
[INFO] [stderr]     Checking futures-sink v0.3.34
[INFO] [stderr]    Compiling rustix v1.1.4
[INFO] [stderr]    Compiling clang-sys v1.9.1
[INFO] [stderr]    Compiling lalrpop-util v0.23.1
[INFO] [stderr]    Compiling annotate-snippets v0.11.5
[INFO] [stderr]    Compiling siphasher v1.0.3
[INFO] [stderr]    Compiling rustls v0.23.45
[INFO] [stderr]     Checking futures-util v0.3.34
[INFO] [stderr]    Compiling parking_lot_core v0.9.12
[INFO] [stderr]    Compiling indexmap v2.14.2
[INFO] [stderr]    Compiling phf_shared v0.13.1
[INFO] [stderr]    Compiling parking_lot v0.12.5
[INFO] [stderr]    Compiling keccak v0.1.6
[INFO] [stderr]    Compiling crypto-common v0.1.7
[INFO] [stderr]    Compiling block-buffer v0.10.4
[INFO] [stderr]    Compiling digest v0.10.7
[INFO] [stderr]    Compiling term v1.2.1
[INFO] [stderr]    Compiling bit-vec v0.9.1
[INFO] [stderr]    Compiling precomputed-hash v0.1.1
[INFO] [stderr]    Compiling new_debug_unreachable v1.0.6
[INFO] [stderr]    Compiling string_cache v0.9.0
[INFO] [stderr]    Compiling sha3 v0.10.9
[INFO] [stderr]    Compiling bit-set v0.9.1
[INFO] [stderr]    Compiling cmake v0.1.58
[INFO] [stderr]    Compiling openssl-src v300.6.1+3.6.3
[INFO] [stderr]    Compiling ascii-canvas v4.0.0
[INFO] [stderr]    Compiling petgraph v0.8.3
[INFO] [stderr]     Checking futures-channel v0.3.34
[INFO] [stderr]    Compiling ena v0.14.4
[INFO] [stderr]    Compiling itertools v0.14.0
[INFO] [stderr]    Compiling unicode-xid v0.2.6
[INFO] [stderr]    Compiling crc32fast v1.5.2
[INFO] [stderr]    Compiling zstd-safe v8.0.0
[INFO] [stderr]     Checking regex-automata v0.4.18
[INFO] [stderr]     Checking sacabase v2.0.0
[INFO] [stderr]     Checking sync_wrapper v1.0.2
[INFO] [stderr]     Checking hybrid-array v0.4.15
[INFO] [stderr]    Compiling sha1collisiondetection v0.3.4
[INFO] [stderr]     Checking ipnet v2.12.2
[INFO] [stderr]     Checking clap_builder v4.6.7
[INFO] [stderr]     Checking password-hash v0.5.0
[INFO] [stderr]    Compiling nix v0.31.3
[INFO] [stderr]     Checking generic-array v1.4.5
[INFO] [stderr]    Compiling derive_more-impl v2.1.1
[INFO] [stderr]    Compiling aws-lc-sys v0.45.0
[INFO] [stderr]    Compiling zstd-sys v2.1.0+zstd.1.5.7
[INFO] [stderr]    Compiling cdivsufsort v2.0.0
[INFO] [stderr]     Checking crypto-common v0.2.2
[INFO] [stderr]     Checking blake2 v0.10.6
[INFO] [stderr]     Checking block-buffer v0.12.1
[INFO] [stderr]     Checking link-section v0.19.3
[INFO] [stderr]     Checking zlib-rs v0.6.8
[INFO] [stdout] error[E0493]: destructor of `ArrayBuilder<T, N>` cannot be evaluated at compile-time
[INFO] [stdout]    --> /opt/rustwide/cargo-home/registry/src/index.crates.io-1949cf8c6b5b557f/generic-array-1.4.5/src/internal.rs:103:31
[INFO] [stdout]     |
[INFO] [stdout] 103 |     pub unsafe fn assume_init(self) -> GenericArray<T, N> {
[INFO] [stdout]     |                               ^^^^ the destructor for this type cannot be evaluated in constant functions
[INFO] [stdout] ...
[INFO] [stdout] 109 |     }
[INFO] [stdout]     |     - value is dropped here
[INFO] [stdout] 
[INFO] [stdout] 
[INFO] [stdout] error[E0493]: destructor of `GenericArray<core::mem::MaybeUninit<*const T>, N>` cannot be evaluated at compile-time
[INFO] [stdout]    --> /opt/rustwide/cargo-home/registry/src/index.crates.io-1949cf8c6b5b557f/generic-array-1.4.5/src/lib.rs:983:13
[INFO] [stdout]     |
[INFO] [stdout] 983 |         let mut out: GenericArray<MaybeUninit<*const T>, N> = GenericArray::uninit();
[INFO] [stdout]     |             ^^^^^^^ the destructor for this type cannot be evaluated in constant functions
[INFO] [stdout] ...
[INFO] [stdout] 998 |     }
[INFO] [stdout]     |     - value is dropped here
[INFO] [stdout] 
[INFO] [stdout] 
[INFO] [stdout] error[E0493]: destructor of `GenericArray<core::mem::MaybeUninit<*mut T>, N>` cannot be evaluated at compile-time
[INFO] [stdout]     --> /opt/rustwide/cargo-home/registry/src/index.crates.io-1949cf8c6b5b557f/generic-array-1.4.5/src/lib.rs:1018:13
[INFO] [stdout]      |
[INFO] [stdout] 1018 |         let mut out: GenericArray<MaybeUninit<*mut T>, N> = GenericArray::uninit();
[INFO] [stdout]      |             ^^^^^^^ the destructor for this type cannot be evaluated in constant functions
[INFO] [stdout] ...
[INFO] [stdout] 1033 |     }
[INFO] [stdout]      |     - value is dropped here
[INFO] [stdout] 
[INFO] [stdout] 
[INFO] [stdout] For more information about this error, try `rustc --explain E0493`.
[INFO] [stdout] 
[INFO] [stderr] error: could not compile `generic-array` (lib) due to 3 previous errors
[INFO] [stderr] warning: build failed, waiting for other jobs to finish...
[INFO] running `Command { std: "docker" "inspect" "f618a3062b771584a824e7e512a6f48c798f0a67aac577b4f2b111e0433575a8", kill_on_drop: false }`
[INFO] running `Command { std: "docker" "rm" "-f" "f618a3062b771584a824e7e512a6f48c798f0a67aac577b4f2b111e0433575a8", kill_on_drop: false }`
[INFO] [stdout] f618a3062b771584a824e7e512a6f48c798f0a67aac577b4f2b111e0433575a8
