[INFO] fetching crate zlicenser 0.1.4...
[INFO] checking zlicenser-0.1.4 against c60b92c03ca8a3b101eb9d57f51e2232690638c7 for pr-164148-crater-rollup
[INFO] extracting crate zlicenser 0.1.4 into /workspace/builds/worker-5-tc2/source
[INFO] removed /workspace/builds/worker-5-tc2/source/.cargo/config.toml
[INFO] removed /workspace/builds/worker-5-tc2/source/rust-toolchain.toml
[INFO] started tweaking crates.io crate zlicenser 0.1.4
[INFO] finished tweaking crates.io crate zlicenser 0.1.4
[INFO] tweaked toml for crates.io crate zlicenser 0.1.4 written to /workspace/builds/worker-5-tc2/source/Cargo.toml
[INFO] validating manifest of crates.io crate zlicenser 0.1.4 on toolchain c60b92c03ca8a3b101eb9d57f51e2232690638c7
[INFO] running `Command { std: CARGO_HOME="/workspace/cargo-home" RUSTUP_HOME="/workspace/rustup-home" "/workspace/cargo-home/bin/cargo" "+c60b92c03ca8a3b101eb9d57f51e2232690638c7" "metadata" "--manifest-path" "Cargo.toml" "--no-deps", kill_on_drop: false }`
[INFO] crate crates.io crate zlicenser 0.1.4 already has a lockfile, it will not be regenerated
[INFO] running `Command { std: CARGO_HOME="/workspace/cargo-home" RUSTUP_HOME="/workspace/rustup-home" "/workspace/cargo-home/bin/cargo" "+c60b92c03ca8a3b101eb9d57f51e2232690638c7" "fetch" "--manifest-path" "Cargo.toml", kill_on_drop: false }`
[INFO] running `Command { std: "docker" "create" "-v" "/var/lib/crater-agent-workspace/builds/worker-5-tc2/source:/opt/rustwide/workdir:ro,Z" "-v" "/var/lib/crater-agent-workspace/builds/worker-5-tc2/target:/opt/rustwide/target:rw,Z" "-v" "/var/lib/crater-agent-workspace/cargo-home:/opt/rustwide/cargo-home:ro,Z" "-v" "/var/lib/crater-agent-workspace/rustup-home:/opt/rustwide/rustup-home:ro,Z" "-m" "1610612736" "--network" "none" "ghcr.io/rust-lang/crates-build-env/linux@sha256:77db811e55d90add9212f6832c23229e3de5f1c1f9905e8cb07319ea15df73ac" "sleep" "infinity", kill_on_drop: false }`
[INFO] [stdout] b85e3ef6fa4aa3817d4dc76f8a7737539179e7d7c2c3a37cf499f92abd415ac6
[INFO] running `Command { std: "docker" "start" "b85e3ef6fa4aa3817d4dc76f8a7737539179e7d7c2c3a37cf499f92abd415ac6", kill_on_drop: false }`
[INFO] running `Command { std: "docker" "inspect" "b85e3ef6fa4aa3817d4dc76f8a7737539179e7d7c2c3a37cf499f92abd415ac6", kill_on_drop: false }`
[INFO] running `Command { std: "docker" "exec" "-e" "SOURCE_DIR=/opt/rustwide/workdir" "-e" "CARGO_HOME=/opt/rustwide/cargo-home" "-e" "RUSTUP_HOME=/opt/rustwide/rustup-home" "-e" "CARGO_TARGET_DIR=/opt/rustwide/target" "-w" "/opt/rustwide/workdir" "--user" "0:0" "b85e3ef6fa4aa3817d4dc76f8a7737539179e7d7c2c3a37cf499f92abd415ac6" "/opt/rustwide/cargo-home/bin/cargo" "+c60b92c03ca8a3b101eb9d57f51e2232690638c7" "metadata" "--no-deps" "--format-version=1", kill_on_drop: false }`
[INFO] running `Command { std: "docker" "inspect" "b85e3ef6fa4aa3817d4dc76f8a7737539179e7d7c2c3a37cf499f92abd415ac6", kill_on_drop: false }`
[INFO] running `Command { std: "docker" "exec" "-e" "SOURCE_DIR=/opt/rustwide/workdir" "-e" "CARGO_HOME=/opt/rustwide/cargo-home" "-e" "RUSTUP_HOME=/opt/rustwide/rustup-home" "-e" "CARGO_TARGET_DIR=/opt/rustwide/target" "-e" "CARGO_INCREMENTAL=0" "-e" "RUST_BACKTRACE=full" "-e" "RUSTFLAGS=--cap-lints=forbid" "-e" "RUSTDOCFLAGS=--cap-lints=forbid" "-w" "/opt/rustwide/workdir" "--user" "0:0" "b85e3ef6fa4aa3817d4dc76f8a7737539179e7d7c2c3a37cf499f92abd415ac6" "/opt/rustwide/cargo-home/bin/cargo" "+c60b92c03ca8a3b101eb9d57f51e2232690638c7" "check" "--frozen" "--all" "--all-targets" "--message-format=json", kill_on_drop: false }`
[INFO] [stderr]    Compiling cc v1.2.62
[INFO] [stderr]    Compiling num-traits v0.2.19
[INFO] [stderr]    Compiling libc v0.2.186
[INFO] [stderr]    Compiling zeroize_derive v1.4.3
[INFO] [stderr]     Checking ff v0.13.1
[INFO] [stderr]    Compiling getrandom v0.4.2
[INFO] [stderr]     Checking http v1.4.1
[INFO] [stderr]     Checking zerofrom v0.1.8
[INFO] [stderr]    Compiling serde_json v1.0.150
[INFO] [stderr]     Checking futures-task v0.3.32
[INFO] [stderr]    Compiling either v1.16.0
[INFO] [stderr]     Checking slab v0.4.12
[INFO] [stderr]    Compiling heck v0.4.1
[INFO] [stderr]     Checking minimal-lexical v0.2.1
[INFO] [stderr]     Checking bitvec v1.0.1
[INFO] [stderr]     Checking ahash v0.8.12
[INFO] [stderr]    Compiling syn v1.0.109
[INFO] [stderr]     Checking group v0.13.0
[INFO] [stderr]     Checking yoke v0.8.2
[INFO] [stderr]     Checking rand_chacha v0.3.1
[INFO] [stderr]    Compiling itertools v0.13.0
[INFO] [stderr]     Checking zerovec v0.11.6
[INFO] [stderr]     Checking zerotrie v0.2.4
[INFO] [stderr]     Checking futures-util v0.3.32
[INFO] [stderr]     Checking hashbrown v0.14.5
[INFO] [stderr]     Checking rand v0.8.6
[INFO] [stderr]    Compiling snafu-derive v0.8.9
[INFO] [stderr]     Checking zeroize v1.8.2
[INFO] [stderr]     Checking toml_datetime v0.6.3
[INFO] [stderr]     Checking nom v7.1.3
[INFO] [stderr]     Checking serde_spanned v0.6.9
[INFO] [stderr]     Checking http-body v1.0.1
[INFO] [stderr]     Checking generic-array v0.14.7
[INFO] [stderr]     Checking der v0.7.10
[INFO] [stderr]     Checking rustls-pki-types v1.14.1
[INFO] [stderr]     Checking hyper v1.9.0
[INFO] [stderr]     Checking half v2.7.1
[INFO] [stderr]    Compiling uuid v1.23.1
[INFO] [stderr]     Checking tinystr v0.8.3
[INFO] [stderr]     Checking potential_utf v0.1.5
[INFO] [stderr]     Checking num-integer v0.1.46
[INFO] [stderr]     Checking chrono v0.4.44
[INFO] [stderr]     Checking icu_locale_core v2.2.0
[INFO] [stderr]     Checking icu_collections v2.2.0
[INFO] [stderr]     Checking crypto-common v0.1.7
[INFO] [stderr]     Checking block-buffer v0.10.4
[INFO] [stderr]     Checking crypto-bigint v0.5.5
[INFO] [stderr]     Checking digest v0.10.7
[INFO] [stderr]     Checking inout v0.1.4
[INFO] [stderr]     Checking num-bigint v0.4.6
[INFO] [stderr]     Checking num-iter v0.1.45
[INFO] [stderr]     Checking universal-hash v0.5.1
[INFO] [stderr]     Checking spki v0.7.3
[INFO] [stderr]     Checking cipher v0.4.4
[INFO] [stderr]     Checking hmac v0.12.1
[INFO] [stderr]     Checking signature v2.2.0
[INFO] [stderr]     Checking hkdf v0.12.4
[INFO] [stderr]     Checking sha2 v0.10.9
[INFO] [stderr]     Checking rfc6979 v0.4.0
[INFO] [stderr]     Checking pkcs8 v0.10.2
[INFO] [stderr]    Compiling uncased v0.9.10
[INFO] [stderr]     Checking winnow v0.5.40
[INFO] [stderr]     Checking predicates-core v1.0.10
[INFO] [stderr]     Checking sec1 v0.7.3
[INFO] [stderr]     Checking pkcs1 v0.7.5
[INFO] [stderr]    Compiling ring v0.17.14
[INFO] [stderr]    Compiling blake3 v1.8.5
[INFO] [stderr]     Checking poly1305 v0.8.0
[INFO] [stderr]     Checking sha3 v0.10.9
[INFO] [stderr]     Checking ciborium-ll v0.2.2
[INFO] [stderr]     Checking tempfile v3.27.0
[INFO] [stderr]    Compiling rasn-derive-impl v0.22.2
[INFO] [stderr]     Checking curve25519-dalek v4.1.3
[INFO] [stderr]     Checking snafu v0.8.9
[INFO] [stderr]     Checking ed25519 v2.2.3
[INFO] [stderr]     Checking chacha20 v0.9.1
[INFO] [stderr]     Checking blake2 v0.10.6
[INFO] [stderr]     Checking num-bigint-dig v0.8.6
[INFO] [stderr]     Checking aead v0.5.2
[INFO] [stderr]     Checking webpki-roots v1.0.7
[INFO] [stderr]     Checking generic-array v1.4.2
[INFO] [stderr]     Checking password-hash v0.5.0
[INFO] [stderr]    Compiling figment v0.10.19
[INFO] [stderr]     Checking difflib v0.4.0
[INFO] [stderr]    Compiling mockall_derive v0.13.1
[INFO] [stderr]     Checking termtree v0.5.1
[INFO] [stderr]     Checking chacha20poly1305 v0.10.1
[INFO] [stderr]     Checking icu_provider v2.2.0
[INFO] [stderr]     Checking predicates-tree v1.0.13
[INFO] [stderr]     Checking bitvec-nom2 v0.2.1
[INFO] [stderr]     Checking argon2 v0.5.3
[INFO] [stderr]     Checking predicates v3.1.4
[INFO] [stderr]    Compiling clap_derive v4.6.1
[INFO] [stderr]     Checking serde_urlencoded v0.7.1
[INFO] [stderr]     Checking ciborium v0.2.2
[INFO] [stderr]    Compiling thiserror-impl-no-std v2.0.2
[INFO] [stderr]     Checking hyper-util v0.1.20
[INFO] [stderr]     Checking tower v0.5.3
[INFO] [stderr]     Checking icu_properties v2.2.0
[INFO] [stderr]     Checking icu_normalizer v2.2.0
[INFO] [stdout] error[E0493]: destructor of `ArrayBuilder<T, N>` cannot be evaluated at compile-time
[INFO] [stdout]    --> /opt/rustwide/cargo-home/registry/src/index.crates.io-1949cf8c6b5b557f/generic-array-1.4.2/src/internal.rs:103:31
[INFO] [stdout]     |
[INFO] [stdout] 103 |     pub unsafe fn assume_init(self) -> GenericArray<T, N> {
[INFO] [stdout]     |                               ^^^^ the destructor for this type cannot be evaluated in constant functions
[INFO] [stdout] ...
[INFO] [stdout] 109 |     }
[INFO] [stdout]     |     - value is dropped here
[INFO] [stdout] 
[INFO] [stdout] 
[INFO] [stdout] error[E0493]: destructor of `GenericArray<core::mem::MaybeUninit<*const T>, N>` cannot be evaluated at compile-time
[INFO] [stdout]    --> /opt/rustwide/cargo-home/registry/src/index.crates.io-1949cf8c6b5b557f/generic-array-1.4.2/src/lib.rs:970:13
[INFO] [stdout]     |
[INFO] [stdout] 970 |         let mut out: GenericArray<MaybeUninit<*const T>, N> = GenericArray::uninit();
[INFO] [stdout]     |             ^^^^^^^ the destructor for this type cannot be evaluated in constant functions
[INFO] [stdout] ...
[INFO] [stdout] 985 |     }
[INFO] [stdout]     |     - value is dropped here
[INFO] [stdout] 
[INFO] [stdout] 
[INFO] [stdout] error[E0493]: destructor of `GenericArray<core::mem::MaybeUninit<*mut T>, N>` cannot be evaluated at compile-time
[INFO] [stdout]     --> /opt/rustwide/cargo-home/registry/src/index.crates.io-1949cf8c6b5b557f/generic-array-1.4.2/src/lib.rs:1005:13
[INFO] [stdout]      |
[INFO] [stdout] 1005 |         let mut out: GenericArray<MaybeUninit<*mut T>, N> = GenericArray::uninit();
[INFO] [stdout]      |             ^^^^^^^ the destructor for this type cannot be evaluated in constant functions
[INFO] [stdout] ...
[INFO] [stdout] 1020 |     }
[INFO] [stdout]      |     - value is dropped here
[INFO] [stdout] 
[INFO] [stdout] 
[INFO] [stdout] For more information about this error, try `rustc --explain E0493`.
[INFO] [stdout] 
[INFO] [stderr] error: could not compile `generic-array` (lib) due to 3 previous errors
[INFO] [stderr] warning: build failed, waiting for other jobs to finish...
[INFO] running `Command { std: "docker" "inspect" "b85e3ef6fa4aa3817d4dc76f8a7737539179e7d7c2c3a37cf499f92abd415ac6", kill_on_drop: false }`
[INFO] running `Command { std: "docker" "rm" "-f" "b85e3ef6fa4aa3817d4dc76f8a7737539179e7d7c2c3a37cf499f92abd415ac6", kill_on_drop: false }`
[INFO] [stdout] b85e3ef6fa4aa3817d4dc76f8a7737539179e7d7c2c3a37cf499f92abd415ac6
