[INFO] fetching crate yas-proxy 0.5.0...
[INFO] checking yas-proxy-0.5.0 against c60b92c03ca8a3b101eb9d57f51e2232690638c7 for pr-164148-crater-rollup
[INFO] extracting crate yas-proxy 0.5.0 into /workspace/builds/worker-6-tc2/source
[INFO] started tweaking crates.io crate yas-proxy 0.5.0
[INFO] finished tweaking crates.io crate yas-proxy 0.5.0
[INFO] tweaked toml for crates.io crate yas-proxy 0.5.0 written to /workspace/builds/worker-6-tc2/source/Cargo.toml
[INFO] validating manifest of crates.io crate yas-proxy 0.5.0 on toolchain c60b92c03ca8a3b101eb9d57f51e2232690638c7
[INFO] running `Command { std: CARGO_HOME="/workspace/cargo-home" RUSTUP_HOME="/workspace/rustup-home" "/workspace/cargo-home/bin/cargo" "+c60b92c03ca8a3b101eb9d57f51e2232690638c7" "metadata" "--manifest-path" "Cargo.toml" "--no-deps", kill_on_drop: false }`
[INFO] crate crates.io crate yas-proxy 0.5.0 already has a lockfile, it will not be regenerated
[INFO] running `Command { std: CARGO_HOME="/workspace/cargo-home" RUSTUP_HOME="/workspace/rustup-home" "/workspace/cargo-home/bin/cargo" "+c60b92c03ca8a3b101eb9d57f51e2232690638c7" "fetch" "--manifest-path" "Cargo.toml", kill_on_drop: false }`
[INFO] running `Command { std: "docker" "create" "-v" "/var/lib/crater-agent-workspace/builds/worker-6-tc2/source:/opt/rustwide/workdir:ro,Z" "-v" "/var/lib/crater-agent-workspace/builds/worker-6-tc2/target:/opt/rustwide/target:rw,Z" "-v" "/var/lib/crater-agent-workspace/cargo-home:/opt/rustwide/cargo-home:ro,Z" "-v" "/var/lib/crater-agent-workspace/rustup-home:/opt/rustwide/rustup-home:ro,Z" "-m" "1610612736" "--network" "none" "ghcr.io/rust-lang/crates-build-env/linux@sha256:77db811e55d90add9212f6832c23229e3de5f1c1f9905e8cb07319ea15df73ac" "sleep" "infinity", kill_on_drop: false }`
[INFO] [stdout] 8ee312acbfb85e32af24efe01a3dd62417afe32c4ea2a7d4059a6cd696891222
[INFO] running `Command { std: "docker" "start" "8ee312acbfb85e32af24efe01a3dd62417afe32c4ea2a7d4059a6cd696891222", kill_on_drop: false }`
[INFO] running `Command { std: "docker" "inspect" "8ee312acbfb85e32af24efe01a3dd62417afe32c4ea2a7d4059a6cd696891222", kill_on_drop: false }`
[INFO] running `Command { std: "docker" "exec" "-e" "SOURCE_DIR=/opt/rustwide/workdir" "-e" "CARGO_HOME=/opt/rustwide/cargo-home" "-e" "RUSTUP_HOME=/opt/rustwide/rustup-home" "-e" "CARGO_TARGET_DIR=/opt/rustwide/target" "-w" "/opt/rustwide/workdir" "--user" "0:0" "8ee312acbfb85e32af24efe01a3dd62417afe32c4ea2a7d4059a6cd696891222" "/opt/rustwide/cargo-home/bin/cargo" "+c60b92c03ca8a3b101eb9d57f51e2232690638c7" "metadata" "--no-deps" "--format-version=1", kill_on_drop: false }`
[INFO] running `Command { std: "docker" "inspect" "8ee312acbfb85e32af24efe01a3dd62417afe32c4ea2a7d4059a6cd696891222", kill_on_drop: false }`
[INFO] running `Command { std: "docker" "exec" "-e" "SOURCE_DIR=/opt/rustwide/workdir" "-e" "CARGO_HOME=/opt/rustwide/cargo-home" "-e" "RUSTUP_HOME=/opt/rustwide/rustup-home" "-e" "CARGO_TARGET_DIR=/opt/rustwide/target" "-e" "CARGO_INCREMENTAL=0" "-e" "RUST_BACKTRACE=full" "-e" "RUSTFLAGS=--cap-lints=forbid" "-e" "RUSTDOCFLAGS=--cap-lints=forbid" "-w" "/opt/rustwide/workdir" "--user" "0:0" "8ee312acbfb85e32af24efe01a3dd62417afe32c4ea2a7d4059a6cd696891222" "/opt/rustwide/cargo-home/bin/cargo" "+c60b92c03ca8a3b101eb9d57f51e2232690638c7" "check" "--frozen" "--all" "--all-targets" "--message-format=json", kill_on_drop: false }`
[INFO] [stderr]    Compiling libc v0.2.189
[INFO] [stderr]     Checking typenum v1.20.1
[INFO] [stderr]     Checking subtle v2.6.1
[INFO] [stderr]     Checking cmov v0.5.4
[INFO] [stderr]    Compiling getrandom v0.4.3
[INFO] [stderr]     Checking const-oid v0.10.2
[INFO] [stderr]    Compiling generic-array v0.14.7
[INFO] [stderr]     Checking cpufeatures v0.3.1
[INFO] [stderr]     Checking base64ct v1.8.3
[INFO] [stderr]     Checking smallvec v1.16.1
[INFO] [stderr]     Checking cpubits v0.1.1
[INFO] [stderr]    Compiling aws-lc-rs v1.18.1
[INFO] [stderr]     Checking untrusted v0.7.1
[INFO] [stderr]     Checking ctutils v0.4.2
[INFO] [stderr]     Checking zerofrom v0.1.8
[INFO] [stderr]     Checking futures-sink v0.3.34
[INFO] [stderr]    Compiling zerocopy v0.8.57
[INFO] [stderr]     Checking pem-rfc7468 v1.0.0
[INFO] [stderr]     Checking yoke v0.8.3
[INFO] [stderr]     Checking futures-channel v0.3.34
[INFO] [stderr]     Checking tracing v0.1.44
[INFO] [stderr]     Checking der v0.8.2
[INFO] [stderr]     Checking zerovec v0.11.8
[INFO] [stderr]     Checking futures-util v0.3.34
[INFO] [stderr]     Checking ff v0.14.0
[INFO] [stderr]    Compiling rustls v0.23.45
[INFO] [stderr]     Checking zerotrie v0.2.5
[INFO] [stderr]     Checking pem-rfc7468 v0.7.0
[INFO] [stderr]     Checking tinystr v0.8.4
[INFO] [stderr]    Compiling jobserver v0.1.35
[INFO] [stderr]     Checking potential_utf v0.1.6
[INFO] [stderr]     Checking icu_locale_core v2.3.0
[INFO] [stderr]    Compiling der_derive v0.7.3
[INFO] [stderr]    Compiling cc v1.4.6
[INFO] [stderr]     Checking spki v0.8.0
[INFO] [stderr]    Compiling curve25519-dalek-derive v0.1.1
[INFO] [stderr]     Checking hybrid-array v0.4.15
[INFO] [stderr]     Checking flagset v0.4.7
[INFO] [stderr]     Checking const-oid v0.9.6
[INFO] [stderr]     Checking icu_collections v2.3.0
[INFO] [stderr]     Checking getrandom v0.2.17
[INFO] [stderr]    Compiling cmake v0.1.58
[INFO] [stderr]     Checking rand_core v0.6.4
[INFO] [stderr]     Checking socket2 v0.6.5
[INFO] [stderr]     Checking crypto-common v0.1.7
[INFO] [stderr]     Checking parking_lot_core v0.9.12
[INFO] [stderr]     Checking crypto-common v0.2.2
[INFO] [stderr]     Checking block-buffer v0.12.1
[INFO] [stderr]     Checking block-padding v0.4.2
[INFO] [stderr]    Compiling aws-lc-sys v0.45.0
[INFO] [stderr]    Compiling ring v0.17.14
[INFO] [stderr]     Checking inout v0.2.2
[INFO] [stderr]     Checking errno v0.3.14
[INFO] [stderr]     Checking mio v1.2.3
[INFO] [stderr]     Checking signal-hook-registry v1.4.8
[INFO] [stderr]     Checking parking_lot v0.12.5
[INFO] [stderr]     Checking inout v0.1.4
[INFO] [stderr]     Checking crypto-bigint v0.7.5
[INFO] [stderr]     Checking cipher v0.4.4
[INFO] [stderr]     Checking tokio v1.53.1
[INFO] [stderr]     Checking getrandom v0.3.4
[INFO] [stderr]     Checking digest v0.11.3
[INFO] [stderr]     Checking cipher v0.5.2
[INFO] [stderr]     Checking hmac v0.13.0
[INFO] [stderr]     Checking universal-hash v0.6.1
[INFO] [stderr]     Checking polyval v0.7.3
[INFO] [stderr]     Checking aes v0.9.3
[INFO] [stderr]     Checking ghash v0.6.0
[INFO] [stderr]     Checking ctr v0.10.1
[INFO] [stderr]     Checking pbkdf2 v0.13.0
[INFO] [stderr]     Checking sha2 v0.11.0
[INFO] [stderr]     Checking aead v0.6.1
[INFO] [stderr]     Checking aes-gcm v0.11.1
[INFO] [stderr]     Checking salsa20 v0.11.0
[INFO] [stderr]     Checking cbc v0.2.1
[INFO] [stderr]     Checking rand_core v0.9.5
[INFO] [stderr]     Checking scrypt v0.12.0
[INFO] [stderr]     Checking pkcs5 v0.8.1
[INFO] [stderr]     Checking aead v0.5.2
[INFO] [stderr]     Checking chacha20 v0.10.2
[INFO] [stderr]     Checking pkcs8 v0.11.0
[INFO] [stderr]     Checking signature v3.0.0
[INFO] [stderr]     Checking block-buffer v0.10.4
[INFO] [stderr]     Checking ctr v0.9.2
[INFO] [stderr]     Checking der v0.7.10
[INFO] [stderr]     Checking digest v0.10.7
[INFO] [stderr]     Checking universal-hash v0.5.1
[INFO] [stderr]     Checking icu_provider v2.3.1
[INFO] [stderr]     Checking group v0.14.0
[INFO] [stderr]     Checking base64 v0.23.1
[INFO] [stderr]     Checking base16ct v1.0.0
[INFO] [stderr]     Checking opaque-debug v0.3.1
[INFO] [stderr]     Checking sec1 v0.8.1
[INFO] [stderr]     Checking rand v0.10.2
[INFO] [stderr]     Checking ppv-lite86 v0.2.21
[INFO] [stderr]     Checking hkdf v0.13.0
[INFO] [stderr]     Checking aes v0.8.4
[INFO] [stderr]     Checking rand_chacha v0.9.0
[INFO] [stderr]     Checking serde v1.0.229
[INFO] [stderr]    Compiling curve25519-dalek v5.0.0
[INFO] [stderr]     Checking deranged v0.5.8
[INFO] [stderr]     Checking rand v0.9.5
[INFO] [stderr]     Checking spki v0.7.3
[INFO] [stderr]     Checking icu_normalizer v2.3.0
[INFO] [stderr]     Checking elliptic-curve v0.14.1
[INFO] [stderr]     Checking primefield v0.14.0
[INFO] [stderr]     Checking icu_properties v2.3.0
[INFO] [stderr]     Checking wnaf v0.14.1
[INFO] [stderr]     Checking rfc6979 v0.6.0
[INFO] [stderr]     Checking pem v4.0.0
[INFO] [stderr]     Checking phc v0.6.1
[INFO] [stderr]    Compiling serde_json v1.0.151
[INFO] [stderr]     Checking time v0.3.55
[INFO] [stderr]     Checking base16ct v0.2.0
[INFO] [stderr]    Compiling winnow v1.0.4
[INFO] [stderr]     Checking sec1 v0.7.3
[INFO] [stderr]     Checking password-hash v0.6.1
[INFO] [stderr]     Checking ecdsa v0.17.0
[INFO] [stderr]    Compiling toml_parser v1.1.3+spec-1.1.0
[INFO] [stderr]     Checking primeorder v0.14.0
[INFO] [stderr]     Checking idna_adapter v1.2.2
[INFO] [stderr]     Checking idna v1.1.0
[INFO] [stderr]     Checking pkcs8 v0.10.2
[INFO] [stderr]     Checking x509-cert v0.2.5
[INFO] [stderr]     Checking poly1305 v0.8.0
[INFO] [stderr]    Compiling serde_spanned v1.1.1
[INFO] [stderr]    Compiling toml_datetime v1.1.1+spec-1.1.0
[INFO] [stderr]     Checking ccm v0.5.0
[INFO] [stderr]     Checking blake2 v0.11.0
[INFO] [stderr]     Checking sha1 v0.11.0
[INFO] [stderr]    Compiling zmij v1.0.23
[INFO] [stderr]    Compiling curve25519-dalek v4.1.3
[INFO] [stderr]     Checking nom v8.0.0
[INFO] [stderr]     Checking signature v2.2.0
[INFO] [stderr]    Compiling portable-atomic v1.15.0
[INFO] [stderr]    Compiling toml_writer v1.1.2+spec-1.1.0
[INFO] [stderr]    Compiling inotify-sys v0.1.8
[INFO] [stderr]    Compiling toml v1.1.6+spec-1.1.0
[INFO] [stderr]     Checking argon2 v0.6.0
[INFO] [stderr]     Checking url v2.5.8
[INFO] [stderr]     Checking ssh-encoding v0.3.0
[INFO] [stderr]     Checking yasna v0.6.0
[INFO] [stderr]     Checking sha1 v0.10.7
[INFO] [stderr]     Checking ed25519 v3.0.0
[INFO] [stderr]    Compiling nix v0.31.3
[INFO] [stderr]     Checking keccak v0.2.2
[INFO] [stderr]    Compiling crc32fast v1.5.2
[INFO] [stderr]     Checking alloc-no-stdlib v3.0.0
[INFO] [stderr]     Checking crc-catalog v2.5.0
[INFO] [stderr]    Compiling ref-cast v1.0.27
[INFO] [stderr]     Checking crc v3.4.0
[INFO] [stderr]     Checking blowfish v0.10.0
[INFO] [stderr]     Checking alloc-stdlib v0.3.0
[INFO] [stderr]     Checking ed25519-dalek v3.0.0
[INFO] [stderr]     Checking tungstenite v0.29.0
[INFO] [stderr]    Compiling yas-wire v0.5.0
[INFO] [stderr]     Checking crypto-primes v0.7.2
[INFO] [stderr]     Checking polyval v0.6.2
[INFO] [stderr]     Checking futures-executor v0.3.34
[INFO] [stderr]     Checking poly1305 v0.9.1
[INFO] [stderr]    Compiling blake3 v1.8.7
[INFO] [stderr]     Checking pkcs1 v0.8.0-rc.4
[INFO] [stderr]    Compiling quinn-udp v0.5.15
[INFO] [stderr]    Compiling ref-cast-impl v1.0.27
[INFO] [stderr]     Checking siphasher v1.0.3
[INFO] [stderr]     Checking serde_urlencoded v0.7.1
[INFO] [stderr]     Checking axum-core v0.5.6
[INFO] [stderr]     Checking hyper v1.11.1
[INFO] [stderr]     Checking tower v0.5.3
[INFO] [stderr]     Checking tokio-tungstenite v0.29.0
[INFO] [stderr]     Checking miniz_oxide v0.9.1
[INFO] [stderr]     Checking indexmap v2.14.2
[INFO] [stderr]     Checking rsa v0.10.0-rc.18
[INFO] [stderr]     Checking fastbloom v0.17.0
[INFO] [stderr]     Checking hyper-util v0.1.20
[INFO] [stderr]     Checking ssh-cipher v0.3.0
[INFO] [stderr]     Checking futures v0.3.34
[INFO] [stderr]     Checking ghash v0.5.1
[INFO] [stderr]     Checking inotify v0.11.5
[INFO] [stderr]     Checking bcrypt-pbkdf v0.11.0
[INFO] [stderr]     Checking brotli-decompressor v6.0.0
[INFO] [stderr]     Checking sha3 v0.11.0
[INFO] [stderr]     Checking p521 v0.14.0
[INFO] [stderr]     Checking p384 v0.14.0
[INFO] [stderr]     Checking p256 v0.14.0
[INFO] [stderr]     Checking kem v0.3.0
[INFO] [stderr]     Checking chacha20 v0.9.1
[INFO] [stderr]     Checking salsa20 v0.10.2
[INFO] [stderr]     Checking module-lattice v0.2.3
[INFO] [stderr]     Checking serde_path_to_error v0.1.20
[INFO] [stderr]     Checking notify-types v2.1.0
[INFO] [stderr]    Compiling quinn v0.11.12
[INFO] [stderr]    Compiling snow v0.10.0
[INFO] [stderr]     Checking rand_pcg v0.10.2
[INFO] [stderr]     Checking hex v0.4.3
[INFO] [stderr]     Checking lru-slab v0.1.3
[INFO] [stderr]     Checking tinyvec v1.13.3
[INFO] [stderr]     Checking lz4_flex v0.14.0
[INFO] [stderr]     Checking sponge-cursor v0.1.0
[INFO] [stderr]     Checking clap_lex v1.1.1
[INFO] [stderr]     Checking constant_time_eq v0.4.2
[INFO] [stderr]    Compiling clap_derive v4.6.7
[INFO] [stderr]     Checking clap_builder v4.6.7
[INFO] [stderr]     Checking sha3 v0.12.0
[INFO] [stderr]    Compiling enum_dispatch v0.3.13
[INFO] [stderr]     Checking axum v0.8.9
[INFO] [stderr]     Checking num-bigint v0.5.1
[INFO] [stderr]     Checking notify v8.2.0
[INFO] [stderr]     Checking ml-kem v0.3.2
[INFO] [stderr]     Checking crypto_secretbox v0.1.1
[INFO] [stderr]     Checking brotli v9.0.0
[INFO] [stderr]     Checking chacha20poly1305 v0.10.1
[INFO] [stderr]     Checking russh-cryptovec v0.62.0
[INFO] [stderr]     Checking flate2 v1.1.10
[INFO] [stderr]     Checking generic-array v1.4.5
[INFO] [stderr]     Checking aes-gcm v0.10.3
[INFO] [stderr]     Checking sfv v0.15.0
[INFO] [stderr]     Checking tower-http v0.6.11
[INFO] [stdout] error[E0493]: destructor of `ArrayBuilder<T, N>` cannot be evaluated at compile-time
[INFO] [stdout]    --> /opt/rustwide/cargo-home/registry/src/index.crates.io-1949cf8c6b5b557f/generic-array-1.4.5/src/internal.rs:103:31
[INFO] [stdout]     |
[INFO] [stdout] 103 |     pub unsafe fn assume_init(self) -> GenericArray<T, N> {
[INFO] [stdout]     |                               ^^^^ the destructor for this type cannot be evaluated in constant functions
[INFO] [stdout] ...
[INFO] [stdout] 109 |     }
[INFO] [stdout]     |     - value is dropped here
[INFO] [stdout] 
[INFO] [stdout] 
[INFO] [stdout] error[E0493]: destructor of `GenericArray<core::mem::MaybeUninit<*const T>, N>` cannot be evaluated at compile-time
[INFO] [stdout]    --> /opt/rustwide/cargo-home/registry/src/index.crates.io-1949cf8c6b5b557f/generic-array-1.4.5/src/lib.rs:983:13
[INFO] [stdout]     |
[INFO] [stdout] 983 |         let mut out: GenericArray<MaybeUninit<*const T>, N> = GenericArray::uninit();
[INFO] [stdout]     |             ^^^^^^^ the destructor for this type cannot be evaluated in constant functions
[INFO] [stdout] ...
[INFO] [stdout] 998 |     }
[INFO] [stdout]     |     - value is dropped here
[INFO] [stdout] 
[INFO] [stdout] 
[INFO] [stdout] error[E0493]: destructor of `GenericArray<core::mem::MaybeUninit<*mut T>, N>` cannot be evaluated at compile-time
[INFO] [stdout]     --> /opt/rustwide/cargo-home/registry/src/index.crates.io-1949cf8c6b5b557f/generic-array-1.4.5/src/lib.rs:1018:13
[INFO] [stdout]      |
[INFO] [stdout] 1018 |         let mut out: GenericArray<MaybeUninit<*mut T>, N> = GenericArray::uninit();
[INFO] [stdout]      |             ^^^^^^^ the destructor for this type cannot be evaluated in constant functions
[INFO] [stdout] ...
[INFO] [stdout] 1033 |     }
[INFO] [stdout]      |     - value is dropped here
[INFO] [stdout] 
[INFO] [stdout] 
[INFO] [stdout] For more information about this error, try `rustc --explain E0493`.
[INFO] [stdout] 
[INFO] [stderr] error: could not compile `generic-array` (lib) due to 3 previous errors
[INFO] [stderr] warning: build failed, waiting for other jobs to finish...
[INFO] running `Command { std: "docker" "inspect" "8ee312acbfb85e32af24efe01a3dd62417afe32c4ea2a7d4059a6cd696891222", kill_on_drop: false }`
[INFO] running `Command { std: "docker" "rm" "-f" "8ee312acbfb85e32af24efe01a3dd62417afe32c4ea2a7d4059a6cd696891222", kill_on_drop: false }`
[INFO] [stdout] 8ee312acbfb85e32af24efe01a3dd62417afe32c4ea2a7d4059a6cd696891222
