[INFO] fetching crate websocketz 0.2.0...
[INFO] checking websocketz-0.2.0 against c60b92c03ca8a3b101eb9d57f51e2232690638c7 for pr-164148-crater-rollup
[INFO] extracting crate websocketz 0.2.0 into /workspace/builds/worker-0-tc2/source
[INFO] started tweaking crates.io crate websocketz 0.2.0
[INFO] removed 0 missing examples
[INFO] finished tweaking crates.io crate websocketz 0.2.0
[INFO] tweaked toml for crates.io crate websocketz 0.2.0 written to /workspace/builds/worker-0-tc2/source/Cargo.toml
[INFO] validating manifest of crates.io crate websocketz 0.2.0 on toolchain c60b92c03ca8a3b101eb9d57f51e2232690638c7
[INFO] running `Command { std: CARGO_HOME="/workspace/cargo-home" RUSTUP_HOME="/workspace/rustup-home" "/workspace/cargo-home/bin/cargo" "+c60b92c03ca8a3b101eb9d57f51e2232690638c7" "metadata" "--manifest-path" "Cargo.toml" "--no-deps", kill_on_drop: false }`
[INFO] crate crates.io crate websocketz 0.2.0 already has a lockfile, it will not be regenerated
[INFO] running `Command { std: CARGO_HOME="/workspace/cargo-home" RUSTUP_HOME="/workspace/rustup-home" "/workspace/cargo-home/bin/cargo" "+c60b92c03ca8a3b101eb9d57f51e2232690638c7" "fetch" "--manifest-path" "Cargo.toml", kill_on_drop: false }`
[INFO] [stderr]     Blocking waiting for file lock on package cache
[INFO] running `Command { std: "docker" "create" "-v" "/var/lib/crater-agent-workspace/builds/worker-0-tc2/source:/opt/rustwide/workdir:ro,Z" "-v" "/var/lib/crater-agent-workspace/builds/worker-0-tc2/target:/opt/rustwide/target:rw,Z" "-v" "/var/lib/crater-agent-workspace/cargo-home:/opt/rustwide/cargo-home:ro,Z" "-v" "/var/lib/crater-agent-workspace/rustup-home:/opt/rustwide/rustup-home:ro,Z" "-m" "1610612736" "--network" "none" "ghcr.io/rust-lang/crates-build-env/linux@sha256:77db811e55d90add9212f6832c23229e3de5f1c1f9905e8cb07319ea15df73ac" "sleep" "infinity", kill_on_drop: false }`
[INFO] [stdout] 42c4b9225819888cc7962599b19c46ea01c7e011259e37478a17e088e90780ad
[INFO] running `Command { std: "docker" "start" "42c4b9225819888cc7962599b19c46ea01c7e011259e37478a17e088e90780ad", kill_on_drop: false }`
[INFO] running `Command { std: "docker" "inspect" "42c4b9225819888cc7962599b19c46ea01c7e011259e37478a17e088e90780ad", kill_on_drop: false }`
[INFO] running `Command { std: "docker" "exec" "-e" "SOURCE_DIR=/opt/rustwide/workdir" "-e" "CARGO_HOME=/opt/rustwide/cargo-home" "-e" "RUSTUP_HOME=/opt/rustwide/rustup-home" "-e" "CARGO_TARGET_DIR=/opt/rustwide/target" "-w" "/opt/rustwide/workdir" "--user" "0:0" "42c4b9225819888cc7962599b19c46ea01c7e011259e37478a17e088e90780ad" "/opt/rustwide/cargo-home/bin/cargo" "+c60b92c03ca8a3b101eb9d57f51e2232690638c7" "metadata" "--no-deps" "--format-version=1", kill_on_drop: false }`
[INFO] running `Command { std: "docker" "inspect" "42c4b9225819888cc7962599b19c46ea01c7e011259e37478a17e088e90780ad", kill_on_drop: false }`
[INFO] running `Command { std: "docker" "exec" "-e" "SOURCE_DIR=/opt/rustwide/workdir" "-e" "CARGO_HOME=/opt/rustwide/cargo-home" "-e" "RUSTUP_HOME=/opt/rustwide/rustup-home" "-e" "CARGO_TARGET_DIR=/opt/rustwide/target" "-e" "CARGO_INCREMENTAL=0" "-e" "RUST_BACKTRACE=full" "-e" "RUSTFLAGS=--cap-lints=forbid" "-e" "RUSTDOCFLAGS=--cap-lints=forbid" "-w" "/opt/rustwide/workdir" "--user" "0:0" "42c4b9225819888cc7962599b19c46ea01c7e011259e37478a17e088e90780ad" "/opt/rustwide/cargo-home/bin/cargo" "+c60b92c03ca8a3b101eb9d57f51e2232690638c7" "check" "--frozen" "--all" "--all-targets" "--message-format=json", kill_on_drop: false }`
[INFO] [stderr]    Compiling unicode-ident v1.0.18
[INFO] [stderr]    Compiling libc v0.2.172
[INFO] [stderr]    Compiling typenum v1.18.0
[INFO] [stderr]     Checking futures-sink v0.3.31
[INFO] [stderr]     Checking bytes v1.10.1
[INFO] [stderr]     Checking memchr v2.7.5
[INFO] [stderr]    Compiling lock_api v0.4.13
[INFO] [stderr]    Compiling zerocopy v0.8.25
[INFO] [stderr]     Checking rand_core v0.10.0
[INFO] [stderr]     Checking embedded-io v0.7.1
[INFO] [stderr]    Compiling thiserror v2.0.12
[INFO] [stderr]     Checking simdutf8 v0.1.5
[INFO] [stderr]     Checking base64 v0.22.1
[INFO] [stderr]    Compiling proc-macro2 v1.0.95
[INFO] [stderr]     Checking futures-channel v0.3.31
[INFO] [stderr]     Checking chacha20 v0.10.0
[INFO] [stderr]     Checking embedded-io-async v0.7.0
[INFO] [stderr]    Compiling quote v1.0.40
[INFO] [stderr]     Checking http v1.3.1
[INFO] [stderr]    Compiling syn v2.0.117
[INFO] [stderr]     Checking parking_lot_core v0.9.11
[INFO] [stderr]     Checking socket2 v0.5.10
[INFO] [stderr]     Checking mio v1.0.4
[INFO] [stderr]     Checking signal-hook-registry v1.4.5
[INFO] [stderr]     Checking getrandom v0.2.16
[INFO] [stderr]     Checking getrandom v0.4.2
[INFO] [stderr]     Checking rand v0.10.0
[INFO] [stderr]     Checking rand_core v0.6.4
[INFO] [stderr]     Checking parking_lot v0.12.4
[INFO] [stderr]     Checking generic-array v0.14.7
[INFO] [stderr]     Checking http-body v1.0.1
[INFO] [stderr]     Checking http-body-util v0.1.3
[INFO] [stderr]     Checking crypto-common v0.1.6
[INFO] [stderr]     Checking block-buffer v0.10.4
[INFO] [stderr]     Checking digest v0.10.7
[INFO] [stderr]     Checking sha1 v0.10.6
[INFO] [stderr]     Checking ppv-lite86 v0.2.21
[INFO] [stderr]     Checking rand_chacha v0.3.1
[INFO] [stderr]     Checking rand v0.8.5
[INFO] [stderr]    Compiling futures-macro v0.3.31
[INFO] [stderr]    Compiling tokio-macros v2.5.0
[INFO] [stderr]    Compiling pin-project-internal v1.1.10
[INFO] [stderr]    Compiling thiserror-impl v1.0.69
[INFO] [stderr]    Compiling thiserror-impl v2.0.12
[INFO] [stderr]     Checking tokio v1.46.1
[INFO] [stderr]     Checking futures-util v0.3.31
[INFO] [stderr]     Checking pin-project v1.1.10
[INFO] [stderr]     Checking thiserror v1.0.69
[INFO] [stderr]     Checking futures-executor v0.3.31
[INFO] [stderr]     Checking futures v0.3.31
[INFO] [stderr]     Checking framez v0.4.0
[INFO] [stderr]     Checking websocketz v0.2.0 (/opt/rustwide/workdir)
[INFO] [stdout] error[E0493]: destructor of `WebSocketCore<'_, RW, RNG>` cannot be evaluated at compile-time
[INFO] [stdout]    --> src/websocket_core.rs:154:26
[INFO] [stdout]     |
[INFO] [stdout] 154 |     const fn into_client(mut self) -> Self {
[INFO] [stdout]     |                          ^^^^^^^^ the destructor for this type cannot be evaluated in constant functions
[INFO] [stdout] ...
[INFO] [stdout] 158 |     }
[INFO] [stdout]     |     - value is dropped here
[INFO] [stdout] 
[INFO] [stdout] 
[INFO] [stdout] error[E0493]: destructor of `WebSocketCore<'_, RW, RNG>` cannot be evaluated at compile-time
[INFO] [stdout]    --> src/websocket_core.rs:161:26
[INFO] [stdout]     |
[INFO] [stdout] 161 |     const fn into_server(mut self) -> Self {
[INFO] [stdout]     |                          ^^^^^^^^ the destructor for this type cannot be evaluated in constant functions
[INFO] [stdout] ...
[INFO] [stdout] 165 |     }
[INFO] [stdout]     |     - value is dropped here
[INFO] [stdout] 
[INFO] [stdout] 
[INFO] [stdout] error[E0493]: destructor of `WebSocket<'_, RW, RNG>` cannot be evaluated at compile-time
[INFO] [stdout]    --> src/websocket.rs:170:33
[INFO] [stdout]     |
[INFO] [stdout] 170 |     pub const fn with_auto_pong(mut self, auto_pong: bool) -> Self {
[INFO] [stdout]     |                                 ^^^^^^^^ the destructor for this type cannot be evaluated in constant functions
[INFO] [stdout] ...
[INFO] [stdout] 173 |     }
[INFO] [stdout]     |     - value is dropped here
[INFO] [stdout] 
[INFO] [stdout] 
[INFO] [stdout] error[E0493]: destructor of `WebSocket<'_, RW, RNG>` cannot be evaluated at compile-time
[INFO] [stdout]    --> src/websocket.rs:177:34
[INFO] [stdout]     |
[INFO] [stdout] 177 |     pub const fn with_auto_close(mut self, auto_close: bool) -> Self {
[INFO] [stdout]     |                                  ^^^^^^^^ the destructor for this type cannot be evaluated in constant functions
[INFO] [stdout] ...
[INFO] [stdout] 180 |     }
[INFO] [stdout]     |     - value is dropped here
[INFO] [stdout] 
[INFO] [stdout] 
[INFO] [stdout] For more information about this error, try `rustc --explain E0493`.
[INFO] [stdout] 
[INFO] [stderr] error: could not compile `websocketz` (lib) due to 4 previous errors
[INFO] [stderr] warning: build failed, waiting for other jobs to finish...
[INFO] running `Command { std: "docker" "inspect" "42c4b9225819888cc7962599b19c46ea01c7e011259e37478a17e088e90780ad", kill_on_drop: false }`
[INFO] running `Command { std: "docker" "rm" "-f" "42c4b9225819888cc7962599b19c46ea01c7e011259e37478a17e088e90780ad", kill_on_drop: false }`
[INFO] [stdout] 42c4b9225819888cc7962599b19c46ea01c7e011259e37478a17e088e90780ad
