[INFO] fetching crate waterui-backend-core 0.5.2...
[INFO] checking waterui-backend-core-0.5.2 against c60b92c03ca8a3b101eb9d57f51e2232690638c7 for pr-164148-crater-rollup
[INFO] extracting crate waterui-backend-core 0.5.2 into /workspace/builds/worker-2-tc2/source
[INFO] started tweaking crates.io crate waterui-backend-core 0.5.2
[INFO] finished tweaking crates.io crate waterui-backend-core 0.5.2
[INFO] tweaked toml for crates.io crate waterui-backend-core 0.5.2 written to /workspace/builds/worker-2-tc2/source/Cargo.toml
[INFO] validating manifest of crates.io crate waterui-backend-core 0.5.2 on toolchain c60b92c03ca8a3b101eb9d57f51e2232690638c7
[INFO] running `Command { std: CARGO_HOME="/workspace/cargo-home" RUSTUP_HOME="/workspace/rustup-home" "/workspace/cargo-home/bin/cargo" "+c60b92c03ca8a3b101eb9d57f51e2232690638c7" "metadata" "--manifest-path" "Cargo.toml" "--no-deps", kill_on_drop: false }`
[INFO] crate crates.io crate waterui-backend-core 0.5.2 already has a lockfile, it will not be regenerated
[INFO] running `Command { std: CARGO_HOME="/workspace/cargo-home" RUSTUP_HOME="/workspace/rustup-home" "/workspace/cargo-home/bin/cargo" "+c60b92c03ca8a3b101eb9d57f51e2232690638c7" "fetch" "--manifest-path" "Cargo.toml", kill_on_drop: false }`
[INFO] running `Command { std: "docker" "create" "-v" "/var/lib/crater-agent-workspace/builds/worker-2-tc2/source:/opt/rustwide/workdir:ro,Z" "-v" "/var/lib/crater-agent-workspace/builds/worker-2-tc2/target:/opt/rustwide/target:rw,Z" "-v" "/var/lib/crater-agent-workspace/cargo-home:/opt/rustwide/cargo-home:ro,Z" "-v" "/var/lib/crater-agent-workspace/rustup-home:/opt/rustwide/rustup-home:ro,Z" "-m" "1610612736" "--network" "none" "ghcr.io/rust-lang/crates-build-env/linux@sha256:77db811e55d90add9212f6832c23229e3de5f1c1f9905e8cb07319ea15df73ac" "sleep" "infinity", kill_on_drop: false }`
[INFO] [stdout] c4bac7f03f58b854e2514eca3f0655f45318526004552cbfc0bbc7d65425c425
[INFO] running `Command { std: "docker" "start" "c4bac7f03f58b854e2514eca3f0655f45318526004552cbfc0bbc7d65425c425", kill_on_drop: false }`
[INFO] running `Command { std: "docker" "inspect" "c4bac7f03f58b854e2514eca3f0655f45318526004552cbfc0bbc7d65425c425", kill_on_drop: false }`
[INFO] running `Command { std: "docker" "exec" "-e" "SOURCE_DIR=/opt/rustwide/workdir" "-e" "CARGO_HOME=/opt/rustwide/cargo-home" "-e" "RUSTUP_HOME=/opt/rustwide/rustup-home" "-e" "CARGO_TARGET_DIR=/opt/rustwide/target" "-w" "/opt/rustwide/workdir" "--user" "0:0" "c4bac7f03f58b854e2514eca3f0655f45318526004552cbfc0bbc7d65425c425" "/opt/rustwide/cargo-home/bin/cargo" "+c60b92c03ca8a3b101eb9d57f51e2232690638c7" "metadata" "--no-deps" "--format-version=1", kill_on_drop: false }`
[INFO] running `Command { std: "docker" "inspect" "c4bac7f03f58b854e2514eca3f0655f45318526004552cbfc0bbc7d65425c425", kill_on_drop: false }`
[INFO] running `Command { std: "docker" "exec" "-e" "SOURCE_DIR=/opt/rustwide/workdir" "-e" "CARGO_HOME=/opt/rustwide/cargo-home" "-e" "RUSTUP_HOME=/opt/rustwide/rustup-home" "-e" "CARGO_TARGET_DIR=/opt/rustwide/target" "-e" "CARGO_INCREMENTAL=0" "-e" "RUST_BACKTRACE=full" "-e" "RUSTFLAGS=--cap-lints=forbid" "-e" "RUSTDOCFLAGS=--cap-lints=forbid" "-w" "/opt/rustwide/workdir" "--user" "0:0" "c4bac7f03f58b854e2514eca3f0655f45318526004552cbfc0bbc7d65425c425" "/opt/rustwide/cargo-home/bin/cargo" "+c60b92c03ca8a3b101eb9d57f51e2232690638c7" "check" "--frozen" "--all" "--all-targets" "--message-format=json", kill_on_drop: false }`
[INFO] [stderr]     Checking futures-core v0.3.34
[INFO] [stderr]     Checking parking v2.2.1
[INFO] [stderr]     Checking futures-io v0.3.34
[INFO] [stderr]    Compiling crossbeam-utils v0.8.22
[INFO] [stderr]     Checking stable_deref_trait v1.2.1
[INFO] [stderr]     Checking either v1.17.0
[INFO] [stderr]     Checking smallvec v1.16.0
[INFO] [stderr]    Compiling rustix v1.1.4
[INFO] [stderr]     Checking bitflags v2.13.2
[INFO] [stderr]     Checking async-task v4.7.1
[INFO] [stderr]     Checking linux-raw-sys v0.12.1
[INFO] [stderr]    Compiling serde_core v1.0.229
[INFO] [stderr]    Compiling syn v3.0.3
[INFO] [stderr]    Compiling syn v2.0.119
[INFO] [stderr]     Checking litemap v0.8.3
[INFO] [stderr]    Compiling icu_locale_fallback_data v2.3.0
[INFO] [stderr]    Compiling async-io v2.6.0
[INFO] [stderr]     Checking log v0.4.33
[INFO] [stderr]     Checking event-listener v5.4.2
[INFO] [stderr]     Checking writeable v0.6.4
[INFO] [stderr]    Compiling syn v1.0.109
[INFO] [stderr]     Checking futures-lite v2.6.1
[INFO] [stderr]    Compiling indexmap v2.14.0
[INFO] [stderr]    Compiling libc v0.2.189
[INFO] [stderr]    Compiling libm v0.2.16
[INFO] [stderr]     Checking nami-core v0.3.3
[INFO] [stderr]     Checking event-listener-strategy v0.5.4
[INFO] [stderr]    Compiling anyhow v1.0.104
[INFO] [stderr]    Compiling toml_writer v1.1.2+spec-1.1.0
[INFO] [stderr]    Compiling getrandom v0.4.3
[INFO] [stderr]     Checking suiteki v0.1.0
[INFO] [stderr]    Compiling cfg-if v1.0.4
[INFO] [stderr]     Checking arrayvec v0.7.8
[INFO] [stderr]    Compiling icu_locid v2.0.0
[INFO] [stderr]    Compiling icu_calendar_data v2.3.0
[INFO] [stderr]    Compiling icu_locid_transform v2.0.0
[INFO] [stderr]     Checking concurrent-queue v2.5.0
[INFO] [stderr]    Compiling icu_plurals_data v2.3.0
[INFO] [stderr]    Compiling icu_time_data v2.3.0
[INFO] [stderr]     Checking polycool v0.4.0
[INFO] [stderr]     Checking async-channel v2.5.0
[INFO] [stderr]     Checking jiff-core v0.1.0
[INFO] [stderr]    Compiling icu_decimal_data v2.3.0
[INFO] [stderr]    Compiling once_cell v1.21.4
[INFO] [stderr]    Compiling fastrand v2.5.0
[INFO] [stderr]     Checking kurbo v0.13.1
[INFO] [stderr]     Checking executor-core v0.7.1
[INFO] [stderr]     Checking aho-corasick v1.1.5
[INFO] [stderr]    Compiling icu_locale_data v2.3.0
[INFO] [stderr]    Compiling icu_datetime_data v2.3.0
[INFO] [stderr]     Checking linebender_resource_handle v0.1.1
[INFO] [stderr]    Compiling waterui-graphics v0.5.1
[INFO] [stderr]     Checking simd-adler32 v0.3.10
[INFO] [stderr]     Checking regex-syntax v0.8.11
[INFO] [stderr]     Checking ixdtf v0.6.6
[INFO] [stderr]     Checking color v0.3.3
[INFO] [stderr]     Checking miniz_oxide v0.8.9
[INFO] [stderr]    Compiling pastey v0.2.3
[INFO] [stderr]     Checking winnow v1.0.4
[INFO] [stderr]     Checking flate2 v1.1.9
[INFO] [stderr]     Checking core_maths v0.1.1
[INFO] [stderr]     Checking parking_lot_core v0.9.12
[INFO] [stderr]     Checking jiff v0.2.35
[INFO] [stderr]     Checking peniko v0.6.1
[INFO] [stderr]     Checking serde_spanned v1.1.1
[INFO] [stderr]     Checking toml_parser v1.1.3+spec-1.1.0
[INFO] [stderr]     Checking toml_datetime v1.1.1+spec-1.1.0
[INFO] [stderr]     Checking x11rb-protocol v0.13.2
[INFO] [stderr]     Checking parking_lot v0.12.5
[INFO] [stderr]     Checking iana-time-zone v0.1.65
[INFO] [stderr]     Checking futures-sink v0.3.34
[INFO] [stderr]     Checking sys-locale v0.3.2
[INFO] [stderr]     Checking piper v0.2.5
[INFO] [stderr]     Checking futures-channel v0.3.34
[INFO] [stderr]     Checking futures-task v0.3.34
[INFO] [stderr]     Checking dirs-sys v0.5.0
[INFO] [stderr]     Checking async-lock v3.4.2
[INFO] [stderr]    Compiling rfd v0.17.2
[INFO] [stderr]     Checking blocking v1.7.0
[INFO] [stderr]     Checking serde_json v1.0.151
[INFO] [stderr]     Checking dirs v6.0.0
[INFO] [stderr]    Compiling waterui-shape v0.5.1
[INFO] [stderr]     Checking pollster v0.4.0
[INFO] [stderr]     Checking toml v1.1.6+spec-1.1.0
[INFO] [stderr]     Checking raw-window-handle v0.6.2
[INFO] [stderr]     Checking base64 v0.23.1
[INFO] [stderr]     Checking roxmltree v0.21.1
[INFO] [stderr]     Checking async-executor v1.14.0
[INFO] [stderr]     Checking num_cpus v1.17.0
[INFO] [stderr]     Checking waterui-url v0.5.1
[INFO] [stderr]     Checking zeroize v1.9.0
[INFO] [stderr]     Checking async-fs v2.2.0
[INFO] [stderr]     Checking web-time v1.1.0
[INFO] [stderr]     Checking cpu-time v1.0.0
[INFO] [stderr]     Checking robius-open v0.3.1
[INFO] [stderr]     Checking regex-automata v0.4.18
[INFO] [stderr]    Compiling swift-bridge-ir v0.1.59
[INFO] [stderr]    Compiling toml_edit v0.25.13+spec-1.1.0
[INFO] [stderr]    Compiling ctor v0.1.26
[INFO] [stderr]    Compiling tempfile v3.27.0
[INFO] [stderr]     Checking minstant v0.1.7
[INFO] [stderr]    Compiling proc-macro-crate v3.5.0
[INFO] [stderr]    Compiling synstructure v0.13.2
[INFO] [stderr]    Compiling displaydoc v0.2.7
[INFO] [stderr]    Compiling zerovec-derive v0.11.5
[INFO] [stderr]    Compiling serde_derive v1.0.229
[INFO] [stderr]    Compiling nami-derive v0.3.1
[INFO] [stderr]    Compiling thiserror-impl v2.0.20
[INFO] [stderr]    Compiling futures-macro v0.3.34
[INFO] [stderr]    Compiling tinystr v0.8.4
[INFO] [stderr]     Checking fixed_decimal v0.7.2
[INFO] [stderr]     Checking calendrical_calculations v0.2.4
[INFO] [stderr]     Checking futures-util v0.3.34
[INFO] [stderr]    Compiling icu_locale_core v2.3.0
[INFO] [stderr]    Compiling zerofrom-derive v0.1.7
[INFO] [stderr]    Compiling yoke-derive v0.8.2
[INFO] [stderr]    Compiling tracing-attributes v0.1.31
[INFO] [stderr]     Checking thiserror v2.0.20
[INFO] [stderr]    Compiling swift-bridge-build v0.1.59
[INFO] [stderr]     Checking zerofrom v0.1.8
[INFO] [stderr]    Compiling waterkit-build v0.1.4
[INFO] [stderr]     Checking yoke v0.8.3
[INFO] [stderr]    Compiling waterkit-fs v0.1.4
[INFO] [stderr]    Compiling waterkit-dialog v0.1.4
[INFO] [stderr]     Checking zerovec v0.11.8
[INFO] [stderr]     Checking zerotrie v0.2.5
[INFO] [stderr]     Checking tracing v0.1.44
[INFO] [stderr]     Checking fancy-regex v0.16.2
[INFO] [stderr]    Compiling waterui-macros v0.5.1
[INFO] [stderr]     Checking potential_utf v0.1.6
[INFO] [stderr]     Checking icu_pattern v0.5.0
[INFO] [stderr]     Checking serde v1.0.229
[INFO] [stderr]     Checking icu_collections v2.3.0
[INFO] [stderr]     Checking polling v3.11.0
[INFO] [stderr]     Checking gethostname v1.1.0
[INFO] [stderr]     Checking x11rb v0.13.2
[INFO] [stderr]     Checking bincode v1.3.3
[INFO] [stderr]     Checking syntect v5.3.0
[INFO] [stderr]     Checking nami v0.11.2
[INFO] [stderr]     Checking native-executor v0.8.0
[INFO] [stderr]     Checking icu_provider v2.3.0
[INFO] [stderr]     Checking arboard v3.6.1
[INFO] [stderr]     Checking icu_locale_fallback v2.3.0
[INFO] [stderr]     Checking icu_calendar v2.3.0
[INFO] [stderr]     Checking icu_plurals v2.3.0
[INFO] [stderr]     Checking icu_decimal v2.3.0
[INFO] [stderr]     Checking icu_locale v2.3.0
[INFO] [stderr]     Checking two-face v0.5.2+bat-0.26.1
[INFO] [stderr]     Checking waterui-core v0.5.1
[INFO] [stderr]     Checking futures-executor v0.3.34
[INFO] [stderr]     Checking futures v0.3.34
[INFO] [stderr]     Checking icu_time v2.3.0
[INFO] [stderr]     Checking icu_datetime v2.3.0
[INFO] [stderr]     Checking waterui-layout v0.5.1
[INFO] [stderr]     Checking waterui-locale v0.5.1
[INFO] [stderr]     Checking waterui-text v0.5.1
[INFO] [stderr]     Checking waterui-icon v0.5.1
[INFO] [stderr]     Checking waterui-controls v0.5.1
[INFO] [stdout] error[E0493]: destructor of `slider::Slider` cannot be evaluated at compile-time
[INFO] [stdout]    --> /opt/rustwide/cargo-home/registry/src/index.crates.io-1949cf8c6b5b557f/waterui-controls-0.5.1/src/label.rs:150:38
[INFO] [stdout]     |
[INFO] [stdout] 142 | macro_rules! impl_label_style_methods {
[INFO] [stdout] ...
[INFO] [stdout] 150 |             pub const fn label_style(mut self, mode: $crate::label::LabelDisplayMode) -> Self {
[INFO] [stdout]     |                                      ^^^^^^^^ the destructor for this type cannot be evaluated in constant functions
[INFO] [stdout] ...
[INFO] [stdout] 153 |             }
[INFO] [stdout]     |             - value is dropped here
[INFO] [stdout]     |
[INFO] [stdout]    ::: /opt/rustwide/cargo-home/registry/src/index.crates.io-1949cf8c6b5b557f/waterui-controls-0.5.1/src/slider.rs:136:1
[INFO] [stdout]     |
[INFO] [stdout] 136 | impl_label_style_methods!(Slider);
[INFO] [stdout]     | --------------------------------- in this macro invocation
[INFO] [stdout] 
[INFO] [stdout] 
[INFO] [stdout] error[E0493]: destructor of `TextField` cannot be evaluated at compile-time
[INFO] [stdout]    --> /opt/rustwide/cargo-home/registry/src/index.crates.io-1949cf8c6b5b557f/waterui-controls-0.5.1/src/label.rs:150:38
[INFO] [stdout]     |
[INFO] [stdout] 142 | macro_rules! impl_label_style_methods {
[INFO] [stdout] ...
[INFO] [stdout] 150 |             pub const fn label_style(mut self, mode: $crate::label::LabelDisplayMode) -> Self {
[INFO] [stdout]     |                                      ^^^^^^^^ the destructor for this type cannot be evaluated in constant functions
[INFO] [stdout] ...
[INFO] [stdout] 153 |             }
[INFO] [stdout]     |             - value is dropped here
[INFO] [stdout]     |
[INFO] [stdout]    ::: /opt/rustwide/cargo-home/registry/src/index.crates.io-1949cf8c6b5b557f/waterui-controls-0.5.1/src/text_field.rs:185:1
[INFO] [stdout]     |
[INFO] [stdout] 185 | impl_label_style_methods!(TextField);
[INFO] [stdout]     | ------------------------------------ in this macro invocation
[INFO] [stdout] 
[INFO] [stdout] 
[INFO] [stdout] error[E0493]: destructor of `Toggle` cannot be evaluated at compile-time
[INFO] [stdout]    --> /opt/rustwide/cargo-home/registry/src/index.crates.io-1949cf8c6b5b557f/waterui-controls-0.5.1/src/label.rs:150:38
[INFO] [stdout]     |
[INFO] [stdout] 142 | macro_rules! impl_label_style_methods {
[INFO] [stdout] ...
[INFO] [stdout] 150 |             pub const fn label_style(mut self, mode: $crate::label::LabelDisplayMode) -> Self {
[INFO] [stdout]     |                                      ^^^^^^^^ the destructor for this type cannot be evaluated in constant functions
[INFO] [stdout] ...
[INFO] [stdout] 153 |             }
[INFO] [stdout]     |             - value is dropped here
[INFO] [stdout]     |
[INFO] [stdout]    ::: /opt/rustwide/cargo-home/registry/src/index.crates.io-1949cf8c6b5b557f/waterui-controls-0.5.1/src/toggle.rs:139:1
[INFO] [stdout]     |
[INFO] [stdout] 139 | impl_label_style_methods!(Toggle);
[INFO] [stdout]     | --------------------------------- in this macro invocation
[INFO] [stdout] 
[INFO] [stdout] 
[INFO] [stdout] error[E0493]: destructor of `Stepper` cannot be evaluated at compile-time
[INFO] [stdout]    --> /opt/rustwide/cargo-home/registry/src/index.crates.io-1949cf8c6b5b557f/waterui-controls-0.5.1/src/label.rs:150:38
[INFO] [stdout]     |
[INFO] [stdout] 142 | macro_rules! impl_label_style_methods {
[INFO] [stdout] ...
[INFO] [stdout] 150 |             pub const fn label_style(mut self, mode: $crate::label::LabelDisplayMode) -> Self {
[INFO] [stdout]     |                                      ^^^^^^^^ the destructor for this type cannot be evaluated in constant functions
[INFO] [stdout] ...
[INFO] [stdout] 153 |             }
[INFO] [stdout]     |             - value is dropped here
[INFO] [stdout]     |
[INFO] [stdout]    ::: /opt/rustwide/cargo-home/registry/src/index.crates.io-1949cf8c6b5b557f/waterui-controls-0.5.1/src/stepper.rs:163:1
[INFO] [stdout]     |
[INFO] [stdout] 163 | impl_label_style_methods!(Stepper);
[INFO] [stdout]     | ---------------------------------- in this macro invocation
[INFO] [stdout] 
[INFO] [stdout] 
[INFO] [stdout] error[E0493]: destructor of `button::Button<Action>` cannot be evaluated at compile-time
[INFO] [stdout]    --> /opt/rustwide/cargo-home/registry/src/index.crates.io-1949cf8c6b5b557f/waterui-controls-0.5.1/src/button.rs:593:30
[INFO] [stdout]     |
[INFO] [stdout] 593 |     pub const fn label_style(mut self, mode: LabelDisplayMode) -> Self {
[INFO] [stdout]     |                              ^^^^^^^^ the destructor for this type cannot be evaluated in constant functions
[INFO] [stdout] ...
[INFO] [stdout] 596 |     }
[INFO] [stdout]     |     - value is dropped here
[INFO] [stdout] 
[INFO] [stdout] 
[INFO] [stdout] For more information about this error, try `rustc --explain E0493`.
[INFO] [stdout] 
[INFO] [stderr] error: could not compile `waterui-controls` (lib) due to 5 previous errors
[INFO] running `Command { std: "docker" "inspect" "c4bac7f03f58b854e2514eca3f0655f45318526004552cbfc0bbc7d65425c425", kill_on_drop: false }`
[INFO] running `Command { std: "docker" "rm" "-f" "c4bac7f03f58b854e2514eca3f0655f45318526004552cbfc0bbc7d65425c425", kill_on_drop: false }`
[INFO] [stdout] c4bac7f03f58b854e2514eca3f0655f45318526004552cbfc0bbc7d65425c425
