[INFO] fetching crate urushi 0.1.1...
[INFO] checking urushi-0.1.1 against c60b92c03ca8a3b101eb9d57f51e2232690638c7 for pr-164148-crater-rollup
[INFO] extracting crate urushi 0.1.1 into /workspace/builds/worker-2-tc2/source
[INFO] started tweaking crates.io crate urushi 0.1.1
[INFO] removed 0 missing examples
[INFO] removed 0 missing tests
[INFO] finished tweaking crates.io crate urushi 0.1.1
[INFO] tweaked toml for crates.io crate urushi 0.1.1 written to /workspace/builds/worker-2-tc2/source/Cargo.toml
[INFO] validating manifest of crates.io crate urushi 0.1.1 on toolchain c60b92c03ca8a3b101eb9d57f51e2232690638c7
[INFO] running `Command { std: CARGO_HOME="/workspace/cargo-home" RUSTUP_HOME="/workspace/rustup-home" "/workspace/cargo-home/bin/cargo" "+c60b92c03ca8a3b101eb9d57f51e2232690638c7" "metadata" "--manifest-path" "Cargo.toml" "--no-deps", kill_on_drop: false }`
[INFO] crate crates.io crate urushi 0.1.1 already has a lockfile, it will not be regenerated
[INFO] running `Command { std: CARGO_HOME="/workspace/cargo-home" RUSTUP_HOME="/workspace/rustup-home" "/workspace/cargo-home/bin/cargo" "+c60b92c03ca8a3b101eb9d57f51e2232690638c7" "fetch" "--manifest-path" "Cargo.toml", kill_on_drop: false }`
[INFO] running `Command { std: "docker" "create" "-v" "/var/lib/crater-agent-workspace/builds/worker-2-tc2/source:/opt/rustwide/workdir:ro,Z" "-v" "/var/lib/crater-agent-workspace/builds/worker-2-tc2/target:/opt/rustwide/target:rw,Z" "-v" "/var/lib/crater-agent-workspace/cargo-home:/opt/rustwide/cargo-home:ro,Z" "-v" "/var/lib/crater-agent-workspace/rustup-home:/opt/rustwide/rustup-home:ro,Z" "-m" "1610612736" "--network" "none" "ghcr.io/rust-lang/crates-build-env/linux@sha256:77db811e55d90add9212f6832c23229e3de5f1c1f9905e8cb07319ea15df73ac" "sleep" "infinity", kill_on_drop: false }`
[INFO] [stdout] e78b898d999e2b67c572f3fadbd4ee25a62f6bfb0c95cad2006ec6123c228676
[INFO] running `Command { std: "docker" "start" "e78b898d999e2b67c572f3fadbd4ee25a62f6bfb0c95cad2006ec6123c228676", kill_on_drop: false }`
[INFO] running `Command { std: "docker" "inspect" "e78b898d999e2b67c572f3fadbd4ee25a62f6bfb0c95cad2006ec6123c228676", kill_on_drop: false }`
[INFO] running `Command { std: "docker" "exec" "-e" "SOURCE_DIR=/opt/rustwide/workdir" "-e" "CARGO_HOME=/opt/rustwide/cargo-home" "-e" "RUSTUP_HOME=/opt/rustwide/rustup-home" "-e" "CARGO_TARGET_DIR=/opt/rustwide/target" "-w" "/opt/rustwide/workdir" "--user" "0:0" "e78b898d999e2b67c572f3fadbd4ee25a62f6bfb0c95cad2006ec6123c228676" "/opt/rustwide/cargo-home/bin/cargo" "+c60b92c03ca8a3b101eb9d57f51e2232690638c7" "metadata" "--no-deps" "--format-version=1", kill_on_drop: false }`
[INFO] running `Command { std: "docker" "inspect" "e78b898d999e2b67c572f3fadbd4ee25a62f6bfb0c95cad2006ec6123c228676", kill_on_drop: false }`
[INFO] running `Command { std: "docker" "exec" "-e" "SOURCE_DIR=/opt/rustwide/workdir" "-e" "CARGO_HOME=/opt/rustwide/cargo-home" "-e" "RUSTUP_HOME=/opt/rustwide/rustup-home" "-e" "CARGO_TARGET_DIR=/opt/rustwide/target" "-e" "CARGO_INCREMENTAL=0" "-e" "RUST_BACKTRACE=full" "-e" "RUSTFLAGS=--cap-lints=forbid" "-e" "RUSTDOCFLAGS=--cap-lints=forbid" "-w" "/opt/rustwide/workdir" "--user" "0:0" "e78b898d999e2b67c572f3fadbd4ee25a62f6bfb0c95cad2006ec6123c228676" "/opt/rustwide/cargo-home/bin/cargo" "+c60b92c03ca8a3b101eb9d57f51e2232690638c7" "check" "--frozen" "--all" "--all-targets" "--message-format=json", kill_on_drop: false }`
[INFO] [stderr]    Compiling rustix v1.1.4
[INFO] [stderr]     Checking condtype v1.3.0
[INFO] [stderr]     Checking regex-lite v0.1.9
[INFO] [stderr]    Compiling toml_edit v0.25.15+spec-1.1.0
[INFO] [stderr]    Compiling syn v2.0.119
[INFO] [stderr]     Checking terminal_size v0.4.4
[INFO] [stderr]    Compiling proc-macro-crate v3.5.0
[INFO] [stderr]     Checking clap_builder v4.6.6
[INFO] [stderr]     Checking urushi-terminal v0.1.1
[INFO] [stderr]     Checking clap v4.6.6
[INFO] [stderr]    Compiling divan-macros v0.1.21
[INFO] [stderr]    Compiling urushi-derive v0.1.1
[INFO] [stderr]     Checking urushi v0.1.1 (/opt/rustwide/workdir)
[INFO] [stderr]     Checking divan v0.1.21
[INFO] [stdout] error[E0493]: destructor of `CanvasSizing` cannot be evaluated at compile-time
[INFO] [stdout]   --> src/view/canvas/sizing.rs:38:24
[INFO] [stdout]    |
[INFO] [stdout] 38 |     pub const fn width(mut self, width: usize) -> Self {
[INFO] [stdout]    |                        ^^^^^^^^ the destructor for this type cannot be evaluated in constant functions
[INFO] [stdout] ...
[INFO] [stdout] 41 |     }
[INFO] [stdout]    |     - value is dropped here
[INFO] [stdout] 
[INFO] [stdout] 
[INFO] [stdout] error[E0493]: destructor of `CanvasSizing` cannot be evaluated at compile-time
[INFO] [stdout]   --> src/view/canvas/sizing.rs:50:25
[INFO] [stdout]    |
[INFO] [stdout] 50 |     pub const fn height(mut self, height: usize) -> Self {
[INFO] [stdout]    |                         ^^^^^^^^ the destructor for this type cannot be evaluated in constant functions
[INFO] [stdout] ...
[INFO] [stdout] 53 |     }
[INFO] [stdout]    |     - value is dropped here
[INFO] [stdout] 
[INFO] [stdout] 
[INFO] [stdout] error[E0493]: destructor of `CanvasSizing` cannot be evaluated at compile-time
[INFO] [stdout]   --> src/view/canvas/sizing.rs:62:25
[INFO] [stdout]    |
[INFO] [stdout] 62 |     pub const fn extent(mut self, size: super::Size) -> Self {
[INFO] [stdout]    |                         ^^^^^^^^ the destructor for this type cannot be evaluated in constant functions
[INFO] [stdout] ...
[INFO] [stdout] 65 |     }
[INFO] [stdout]    |     - value is dropped here
[INFO] [stdout] 
[INFO] [stdout] 
[INFO] [stdout] error[E0493]: destructor of `Canvas` cannot be evaluated at compile-time
[INFO] [stdout]    --> src/view/canvas/mod.rs:161:24
[INFO] [stdout]     |
[INFO] [stdout] 161 |     pub const fn width(mut self, width: usize) -> Self {
[INFO] [stdout]     |                        ^^^^^^^^ the destructor for this type cannot be evaluated in constant functions
[INFO] [stdout] ...
[INFO] [stdout] 164 |     }
[INFO] [stdout]     |     - value is dropped here
[INFO] [stdout] 
[INFO] [stdout] 
[INFO] [stdout] error[E0493]: destructor of `Canvas` cannot be evaluated at compile-time
[INFO] [stdout]    --> src/view/canvas/mod.rs:171:25
[INFO] [stdout]     |
[INFO] [stdout] 171 |     pub const fn height(mut self, height: usize) -> Self {
[INFO] [stdout]     |                         ^^^^^^^^ the destructor for this type cannot be evaluated in constant functions
[INFO] [stdout] ...
[INFO] [stdout] 174 |     }
[INFO] [stdout]     |     - value is dropped here
[INFO] [stdout] 
[INFO] [stdout] 
[INFO] [stdout] error[E0493]: destructor of `Canvas` cannot be evaluated at compile-time
[INFO] [stdout]    --> src/view/canvas/mod.rs:181:25
[INFO] [stdout]     |
[INFO] [stdout] 181 |     pub const fn extent(mut self, size: Size) -> Self {
[INFO] [stdout]     |                         ^^^^^^^^ the destructor for this type cannot be evaluated in constant functions
[INFO] [stdout] ...
[INFO] [stdout] 184 |     }
[INFO] [stdout]     |     - value is dropped here
[INFO] [stdout] 
[INFO] [stdout] 
[INFO] [stdout] For more information about this error, try `rustc --explain E0493`.
[INFO] [stdout] 
[INFO] [stderr] error: could not compile `urushi` (lib) due to 6 previous errors
[INFO] [stderr] warning: build failed, waiting for other jobs to finish...
[INFO] [stdout] error[E0493]: destructor of `canvas::sizing::CanvasSizing` cannot be evaluated at compile-time
[INFO] [stdout]   --> src/view/canvas/sizing.rs:38:24
[INFO] [stdout]    |
[INFO] [stdout] 38 |     pub const fn width(mut self, width: usize) -> Self {
[INFO] [stdout]    |                        ^^^^^^^^ the destructor for this type cannot be evaluated in constant functions
[INFO] [stdout] ...
[INFO] [stdout] 41 |     }
[INFO] [stdout]    |     - value is dropped here
[INFO] [stdout] 
[INFO] [stdout] 
[INFO] [stdout] error[E0493]: destructor of `canvas::sizing::CanvasSizing` cannot be evaluated at compile-time
[INFO] [stdout]   --> src/view/canvas/sizing.rs:50:25
[INFO] [stdout]    |
[INFO] [stdout] 50 |     pub const fn height(mut self, height: usize) -> Self {
[INFO] [stdout]    |                         ^^^^^^^^ the destructor for this type cannot be evaluated in constant functions
[INFO] [stdout] ...
[INFO] [stdout] 53 |     }
[INFO] [stdout]    |     - value is dropped here
[INFO] [stdout] 
[INFO] [stdout] 
[INFO] [stdout] error[E0493]: destructor of `canvas::sizing::CanvasSizing` cannot be evaluated at compile-time
[INFO] [stdout]   --> src/view/canvas/sizing.rs:62:25
[INFO] [stdout]    |
[INFO] [stdout] 62 |     pub const fn extent(mut self, size: super::Size) -> Self {
[INFO] [stdout]    |                         ^^^^^^^^ the destructor for this type cannot be evaluated in constant functions
[INFO] [stdout] ...
[INFO] [stdout] 65 |     }
[INFO] [stdout]    |     - value is dropped here
[INFO] [stdout] 
[INFO] [stdout] 
[INFO] [stdout] error[E0493]: destructor of `canvas::Canvas` cannot be evaluated at compile-time
[INFO] [stdout]    --> src/view/canvas/mod.rs:161:24
[INFO] [stdout]     |
[INFO] [stdout] 161 |     pub const fn width(mut self, width: usize) -> Self {
[INFO] [stdout]     |                        ^^^^^^^^ the destructor for this type cannot be evaluated in constant functions
[INFO] [stdout] ...
[INFO] [stdout] 164 |     }
[INFO] [stdout]     |     - value is dropped here
[INFO] [stdout] 
[INFO] [stdout] 
[INFO] [stdout] error[E0493]: destructor of `canvas::Canvas` cannot be evaluated at compile-time
[INFO] [stdout]    --> src/view/canvas/mod.rs:171:25
[INFO] [stdout]     |
[INFO] [stdout] 171 |     pub const fn height(mut self, height: usize) -> Self {
[INFO] [stdout]     |                         ^^^^^^^^ the destructor for this type cannot be evaluated in constant functions
[INFO] [stdout] ...
[INFO] [stdout] 174 |     }
[INFO] [stdout]     |     - value is dropped here
[INFO] [stdout] 
[INFO] [stdout] 
[INFO] [stdout] error[E0493]: destructor of `canvas::Canvas` cannot be evaluated at compile-time
[INFO] [stdout]    --> src/view/canvas/mod.rs:181:25
[INFO] [stdout]     |
[INFO] [stdout] 181 |     pub const fn extent(mut self, size: Size) -> Self {
[INFO] [stdout]     |                         ^^^^^^^^ the destructor for this type cannot be evaluated in constant functions
[INFO] [stdout] ...
[INFO] [stdout] 184 |     }
[INFO] [stdout]     |     - value is dropped here
[INFO] [stdout] 
[INFO] [stdout] 
[INFO] [stdout] For more information about this error, try `rustc --explain E0493`.
[INFO] [stdout] 
[INFO] [stderr] error: could not compile `urushi` (lib test) due to 6 previous errors
[INFO] running `Command { std: "docker" "inspect" "e78b898d999e2b67c572f3fadbd4ee25a62f6bfb0c95cad2006ec6123c228676", kill_on_drop: false }`
[INFO] running `Command { std: "docker" "rm" "-f" "e78b898d999e2b67c572f3fadbd4ee25a62f6bfb0c95cad2006ec6123c228676", kill_on_drop: false }`
[INFO] [stdout] e78b898d999e2b67c572f3fadbd4ee25a62f6bfb0c95cad2006ec6123c228676
