[INFO] fetching crate urushi-tui 0.1.1...
[INFO] checking urushi-tui-0.1.1 against c60b92c03ca8a3b101eb9d57f51e2232690638c7 for pr-164148-crater-rollup
[INFO] extracting crate urushi-tui 0.1.1 into /workspace/builds/worker-2-tc2/source
[INFO] started tweaking crates.io crate urushi-tui 0.1.1
[INFO] removed 0 missing tests
[INFO] finished tweaking crates.io crate urushi-tui 0.1.1
[INFO] tweaked toml for crates.io crate urushi-tui 0.1.1 written to /workspace/builds/worker-2-tc2/source/Cargo.toml
[INFO] validating manifest of crates.io crate urushi-tui 0.1.1 on toolchain c60b92c03ca8a3b101eb9d57f51e2232690638c7
[INFO] running `Command { std: CARGO_HOME="/workspace/cargo-home" RUSTUP_HOME="/workspace/rustup-home" "/workspace/cargo-home/bin/cargo" "+c60b92c03ca8a3b101eb9d57f51e2232690638c7" "metadata" "--manifest-path" "Cargo.toml" "--no-deps", kill_on_drop: false }`
[INFO] crate crates.io crate urushi-tui 0.1.1 already has a lockfile, it will not be regenerated
[INFO] running `Command { std: CARGO_HOME="/workspace/cargo-home" RUSTUP_HOME="/workspace/rustup-home" "/workspace/cargo-home/bin/cargo" "+c60b92c03ca8a3b101eb9d57f51e2232690638c7" "fetch" "--manifest-path" "Cargo.toml", kill_on_drop: false }`
[INFO] running `Command { std: "docker" "create" "-v" "/var/lib/crater-agent-workspace/builds/worker-2-tc2/source:/opt/rustwide/workdir:ro,Z" "-v" "/var/lib/crater-agent-workspace/builds/worker-2-tc2/target:/opt/rustwide/target:rw,Z" "-v" "/var/lib/crater-agent-workspace/cargo-home:/opt/rustwide/cargo-home:ro,Z" "-v" "/var/lib/crater-agent-workspace/rustup-home:/opt/rustwide/rustup-home:ro,Z" "-m" "1610612736" "--network" "none" "ghcr.io/rust-lang/crates-build-env/linux@sha256:77db811e55d90add9212f6832c23229e3de5f1c1f9905e8cb07319ea15df73ac" "sleep" "infinity", kill_on_drop: false }`
[INFO] [stdout] fd26eb0fc5b1b20b32efa6ae93bd303c9ade24ac926d2d119f0d58c0d89a4354
[INFO] running `Command { std: "docker" "start" "fd26eb0fc5b1b20b32efa6ae93bd303c9ade24ac926d2d119f0d58c0d89a4354", kill_on_drop: false }`
[INFO] running `Command { std: "docker" "inspect" "fd26eb0fc5b1b20b32efa6ae93bd303c9ade24ac926d2d119f0d58c0d89a4354", kill_on_drop: false }`
[INFO] running `Command { std: "docker" "exec" "-e" "SOURCE_DIR=/opt/rustwide/workdir" "-e" "CARGO_HOME=/opt/rustwide/cargo-home" "-e" "RUSTUP_HOME=/opt/rustwide/rustup-home" "-e" "CARGO_TARGET_DIR=/opt/rustwide/target" "-w" "/opt/rustwide/workdir" "--user" "0:0" "fd26eb0fc5b1b20b32efa6ae93bd303c9ade24ac926d2d119f0d58c0d89a4354" "/opt/rustwide/cargo-home/bin/cargo" "+c60b92c03ca8a3b101eb9d57f51e2232690638c7" "metadata" "--no-deps" "--format-version=1", kill_on_drop: false }`
[INFO] running `Command { std: "docker" "inspect" "fd26eb0fc5b1b20b32efa6ae93bd303c9ade24ac926d2d119f0d58c0d89a4354", kill_on_drop: false }`
[INFO] running `Command { std: "docker" "exec" "-e" "SOURCE_DIR=/opt/rustwide/workdir" "-e" "CARGO_HOME=/opt/rustwide/cargo-home" "-e" "RUSTUP_HOME=/opt/rustwide/rustup-home" "-e" "CARGO_TARGET_DIR=/opt/rustwide/target" "-e" "CARGO_INCREMENTAL=0" "-e" "RUST_BACKTRACE=full" "-e" "RUSTFLAGS=--cap-lints=forbid" "-e" "RUSTDOCFLAGS=--cap-lints=forbid" "-w" "/opt/rustwide/workdir" "--user" "0:0" "fd26eb0fc5b1b20b32efa6ae93bd303c9ade24ac926d2d119f0d58c0d89a4354" "/opt/rustwide/cargo-home/bin/cargo" "+c60b92c03ca8a3b101eb9d57f51e2232690638c7" "check" "--frozen" "--all" "--all-targets" "--message-format=json", kill_on_drop: false }`
[INFO] [stderr]    Compiling libc v0.2.189
[INFO] [stderr]    Compiling proc-macro2 v1.0.107
[INFO] [stderr]    Compiling unicode-ident v1.0.24
[INFO] [stderr]    Compiling quote v1.0.47
[INFO] [stderr]    Compiling rustix v1.1.4
[INFO] [stderr]     Checking linux-raw-sys v0.12.1
[INFO] [stderr]     Checking bitflags v2.13.1
[INFO] [stderr]     Checking cfg-if v1.0.4
[INFO] [stderr]    Compiling parking_lot_core v0.9.12
[INFO] [stderr]    Compiling signal-hook v0.3.18
[INFO] [stderr]    Compiling unicode-segmentation v1.13.3
[INFO] [stderr]     Checking smallvec v1.15.2
[INFO] [stderr]     Checking log v0.4.33
[INFO] [stderr]    Compiling equivalent v1.0.2
[INFO] [stderr]    Compiling hashbrown v0.17.1
[INFO] [stderr]    Compiling winnow v1.0.4
[INFO] [stderr]     Checking scopeguard v1.2.0
[INFO] [stderr]     Checking lock_api v0.4.14
[INFO] [stderr]    Compiling rustversion v1.0.23
[INFO] [stderr]    Compiling toml_datetime v1.1.1+spec-1.1.0
[INFO] [stderr]    Compiling convert_case v0.10.0
[INFO] [stderr]    Compiling litrs v1.0.0
[INFO] [stderr]    Compiling syn v2.0.119
[INFO] [stderr]     Checking terminal_size v0.4.4
[INFO] [stderr]    Compiling indexmap v2.14.2
[INFO] [stderr]     Checking clap_lex v1.1.0
[INFO] [stderr]     Checking anstyle v1.0.14
[INFO] [stderr]     Checking clap_builder v4.6.6
[INFO] [stderr]    Compiling document-features v0.2.12
[INFO] [stderr]     Checking itoa v1.0.18
[INFO] [stderr]     Checking castaway v0.2.4
[INFO] [stderr]     Checking static_assertions v1.1.0
[INFO] [stderr]     Checking unicode-width v0.2.0
[INFO] [stderr]     Checking ryu v1.0.23
[INFO] [stderr]     Checking compact_str v0.9.1
[INFO] [stderr]     Checking regex-lite v0.1.9
[INFO] [stderr]     Checking condtype v1.3.0
[INFO] [stderr]     Checking errno v0.3.14
[INFO] [stderr]     Checking mio v1.2.2
[INFO] [stderr]     Checking signal-hook-registry v1.4.8
[INFO] [stderr]     Checking parking_lot v0.12.5
[INFO] [stderr]    Compiling toml_parser v1.1.3+spec-1.1.0
[INFO] [stderr]     Checking signal-hook-mio v0.2.5
[INFO] [stderr]    Compiling toml_edit v0.25.15+spec-1.1.0
[INFO] [stderr]     Checking clap v4.6.6
[INFO] [stderr]    Compiling derive_more-impl v2.1.1
[INFO] [stderr]    Compiling divan-macros v0.1.21
[INFO] [stderr]    Compiling proc-macro-crate v3.5.0
[INFO] [stderr]    Compiling urushi-derive v0.1.1
[INFO] [stderr]     Checking derive_more v2.1.1
[INFO] [stderr]     Checking crossterm v0.29.0
[INFO] [stderr]     Checking divan v0.1.21
[INFO] [stderr]     Checking urushi-terminal v0.1.1
[INFO] [stderr]     Checking urushi v0.1.1
[INFO] [stdout] error[E0493]: destructor of `CanvasSizing` cannot be evaluated at compile-time
[INFO] [stdout]   --> /opt/rustwide/cargo-home/registry/src/index.crates.io-1949cf8c6b5b557f/urushi-0.1.1/src/view/canvas/sizing.rs:38:24
[INFO] [stdout]    |
[INFO] [stdout] 38 |     pub const fn width(mut self, width: usize) -> Self {
[INFO] [stdout]    |                        ^^^^^^^^ the destructor for this type cannot be evaluated in constant functions
[INFO] [stdout] ...
[INFO] [stdout] 41 |     }
[INFO] [stdout]    |     - value is dropped here
[INFO] [stdout] 
[INFO] [stdout] 
[INFO] [stdout] error[E0493]: destructor of `CanvasSizing` cannot be evaluated at compile-time
[INFO] [stdout]   --> /opt/rustwide/cargo-home/registry/src/index.crates.io-1949cf8c6b5b557f/urushi-0.1.1/src/view/canvas/sizing.rs:50:25
[INFO] [stdout]    |
[INFO] [stdout] 50 |     pub const fn height(mut self, height: usize) -> Self {
[INFO] [stdout]    |                         ^^^^^^^^ the destructor for this type cannot be evaluated in constant functions
[INFO] [stdout] ...
[INFO] [stdout] 53 |     }
[INFO] [stdout]    |     - value is dropped here
[INFO] [stdout] 
[INFO] [stdout] 
[INFO] [stdout] error[E0493]: destructor of `CanvasSizing` cannot be evaluated at compile-time
[INFO] [stdout]   --> /opt/rustwide/cargo-home/registry/src/index.crates.io-1949cf8c6b5b557f/urushi-0.1.1/src/view/canvas/sizing.rs:62:25
[INFO] [stdout]    |
[INFO] [stdout] 62 |     pub const fn extent(mut self, size: super::Size) -> Self {
[INFO] [stdout]    |                         ^^^^^^^^ the destructor for this type cannot be evaluated in constant functions
[INFO] [stdout] ...
[INFO] [stdout] 65 |     }
[INFO] [stdout]    |     - value is dropped here
[INFO] [stdout] 
[INFO] [stdout] 
[INFO] [stdout] error[E0493]: destructor of `Canvas` cannot be evaluated at compile-time
[INFO] [stdout]    --> /opt/rustwide/cargo-home/registry/src/index.crates.io-1949cf8c6b5b557f/urushi-0.1.1/src/view/canvas/mod.rs:161:24
[INFO] [stdout]     |
[INFO] [stdout] 161 |     pub const fn width(mut self, width: usize) -> Self {
[INFO] [stdout]     |                        ^^^^^^^^ the destructor for this type cannot be evaluated in constant functions
[INFO] [stdout] ...
[INFO] [stdout] 164 |     }
[INFO] [stdout]     |     - value is dropped here
[INFO] [stdout] 
[INFO] [stdout] 
[INFO] [stdout] error[E0493]: destructor of `Canvas` cannot be evaluated at compile-time
[INFO] [stdout]    --> /opt/rustwide/cargo-home/registry/src/index.crates.io-1949cf8c6b5b557f/urushi-0.1.1/src/view/canvas/mod.rs:171:25
[INFO] [stdout]     |
[INFO] [stdout] 171 |     pub const fn height(mut self, height: usize) -> Self {
[INFO] [stdout]     |                         ^^^^^^^^ the destructor for this type cannot be evaluated in constant functions
[INFO] [stdout] ...
[INFO] [stdout] 174 |     }
[INFO] [stdout]     |     - value is dropped here
[INFO] [stdout] 
[INFO] [stdout] 
[INFO] [stdout] error[E0493]: destructor of `Canvas` cannot be evaluated at compile-time
[INFO] [stdout]    --> /opt/rustwide/cargo-home/registry/src/index.crates.io-1949cf8c6b5b557f/urushi-0.1.1/src/view/canvas/mod.rs:181:25
[INFO] [stdout]     |
[INFO] [stdout] 181 |     pub const fn extent(mut self, size: Size) -> Self {
[INFO] [stdout]     |                         ^^^^^^^^ the destructor for this type cannot be evaluated in constant functions
[INFO] [stdout] ...
[INFO] [stdout] 184 |     }
[INFO] [stdout]     |     - value is dropped here
[INFO] [stdout] 
[INFO] [stdout] 
[INFO] [stdout] For more information about this error, try `rustc --explain E0493`.
[INFO] [stdout] 
[INFO] [stderr] error: could not compile `urushi` (lib) due to 6 previous errors
[INFO] running `Command { std: "docker" "inspect" "fd26eb0fc5b1b20b32efa6ae93bd303c9ade24ac926d2d119f0d58c0d89a4354", kill_on_drop: false }`
[INFO] running `Command { std: "docker" "rm" "-f" "fd26eb0fc5b1b20b32efa6ae93bd303c9ade24ac926d2d119f0d58c0d89a4354", kill_on_drop: false }`
[INFO] [stdout] fd26eb0fc5b1b20b32efa6ae93bd303c9ade24ac926d2d119f0d58c0d89a4354
