[INFO] fetching crate torii-lib 0.16.1...
[INFO] checking torii-lib-0.16.1 against c60b92c03ca8a3b101eb9d57f51e2232690638c7 for pr-164148-crater-rollup
[INFO] extracting crate torii-lib 0.16.1 into /workspace/builds/worker-0-tc2/source
[INFO] started tweaking crates.io crate torii-lib 0.16.1
[INFO] finished tweaking crates.io crate torii-lib 0.16.1
[INFO] tweaked toml for crates.io crate torii-lib 0.16.1 written to /workspace/builds/worker-0-tc2/source/Cargo.toml
[INFO] validating manifest of crates.io crate torii-lib 0.16.1 on toolchain c60b92c03ca8a3b101eb9d57f51e2232690638c7
[INFO] running `Command { std: CARGO_HOME="/workspace/cargo-home" RUSTUP_HOME="/workspace/rustup-home" "/workspace/cargo-home/bin/cargo" "+c60b92c03ca8a3b101eb9d57f51e2232690638c7" "metadata" "--manifest-path" "Cargo.toml" "--no-deps", kill_on_drop: false }`
[INFO] crate crates.io crate torii-lib 0.16.1 already has a lockfile, it will not be regenerated
[INFO] running `Command { std: CARGO_HOME="/workspace/cargo-home" RUSTUP_HOME="/workspace/rustup-home" "/workspace/cargo-home/bin/cargo" "+c60b92c03ca8a3b101eb9d57f51e2232690638c7" "fetch" "--manifest-path" "Cargo.toml", kill_on_drop: false }`
[INFO] running `Command { std: "docker" "create" "-v" "/var/lib/crater-agent-workspace/builds/worker-0-tc2/source:/opt/rustwide/workdir:ro,Z" "-v" "/var/lib/crater-agent-workspace/builds/worker-0-tc2/target:/opt/rustwide/target:rw,Z" "-v" "/var/lib/crater-agent-workspace/cargo-home:/opt/rustwide/cargo-home:ro,Z" "-v" "/var/lib/crater-agent-workspace/rustup-home:/opt/rustwide/rustup-home:ro,Z" "-m" "1610612736" "--network" "none" "ghcr.io/rust-lang/crates-build-env/linux@sha256:77db811e55d90add9212f6832c23229e3de5f1c1f9905e8cb07319ea15df73ac" "sleep" "infinity", kill_on_drop: false }`
[INFO] [stdout] 96c3169d3890bdbcfe442cfc420ffd220c18b4cb0dd218f36132a81486ce348b
[INFO] running `Command { std: "docker" "start" "96c3169d3890bdbcfe442cfc420ffd220c18b4cb0dd218f36132a81486ce348b", kill_on_drop: false }`
[INFO] running `Command { std: "docker" "inspect" "96c3169d3890bdbcfe442cfc420ffd220c18b4cb0dd218f36132a81486ce348b", kill_on_drop: false }`
[INFO] running `Command { std: "docker" "exec" "-e" "SOURCE_DIR=/opt/rustwide/workdir" "-e" "CARGO_HOME=/opt/rustwide/cargo-home" "-e" "RUSTUP_HOME=/opt/rustwide/rustup-home" "-e" "CARGO_TARGET_DIR=/opt/rustwide/target" "-w" "/opt/rustwide/workdir" "--user" "0:0" "96c3169d3890bdbcfe442cfc420ffd220c18b4cb0dd218f36132a81486ce348b" "/opt/rustwide/cargo-home/bin/cargo" "+c60b92c03ca8a3b101eb9d57f51e2232690638c7" "metadata" "--no-deps" "--format-version=1", kill_on_drop: false }`
[INFO] running `Command { std: "docker" "inspect" "96c3169d3890bdbcfe442cfc420ffd220c18b4cb0dd218f36132a81486ce348b", kill_on_drop: false }`
[INFO] running `Command { std: "docker" "exec" "-e" "SOURCE_DIR=/opt/rustwide/workdir" "-e" "CARGO_HOME=/opt/rustwide/cargo-home" "-e" "RUSTUP_HOME=/opt/rustwide/rustup-home" "-e" "CARGO_TARGET_DIR=/opt/rustwide/target" "-e" "CARGO_INCREMENTAL=0" "-e" "RUST_BACKTRACE=full" "-e" "RUSTFLAGS=--cap-lints=forbid" "-e" "RUSTDOCFLAGS=--cap-lints=forbid" "-w" "/opt/rustwide/workdir" "--user" "0:0" "96c3169d3890bdbcfe442cfc420ffd220c18b4cb0dd218f36132a81486ce348b" "/opt/rustwide/cargo-home/bin/cargo" "+c60b92c03ca8a3b101eb9d57f51e2232690638c7" "check" "--frozen" "--all" "--all-targets" "--message-format=json", kill_on_drop: false }`
[INFO] [stderr]    Compiling libc v0.2.184
[INFO] [stderr]     Checking zeroize v1.8.2
[INFO] [stderr]     Checking ctutils v0.4.2
[INFO] [stderr]     Checking base64ct v1.8.3
[INFO] [stderr]     Checking rustcrypto-ff v0.14.0-rc.1
[INFO] [stderr]     Checking serde v1.0.228
[INFO] [stderr]     Checking futures-util v0.3.32
[INFO] [stderr]     Checking base16ct v1.0.0
[INFO] [stderr]     Checking indexmap v2.13.1
[INFO] [stderr]     Checking bitflags v2.11.0
[INFO] [stderr]     Checking tracing v0.1.44
[INFO] [stderr]    Compiling libm v0.2.16
[INFO] [stderr]    Compiling curve25519-dalek v5.0.0-pre.6
[INFO] [stderr]     Checking serde_json v1.0.149
[INFO] [stderr]    Compiling rustls v0.23.40
[INFO] [stderr]     Checking rustls-pki-types v1.14.1
[INFO] [stderr]    Compiling nix v0.31.2
[INFO] [stderr]     Checking rustcrypto-group v0.14.0-rc.1
[INFO] [stderr]     Checking concurrent-queue v2.5.0
[INFO] [stderr]    Compiling curve25519-dalek-derive v0.1.1
[INFO] [stderr]     Checking hybrid-array v0.4.11
[INFO] [stderr]     Checking regex-automata v0.4.14
[INFO] [stderr]     Checking url v2.5.8
[INFO] [stderr]     Checking pem-rfc7468 v1.0.0
[INFO] [stderr]     Checking keccak v0.2.0
[INFO] [stderr]     Checking event-listener v5.4.1
[INFO] [stderr]     Checking fiat-crypto v0.3.0
[INFO] [stderr]     Checking der v0.8.0
[INFO] [stderr]    Compiling aws-lc-rs v1.16.3
[INFO] [stderr]     Checking event-listener-strategy v0.5.4
[INFO] [stderr]     Checking webpki-roots v1.0.7
[INFO] [stderr]     Checking block-padding v0.3.3
[INFO] [stderr]     Checking hex v0.4.3
[INFO] [stderr]     Checking iri-string v0.7.12
[INFO] [stderr]     Checking home v0.5.12
[INFO] [stderr]     Checking bytes v1.11.1
[INFO] [stderr]     Checking serde_spanned v0.6.9
[INFO] [stderr]     Checking toml_datetime v0.6.11
[INFO] [stderr]     Checking untrusted v0.7.1
[INFO] [stderr]     Checking utf8-zero v0.8.1
[INFO] [stderr]     Checking etcetera v0.10.0
[INFO] [stderr]     Checking serde_urlencoded v0.7.1
[INFO] [stderr]    Compiling enum_dispatch v0.3.13
[INFO] [stderr]     Checking toml_edit v0.22.27
[INFO] [stderr]     Checking inout v0.1.4
[INFO] [stderr]     Checking async-lock v3.4.2
[INFO] [stderr]     Checking generic-array v1.4.1
[INFO] [stderr]     Checking num-bigint v0.4.6
[INFO] [stderr]     Checking sha1 v0.10.6
[INFO] [stderr]    Compiling delegate v0.13.5
[INFO] [stderr]     Checking md5 v0.7.0
[INFO] [stderr]    Compiling jobserver v0.1.34
[INFO] [stderr]     Checking hex-literal v1.1.0
[INFO] [stderr]     Checking http v1.4.0
[INFO] [stderr]     Checking tabwriter v1.4.1
[INFO] [stderr]     Checking assert-json-diff v2.0.2
[INFO] [stdout] error[E0493]: destructor of `ArrayBuilder<T, N>` cannot be evaluated at compile-time
[INFO] [stdout]    --> /opt/rustwide/cargo-home/registry/src/index.crates.io-1949cf8c6b5b557f/generic-array-1.4.1/src/internal.rs:103:31
[INFO] [stdout]     |
[INFO] [stdout] 103 |     pub unsafe fn assume_init(self) -> GenericArray<T, N> {
[INFO] [stdout]     |                               ^^^^ the destructor for this type cannot be evaluated in constant functions
[INFO] [stdout] ...
[INFO] [stdout] 109 |     }
[INFO] [stdout]     |     - value is dropped here
[INFO] [stdout] 
[INFO] [stdout] 
[INFO] [stdout] error[E0493]: destructor of `GenericArray<core::mem::MaybeUninit<*const T>, N>` cannot be evaluated at compile-time
[INFO] [stdout]    --> /opt/rustwide/cargo-home/registry/src/index.crates.io-1949cf8c6b5b557f/generic-array-1.4.1/src/lib.rs:970:13
[INFO] [stdout]     |
[INFO] [stdout] 970 |         let mut out: GenericArray<MaybeUninit<*const T>, N> = GenericArray::uninit();
[INFO] [stdout]     |             ^^^^^^^ the destructor for this type cannot be evaluated in constant functions
[INFO] [stdout] ...
[INFO] [stdout] 985 |     }
[INFO] [stdout]     |     - value is dropped here
[INFO] [stdout] 
[INFO] [stdout] 
[INFO] [stdout] error[E0493]: destructor of `GenericArray<core::mem::MaybeUninit<*mut T>, N>` cannot be evaluated at compile-time
[INFO] [stdout]     --> /opt/rustwide/cargo-home/registry/src/index.crates.io-1949cf8c6b5b557f/generic-array-1.4.1/src/lib.rs:1005:13
[INFO] [stdout]      |
[INFO] [stdout] 1005 |         let mut out: GenericArray<MaybeUninit<*mut T>, N> = GenericArray::uninit();
[INFO] [stdout]      |             ^^^^^^^ the destructor for this type cannot be evaluated in constant functions
[INFO] [stdout] ...
[INFO] [stdout] 1020 |     }
[INFO] [stdout]      |     - value is dropped here
[INFO] [stdout] 
[INFO] [stdout] 
[INFO] [stdout] For more information about this error, try `rustc --explain E0493`.
[INFO] [stdout] 
[INFO] [stderr] error: could not compile `generic-array` (lib) due to 3 previous errors
[INFO] [stderr] warning: build failed, waiting for other jobs to finish...
[INFO] running `Command { std: "docker" "inspect" "96c3169d3890bdbcfe442cfc420ffd220c18b4cb0dd218f36132a81486ce348b", kill_on_drop: false }`
[INFO] running `Command { std: "docker" "rm" "-f" "96c3169d3890bdbcfe442cfc420ffd220c18b4cb0dd218f36132a81486ce348b", kill_on_drop: false }`
[INFO] [stdout] 96c3169d3890bdbcfe442cfc420ffd220c18b4cb0dd218f36132a81486ce348b
