[INFO] fetching crate tokora 0.11.0...
[INFO] checking tokora-0.11.0 against c60b92c03ca8a3b101eb9d57f51e2232690638c7 for pr-164148-crater-rollup
[INFO] extracting crate tokora 0.11.0 into /workspace/builds/worker-1-tc2/source
[INFO] started tweaking crates.io crate tokora 0.11.0
[INFO] removed 0 missing examples
[INFO] removed 0 missing tests
[INFO] finished tweaking crates.io crate tokora 0.11.0
[INFO] tweaked toml for crates.io crate tokora 0.11.0 written to /workspace/builds/worker-1-tc2/source/Cargo.toml
[INFO] validating manifest of crates.io crate tokora 0.11.0 on toolchain c60b92c03ca8a3b101eb9d57f51e2232690638c7
[INFO] running `Command { std: CARGO_HOME="/workspace/cargo-home" RUSTUP_HOME="/workspace/rustup-home" "/workspace/cargo-home/bin/cargo" "+c60b92c03ca8a3b101eb9d57f51e2232690638c7" "metadata" "--manifest-path" "Cargo.toml" "--no-deps", kill_on_drop: false }`
[INFO] crate crates.io crate tokora 0.11.0 already has a lockfile, it will not be regenerated
[INFO] running `Command { std: CARGO_HOME="/workspace/cargo-home" RUSTUP_HOME="/workspace/rustup-home" "/workspace/cargo-home/bin/cargo" "+c60b92c03ca8a3b101eb9d57f51e2232690638c7" "fetch" "--manifest-path" "Cargo.toml", kill_on_drop: false }`
[INFO] [stderr] warning: `package.homepage` is redundant with `package.repository`
[INFO] [stderr]    --> Cargo.toml:219:12
[INFO] [stderr]     |
[INFO] [stderr] 219 | homepage = "https://github.com/al8n/tokora"
[INFO] [stderr]     |            ^^^^^^^^^^^^^^^^^^^^^^^^^^^^^^^^
[INFO] [stderr] ...
[INFO] [stderr] 224 | repository = "https://github.com/al8n/tokora"
[INFO] [stderr]     |              --------------------------------
[INFO] [stderr]     |
[INFO] [stderr]     = note: `cargo::redundant_homepage` is set to `warn` by default
[INFO] [stderr] help: consider removing `package.homepage`
[INFO] [stderr] warning: `tokora` (manifest) generated 1 warning
[INFO] running `Command { std: "docker" "create" "-v" "/var/lib/crater-agent-workspace/builds/worker-1-tc2/source:/opt/rustwide/workdir:ro,Z" "-v" "/var/lib/crater-agent-workspace/builds/worker-1-tc2/target:/opt/rustwide/target:rw,Z" "-v" "/var/lib/crater-agent-workspace/cargo-home:/opt/rustwide/cargo-home:ro,Z" "-v" "/var/lib/crater-agent-workspace/rustup-home:/opt/rustwide/rustup-home:ro,Z" "-m" "1610612736" "--network" "none" "ghcr.io/rust-lang/crates-build-env/linux@sha256:77db811e55d90add9212f6832c23229e3de5f1c1f9905e8cb07319ea15df73ac" "sleep" "infinity", kill_on_drop: false }`
[INFO] [stdout] a7c6203ca668bf834b3dff4784c7ca2e1db3cac9aba24c8ad22f96476555ff9a
[INFO] running `Command { std: "docker" "start" "a7c6203ca668bf834b3dff4784c7ca2e1db3cac9aba24c8ad22f96476555ff9a", kill_on_drop: false }`
[INFO] running `Command { std: "docker" "inspect" "a7c6203ca668bf834b3dff4784c7ca2e1db3cac9aba24c8ad22f96476555ff9a", kill_on_drop: false }`
[INFO] running `Command { std: "docker" "exec" "-e" "SOURCE_DIR=/opt/rustwide/workdir" "-e" "CARGO_HOME=/opt/rustwide/cargo-home" "-e" "RUSTUP_HOME=/opt/rustwide/rustup-home" "-e" "CARGO_TARGET_DIR=/opt/rustwide/target" "-w" "/opt/rustwide/workdir" "--user" "0:0" "a7c6203ca668bf834b3dff4784c7ca2e1db3cac9aba24c8ad22f96476555ff9a" "/opt/rustwide/cargo-home/bin/cargo" "+c60b92c03ca8a3b101eb9d57f51e2232690638c7" "metadata" "--no-deps" "--format-version=1", kill_on_drop: false }`
[INFO] running `Command { std: "docker" "inspect" "a7c6203ca668bf834b3dff4784c7ca2e1db3cac9aba24c8ad22f96476555ff9a", kill_on_drop: false }`
[INFO] running `Command { std: "docker" "exec" "-e" "SOURCE_DIR=/opt/rustwide/workdir" "-e" "CARGO_HOME=/opt/rustwide/cargo-home" "-e" "RUSTUP_HOME=/opt/rustwide/rustup-home" "-e" "CARGO_TARGET_DIR=/opt/rustwide/target" "-e" "CARGO_INCREMENTAL=0" "-e" "RUST_BACKTRACE=full" "-e" "RUSTFLAGS=--cap-lints=forbid" "-e" "RUSTDOCFLAGS=--cap-lints=forbid" "-w" "/opt/rustwide/workdir" "--user" "0:0" "a7c6203ca668bf834b3dff4784c7ca2e1db3cac9aba24c8ad22f96476555ff9a" "/opt/rustwide/cargo-home/bin/cargo" "+c60b92c03ca8a3b101eb9d57f51e2232690638c7" "check" "--frozen" "--all" "--all-targets" "--message-format=json", kill_on_drop: false }`
[INFO] [stderr] warning: `package.homepage` is redundant with `package.repository`
[INFO] [stderr]    --> Cargo.toml:219:12
[INFO] [stderr]     |
[INFO] [stderr] 219 | homepage = "https://github.com/al8n/tokora"
[INFO] [stderr]     |            ^^^^^^^^^^^^^^^^^^^^^^^^^^^^^^^^
[INFO] [stderr] ...
[INFO] [stderr] 224 | repository = "https://github.com/al8n/tokora"
[INFO] [stderr]     |              --------------------------------
[INFO] [stderr]     |
[INFO] [stderr]     = note: `cargo::redundant_homepage` is set to `warn` by default
[INFO] [stderr] help: consider removing `package.homepage`
[INFO] [stderr] warning: `tokora` (manifest) generated 1 warning
[INFO] [stderr]    Compiling rustversion v1.0.23
[INFO] [stderr]    Compiling unicode-segmentation v1.13.3
[INFO] [stderr]    Compiling libc v0.2.189
[INFO] [stderr]    Compiling proc-macro2 v1.0.107
[INFO] [stderr]     Checking typenum v1.20.1
[INFO] [stderr]     Checking winnow v1.0.4
[INFO] [stderr]    Compiling target-tuple v1.0.2
[INFO] [stderr]    Compiling thiserror v2.0.20
[INFO] [stderr]    Compiling unicode-xid v0.2.6
[INFO] [stderr]    Compiling quote v1.0.47
[INFO] [stderr]    Compiling mayber v0.1.1
[INFO] [stderr]    Compiling syn v3.0.5
[INFO] [stderr]    Compiling syn v2.0.119
[INFO] [stderr]     Checking serde_spanned v1.1.1
[INFO] [stderr]     Checking toml_datetime v1.1.1+spec-1.1.0
[INFO] [stderr]    Compiling serde v1.0.229
[INFO] [stderr]    Compiling tokora v0.11.0 (/opt/rustwide/workdir)
[INFO] [stderr]     Checking toml_writer v1.1.2+spec-1.1.0
[INFO] [stderr]     Checking serde_json v1.0.151
[INFO] [stderr]     Checking termcolor v1.4.1
[INFO] [stderr]    Compiling seq-macro v0.3.6
[INFO] [stderr]     Checking ascii v1.1.0
[INFO] [stderr]     Checking glob v0.3.4
[INFO] [stderr]     Checking deranged v0.5.8
[INFO] [stderr]     Checking toml_parser v1.1.3+spec-1.1.0
[INFO] [stderr]     Checking toml v1.1.6+spec-1.1.0
[INFO] [stderr]    Compiling convert_case v0.10.0
[INFO] [stderr]     Checking hybrid-array v0.4.15
[INFO] [stderr]     Checking getrandom v0.4.3
[INFO] [stderr]     Checking tempfile v3.27.0
[INFO] [stderr]     Checking hybrid-arraydeque v0.1.4
[INFO] [stdout] error[E0493]: destructor of `ArrayDeque<T, N>` cannot be evaluated at compile-time
[INFO] [stdout]    --> /opt/rustwide/cargo-home/registry/src/index.crates.io-1949cf8c6b5b557f/hybrid-arraydeque-0.1.4/src/lib.rs:590:9
[INFO] [stdout]     |
[INFO] [stdout] 590 |     let mut deq = Self::new();
[INFO] [stdout]     |         ^^^^^^^ the destructor for this type cannot be evaluated in constant functions
[INFO] [stdout] ...
[INFO] [stdout] 606 |   }
[INFO] [stdout]     |   - value is dropped here
[INFO] [stdout] 
[INFO] [stdout] 
[INFO] [stdout] error[E0493]: destructor of `hybrid_array::Array<MaybeUninit<T>, N>` cannot be evaluated at compile-time
[INFO] [stdout]    --> /opt/rustwide/cargo-home/registry/src/index.crates.io-1949cf8c6b5b557f/hybrid-arraydeque-0.1.4/src/lib.rs:647:11
[INFO] [stdout]     |
[INFO] [stdout] 647 |       let mut array = Array::uninit();
[INFO] [stdout]     |           ^^^^^^^^^ the destructor for this type cannot be evaluated in constant functions
[INFO] [stdout] ...
[INFO] [stdout] 654 |     }
[INFO] [stdout]     |     - value is dropped here
[INFO] [stdout] 
[INFO] [stdout] 
[INFO] [stdout] error[E0493]: destructor of `[T; SIZE]` cannot be evaluated at compile-time
[INFO] [stdout]    --> /opt/rustwide/cargo-home/registry/src/index.crates.io-1949cf8c6b5b557f/hybrid-arraydeque-0.1.4/src/lib.rs:637:50
[INFO] [stdout]     |
[INFO] [stdout] 637 |   pub const fn try_from_array<const SIZE: usize>(arr: [T; SIZE]) -> Result<Self, [T; SIZE]> {
[INFO] [stdout]     |                                                  ^^^ the destructor for this type cannot be evaluated in constant functions
[INFO] [stdout] ...
[INFO] [stdout] 655 |   }
[INFO] [stdout]     |   - value is dropped here
[INFO] [stdout] 
[INFO] [stdout] 
[INFO] [stdout] error[E0493]: destructor of `ArrayDeque<T, N>` cannot be evaluated at compile-time
[INFO] [stdout]     --> /opt/rustwide/cargo-home/registry/src/index.crates.io-1949cf8c6b5b557f/hybrid-arraydeque-0.1.4/src/lib.rs:1081:9
[INFO] [stdout]      |
[INFO] [stdout] 1081 |     let mut other = Self::new();
[INFO] [stdout]      |         ^^^^^^^^^ the destructor for this type cannot be evaluated in constant functions
[INFO] [stdout] ...
[INFO] [stdout] 1122 |   }
[INFO] [stdout]      |   - value is dropped here
[INFO] [stdout] 
[INFO] [stdout] 
[INFO] [stderr]    Compiling thiserror-impl v2.0.20
[INFO] [stderr]    Compiling serde_derive v1.0.229
[INFO] [stdout] For more information about this error, try `rustc --explain E0493`.
[INFO] [stdout] 
[INFO] [stderr]    Compiling derive_more-impl v2.1.1
[INFO] [stderr] error: could not compile `hybrid-arraydeque` (lib) due to 4 previous errors
[INFO] [stderr] warning: build failed, waiting for other jobs to finish...
[INFO] running `Command { std: "docker" "inspect" "a7c6203ca668bf834b3dff4784c7ca2e1db3cac9aba24c8ad22f96476555ff9a", kill_on_drop: false }`
[INFO] running `Command { std: "docker" "rm" "-f" "a7c6203ca668bf834b3dff4784c7ca2e1db3cac9aba24c8ad22f96476555ff9a", kill_on_drop: false }`
[INFO] [stdout] a7c6203ca668bf834b3dff4784c7ca2e1db3cac9aba24c8ad22f96476555ff9a
