[INFO] fetching crate tiny-vec 0.10.1...
[INFO] checking tiny-vec-0.10.1 against c60b92c03ca8a3b101eb9d57f51e2232690638c7 for pr-164148-crater-rollup
[INFO] extracting crate tiny-vec 0.10.1 into /workspace/builds/worker-2-tc2/source
[INFO] started tweaking crates.io crate tiny-vec 0.10.1
[INFO] removed 0 missing examples
[INFO] finished tweaking crates.io crate tiny-vec 0.10.1
[INFO] tweaked toml for crates.io crate tiny-vec 0.10.1 written to /workspace/builds/worker-2-tc2/source/Cargo.toml
[INFO] validating manifest of crates.io crate tiny-vec 0.10.1 on toolchain c60b92c03ca8a3b101eb9d57f51e2232690638c7
[INFO] running `Command { std: CARGO_HOME="/workspace/cargo-home" RUSTUP_HOME="/workspace/rustup-home" "/workspace/cargo-home/bin/cargo" "+c60b92c03ca8a3b101eb9d57f51e2232690638c7" "metadata" "--manifest-path" "Cargo.toml" "--no-deps", kill_on_drop: false }`
[INFO] crate crates.io crate tiny-vec 0.10.1 already has a lockfile, it will not be regenerated
[INFO] running `Command { std: CARGO_HOME="/workspace/cargo-home" RUSTUP_HOME="/workspace/rustup-home" "/workspace/cargo-home/bin/cargo" "+c60b92c03ca8a3b101eb9d57f51e2232690638c7" "fetch" "--manifest-path" "Cargo.toml", kill_on_drop: false }`
[INFO] running `Command { std: "docker" "create" "-v" "/var/lib/crater-agent-workspace/builds/worker-2-tc2/source:/opt/rustwide/workdir:ro,Z" "-v" "/var/lib/crater-agent-workspace/builds/worker-2-tc2/target:/opt/rustwide/target:rw,Z" "-v" "/var/lib/crater-agent-workspace/cargo-home:/opt/rustwide/cargo-home:ro,Z" "-v" "/var/lib/crater-agent-workspace/rustup-home:/opt/rustwide/rustup-home:ro,Z" "-m" "1610612736" "--network" "none" "ghcr.io/rust-lang/crates-build-env/linux@sha256:77db811e55d90add9212f6832c23229e3de5f1c1f9905e8cb07319ea15df73ac" "sleep" "infinity", kill_on_drop: false }`
[INFO] [stdout] 14901013d57aa14209c620be55f0ccb1c1f732092d89e8e95fdb5b9897eb463a
[INFO] running `Command { std: "docker" "start" "14901013d57aa14209c620be55f0ccb1c1f732092d89e8e95fdb5b9897eb463a", kill_on_drop: false }`
[INFO] running `Command { std: "docker" "inspect" "14901013d57aa14209c620be55f0ccb1c1f732092d89e8e95fdb5b9897eb463a", kill_on_drop: false }`
[INFO] running `Command { std: "docker" "exec" "-e" "SOURCE_DIR=/opt/rustwide/workdir" "-e" "CARGO_HOME=/opt/rustwide/cargo-home" "-e" "RUSTUP_HOME=/opt/rustwide/rustup-home" "-e" "CARGO_TARGET_DIR=/opt/rustwide/target" "-w" "/opt/rustwide/workdir" "--user" "0:0" "14901013d57aa14209c620be55f0ccb1c1f732092d89e8e95fdb5b9897eb463a" "/opt/rustwide/cargo-home/bin/cargo" "+c60b92c03ca8a3b101eb9d57f51e2232690638c7" "metadata" "--no-deps" "--format-version=1", kill_on_drop: false }`
[INFO] running `Command { std: "docker" "inspect" "14901013d57aa14209c620be55f0ccb1c1f732092d89e8e95fdb5b9897eb463a", kill_on_drop: false }`
[INFO] running `Command { std: "docker" "exec" "-e" "SOURCE_DIR=/opt/rustwide/workdir" "-e" "CARGO_HOME=/opt/rustwide/cargo-home" "-e" "RUSTUP_HOME=/opt/rustwide/rustup-home" "-e" "CARGO_TARGET_DIR=/opt/rustwide/target" "-e" "CARGO_INCREMENTAL=0" "-e" "RUST_BACKTRACE=full" "-e" "RUSTFLAGS=--cap-lints=forbid" "-e" "RUSTDOCFLAGS=--cap-lints=forbid" "-w" "/opt/rustwide/workdir" "--user" "0:0" "14901013d57aa14209c620be55f0ccb1c1f732092d89e8e95fdb5b9897eb463a" "/opt/rustwide/cargo-home/bin/cargo" "+c60b92c03ca8a3b101eb9d57f51e2232690638c7" "check" "--frozen" "--all" "--all-targets" "--message-format=json", kill_on_drop: false }`
[INFO] [stderr]     Checking tiny-vec v0.10.1 (/opt/rustwide/workdir)
[INFO] [stdout] warning: unnecessary `unsafe` block
[INFO] [stdout]    --> src/lib.rs:153:9
[INFO] [stdout]     |
[INFO] [stdout] 153 |         unsafe { &raw const self.stack as *const T }
[INFO] [stdout]     |         ^^^^^^ unnecessary `unsafe` block
[INFO] [stdout]     |
[INFO] [stdout]     = note: `#[warn(unused_unsafe)]` (part of `#[warn(unused)]`) on by default
[INFO] [stdout] 
[INFO] [stdout] 
[INFO] [stdout] warning: unnecessary `unsafe` block
[INFO] [stdout]    --> src/lib.rs:158:9
[INFO] [stdout]     |
[INFO] [stdout] 158 |         unsafe { &raw mut self.stack as *mut T }
[INFO] [stdout]     |         ^^^^^^ unnecessary `unsafe` block
[INFO] [stdout] 
[INFO] [stdout] 
[INFO] [stdout] error[E0493]: destructor of `TinyVec<T, N>` cannot be evaluated at compile-time
[INFO] [stdout]    --> src/lib.rs:489:13
[INFO] [stdout]     |
[INFO] [stdout] 489 |         let mut tv = Self::new();
[INFO] [stdout]     |             ^^^^^^ the destructor for this type cannot be evaluated in constant functions
[INFO] [stdout] ...
[INFO] [stdout] 501 |     }
[INFO] [stdout]     |     - value is dropped here
[INFO] [stdout] 
[INFO] [stdout] 
[INFO] [stdout] error[E0493]: destructor of `[T; N]` cannot be evaluated at compile-time
[INFO] [stdout]    --> src/lib.rs:488:37
[INFO] [stdout]     |
[INFO] [stdout] 488 |     pub const fn from_array_eq_size(arr: [T; N]) -> Self {
[INFO] [stdout]     |                                     ^^^ the destructor for this type cannot be evaluated in constant functions
[INFO] [stdout] ...
[INFO] [stdout] 501 |     }
[INFO] [stdout]     |     - value is dropped here
[INFO] [stdout] 
[INFO] [stdout] 
[INFO] [stdout] warning: unnecessary `unsafe` block
[INFO] [stdout]    --> src/lib.rs:153:9
[INFO] [stdout]     |
[INFO] [stdout] 153 |         unsafe { &raw const self.stack as *const T }
[INFO] [stdout]     |         ^^^^^^ unnecessary `unsafe` block
[INFO] [stdout]     |
[INFO] [stdout]     = note: `#[warn(unused_unsafe)]` (part of `#[warn(unused)]`) on by default
[INFO] [stdout] 
[INFO] [stdout] 
[INFO] [stdout] warning: unnecessary `unsafe` block
[INFO] [stdout]    --> src/lib.rs:158:9
[INFO] [stdout]     |
[INFO] [stdout] 158 |         unsafe { &raw mut self.stack as *mut T }
[INFO] [stdout]     |         ^^^^^^ unnecessary `unsafe` block
[INFO] [stdout] 
[INFO] [stdout] 
[INFO] [stdout] error[E0493]: destructor of `TinyVec<T, N>` cannot be evaluated at compile-time
[INFO] [stdout]    --> src/lib.rs:489:13
[INFO] [stdout]     |
[INFO] [stdout] 489 |         let mut tv = Self::new();
[INFO] [stdout]     |             ^^^^^^ the destructor for this type cannot be evaluated in constant functions
[INFO] [stdout] ...
[INFO] [stdout] 501 |     }
[INFO] [stdout]     |     - value is dropped here
[INFO] [stdout] 
[INFO] [stdout] 
[INFO] [stdout] error[E0493]: destructor of `[T; N]` cannot be evaluated at compile-time
[INFO] [stdout]    --> src/lib.rs:488:37
[INFO] [stdout]     |
[INFO] [stdout] 488 |     pub const fn from_array_eq_size(arr: [T; N]) -> Self {
[INFO] [stdout]     |                                     ^^^ the destructor for this type cannot be evaluated in constant functions
[INFO] [stdout] ...
[INFO] [stdout] 501 |     }
[INFO] [stdout]     |     - value is dropped here
[INFO] [stdout] 
[INFO] [stdout] 
[INFO] [stdout] For more information about this error, try `rustc --explain E0493`.
[INFO] [stdout] 
[INFO] [stderr] error: could not compile `tiny-vec` (lib) due to 2 previous errors; 2 warnings emitted
[INFO] [stderr] warning: build failed, waiting for other jobs to finish...
[INFO] [stdout] For more information about this error, try `rustc --explain E0493`.
[INFO] [stdout] 
[INFO] [stderr] error: could not compile `tiny-vec` (lib test) due to 2 previous errors; 2 warnings emitted
[INFO] running `Command { std: "docker" "inspect" "14901013d57aa14209c620be55f0ccb1c1f732092d89e8e95fdb5b9897eb463a", kill_on_drop: false }`
[INFO] running `Command { std: "docker" "rm" "-f" "14901013d57aa14209c620be55f0ccb1c1f732092d89e8e95fdb5b9897eb463a", kill_on_drop: false }`
[INFO] [stdout] 14901013d57aa14209c620be55f0ccb1c1f732092d89e8e95fdb5b9897eb463a
