[INFO] fetching crate starla 0.8.0...
[INFO] checking starla-0.8.0 against c60b92c03ca8a3b101eb9d57f51e2232690638c7 for pr-164148-crater-rollup
[INFO] extracting crate starla 0.8.0 into /workspace/builds/worker-4-tc2/source
[INFO] started tweaking crates.io crate starla 0.8.0
[INFO] finished tweaking crates.io crate starla 0.8.0
[INFO] tweaked toml for crates.io crate starla 0.8.0 written to /workspace/builds/worker-4-tc2/source/Cargo.toml
[INFO] validating manifest of crates.io crate starla 0.8.0 on toolchain c60b92c03ca8a3b101eb9d57f51e2232690638c7
[INFO] running `Command { std: CARGO_HOME="/workspace/cargo-home" RUSTUP_HOME="/workspace/rustup-home" "/workspace/cargo-home/bin/cargo" "+c60b92c03ca8a3b101eb9d57f51e2232690638c7" "metadata" "--manifest-path" "Cargo.toml" "--no-deps", kill_on_drop: false }`
[INFO] crate crates.io crate starla 0.8.0 already has a lockfile, it will not be regenerated
[INFO] running `Command { std: CARGO_HOME="/workspace/cargo-home" RUSTUP_HOME="/workspace/rustup-home" "/workspace/cargo-home/bin/cargo" "+c60b92c03ca8a3b101eb9d57f51e2232690638c7" "fetch" "--manifest-path" "Cargo.toml", kill_on_drop: false }`
[INFO] running `Command { std: "docker" "create" "-v" "/var/lib/crater-agent-workspace/builds/worker-4-tc2/source:/opt/rustwide/workdir:ro,Z" "-v" "/var/lib/crater-agent-workspace/builds/worker-4-tc2/target:/opt/rustwide/target:rw,Z" "-v" "/var/lib/crater-agent-workspace/cargo-home:/opt/rustwide/cargo-home:ro,Z" "-v" "/var/lib/crater-agent-workspace/rustup-home:/opt/rustwide/rustup-home:ro,Z" "-m" "1610612736" "--network" "none" "ghcr.io/rust-lang/crates-build-env/linux@sha256:77db811e55d90add9212f6832c23229e3de5f1c1f9905e8cb07319ea15df73ac" "sleep" "infinity", kill_on_drop: false }`
[INFO] [stdout] a1a2b3298652a2b7ccf94c0128440ba1943b98e31db4f498cc6e4ff41eec7bdb
[INFO] running `Command { std: "docker" "start" "a1a2b3298652a2b7ccf94c0128440ba1943b98e31db4f498cc6e4ff41eec7bdb", kill_on_drop: false }`
[INFO] running `Command { std: "docker" "inspect" "a1a2b3298652a2b7ccf94c0128440ba1943b98e31db4f498cc6e4ff41eec7bdb", kill_on_drop: false }`
[INFO] running `Command { std: "docker" "exec" "-e" "SOURCE_DIR=/opt/rustwide/workdir" "-e" "CARGO_HOME=/opt/rustwide/cargo-home" "-e" "RUSTUP_HOME=/opt/rustwide/rustup-home" "-e" "CARGO_TARGET_DIR=/opt/rustwide/target" "-w" "/opt/rustwide/workdir" "--user" "0:0" "a1a2b3298652a2b7ccf94c0128440ba1943b98e31db4f498cc6e4ff41eec7bdb" "/opt/rustwide/cargo-home/bin/cargo" "+c60b92c03ca8a3b101eb9d57f51e2232690638c7" "metadata" "--no-deps" "--format-version=1", kill_on_drop: false }`
[INFO] running `Command { std: "docker" "inspect" "a1a2b3298652a2b7ccf94c0128440ba1943b98e31db4f498cc6e4ff41eec7bdb", kill_on_drop: false }`
[INFO] running `Command { std: "docker" "exec" "-e" "SOURCE_DIR=/opt/rustwide/workdir" "-e" "CARGO_HOME=/opt/rustwide/cargo-home" "-e" "RUSTUP_HOME=/opt/rustwide/rustup-home" "-e" "CARGO_TARGET_DIR=/opt/rustwide/target" "-e" "CARGO_INCREMENTAL=0" "-e" "RUST_BACKTRACE=full" "-e" "RUSTFLAGS=--cap-lints=forbid" "-e" "RUSTDOCFLAGS=--cap-lints=forbid" "-w" "/opt/rustwide/workdir" "--user" "0:0" "a1a2b3298652a2b7ccf94c0128440ba1943b98e31db4f498cc6e4ff41eec7bdb" "/opt/rustwide/cargo-home/bin/cargo" "+c60b92c03ca8a3b101eb9d57f51e2232690638c7" "check" "--frozen" "--all" "--all-targets" "--message-format=json", kill_on_drop: false }`
[INFO] [stderr]    Compiling libc v0.2.189
[INFO] [stderr]    Compiling typenum v1.19.0
[INFO] [stderr]     Checking zeroize v1.8.2
[INFO] [stderr]    Compiling getrandom v0.4.2
[INFO] [stderr]     Checking ctutils v0.4.2
[INFO] [stderr]    Compiling num-traits v0.2.19
[INFO] [stderr]    Compiling quote v1.0.45
[INFO] [stderr]     Checking once_cell v1.21.3
[INFO] [stderr]     Checking cpubits v0.1.1
[INFO] [stderr]     Checking pem-rfc7468 v1.0.0
[INFO] [stderr]     Checking hashbrown v0.16.1
[INFO] [stderr]     Checking http v1.4.0
[INFO] [stderr]    Compiling aws-lc-rs v1.17.0
[INFO] [stderr]    Compiling time-core v0.1.8
[INFO] [stderr]     Checking bitflags v2.10.0
[INFO] [stderr]    Compiling num-conv v0.2.0
[INFO] [stderr]    Compiling zmij v1.0.19
[INFO] [stderr]     Checking deranged v0.5.5
[INFO] [stderr]     Checking der v0.8.0
[INFO] [stderr]    Compiling time-macros v0.2.27
[INFO] [stderr]    Compiling serde_json v1.0.151
[INFO] [stderr]    Compiling zerocopy v0.8.39
[INFO] [stderr]     Checking tracing-core v0.1.36
[INFO] [stderr]     Checking rustls-pki-types v1.14.0
[INFO] [stderr]     Checking ff v0.14.0
[INFO] [stderr]    Compiling syn v2.0.117
[INFO] [stderr]    Compiling syn v3.0.3
[INFO] [stderr]     Checking regex-syntax v0.8.9
[INFO] [stderr]    Compiling rustls v0.23.43
[INFO] [stderr]     Checking base16ct v1.0.0
[INFO] [stderr]    Compiling aho-corasick v1.1.4
[INFO] [stderr]     Checking tracing-log v0.2.0
[INFO] [stderr]     Checking group v0.14.0
[INFO] [stderr]     Checking http-body v1.0.1
[INFO] [stderr]     Checking indexmap v2.13.0
[INFO] [stderr]     Checking no-std-net v0.6.0
[INFO] [stderr]     Checking winnow v1.0.1
[INFO] [stderr]     Checking http-body-util v0.1.5
[INFO] [stderr]     Checking num-integer v0.1.46
[INFO] [stderr]     Checking pnet_base v0.35.0
[INFO] [stderr]     Checking toml_datetime v1.1.1+spec-1.1.0
[INFO] [stderr]     Checking serde_spanned v1.1.1
[INFO] [stderr]     Checking tinyvec v1.10.0
[INFO] [stderr]     Checking nom v7.1.3
[INFO] [stderr]     Checking spki v0.8.0
[INFO] [stderr]     Checking rustls-native-certs v0.8.3
[INFO] [stderr]     Checking webpki-roots v1.0.9
[INFO] [stderr]    Compiling libm v0.2.16
[INFO] [stderr]     Checking ryu v1.0.22
[INFO] [stderr]    Compiling jobserver v0.1.34
[INFO] [stderr]    Compiling crc32fast v1.5.0
[INFO] [stderr]     Checking time v0.3.47
[INFO] [stderr]     Checking regex-automata v0.4.14
[INFO] [stderr]     Checking toml_parser v1.1.2+spec-1.1.0
[INFO] [stderr]     Checking pnet_macros_support v0.35.0
[INFO] [stderr]    Compiling cc v1.2.55
[INFO] [stderr]     Checking num-bigint v0.4.6
[INFO] [stderr]     Checking rapidhash v4.4.1
[INFO] [stderr]    Compiling curve25519-dalek v5.0.0-rc.0
[INFO] [stderr]     Checking hybrid-array v0.4.10
[INFO] [stderr]     Checking generic-array v0.14.7
[INFO] [stderr]     Checking toml v1.1.3+spec-1.1.0
[INFO] [stderr]     Checking raw-cpuid v11.6.0
[INFO] [stderr]    Compiling protobuf v3.7.2
[INFO] [stderr]     Checking miniz_oxide v0.9.1
[INFO] [stderr]     Checking crypto-common v0.1.7
[INFO] [stderr]     Checking block-buffer v0.10.4
[INFO] [stderr]     Checking digest v0.10.7
[INFO] [stderr]     Checking parking_lot_core v0.9.12
[INFO] [stderr]     Checking parking_lot v0.12.5
[INFO] [stderr]     Checking errno v0.3.14
[INFO] [stderr]     Checking mio v1.2.1
[INFO] [stderr]     Checking signal-hook-registry v1.4.8
[INFO] [stderr]     Checking socket2 v0.6.5
[INFO] [stderr]     Checking getrandom v0.3.4
[INFO] [stderr]     Checking getrandom v0.2.17
[INFO] [stderr]     Checking crypto-common v0.2.2
[INFO] [stderr]     Checking block-buffer v0.12.0
[INFO] [stderr]     Checking block-padding v0.4.2
[INFO] [stderr]    Compiling cmake v0.1.57
[INFO] [stderr]     Checking crypto-bigint v0.7.3
[INFO] [stderr]     Checking rand_core v0.9.5
[INFO] [stderr]     Checking inout v0.2.2
[INFO] [stderr]     Checking sec1 v0.8.1
[INFO] [stderr]     Checking uuid v1.26.0
[INFO] [stderr]     Checking socket2 v0.5.10
[INFO] [stderr]     Checking rusticata-macros v4.1.0
[INFO] [stderr]     Checking pnet_sys v0.35.0
[INFO] [stderr]     Checking sha2 v0.10.9
[INFO] [stderr]     Checking quanta v0.12.6
[INFO] [stderr]     Checking rand_xoshiro v0.7.0
[INFO] [stderr]    Compiling nix v0.31.3
[INFO] [stderr]     Checking metrics v0.24.6
[INFO] [stderr]    Compiling curve25519-dalek v4.1.3
[INFO] [stderr]     Checking left-right v0.11.7
[INFO] [stderr]    Compiling prometheus v0.14.0
[INFO] [stderr]    Compiling pnet v0.35.0
[INFO] [stderr]     Checking sketches-ddsketch v0.3.1
[INFO] [stderr]    Compiling oid-registry v0.8.1
[INFO] [stderr]    Compiling metrics-exporter-prometheus v0.18.3
[INFO] [stderr]     Checking digest v0.11.3
[INFO] [stderr]     Checking cipher v0.5.2
[INFO] [stderr]     Checking universal-hash v0.6.1
[INFO] [stderr]     Checking aead v0.6.0-rc.10
[INFO] [stderr]     Checking hashbag v0.1.13
[INFO] [stderr]     Checking polyval v0.7.1
[INFO] [stderr]     Checking poly1305 v0.9.0
[INFO] [stderr]     Checking matchers v0.2.0
[INFO] [stderr]    Compiling aws-lc-sys v0.41.0
[INFO] [stderr]    Compiling ring v0.17.14
[INFO] [stderr]     Checking flate2 v1.1.10
[INFO] [stderr]     Checking ghash v0.6.0
[INFO] [stderr]     Checking inout v0.1.4
[INFO] [stderr]     Checking evmap v11.0.0
[INFO] [stderr]     Checking pkcs1 v0.8.0-rc.4
[INFO] [stderr]     Checking pem-rfc7468 v0.7.0
[INFO] [stderr]     Checking hmac v0.13.0
[INFO] [stderr]     Checking sha2 v0.11.0
[INFO] [stderr]     Checking signature v3.0.0
[INFO] [stderr]     Checking pbkdf2 v0.13.0
[INFO] [stderr]     Checking aes v0.9.1
[INFO] [stderr]     Checking cbc v0.2.1
[INFO] [stderr]     Checking salsa20 v0.11.0
[INFO] [stderr]     Checking chacha20 v0.10.0
[INFO] [stderr]     Checking hkdf v0.13.0
[INFO] [stderr]     Checking rfc6979 v0.5.0
[INFO] [stderr]     Checking ctr v0.10.1
[INFO] [stderr]     Checking blowfish v0.10.0
[INFO] [stderr]     Checking blake2 v0.11.0-rc.6
[INFO] [stderr]     Checking serde_path_to_error v0.1.20
[INFO] [stderr]     Checking keccak v0.2.0
[INFO] [stderr]     Checking nibble_vec v0.1.0
[INFO] [stderr]     Checking fiat-crypto v0.3.0
[INFO] [stderr]    Compiling rscamper v0.2.2
[INFO] [stderr]     Checking moka v0.12.15
[INFO] [stderr]     Checking ed25519 v2.2.3
[INFO] [stderr]     Checking radix_trie v0.2.1
[INFO] [stderr]     Checking rand v0.10.2
[INFO] [stderr]     Checking argon2 v0.6.0-rc.8
[INFO] [stderr]     Checking aes-gcm v0.11.0-rc.3
[INFO] [stderr]     Checking sha3 v0.11.0
[INFO] [stderr]     Checking ssh-encoding v0.2.0
[INFO] [stderr]     Checking sha1 v0.11.0
[INFO] [stderr]    Compiling synstructure v0.13.2
[INFO] [stderr]     Checking cipher v0.4.4
[INFO] [stderr]     Checking kem v0.3.0
[INFO] [stderr]     Checking module-lattice v0.2.3
[INFO] [stderr]     Checking scrypt v0.12.0
[INFO] [stderr]     Checking bcrypt-pbkdf v0.11.0
[INFO] [stderr]     Checking caps v0.5.6
[INFO] [stderr]     Checking base16ct v0.2.0
[INFO] [stderr]     Checking pkcs5 v0.8.0
[INFO] [stderr]     Checking anstream v1.0.0
[INFO] [stderr]     Checking sec1 v0.7.3
[INFO] [stderr]     Checking ml-kem v0.3.2
[INFO] [stderr]     Checking ssh-cipher v0.2.0
[INFO] [stderr]     Checking generic-array v1.4.2
[INFO] [stderr]     Checking rand_core v0.6.4
[INFO] [stderr]     Checking pkcs8 v0.11.0
[INFO] [stderr]     Checking internal-russh-num-bigint v0.5.0
[INFO] [stderr]     Checking hex-literal v1.1.0
[INFO] [stderr]     Checking clap_builder v4.6.6
[INFO] [stderr]     Checking hostname v0.4.2
[INFO] [stderr]     Checking ed25519 v3.0.0
[INFO] [stderr]    Compiling regex v1.12.3
[INFO] [stdout] error[E0493]: destructor of `ArrayBuilder<T, N>` cannot be evaluated at compile-time
[INFO] [stdout]    --> /opt/rustwide/cargo-home/registry/src/index.crates.io-1949cf8c6b5b557f/generic-array-1.4.2/src/internal.rs:103:31
[INFO] [stdout]     |
[INFO] [stdout] 103 |     pub unsafe fn assume_init(self) -> GenericArray<T, N> {
[INFO] [stdout]     |                               ^^^^ the destructor for this type cannot be evaluated in constant functions
[INFO] [stdout] ...
[INFO] [stdout] 109 |     }
[INFO] [stdout]     |     - value is dropped here
[INFO] [stdout] 
[INFO] [stdout] 
[INFO] [stdout] error[E0493]: destructor of `GenericArray<core::mem::MaybeUninit<*const T>, N>` cannot be evaluated at compile-time
[INFO] [stdout]    --> /opt/rustwide/cargo-home/registry/src/index.crates.io-1949cf8c6b5b557f/generic-array-1.4.2/src/lib.rs:970:13
[INFO] [stdout]     |
[INFO] [stdout] 970 |         let mut out: GenericArray<MaybeUninit<*const T>, N> = GenericArray::uninit();
[INFO] [stdout]     |             ^^^^^^^ the destructor for this type cannot be evaluated in constant functions
[INFO] [stdout] ...
[INFO] [stdout] 985 |     }
[INFO] [stdout]     |     - value is dropped here
[INFO] [stdout] 
[INFO] [stdout] 
[INFO] [stdout] error[E0493]: destructor of `GenericArray<core::mem::MaybeUninit<*mut T>, N>` cannot be evaluated at compile-time
[INFO] [stdout]     --> /opt/rustwide/cargo-home/registry/src/index.crates.io-1949cf8c6b5b557f/generic-array-1.4.2/src/lib.rs:1005:13
[INFO] [stdout]      |
[INFO] [stdout] 1005 |         let mut out: GenericArray<MaybeUninit<*mut T>, N> = GenericArray::uninit();
[INFO] [stdout]      |             ^^^^^^^ the destructor for this type cannot be evaluated in constant functions
[INFO] [stdout] ...
[INFO] [stdout] 1020 |     }
[INFO] [stdout]      |     - value is dropped here
[INFO] [stdout] 
[INFO] [stdout] 
[INFO] [stderr]    Compiling serde_derive v1.0.229
[INFO] [stderr]    Compiling tracing-attributes v0.1.31
[INFO] [stdout] For more information about this error, try `rustc --explain E0493`.
[INFO] [stdout] 
[INFO] [stderr] error: could not compile `generic-array` (lib) due to 3 previous errors
[INFO] [stderr] warning: build failed, waiting for other jobs to finish...
[INFO] running `Command { std: "docker" "inspect" "a1a2b3298652a2b7ccf94c0128440ba1943b98e31db4f498cc6e4ff41eec7bdb", kill_on_drop: false }`
[INFO] running `Command { std: "docker" "rm" "-f" "a1a2b3298652a2b7ccf94c0128440ba1943b98e31db4f498cc6e4ff41eec7bdb", kill_on_drop: false }`
[INFO] [stdout] a1a2b3298652a2b7ccf94c0128440ba1943b98e31db4f498cc6e4ff41eec7bdb
