[INFO] fetching crate starla-controller 0.8.0...
[INFO] checking starla-controller-0.8.0 against c60b92c03ca8a3b101eb9d57f51e2232690638c7 for pr-164148-crater-rollup
[INFO] extracting crate starla-controller 0.8.0 into /workspace/builds/worker-5-tc2/source
[INFO] started tweaking crates.io crate starla-controller 0.8.0
[INFO] finished tweaking crates.io crate starla-controller 0.8.0
[INFO] tweaked toml for crates.io crate starla-controller 0.8.0 written to /workspace/builds/worker-5-tc2/source/Cargo.toml
[INFO] validating manifest of crates.io crate starla-controller 0.8.0 on toolchain c60b92c03ca8a3b101eb9d57f51e2232690638c7
[INFO] running `Command { std: CARGO_HOME="/workspace/cargo-home" RUSTUP_HOME="/workspace/rustup-home" "/workspace/cargo-home/bin/cargo" "+c60b92c03ca8a3b101eb9d57f51e2232690638c7" "metadata" "--manifest-path" "Cargo.toml" "--no-deps", kill_on_drop: false }`
[INFO] crate crates.io crate starla-controller 0.8.0 already has a lockfile, it will not be regenerated
[INFO] running `Command { std: CARGO_HOME="/workspace/cargo-home" RUSTUP_HOME="/workspace/rustup-home" "/workspace/cargo-home/bin/cargo" "+c60b92c03ca8a3b101eb9d57f51e2232690638c7" "fetch" "--manifest-path" "Cargo.toml", kill_on_drop: false }`
[INFO] running `Command { std: "docker" "create" "-v" "/var/lib/crater-agent-workspace/builds/worker-5-tc2/source:/opt/rustwide/workdir:ro,Z" "-v" "/var/lib/crater-agent-workspace/builds/worker-5-tc2/target:/opt/rustwide/target:rw,Z" "-v" "/var/lib/crater-agent-workspace/cargo-home:/opt/rustwide/cargo-home:ro,Z" "-v" "/var/lib/crater-agent-workspace/rustup-home:/opt/rustwide/rustup-home:ro,Z" "-m" "1610612736" "--network" "none" "ghcr.io/rust-lang/crates-build-env/linux@sha256:77db811e55d90add9212f6832c23229e3de5f1c1f9905e8cb07319ea15df73ac" "sleep" "infinity", kill_on_drop: false }`
[INFO] [stdout] cc1c3190681ab69e02f306e990441a255c2497574c46925569b9b5f8713dd73c
[INFO] running `Command { std: "docker" "start" "cc1c3190681ab69e02f306e990441a255c2497574c46925569b9b5f8713dd73c", kill_on_drop: false }`
[INFO] running `Command { std: "docker" "inspect" "cc1c3190681ab69e02f306e990441a255c2497574c46925569b9b5f8713dd73c", kill_on_drop: false }`
[INFO] running `Command { std: "docker" "exec" "-e" "SOURCE_DIR=/opt/rustwide/workdir" "-e" "CARGO_HOME=/opt/rustwide/cargo-home" "-e" "RUSTUP_HOME=/opt/rustwide/rustup-home" "-e" "CARGO_TARGET_DIR=/opt/rustwide/target" "-w" "/opt/rustwide/workdir" "--user" "0:0" "cc1c3190681ab69e02f306e990441a255c2497574c46925569b9b5f8713dd73c" "/opt/rustwide/cargo-home/bin/cargo" "+c60b92c03ca8a3b101eb9d57f51e2232690638c7" "metadata" "--no-deps" "--format-version=1", kill_on_drop: false }`
[INFO] running `Command { std: "docker" "inspect" "cc1c3190681ab69e02f306e990441a255c2497574c46925569b9b5f8713dd73c", kill_on_drop: false }`
[INFO] running `Command { std: "docker" "exec" "-e" "SOURCE_DIR=/opt/rustwide/workdir" "-e" "CARGO_HOME=/opt/rustwide/cargo-home" "-e" "RUSTUP_HOME=/opt/rustwide/rustup-home" "-e" "CARGO_TARGET_DIR=/opt/rustwide/target" "-e" "CARGO_INCREMENTAL=0" "-e" "RUST_BACKTRACE=full" "-e" "RUSTFLAGS=--cap-lints=forbid" "-e" "RUSTDOCFLAGS=--cap-lints=forbid" "-w" "/opt/rustwide/workdir" "--user" "0:0" "cc1c3190681ab69e02f306e990441a255c2497574c46925569b9b5f8713dd73c" "/opt/rustwide/cargo-home/bin/cargo" "+c60b92c03ca8a3b101eb9d57f51e2232690638c7" "check" "--frozen" "--all" "--all-targets" "--message-format=json", kill_on_drop: false }`
[INFO] [stderr]    Compiling typenum v1.19.0
[INFO] [stderr]    Compiling libc v0.2.189
[INFO] [stderr]     Checking subtle v2.6.1
[INFO] [stderr]     Checking zeroize v1.8.2
[INFO] [stderr]     Checking cmov v0.5.4
[INFO] [stderr]     Checking rand_core v0.10.1
[INFO] [stderr]    Compiling getrandom v0.4.2
[INFO] [stderr]    Compiling unicode-ident v1.0.22
[INFO] [stderr]     Checking cpufeatures v0.3.0
[INFO] [stderr]     Checking base64ct v1.8.3
[INFO] [stderr]     Checking cpubits v0.1.1
[INFO] [stderr]    Compiling num-traits v0.2.19
[INFO] [stderr]    Compiling semver v1.0.27
[INFO] [stderr]     Checking pin-project-lite v0.2.16
[INFO] [stderr]    Compiling serde_core v1.0.229
[INFO] [stderr]     Checking base16ct v1.0.0
[INFO] [stderr]     Checking smallvec v1.15.1
[INFO] [stderr]     Checking bytes v1.12.1
[INFO] [stderr]    Compiling proc-macro2 v1.0.106
[INFO] [stderr]    Compiling rustc_version v0.4.1
[INFO] [stderr]    Compiling shlex v1.3.0
[INFO] [stderr]     Checking pem-rfc7468 v1.0.0
[INFO] [stderr]    Compiling find-msvc-tools v0.1.9
[INFO] [stderr]     Checking ff v0.14.0
[INFO] [stderr]     Checking memchr v2.8.0
[INFO] [stderr]     Checking once_cell v1.21.3
[INFO] [stderr]     Checking ctutils v0.4.2
[INFO] [stderr]     Checking der v0.8.0
[INFO] [stderr]     Checking log v0.4.29
[INFO] [stderr]    Compiling fs_extra v1.3.0
[INFO] [stderr]     Checking futures-core v0.3.34
[INFO] [stderr]     Checking group v0.14.0
[INFO] [stderr]     Checking futures-sink v0.3.34
[INFO] [stderr]    Compiling dunce v1.0.5
[INFO] [stderr]    Compiling libm v0.2.16
[INFO] [stderr]     Checking tracing-core v0.1.36
[INFO] [stderr]     Checking futures-channel v0.3.34
[INFO] [stderr]    Compiling curve25519-dalek v5.0.0-rc.0
[INFO] [stderr]    Compiling thiserror v2.0.20
[INFO] [stderr]     Checking futures-task v0.3.34
[INFO] [stderr]    Compiling crossbeam-utils v0.8.21
[INFO] [stderr]    Compiling cfg_aliases v0.2.1
[INFO] [stderr]     Checking regex-syntax v0.8.9
[INFO] [stderr]     Checking futures-io v0.3.34
[INFO] [stderr]     Checking bitflags v2.10.0
[INFO] [stderr]     Checking slab v0.4.12
[INFO] [stderr]    Compiling nix v0.31.3
[INFO] [stderr]    Compiling curve25519-dalek v4.1.3
[INFO] [stderr]    Compiling quote v1.0.45
[INFO] [stderr]     Checking byteorder v1.5.0
[INFO] [stderr]     Checking lazy_static v1.5.0
[INFO] [stderr]    Compiling zmij v1.0.19
[INFO] [stderr]    Compiling serde v1.0.229
[INFO] [stderr]     Checking powerfmt v0.2.0
[INFO] [stderr]     Checking itoa v1.0.17
[INFO] [stderr]    Compiling crc32fast v1.5.0
[INFO] [stderr]    Compiling rustversion v1.0.22
[INFO] [stderr]     Checking tracing-log v0.2.0
[INFO] [stderr]     Checking deranged v0.5.5
[INFO] [stderr]    Compiling syn v2.0.117
[INFO] [stderr]    Compiling syn v3.0.3
[INFO] [stderr]     Checking sharded-slab v0.1.7
[INFO] [stderr]     Checking num-integer v0.1.46
[INFO] [stderr]     Checking pem-rfc7468 v0.7.0
[INFO] [stderr]     Checking thread_local v1.1.9
[INFO] [stderr]     Checking keccak v0.2.0
[INFO] [stderr]    Compiling serde_json v1.0.151
[INFO] [stderr]     Checking simd-adler32 v0.3.8
[INFO] [stderr]    Compiling aws-lc-rs v1.17.0
[INFO] [stderr]     Checking winnow v1.0.1
[INFO] [stderr]     Checking hashbrown v0.16.1
[INFO] [stderr]     Checking time-core v0.1.8
[INFO] [stderr]     Checking nu-ansi-term v0.50.3
[INFO] [stderr]     Checking signature v2.2.0
[INFO] [stderr]     Checking num-conv v0.2.0
[INFO] [stderr]     Checking fiat-crypto v0.3.0
[INFO] [stderr]     Checking toml_parser v1.1.2+spec-1.1.0
[INFO] [stderr]     Checking ed25519 v2.2.3
[INFO] [stderr]     Checking miniz_oxide v0.9.1
[INFO] [stderr]     Checking crossbeam-channel v0.5.15
[INFO] [stderr]     Checking regex-automata v0.4.14
[INFO] [stderr]     Checking spki v0.8.0
[INFO] [stderr]     Checking hybrid-array v0.4.10
[INFO] [stderr]     Checking generic-array v0.14.7
[INFO] [stderr]     Checking pkcs1 v0.8.0-rc.4
[INFO] [stderr]     Checking symlink v0.1.0
[INFO] [stderr]     Checking base16ct v0.2.0
[INFO] [stderr]     Checking indexmap v2.13.0
[INFO] [stderr]     Checking hex v0.4.3
[INFO] [stderr]     Checking untrusted v0.7.1
[INFO] [stderr]     Checking parking_lot_core v0.9.12
[INFO] [stderr]     Checking errno v0.3.14
[INFO] [stderr]    Compiling jobserver v0.1.34
[INFO] [stderr]     Checking signal-hook-registry v1.4.8
[INFO] [stderr]     Checking mio v1.2.1
[INFO] [stderr]     Checking socket2 v0.6.5
[INFO] [stderr]     Checking time v0.3.47
[INFO] [stderr]     Checking crypto-common v0.1.7
[INFO] [stderr]     Checking block-buffer v0.10.4
[INFO] [stderr]     Checking inout v0.1.4
[INFO] [stderr]     Checking sec1 v0.7.3
[INFO] [stderr]     Checking digest v0.10.7
[INFO] [stderr]     Checking parking_lot v0.12.5
[INFO] [stderr]    Compiling cc v1.2.55
[INFO] [stderr]     Checking cipher v0.4.4
[INFO] [stderr]     Checking generic-array v1.4.2
[INFO] [stderr]     Checking flate2 v1.1.10
[INFO] [stderr]     Checking sha2 v0.10.9
[INFO] [stderr]     Checking num-bigint v0.4.6
[INFO] [stderr]     Checking data-encoding v2.10.0
[INFO] [stderr]     Checking rand_core v0.6.4
[INFO] [stderr]     Checking md5 v0.8.0
[INFO] [stderr]     Checking hex-literal v1.1.0
[INFO] [stderr]     Checking rustix v1.1.4
[INFO] [stderr]     Checking hostname v0.4.2
[INFO] [stderr]     Checking ssh-encoding v0.2.0
[INFO] [stderr]     Checking base64 v0.23.1
[INFO] [stdout] error[E0493]: destructor of `ArrayBuilder<T, N>` cannot be evaluated at compile-time
[INFO] [stdout]    --> /opt/rustwide/cargo-home/registry/src/index.crates.io-1949cf8c6b5b557f/generic-array-1.4.2/src/internal.rs:103:31
[INFO] [stdout]     |
[INFO] [stdout] 103 |     pub unsafe fn assume_init(self) -> GenericArray<T, N> {
[INFO] [stdout]     |                               ^^^^ the destructor for this type cannot be evaluated in constant functions
[INFO] [stdout] ...
[INFO] [stdout] 109 |     }
[INFO] [stdout]     |     - value is dropped here
[INFO] [stdout] 
[INFO] [stdout] 
[INFO] [stdout] error[E0493]: destructor of `GenericArray<core::mem::MaybeUninit<*const T>, N>` cannot be evaluated at compile-time
[INFO] [stdout]    --> /opt/rustwide/cargo-home/registry/src/index.crates.io-1949cf8c6b5b557f/generic-array-1.4.2/src/lib.rs:970:13
[INFO] [stdout]     |
[INFO] [stdout] 970 |         let mut out: GenericArray<MaybeUninit<*const T>, N> = GenericArray::uninit();
[INFO] [stdout]     |             ^^^^^^^ the destructor for this type cannot be evaluated in constant functions
[INFO] [stdout] ...
[INFO] [stdout] 985 |     }
[INFO] [stdout]     |     - value is dropped here
[INFO] [stdout] 
[INFO] [stdout] 
[INFO] [stdout] error[E0493]: destructor of `GenericArray<core::mem::MaybeUninit<*mut T>, N>` cannot be evaluated at compile-time
[INFO] [stdout]     --> /opt/rustwide/cargo-home/registry/src/index.crates.io-1949cf8c6b5b557f/generic-array-1.4.2/src/lib.rs:1005:13
[INFO] [stdout]      |
[INFO] [stdout] 1005 |         let mut out: GenericArray<MaybeUninit<*mut T>, N> = GenericArray::uninit();
[INFO] [stdout]      |             ^^^^^^^ the destructor for this type cannot be evaluated in constant functions
[INFO] [stdout] ...
[INFO] [stdout] 1020 |     }
[INFO] [stdout]      |     - value is dropped here
[INFO] [stdout] 
[INFO] [stdout] 
[INFO] [stdout] For more information about this error, try `rustc --explain E0493`.
[INFO] [stdout] 
[INFO] [stderr]     Checking ssh-cipher v0.2.0
[INFO] [stderr] error: could not compile `generic-array` (lib) due to 3 previous errors
[INFO] [stderr] warning: build failed, waiting for other jobs to finish...
[INFO] running `Command { std: "docker" "inspect" "cc1c3190681ab69e02f306e990441a255c2497574c46925569b9b5f8713dd73c", kill_on_drop: false }`
[INFO] running `Command { std: "docker" "rm" "-f" "cc1c3190681ab69e02f306e990441a255c2497574c46925569b9b5f8713dd73c", kill_on_drop: false }`
[INFO] [stdout] cc1c3190681ab69e02f306e990441a255c2497574c46925569b9b5f8713dd73c
