[INFO] fetching crate ssh-commander-core 0.2.5...
[INFO] checking ssh-commander-core-0.2.5 against c60b92c03ca8a3b101eb9d57f51e2232690638c7 for pr-164148-crater-rollup
[INFO] extracting crate ssh-commander-core 0.2.5 into /workspace/builds/worker-3-tc2/source
[INFO] started tweaking crates.io crate ssh-commander-core 0.2.5
[INFO] removed 0 missing tests
[INFO] finished tweaking crates.io crate ssh-commander-core 0.2.5
[INFO] tweaked toml for crates.io crate ssh-commander-core 0.2.5 written to /workspace/builds/worker-3-tc2/source/Cargo.toml
[INFO] validating manifest of crates.io crate ssh-commander-core 0.2.5 on toolchain c60b92c03ca8a3b101eb9d57f51e2232690638c7
[INFO] running `Command { std: CARGO_HOME="/workspace/cargo-home" RUSTUP_HOME="/workspace/rustup-home" "/workspace/cargo-home/bin/cargo" "+c60b92c03ca8a3b101eb9d57f51e2232690638c7" "metadata" "--manifest-path" "Cargo.toml" "--no-deps", kill_on_drop: false }`
[INFO] crate crates.io crate ssh-commander-core 0.2.5 already has a lockfile, it will not be regenerated
[INFO] running `Command { std: CARGO_HOME="/workspace/cargo-home" RUSTUP_HOME="/workspace/rustup-home" "/workspace/cargo-home/bin/cargo" "+c60b92c03ca8a3b101eb9d57f51e2232690638c7" "fetch" "--manifest-path" "Cargo.toml", kill_on_drop: false }`
[INFO] [stderr] warning: `package.homepage` is redundant with `package.repository`
[INFO] [stderr]   --> Cargo.toml:92:12
[INFO] [stderr]    |
[INFO] [stderr] 92 | homepage = "https://github.com/asmuelle/ssh-commander-core"
[INFO] [stderr]    |            ^^^^^^^^^^^^^^^^^^^^^^^^^^^^^^^^^^^^^^^^^^^^^^^^
[INFO] [stderr] ...
[INFO] [stderr] 97 | repository = "https://github.com/asmuelle/ssh-commander-core"
[INFO] [stderr]    |              ------------------------------------------------
[INFO] [stderr]    |
[INFO] [stderr]    = note: `cargo::redundant_homepage` is set to `warn` by default
[INFO] [stderr] help: consider removing `package.homepage`
[INFO] [stderr] warning: `ssh-commander-core` (manifest) generated 1 warning
[INFO] running `Command { std: "docker" "create" "-v" "/var/lib/crater-agent-workspace/builds/worker-3-tc2/source:/opt/rustwide/workdir:ro,Z" "-v" "/var/lib/crater-agent-workspace/builds/worker-3-tc2/target:/opt/rustwide/target:rw,Z" "-v" "/var/lib/crater-agent-workspace/cargo-home:/opt/rustwide/cargo-home:ro,Z" "-v" "/var/lib/crater-agent-workspace/rustup-home:/opt/rustwide/rustup-home:ro,Z" "-m" "1610612736" "--network" "none" "ghcr.io/rust-lang/crates-build-env/linux@sha256:77db811e55d90add9212f6832c23229e3de5f1c1f9905e8cb07319ea15df73ac" "sleep" "infinity", kill_on_drop: false }`
[INFO] [stdout] 74fa25af28d6927eaa68b6f78d646e8594fe4a376f0a0ff7fc5dc4053597b7d2
[INFO] running `Command { std: "docker" "start" "74fa25af28d6927eaa68b6f78d646e8594fe4a376f0a0ff7fc5dc4053597b7d2", kill_on_drop: false }`
[INFO] running `Command { std: "docker" "inspect" "74fa25af28d6927eaa68b6f78d646e8594fe4a376f0a0ff7fc5dc4053597b7d2", kill_on_drop: false }`
[INFO] running `Command { std: "docker" "exec" "-e" "SOURCE_DIR=/opt/rustwide/workdir" "-e" "CARGO_HOME=/opt/rustwide/cargo-home" "-e" "RUSTUP_HOME=/opt/rustwide/rustup-home" "-e" "CARGO_TARGET_DIR=/opt/rustwide/target" "-w" "/opt/rustwide/workdir" "--user" "0:0" "74fa25af28d6927eaa68b6f78d646e8594fe4a376f0a0ff7fc5dc4053597b7d2" "/opt/rustwide/cargo-home/bin/cargo" "+c60b92c03ca8a3b101eb9d57f51e2232690638c7" "metadata" "--no-deps" "--format-version=1", kill_on_drop: false }`
[INFO] running `Command { std: "docker" "inspect" "74fa25af28d6927eaa68b6f78d646e8594fe4a376f0a0ff7fc5dc4053597b7d2", kill_on_drop: false }`
[INFO] running `Command { std: "docker" "exec" "-e" "SOURCE_DIR=/opt/rustwide/workdir" "-e" "CARGO_HOME=/opt/rustwide/cargo-home" "-e" "RUSTUP_HOME=/opt/rustwide/rustup-home" "-e" "CARGO_TARGET_DIR=/opt/rustwide/target" "-e" "CARGO_INCREMENTAL=0" "-e" "RUST_BACKTRACE=full" "-e" "RUSTFLAGS=--cap-lints=forbid" "-e" "RUSTDOCFLAGS=--cap-lints=forbid" "-w" "/opt/rustwide/workdir" "--user" "0:0" "74fa25af28d6927eaa68b6f78d646e8594fe4a376f0a0ff7fc5dc4053597b7d2" "/opt/rustwide/cargo-home/bin/cargo" "+c60b92c03ca8a3b101eb9d57f51e2232690638c7" "check" "--frozen" "--all" "--all-targets" "--message-format=json", kill_on_drop: false }`
[INFO] [stderr] warning: `package.homepage` is redundant with `package.repository`
[INFO] [stderr]   --> Cargo.toml:92:12
[INFO] [stderr]    |
[INFO] [stderr] 92 | homepage = "https://github.com/asmuelle/ssh-commander-core"
[INFO] [stderr]    |            ^^^^^^^^^^^^^^^^^^^^^^^^^^^^^^^^^^^^^^^^^^^^^^^^
[INFO] [stderr] ...
[INFO] [stderr] 97 | repository = "https://github.com/asmuelle/ssh-commander-core"
[INFO] [stderr]    |              ------------------------------------------------
[INFO] [stderr]    |
[INFO] [stderr]    = note: `cargo::redundant_homepage` is set to `warn` by default
[INFO] [stderr] help: consider removing `package.homepage`
[INFO] [stderr] warning: `ssh-commander-core` (manifest) generated 1 warning
[INFO] [stderr]    Compiling libc v0.2.186
[INFO] [stderr]     Checking zeroize v1.9.0
[INFO] [stderr]     Checking subtle v2.6.1
[INFO] [stderr]     Checking typenum v1.20.0
[INFO] [stderr]     Checking cmov v0.5.3
[INFO] [stderr]     Checking rand_core v0.10.1
[INFO] [stderr]    Compiling getrandom v0.4.2
[INFO] [stderr]    Compiling proc-macro2 v1.0.106
[INFO] [stderr]    Compiling quote v1.0.45
[INFO] [stderr]     Checking const-oid v0.10.2
[INFO] [stderr]     Checking cpufeatures v0.3.0
[INFO] [stderr]    Compiling num-traits v0.2.19
[INFO] [stderr]    Compiling find-msvc-tools v0.1.9
[INFO] [stderr]     Checking ctutils v0.4.2
[INFO] [stderr]     Checking cpubits v0.1.1
[INFO] [stderr]     Checking base64ct v1.8.3
[INFO] [stderr]    Compiling serde_core v1.0.228
[INFO] [stderr]     Checking bytes v1.11.1
[INFO] [stderr]     Checking pem-rfc7468 v1.0.0
[INFO] [stderr]     Checking der v0.8.0
[INFO] [stderr]     Checking pin-project-lite v0.2.17
[INFO] [stderr]     Checking stable_deref_trait v1.2.1
[INFO] [stderr]    Compiling parking_lot_core v0.9.12
[INFO] [stderr]     Checking memchr v2.8.0
[INFO] [stderr]     Checking once_cell v1.21.4
[INFO] [stderr]    Compiling syn v2.0.117
[INFO] [stderr]     Checking lock_api v0.4.14
[INFO] [stderr]    Compiling jobserver v0.1.34
[INFO] [stderr]     Checking ff v0.14.0
[INFO] [stderr]     Checking futures-core v0.3.32
[INFO] [stderr]     Checking futures-sink v0.3.32
[INFO] [stderr]     Checking group v0.14.0
[INFO] [stderr]     Checking base16ct v1.0.0
[INFO] [stderr]     Checking log v0.4.29
[INFO] [stderr]    Compiling cc v1.2.61
[INFO] [stderr]     Checking byteorder v1.5.0
[INFO] [stderr]     Checking litemap v0.8.2
[INFO] [stderr]     Checking spki v0.8.0
[INFO] [stderr]     Checking hybrid-array v0.4.15
[INFO] [stderr]     Checking writeable v0.6.3
[INFO] [stderr]    Compiling pkg-config v0.3.33
[INFO] [stderr]     Checking errno v0.3.14
[INFO] [stderr]     Checking signal-hook-registry v1.4.8
[INFO] [stderr]     Checking socket2 v0.6.3
[INFO] [stderr]     Checking parking_lot v0.12.5
[INFO] [stderr]     Checking mio v1.2.0
[INFO] [stderr]     Checking getrandom v0.2.17
[INFO] [stderr]    Compiling icu_properties_data v2.2.0
[INFO] [stderr]     Checking tinyvec_macros v0.1.1
[INFO] [stderr]    Compiling icu_normalizer_data v2.2.0
[INFO] [stderr]     Checking tinyvec v1.11.0
[INFO] [stderr]     Checking futures-channel v0.3.32
[INFO] [stderr]    Compiling zerocopy v0.8.48
[INFO] [stderr]     Checking iana-time-zone v0.1.65
[INFO] [stderr]     Checking slab v0.4.12
[INFO] [stderr]    Compiling semver v1.0.28
[INFO] [stderr]     Checking futures-io v0.3.32
[INFO] [stderr]    Compiling thiserror v2.0.18
[INFO] [stderr]     Checking futures-task v0.3.32
[INFO] [stderr]     Checking unicode-normalization v0.1.25
[INFO] [stderr]    Compiling rustc_version v0.4.1
[INFO] [stderr]     Checking chrono v0.4.44
[INFO] [stderr]    Compiling ring v0.17.14
[INFO] [stderr]    Compiling openssl-sys v0.9.115
[INFO] [stderr]    Compiling cmake v0.1.58
[INFO] [stderr]     Checking rustls-pki-types v1.14.1
[INFO] [stderr]     Checking bitflags v2.11.1
[INFO] [stderr]     Checking crypto-common v0.2.2
[INFO] [stderr]     Checking block-buffer v0.12.0
[INFO] [stderr]     Checking block-padding v0.4.2
[INFO] [stderr]     Checking crypto-bigint v0.7.5
[INFO] [stderr]     Checking inout v0.2.2
[INFO] [stderr]     Checking sec1 v0.8.1
[INFO] [stderr]    Compiling dunce v1.0.5
[INFO] [stderr]     Checking unicode-properties v0.1.4
[INFO] [stderr]    Compiling getrandom v0.3.4
[INFO] [stderr]    Compiling fs_extra v1.3.0
[INFO] [stderr]     Checking unicode-bidi v0.3.18
[INFO] [stderr]    Compiling aws-lc-sys v0.41.0
[INFO] [stderr]     Checking digest v0.11.3
[INFO] [stderr]     Checking cipher v0.5.2
[INFO] [stderr]     Checking universal-hash v0.6.1
[INFO] [stderr]     Checking polyval v0.7.1
[INFO] [stderr]     Checking hmac v0.13.0
[INFO] [stderr]     Checking sha2 v0.11.0
[INFO] [stderr]     Checking aes v0.9.1
[INFO] [stderr]     Checking pbkdf2 v0.13.0
[INFO] [stderr]     Checking salsa20 v0.11.0
[INFO] [stderr]     Checking cbc v0.2.1
[INFO] [stderr]     Checking chacha20 v0.10.0
[INFO] [stderr]     Checking signature v3.0.0
[INFO] [stderr]     Checking hkdf v0.13.0
[INFO] [stderr]    Compiling aho-corasick v1.1.4
[INFO] [stderr]     Checking md-5 v0.11.0
[INFO] [stderr]     Checking stringprep v0.1.5
[INFO] [stderr]    Compiling curve25519-dalek v5.0.0
[INFO] [stderr]     Checking base64 v0.22.1
[INFO] [stderr]     Checking rand v0.10.1
[INFO] [stderr]     Checking scrypt v0.12.0
[INFO] [stderr]     Checking pkcs5 v0.8.0
[INFO] [stderr]    Compiling serde v1.0.228
[INFO] [stderr]    Compiling rustls v0.23.40
[INFO] [stderr]     Checking pkcs8 v0.11.0
[INFO] [stderr]     Checking const-oid v0.9.6
[INFO] [stderr]    Compiling regex-syntax v0.8.10
[INFO] [stderr]    Compiling synstructure v0.13.2
[INFO] [stderr]    Compiling cfg_aliases v0.2.1
[INFO] [stderr]     Checking flagset v0.4.7
[INFO] [stderr]    Compiling openssl v0.10.79
[INFO] [stderr]     Checking fallible-iterator v0.2.0
[INFO] [stderr]     Checking openssl-probe v0.2.1
[INFO] [stderr]     Checking siphasher v1.0.3
[INFO] [stderr]     Checking elliptic-curve v0.14.1
[INFO] [stderr]     Checking primefield v0.14.0
[INFO] [stderr]     Checking rfc6979 v0.6.0
[INFO] [stderr]     Checking wnaf v0.14.1
[INFO] [stderr]    Compiling generic-array v0.14.7
[INFO] [stderr]     Checking postgres-protocol v0.6.12
[INFO] [stderr]     Checking phf_shared v0.13.1
[INFO] [stderr]     Checking ecdsa v0.17.0
[INFO] [stderr]     Checking primeorder v0.14.0
[INFO] [stderr]    Compiling zerofrom-derive v0.1.7
[INFO] [stderr]    Compiling yoke-derive v0.8.2
[INFO] [stderr]    Compiling zerovec-derive v0.11.3
[INFO] [stderr]    Compiling displaydoc v0.2.5
[INFO] [stderr]    Compiling tokio-macros v2.7.0
[INFO] [stderr]    Compiling futures-macro v0.3.32
[INFO] [stderr]    Compiling thiserror-impl v2.0.18
[INFO] [stderr]    Compiling der_derive v0.7.3
[INFO] [stderr]    Compiling async-trait v0.1.89
[INFO] [stderr]     Checking zerofrom v0.1.7
[INFO] [stderr]     Checking yoke v0.8.2
[INFO] [stderr]     Checking rustls-webpki v0.103.13
[INFO] [stderr]     Checking tokio v1.52.2
[INFO] [stderr]     Checking zerovec v0.11.6
[INFO] [stderr]     Checking zerotrie v0.2.4
[INFO] [stderr]     Checking futures-util v0.3.32
[INFO] [stderr]    Compiling openssl-macros v0.1.1
[INFO] [stderr]     Checking der v0.7.10
[INFO] [stderr]     Checking tinystr v0.8.3
[INFO] [stderr]     Checking potential_utf v0.1.5
[INFO] [stderr]     Checking icu_collections v2.2.0
[INFO] [stderr]    Compiling serde_derive v1.0.228
[INFO] [stderr]     Checking icu_locale_core v2.2.0
[INFO] [stderr]    Compiling curve25519-dalek-derive v0.1.1
[INFO] [stderr]    Compiling regex-automata v0.4.14
[INFO] [stderr]     Checking ssh-encoding v0.3.0
[INFO] [stderr]     Checking icu_provider v2.2.0
[INFO] [stderr]    Compiling nix v0.31.3
[INFO] [stderr]     Checking icu_properties v2.2.0
[INFO] [stderr]     Checking icu_normalizer v2.2.0
[INFO] [stderr]     Checking ppv-lite86 v0.2.21
[INFO] [stderr]     Checking ghash v0.6.0
[INFO] [stderr]     Checking ctr v0.10.1
[INFO] [stderr]     Checking aead v0.6.1
[INFO] [stderr]     Checking keccak v0.2.0
[INFO] [stderr]    Compiling native-tls v0.2.18
[INFO] [stderr]     Checking idna_adapter v1.2.2
[INFO] [stderr]    Compiling rustix v1.1.4
[INFO] [stderr]    Compiling anyhow v1.0.102
[INFO] [stderr]    Compiling zmij v1.0.21
[INFO] [stderr]    Compiling rustversion v1.0.22
[INFO] [stderr]    Compiling crc32fast v1.5.0
[INFO] [stderr]    Compiling regex v1.12.3
[INFO] [stderr]     Checking idna v1.1.0
[INFO] [stderr]     Checking rand_core v0.9.5
[INFO] [stderr]     Checking aes-gcm v0.11.1
[INFO] [stderr]     Checking spki v0.7.3
[INFO] [stderr]     Checking postgres-types v0.2.14
[INFO] [stderr]    Compiling tracing-attributes v0.1.31
[INFO] [stderr]     Checking phf v0.13.1
[INFO] [stderr]     Checking crypto-primes v0.7.2
[INFO] [stderr]     Checking ed25519 v3.0.0
[INFO] [stderr]     Checking blowfish v0.10.0
[INFO] [stderr]     Checking blake2 v0.11.0-rc.6
[INFO] [stderr]     Checking poly1305 v0.9.0
[INFO] [stderr]     Checking form_urlencoded v1.2.2
[INFO] [stderr]     Checking whoami v2.1.2
[INFO] [stderr]     Checking pkcs1 v0.8.0-rc.4
[INFO] [stderr]     Checking tracing-core v0.1.36
[INFO] [stderr]     Checking num-integer v0.1.46
[INFO] [stderr]    Compiling serde_json v1.0.149
[INFO] [stderr]    Compiling aws-lc-rs v1.17.0
[INFO] [stderr]     Checking adler2 v2.0.1
[INFO] [stderr]     Checking simd-adler32 v0.3.9
[INFO] [stderr]     Checking tracing v0.1.44
[INFO] [stderr]     Checking miniz_oxide v0.8.9
[INFO] [stderr]     Checking ssh-cipher v0.3.0
[INFO] [stderr]     Checking url v2.5.8
[INFO] [stderr]     Checking rsa v0.10.0-rc.18
[INFO] [stderr]     Checking argon2 v0.6.0-rc.8
[INFO] [stderr]     Checking bcrypt-pbkdf v0.11.0
[INFO] [stderr]     Checking ed25519-dalek v3.0.0
[INFO] [stderr]     Checking x509-cert v0.2.5
[INFO] [stderr]    Compiling lazy-regex-proc_macros v3.6.0
[INFO] [stderr]     Checking futures-executor v0.3.32
[INFO] [stderr]     Checking tokio-util v0.7.18
[INFO] [stderr]     Checking tokio-rustls v0.26.4
[INFO] [stderr]     Checking sha3 v0.11.0
[INFO] [stderr]     Checking p521 v0.14.0
[INFO] [stderr]     Checking p256 v0.14.0
[INFO] [stderr]     Checking tokio-postgres v0.7.18
[INFO] [stderr]     Checking p384 v0.14.0
[INFO] [stderr]    Compiling pin-project-internal v1.1.12
[INFO] [stderr]     Checking sha1 v0.11.0
[INFO] [stderr]     Checking kem v0.3.0
[INFO] [stderr]     Checking module-lattice v0.2.3
[INFO] [stderr]     Checking rand_core v0.6.4
[INFO] [stderr]     Checking untrusted v0.7.1
[INFO] [stderr]     Checking option-ext v0.2.0
[INFO] [stderr]     Checking sponge-cursor v0.1.0
[INFO] [stderr]     Checking fastrand v2.4.1
[INFO] [stderr]     Checking hex v0.4.3
[INFO] [stderr]     Checking tempfile v3.27.0
[INFO] [stderr]     Checking sha3 v0.12.0
[INFO] [stderr]    Compiling enum_dispatch v0.3.13
[INFO] [stderr]     Checking dirs-sys v0.4.1
[INFO] [stderr]     Checking dashmap v6.1.0
[INFO] [stderr]     Checking ml-kem v0.3.2
[INFO] [stderr]     Checking pin-project v1.1.12
[INFO] [stderr]     Checking rand_chacha v0.3.1
[INFO] [stderr]     Checking generic-array v1.4.2
[INFO] [stderr]     Checking flate2 v1.1.9
[INFO] [stderr]     Checking lazy-regex v3.6.0
[INFO] [stderr]     Checking russh-cryptovec v0.62.0
[INFO] [stderr]     Checking ssh-commander-keychain v0.2.5
[INFO] [stderr]     Checking async-native-tls v0.6.0
[INFO] [stderr]     Checking russh-util v0.52.0
[INFO] [stderr]     Checking futures v0.3.32
[INFO] [stderr]     Checking internal-russh-num-bigint v0.5.0
[INFO] [stderr]     Checking tokio-postgres-rustls v0.13.0
[INFO] [stderr]     Checking num-bigint v0.4.6
[INFO] [stdout] error[E0493]: destructor of `ArrayBuilder<T, N>` cannot be evaluated at compile-time
[INFO] [stdout]    --> /opt/rustwide/cargo-home/registry/src/index.crates.io-1949cf8c6b5b557f/generic-array-1.4.2/src/internal.rs:103:31
[INFO] [stdout]     |
[INFO] [stdout] 103 |     pub unsafe fn assume_init(self) -> GenericArray<T, N> {
[INFO] [stdout]     |                               ^^^^ the destructor for this type cannot be evaluated in constant functions
[INFO] [stdout] ...
[INFO] [stdout] 109 |     }
[INFO] [stdout]     |     - value is dropped here
[INFO] [stdout] 
[INFO] [stdout] 
[INFO] [stdout] error[E0493]: destructor of `GenericArray<core::mem::MaybeUninit<*const T>, N>` cannot be evaluated at compile-time
[INFO] [stdout]    --> /opt/rustwide/cargo-home/registry/src/index.crates.io-1949cf8c6b5b557f/generic-array-1.4.2/src/lib.rs:970:13
[INFO] [stdout]     |
[INFO] [stdout] 970 |         let mut out: GenericArray<MaybeUninit<*const T>, N> = GenericArray::uninit();
[INFO] [stdout]     |             ^^^^^^^ the destructor for this type cannot be evaluated in constant functions
[INFO] [stdout] ...
[INFO] [stdout] 985 |     }
[INFO] [stdout]     |     - value is dropped here
[INFO] [stdout] 
[INFO] [stdout] 
[INFO] [stdout] error[E0493]: destructor of `GenericArray<core::mem::MaybeUninit<*mut T>, N>` cannot be evaluated at compile-time
[INFO] [stdout]     --> /opt/rustwide/cargo-home/registry/src/index.crates.io-1949cf8c6b5b557f/generic-array-1.4.2/src/lib.rs:1005:13
[INFO] [stdout]      |
[INFO] [stdout] 1005 |         let mut out: GenericArray<MaybeUninit<*mut T>, N> = GenericArray::uninit();
[INFO] [stdout]      |             ^^^^^^^ the destructor for this type cannot be evaluated in constant functions
[INFO] [stdout] ...
[INFO] [stdout] 1020 |     }
[INFO] [stdout]      |     - value is dropped here
[INFO] [stdout] 
[INFO] [stdout] 
[INFO] [stdout] For more information about this error, try `rustc --explain E0493`.
[INFO] [stdout] 
[INFO] [stderr] error: could not compile `generic-array` (lib) due to 3 previous errors
[INFO] [stderr] warning: build failed, waiting for other jobs to finish...
[INFO] running `Command { std: "docker" "inspect" "74fa25af28d6927eaa68b6f78d646e8594fe4a376f0a0ff7fc5dc4053597b7d2", kill_on_drop: false }`
[INFO] running `Command { std: "docker" "rm" "-f" "74fa25af28d6927eaa68b6f78d646e8594fe4a376f0a0ff7fc5dc4053597b7d2", kill_on_drop: false }`
[INFO] [stdout] 74fa25af28d6927eaa68b6f78d646e8594fe4a376f0a0ff7fc5dc4053597b7d2
