[INFO] fetching crate shardline-provider-events 1.11.3...
[INFO] checking shardline-provider-events-1.11.3 against c60b92c03ca8a3b101eb9d57f51e2232690638c7 for pr-164148-crater-rollup
[INFO] extracting crate shardline-provider-events 1.11.3 into /workspace/builds/worker-7-tc2/source
[INFO] started tweaking crates.io crate shardline-provider-events 1.11.3
[INFO] removed 0 missing tests
[INFO] finished tweaking crates.io crate shardline-provider-events 1.11.3
[INFO] tweaked toml for crates.io crate shardline-provider-events 1.11.3 written to /workspace/builds/worker-7-tc2/source/Cargo.toml
[INFO] validating manifest of crates.io crate shardline-provider-events 1.11.3 on toolchain c60b92c03ca8a3b101eb9d57f51e2232690638c7
[INFO] running `Command { std: CARGO_HOME="/workspace/cargo-home" RUSTUP_HOME="/workspace/rustup-home" "/workspace/cargo-home/bin/cargo" "+c60b92c03ca8a3b101eb9d57f51e2232690638c7" "metadata" "--manifest-path" "Cargo.toml" "--no-deps", kill_on_drop: false }`
[INFO] crate crates.io crate shardline-provider-events 1.11.3 already has a lockfile, it will not be regenerated
[INFO] running `Command { std: CARGO_HOME="/workspace/cargo-home" RUSTUP_HOME="/workspace/rustup-home" "/workspace/cargo-home/bin/cargo" "+c60b92c03ca8a3b101eb9d57f51e2232690638c7" "fetch" "--manifest-path" "Cargo.toml", kill_on_drop: false }`
[INFO] [stderr] warning: `package.homepage` is redundant with `package.repository`
[INFO] [stderr]    --> Cargo.toml:137:12
[INFO] [stderr]     |
[INFO] [stderr] 137 | homepage = "https://github.com/STEXS-Technologies/shardline"
[INFO] [stderr]     |            ^^^^^^^^^^^^^^^^^^^^^^^^^^^^^^^^^^^^^^^^^^^^^^^^^
[INFO] [stderr] ...
[INFO] [stderr] 141 | repository = "https://github.com/STEXS-Technologies/shardline"
[INFO] [stderr]     |              -------------------------------------------------
[INFO] [stderr]     |
[INFO] [stderr]     = note: `cargo::redundant_homepage` is set to `warn` by default
[INFO] [stderr] help: consider removing `package.homepage`
[INFO] [stderr] warning: `shardline-provider-events` (manifest) generated 1 warning
[INFO] running `Command { std: "docker" "create" "-v" "/var/lib/crater-agent-workspace/builds/worker-7-tc2/source:/opt/rustwide/workdir:ro,Z" "-v" "/var/lib/crater-agent-workspace/builds/worker-7-tc2/target:/opt/rustwide/target:rw,Z" "-v" "/var/lib/crater-agent-workspace/cargo-home:/opt/rustwide/cargo-home:ro,Z" "-v" "/var/lib/crater-agent-workspace/rustup-home:/opt/rustwide/rustup-home:ro,Z" "-m" "1610612736" "--network" "none" "ghcr.io/rust-lang/crates-build-env/linux@sha256:77db811e55d90add9212f6832c23229e3de5f1c1f9905e8cb07319ea15df73ac" "sleep" "infinity", kill_on_drop: false }`
[INFO] [stdout] f7956ed5869ae9db7c9631bf7dc7272701887a097e75dd48b3d39a89a0f3c31e
[INFO] running `Command { std: "docker" "start" "f7956ed5869ae9db7c9631bf7dc7272701887a097e75dd48b3d39a89a0f3c31e", kill_on_drop: false }`
[INFO] running `Command { std: "docker" "inspect" "f7956ed5869ae9db7c9631bf7dc7272701887a097e75dd48b3d39a89a0f3c31e", kill_on_drop: false }`
[INFO] running `Command { std: "docker" "exec" "-e" "SOURCE_DIR=/opt/rustwide/workdir" "-e" "CARGO_HOME=/opt/rustwide/cargo-home" "-e" "RUSTUP_HOME=/opt/rustwide/rustup-home" "-e" "CARGO_TARGET_DIR=/opt/rustwide/target" "-w" "/opt/rustwide/workdir" "--user" "0:0" "f7956ed5869ae9db7c9631bf7dc7272701887a097e75dd48b3d39a89a0f3c31e" "/opt/rustwide/cargo-home/bin/cargo" "+c60b92c03ca8a3b101eb9d57f51e2232690638c7" "metadata" "--no-deps" "--format-version=1", kill_on_drop: false }`
[INFO] running `Command { std: "docker" "inspect" "f7956ed5869ae9db7c9631bf7dc7272701887a097e75dd48b3d39a89a0f3c31e", kill_on_drop: false }`
[INFO] running `Command { std: "docker" "exec" "-e" "SOURCE_DIR=/opt/rustwide/workdir" "-e" "CARGO_HOME=/opt/rustwide/cargo-home" "-e" "RUSTUP_HOME=/opt/rustwide/rustup-home" "-e" "CARGO_TARGET_DIR=/opt/rustwide/target" "-e" "CARGO_INCREMENTAL=0" "-e" "RUST_BACKTRACE=full" "-e" "RUSTFLAGS=--cap-lints=forbid" "-e" "RUSTDOCFLAGS=--cap-lints=forbid" "-w" "/opt/rustwide/workdir" "--user" "0:0" "f7956ed5869ae9db7c9631bf7dc7272701887a097e75dd48b3d39a89a0f3c31e" "/opt/rustwide/cargo-home/bin/cargo" "+c60b92c03ca8a3b101eb9d57f51e2232690638c7" "check" "--frozen" "--all" "--all-targets" "--message-format=json", kill_on_drop: false }`
[INFO] [stderr] warning: `package.homepage` is redundant with `package.repository`
[INFO] [stderr]    --> Cargo.toml:137:12
[INFO] [stderr]     |
[INFO] [stderr] 137 | homepage = "https://github.com/STEXS-Technologies/shardline"
[INFO] [stderr]     |            ^^^^^^^^^^^^^^^^^^^^^^^^^^^^^^^^^^^^^^^^^^^^^^^^^
[INFO] [stderr] ...
[INFO] [stderr] 141 | repository = "https://github.com/STEXS-Technologies/shardline"
[INFO] [stderr]     |              -------------------------------------------------
[INFO] [stderr]     |
[INFO] [stderr]     = note: `cargo::redundant_homepage` is set to `warn` by default
[INFO] [stderr] help: consider removing `package.homepage`
[INFO] [stderr] warning: `shardline-provider-events` (manifest) generated 1 warning
[INFO] [stderr]     Checking memchr v2.8.0
[INFO] [stderr]    Compiling serde v1.0.228
[INFO] [stderr]    Compiling serde_json v1.0.149
[INFO] [stderr]     Checking getrandom v0.2.17
[INFO] [stderr]     Checking generic-array v0.14.7
[INFO] [stderr]     Checking futures-io v0.3.32
[INFO] [stderr]    Compiling zeroize_derive v1.4.3
[INFO] [stderr]    Compiling cc v1.2.60
[INFO] [stderr]    Compiling tokio-macros v2.7.0
[INFO] [stderr]    Compiling num-traits v0.2.19
[INFO] [stderr]     Checking tracing v0.1.44
[INFO] [stderr]    Compiling futures-macro v0.3.32
[INFO] [stderr]     Checking zerofrom v0.1.7
[INFO] [stderr]     Checking http v1.4.0
[INFO] [stderr]     Checking hashbrown v0.17.0
[INFO] [stderr]    Compiling icu_normalizer_data v2.2.0
[INFO] [stderr]    Compiling icu_properties_data v2.2.0
[INFO] [stderr]    Compiling rustls v0.23.45
[INFO] [stderr]    Compiling curve25519-dalek v4.1.3
[INFO] [stderr]     Checking yoke v0.8.2
[INFO] [stderr]     Checking rand_core v0.6.4
[INFO] [stderr]     Checking hybrid-array v0.4.13
[INFO] [stderr]    Compiling crossbeam-utils v0.8.21
[INFO] [stderr]    Compiling curve25519-dalek-derive v0.1.1
[INFO] [stderr]     Checking signature v2.2.0
[INFO] [stderr]     Checking ipnet v2.12.0
[INFO] [stderr]    Compiling syn v3.0.6
[INFO] [stderr]     Checking zerovec v0.11.6
[INFO] [stderr]     Checking crypto-common v0.1.7
[INFO] [stderr]     Checking block-buffer v0.10.4
[INFO] [stderr]     Checking zerotrie v0.2.4
[INFO] [stderr]     Checking digest v0.10.7
[INFO] [stderr]     Checking uuid v1.23.1
[INFO] [stderr]     Checking zeroize v1.8.2
[INFO] [stderr]     Checking tokio v1.52.1
[INFO] [stderr]     Checking sha2 v0.10.9
[INFO] [stderr]     Checking aho-corasick v1.1.4
[INFO] [stderr]     Checking rustls-pki-types v1.14.0
[INFO] [stderr]     Checking der v0.7.10
[INFO] [stderr]     Checking http-body v1.0.1
[INFO] [stderr]     Checking http-body-util v0.1.3
[INFO] [stderr]     Checking regex-syntax v0.8.10
[INFO] [stderr]     Checking futures-util v0.3.32
[INFO] [stderr]     Checking rand v0.10.1
[INFO] [stderr]     Checking bcs v0.2.1
[INFO] [stderr]     Checking indexmap v2.14.0
[INFO] [stderr]     Checking crypto-common v0.2.2
[INFO] [stderr]     Checking chrono v0.4.44
[INFO] [stderr]    Compiling cmake v0.1.58
[INFO] [stderr]     Checking tinystr v0.8.3
[INFO] [stderr]     Checking potential_utf v0.1.5
[INFO] [stderr]     Checking icu_collections v2.2.0
[INFO] [stderr]     Checking block-buffer v0.12.1
[INFO] [stderr]     Checking icu_locale_core v2.2.0
[INFO] [stderr]     Checking rustls-native-certs v0.8.3
[INFO] [stderr]     Checking iri-string v0.7.12
[INFO] [stderr]     Checking hashbrown v0.16.1
[INFO] [stderr]     Checking whoami v2.1.1
[INFO] [stderr]     Checking humantime v2.3.0
[INFO] [stderr]     Checking digest v0.11.3
[INFO] [stderr]     Checking md-5 v0.11.0
[INFO] [stderr]     Checking serde_urlencoded v0.7.1
[INFO] [stderr]     Checking hmac v0.12.1
[INFO] [stderr]     Checking constant_time_eq v0.4.2
[INFO] [stderr]     Checking crc-catalog v2.4.0
[INFO] [stderr]     Checking option-ext v0.2.0
[INFO] [stderr]    Compiling rustix v1.1.4
[INFO] [stderr]     Checking parking v2.2.1
[INFO] [stderr]     Checking shardline-protocol v1.11.3
[INFO] [stderr]     Checking crc v3.4.0
[INFO] [stderr]     Checking event-listener v5.4.2
[INFO] [stderr]     Checking dirs-sys v0.5.0
[INFO] [stderr]     Checking hmac v0.13.0
[INFO] [stderr]    Compiling aws-lc-sys v0.45.0
[INFO] [stderr]    Compiling ring v0.17.14
[INFO] [stderr]    Compiling blake3 v1.8.4
[INFO] [stderr]     Checking hashlink v0.11.1
[INFO] [stderr]    Compiling libsqlite3-sys v0.37.0
[INFO] [stderr]     Checking webpki-roots v1.0.7
[INFO] [stderr]     Checking crossbeam-queue v0.3.12
[INFO] [stderr]     Checking spki v0.7.3
[INFO] [stderr]     Checking tracing-serde v0.2.0
[INFO] [stderr]     Checking futures-intrusive v0.5.0
[INFO] [stderr]     Checking inout v0.1.4
[INFO] [stderr]    Compiling trait-variant v0.1.3
[INFO] [stderr]     Checking tracing-log v0.2.0
[INFO] [stderr]    Compiling prometheus v0.14.0
[INFO] [stderr]     Checking pkcs8 v0.10.2
[INFO] [stderr]     Checking icu_provider v2.2.0
[INFO] [stderr]     Checking typewit v1.15.2
[INFO] [stderr]     Checking ed25519 v2.2.3
[INFO] [stderr]     Checking ed25519-dalek v2.2.0
[INFO] [stderr]     Checking num-conv v0.2.1
[INFO] [stderr]    Compiling dtor-proc-macro v0.0.6
[INFO] [stderr]     Checking time v0.3.47
[INFO] [stderr]     Checking icu_properties v2.2.0
[INFO] [stderr]     Checking icu_normalizer v2.2.0
[INFO] [stderr]     Checking statechronicle-core v0.1.0
[INFO] [stderr]     Checking dtor v0.1.1
[INFO] [stderr]     Checking crc-fast v1.10.0
[INFO] [stderr]     Checking axum-core v0.5.6
[INFO] [stderr]     Checking regex-automata v0.4.14
[INFO] [stderr]     Checking statechronicle-domain v0.1.0
[INFO] [stderr]     Checking cipher v0.4.4
[INFO] [stderr]     Checking hkdf v0.13.0
[INFO] [stderr]     Checking const_panic v0.2.15
[INFO] [stderr]     Checking dirs v6.0.0
[INFO] [stderr]     Checking sha2 v0.11.0
[INFO] [stderr]     Checking atoi v2.0.0
[INFO] [stderr]     Checking crossbeam-channel v0.5.15
[INFO] [stderr]     Checking quick-xml v0.40.1
[INFO] [stderr]     Checking os_str_bytes v6.6.1
[INFO] [stderr]     Checking idna_adapter v1.2.1
[INFO] [stderr]     Checking idna v1.1.0
[INFO] [stderr]     Checking itertools v0.15.0
[INFO] [stderr]     Checking universal-hash v0.5.1
[INFO] [stderr]    Compiling pin-project-internal v1.1.11
[INFO] [stderr]    Compiling git-version-macro v0.3.9
[INFO] [stderr]     Checking url v2.5.8
[INFO] [stderr]     Checking statechronicle-accumulator v0.1.0
[INFO] [stderr]     Checking statechronicle-intent v0.1.0
[INFO] [stderr]     Checking serde_path_to_error v0.1.20
[INFO] [stderr]    Compiling konst_proc_macros v0.4.1
[INFO] [stderr]     Checking penelope-core v0.1.0
[INFO] [stderr]     Checking symlink v0.1.0
[INFO] [stderr]     Checking fastrand v2.4.1
[INFO] [stderr]     Checking byteorder v1.5.0
[INFO] [stderr]     Checking dotenvy v0.15.7
[INFO] [stderr]    Compiling ctor-proc-macro v0.0.7
[INFO] [stderr]     Checking polyval v0.6.2
[INFO] [stderr]    Compiling clap_derive v4.6.1
[INFO] [stderr]     Checking ctor v0.6.3
[INFO] [stderr]     Checking tempfile v3.27.0
[INFO] [stderr]     Checking clap_builder v4.6.0
[INFO] [stderr]     Checking penelope-domain v0.1.0
[INFO] [stderr]     Checking konst v0.4.3
[INFO] [stderr]     Checking git-version v0.3.9
[INFO] [stderr]     Checking pin-project v1.1.11
[INFO] [stderr]     Checking csv-core v0.1.13
[INFO] [stderr] warning: libsqlite3-sys@0.37.0: cc: fatal error: Killed signal terminated program cc1
[INFO] [stderr] warning: libsqlite3-sys@0.37.0: compilation terminated.
[INFO] [stderr] error: failed to run custom build command for `libsqlite3-sys v0.37.0`
[INFO] [stderr] note: To improve backtraces for build dependencies, set the CARGO_PROFILE_DEV_BUILD_OVERRIDE_DEBUG=true environment variable to enable debug information generation.
[INFO] [stderr] 
[INFO] [stderr] Caused by:
[INFO] [stderr]   process didn't exit successfully: `/opt/rustwide/target/debug/build/libsqlite3-sys/f1bbf60ae3cfeef2/out/build_script_build` (exit status: 1)
[INFO] [stderr]   --- stdout
[INFO] [stderr]   cargo:rerun-if-env-changed=LIBSQLITE3_SYS_USE_PKG_CONFIG
[INFO] [stderr]   cargo:include=/opt/rustwide/cargo-home/registry/src/index.crates.io-1949cf8c6b5b557f/libsqlite3-sys-0.37.0/sqlite3
[INFO] [stderr]   cargo:rerun-if-changed=sqlite3/sqlite3.c
[INFO] [stderr]   cargo:rerun-if-changed=sqlite3/wasm32-wasi-vfs.c
[INFO] [stderr]   cargo:rerun-if-env-changed=SQLITE_MAX_VARIABLE_NUMBER
[INFO] [stderr]   cargo:rerun-if-env-changed=SQLITE_MAX_EXPR_DEPTH
[INFO] [stderr]   cargo:rerun-if-env-changed=SQLITE_MAX_COLUMN
[INFO] [stderr]   cargo:rerun-if-env-changed=LIBSQLITE3_FLAGS
[INFO] [stderr]   cargo:rerun-if-env-changed=CC_FORCE_DISABLE
[INFO] [stderr]   CC_FORCE_DISABLE = None
[INFO] [stderr]   cargo:rerun-if-env-changed=CC_x86_64-unknown-linux-gnu
[INFO] [stderr]   CC_x86_64-unknown-linux-gnu = None
[INFO] [stderr]   cargo:rerun-if-env-changed=CC_x86_64_unknown_linux_gnu
[INFO] [stderr]   CC_x86_64_unknown_linux_gnu = None
[INFO] [stderr]   cargo:rerun-if-env-changed=HOST_CC
[INFO] [stderr]   HOST_CC = None
[INFO] [stderr]   cargo:rerun-if-env-changed=CC
[INFO] [stderr]   CC = None
[INFO] [stderr]   cargo:rerun-if-env-changed=CC_ENABLE_DEBUG_OUTPUT
[INFO] [stderr]   cargo:rerun-if-env-changed=CRATE_CC_NO_DEFAULTS
[INFO] [stderr]   CRATE_CC_NO_DEFAULTS = None
[INFO] [stderr]   cargo:rerun-if-env-changed=CFLAGS
[INFO] [stderr]   CFLAGS = None
[INFO] [stderr]   cargo:rerun-if-env-changed=HOST_CFLAGS
[INFO] [stderr]   HOST_CFLAGS = None
[INFO] [stderr]   cargo:rerun-if-env-changed=CFLAGS_x86_64_unknown_linux_gnu
[INFO] [stderr]   CFLAGS_x86_64_unknown_linux_gnu = None
[INFO] [stderr]   cargo:rerun-if-env-changed=CFLAGS_x86_64-unknown-linux-gnu
[INFO] [stderr]   CFLAGS_x86_64-unknown-linux-gnu = None
[INFO] [stderr]   cargo:warning=cc: fatal error: Killed signal terminated program cc1
[INFO] [stderr]   cargo:warning=compilation terminated.
[INFO] [stderr] 
[INFO] [stderr]   --- stderr
[INFO] [stderr] 
[INFO] [stderr] 
[INFO] [stderr]   error occurred in cc-rs: command did not execute successfully (status code exit status: 1): LC_ALL="C" "cc" "-O0" "-ffunction-sections" "-fdata-sections" "-fPIC" "-g" "-gdwarf-4" "-fno-omit-frame-pointer" "-m64" "-w" "-DSQLITE_CORE" "-DSQLITE_DEFAULT_FOREIGN_KEYS=1" "-DSQLITE_ENABLE_API_ARMOR" "-DSQLITE_ENABLE_COLUMN_METADATA" "-DSQLITE_ENABLE_DBSTAT_VTAB" "-DSQLITE_ENABLE_FTS3" "-DSQLITE_ENABLE_FTS3_PARENTHESIS" "-DSQLITE_ENABLE_FTS5" "-DSQLITE_ENABLE_JSON1" "-DSQLITE_ENABLE_LOAD_EXTENSION=1" "-DSQLITE_ENABLE_MEMORY_MANAGEMENT" "-DSQLITE_ENABLE_RTREE" "-DSQLITE_ENABLE_STAT4" "-DSQLITE_SOUNDEX" "-DSQLITE_THREADSAFE=1" "-DSQLITE_USE_URI" "-DHAVE_USLEEP=1" "-DHAVE_ISNAN" "-D_POSIX_THREAD_SAFE_FUNCTIONS" "-DHAVE_LOCALTIME_R" "-o" "/opt/rustwide/target/debug/build/libsqlite3-sys/4c0dd46615a55461/out/c877a2978823c39d-sqlite3.o" "-c" "sqlite3/sqlite3.c"
[INFO] [stderr] 
[INFO] [stderr] 
[INFO] [stderr] warning: build failed, waiting for other jobs to finish...
[INFO] [stderr] error: could not compile `axum-core` (lib)
[INFO] [stderr] 
[INFO] [stderr] Caused by:
[INFO] [stderr]   process didn't exit successfully: `/opt/rustwide/rustup-home/toolchains/c60b92c03ca8a3b101eb9d57f51e2232690638c7/bin/rustc --crate-name axum_core --edition=2021 /opt/rustwide/cargo-home/registry/src/index.crates.io-1949cf8c6b5b557f/axum-core-0.5.6/src/lib.rs --error-format=json --json=diagnostic-rendered-ansi,artifacts,future-incompat,unused-externs-silent --crate-type lib --emit=dep-info,metadata -C embed-bitcode=no -C debuginfo=2 --cfg 'feature="tracing"' --check-cfg 'cfg(docsrs,test)' --check-cfg 'cfg(feature, values("__private_docs", "tracing"))' -C metadata=7bc2bcf07158e746 -C extra-filename=-710c22f19033a271 --out-dir /opt/rustwide/target/debug/build/axum-core/710c22f19033a271/out -L dependency=/opt/rustwide/target/debug/build/bytes/c3c82aecfaa31497/out -L dependency=/opt/rustwide/target/debug/build/futures-core/1cd512d543215c04/out -L dependency=/opt/rustwide/target/debug/build/http-body/95f0c088f5c8ddb7/out -L dependency=/opt/rustwide/target/debug/build/http/9a59864e400893c6/out -L dependency=/opt/rustwide/target/debug/build/itoa/488dcf4f13423b18/out -L dependency=/opt/rustwide/target/debug/build/log/243a4081f8655140/out -L dependency=/opt/rustwide/target/debug/build/once_cell/6f8123b0c2eed634/out -L dependency=/opt/rustwide/target/debug/build/pin-project-lite/7176d3be2b7ee2e1/out -L dependency=/opt/rustwide/target/debug/build/tracing-attributes/44e0a9075c9092e4/out -L dependency=/opt/rustwide/target/debug/build/tracing-core/924ceb6a991dbdfe/out --extern bytes=/opt/rustwide/target/debug/build/bytes/c3c82aecfaa31497/out/libbytes-c3c82aecfaa31497.rmeta --extern futures_core=/opt/rustwide/target/debug/build/futures-core/1cd512d543215c04/out/libfutures_core-1cd512d543215c04.rmeta --extern http=/opt/rustwide/target/debug/build/http/9a59864e400893c6/out/libhttp-9a59864e400893c6.rmeta --extern http_body=/opt/rustwide/target/debug/build/http-body/95f0c088f5c8ddb7/out/libhttp_body-95f0c088f5c8ddb7.rmeta --extern http_body_util=/opt/rustwide/target/debug/build/http-body-util/2ae40cbf938fd14f/out/libhttp_body_util-2ae40cbf938fd14f.rmeta --extern mime=/opt/rustwide/target/debug/build/mime/719fdfbd841ea854/out/libmime-719fdfbd841ea854.rmeta --extern pin_project_lite=/opt/rustwide/target/debug/build/pin-project-lite/7176d3be2b7ee2e1/out/libpin_project_lite-7176d3be2b7ee2e1.rmeta --extern sync_wrapper=/opt/rustwide/target/debug/build/sync_wrapper/dc44de4b95541eda/out/libsync_wrapper-dc44de4b95541eda.rmeta --extern tower_layer=/opt/rustwide/target/debug/build/tower-layer/f6d5cc7b185cf351/out/libtower_layer-f6d5cc7b185cf351.rmeta --extern tower_service=/opt/rustwide/target/debug/build/tower-service/e69ac8dcc8243395/out/libtower_service-e69ac8dcc8243395.rmeta --extern tracing=/opt/rustwide/target/debug/build/tracing/482bf527cc98c86f/out/libtracing-482bf527cc98c86f.rmeta --cap-lints allow --cap-lints=forbid --force-warn=unused_crate_dependencies` (signal: 9, SIGKILL: kill)
[INFO] [stderr] error: could not compile `regex-automata` (lib)
[INFO] [stderr] 
[INFO] [stderr] Caused by:
[INFO] [stderr]   process didn't exit successfully: `/opt/rustwide/rustup-home/toolchains/c60b92c03ca8a3b101eb9d57f51e2232690638c7/bin/rustc --crate-name regex_automata --edition=2021 /opt/rustwide/cargo-home/registry/src/index.crates.io-1949cf8c6b5b557f/regex-automata-0.4.14/src/lib.rs --error-format=json --json=diagnostic-rendered-ansi,artifacts,future-incompat,unused-externs-silent --crate-type lib --emit=dep-info,metadata -C embed-bitcode=no -C debuginfo=2 --cfg 'feature="alloc"' --cfg 'feature="dfa-build"' --cfg 'feature="dfa-onepass"' --cfg 'feature="dfa-search"' --cfg 'feature="hybrid"' --cfg 'feature="meta"' --cfg 'feature="nfa-backtrack"' --cfg 'feature="nfa-pikevm"' --cfg 'feature="nfa-thompson"' --cfg 'feature="perf-inline"' --cfg 'feature="perf-literal"' --cfg 'feature="perf-literal-multisubstring"' --cfg 'feature="perf-literal-substring"' --cfg 'feature="std"' --cfg 'feature="syntax"' --cfg 'feature="unicode"' --cfg 'feature="unicode-age"' --cfg 'feature="unicode-bool"' --cfg 'feature="unicode-case"' --cfg 'feature="unicode-gencat"' --cfg 'feature="unicode-perl"' --cfg 'feature="unicode-script"' --cfg 'feature="unicode-segment"' --cfg 'feature="unicode-word-boundary"' --check-cfg 'cfg(docsrs,test)' --check-cfg 'cfg(feature, values("alloc", "default", "dfa", "dfa-build", "dfa-onepass", "dfa-search", "hybrid", "internal-instrument", "internal-instrument-pikevm", "logging", "meta", "nfa", "nfa-backtrack", "nfa-pikevm", "nfa-thompson", "perf", "perf-inline", "perf-literal", "perf-literal-multisubstring", "perf-literal-substring", "std", "syntax", "unicode", "unicode-age", "unicode-bool", "unicode-case", "unicode-gencat", "unicode-perl", "unicode-script", "unicode-segment", "unicode-word-boundary"))' -C metadata=d3cdd7eb56ee2c56 -C extra-filename=-6667c51cedd9f39f --out-dir /opt/rustwide/target/debug/build/regex-automata/6667c51cedd9f39f/out -L dependency=/opt/rustwide/target/debug/build/memchr/3d944e3b9ac373a3/out --extern aho_corasick=/opt/rustwide/target/debug/build/aho-corasick/0fb197dd6545f795/out/libaho_corasick-0fb197dd6545f795.rmeta --extern memchr=/opt/rustwide/target/debug/build/memchr/3d944e3b9ac373a3/out/libmemchr-3d944e3b9ac373a3.rmeta --extern regex_syntax=/opt/rustwide/target/debug/build/regex-syntax/6cb68f2e111607e3/out/libregex_syntax-6cb68f2e111607e3.rmeta --cap-lints allow --cap-lints=forbid --force-warn=unused_crate_dependencies` (signal: 9, SIGKILL: kill)
[INFO] [stderr] error: could not compile `futures-util` (lib)
[INFO] [stderr] 
[INFO] [stderr] Caused by:
[INFO] [stderr]   process didn't exit successfully: `/opt/rustwide/rustup-home/toolchains/c60b92c03ca8a3b101eb9d57f51e2232690638c7/bin/rustc --crate-name futures_util --edition=2018 /opt/rustwide/cargo-home/registry/src/index.crates.io-1949cf8c6b5b557f/futures-util-0.3.32/src/lib.rs --error-format=json --json=diagnostic-rendered-ansi,artifacts,future-incompat,unused-externs-silent --crate-type lib --emit=dep-info,metadata -C embed-bitcode=no -C debuginfo=2 --cfg 'feature="alloc"' --cfg 'feature="async-await"' --cfg 'feature="async-await-macro"' --cfg 'feature="channel"' --cfg 'feature="default"' --cfg 'feature="futures-channel"' --cfg 'feature="futures-io"' --cfg 'feature="futures-macro"' --cfg 'feature="futures-sink"' --cfg 'feature="io"' --cfg 'feature="memchr"' --cfg 'feature="sink"' --cfg 'feature="slab"' --cfg 'feature="std"' --check-cfg 'cfg(docsrs,test)' --check-cfg 'cfg(feature, values("alloc", "async-await", "async-await-macro", "bilock", "cfg-target-has-atomic", "channel", "compat", "default", "futures-channel", "futures-io", "futures-macro", "futures-sink", "futures_01", "io", "io-compat", "libc", "memchr", "portable-atomic", "sink", "slab", "spin", "std", "tokio-io", "unstable", "write-all-vectored"))' -C metadata=c67748727bcf3d60 -C extra-filename=-a72e51f94c44ec0c --out-dir /opt/rustwide/target/debug/build/futures-util/a72e51f94c44ec0c/out -L dependency=/opt/rustwide/target/debug/build/futures-core/1cd512d543215c04/out -L dependency=/opt/rustwide/target/debug/build/futures-sink/80687936758fa695/out --extern futures_channel=/opt/rustwide/target/debug/build/futures-channel/6351650e09691772/out/libfutures_channel-6351650e09691772.rmeta --extern futures_core=/opt/rustwide/target/debug/build/futures-core/1cd512d543215c04/out/libfutures_core-1cd512d543215c04.rmeta --extern futures_io=/opt/rustwide/target/debug/build/futures-io/8551f65ba49d7852/out/libfutures_io-8551f65ba49d7852.rmeta --extern futures_macro=/opt/rustwide/target/debug/build/futures-macro/497fa74e1fd189b0/out/libfutures_macro-497fa74e1fd189b0.so --extern futures_sink=/opt/rustwide/target/debug/build/futures-sink/80687936758fa695/out/libfutures_sink-80687936758fa695.rmeta --extern futures_task=/opt/rustwide/target/debug/build/futures-task/bde3b8216abf23c5/out/libfutures_task-bde3b8216abf23c5.rmeta --extern memchr=/opt/rustwide/target/debug/build/memchr/3d944e3b9ac373a3/out/libmemchr-3d944e3b9ac373a3.rmeta --extern pin_project_lite=/opt/rustwide/target/debug/build/pin-project-lite/7176d3be2b7ee2e1/out/libpin_project_lite-7176d3be2b7ee2e1.rmeta --extern slab=/opt/rustwide/target/debug/build/slab/101f873bca723251/out/libslab-101f873bca723251.rmeta --cap-lints allow --cap-lints=forbid --force-warn=unused_crate_dependencies` (signal: 9, SIGKILL: kill)
[INFO] [stderr] error: could not compile `syn` (lib)
[INFO] [stderr] 
[INFO] [stderr] Caused by:
[INFO] [stderr]   process didn't exit successfully: `/opt/rustwide/rustup-home/toolchains/c60b92c03ca8a3b101eb9d57f51e2232690638c7/bin/rustc --crate-name syn --edition=2021 /opt/rustwide/cargo-home/registry/src/index.crates.io-1949cf8c6b5b557f/syn-3.0.6/src/lib.rs --error-format=json --json=diagnostic-rendered-ansi,artifacts,future-incompat,unused-externs-silent --crate-type lib --emit=dep-info,metadata,link -Z embed-metadata=no -C embed-bitcode=no --cfg 'feature="clone-impls"' --cfg 'feature="full"' --cfg 'feature="parsing"' --cfg 'feature="printing"' --cfg 'feature="proc-macro"' --cfg 'feature="visit-mut"' --check-cfg 'cfg(docsrs,test)' --check-cfg 'cfg(feature, values("clone-impls", "default", "derive", "extra-traits", "fold", "full", "parsing", "printing", "proc-macro", "test", "visit", "visit-mut"))' -C metadata=6ac5ca4908413b8f -C extra-filename=-dac090d86d827337 --out-dir /opt/rustwide/target/debug/build/syn/dac090d86d827337/out -L dependency=/opt/rustwide/target/debug/build/proc-macro2/d4cb564e807a9cd7/out -L dependency=/opt/rustwide/target/debug/build/unicode-ident/8c98a1a0e58216a9/out --extern proc_macro2=/opt/rustwide/target/debug/build/proc-macro2/d4cb564e807a9cd7/out/libproc_macro2-d4cb564e807a9cd7.rmeta --extern quote=/opt/rustwide/target/debug/build/quote/aa2c5b8519914b46/out/libquote-aa2c5b8519914b46.rmeta --extern unicode_ident=/opt/rustwide/target/debug/build/unicode-ident/8c98a1a0e58216a9/out/libunicode_ident-8c98a1a0e58216a9.rmeta --cap-lints allow --cap-lints=forbid --force-warn=unused_crate_dependencies` (signal: 9, SIGKILL: kill)
[INFO] [stderr] error: could not compile `tokio` (lib)
[INFO] [stderr] 
[INFO] [stderr] Caused by:
[INFO] [stderr]   process didn't exit successfully: `/opt/rustwide/rustup-home/toolchains/c60b92c03ca8a3b101eb9d57f51e2232690638c7/bin/rustc --crate-name tokio --edition=2021 /opt/rustwide/cargo-home/registry/src/index.crates.io-1949cf8c6b5b557f/tokio-1.52.1/src/lib.rs --error-format=json --json=diagnostic-rendered-ansi,artifacts,future-incompat,unused-externs-silent --crate-type lib --emit=dep-info,metadata -C embed-bitcode=no -C debuginfo=2 --cfg 'feature="bytes"' --cfg 'feature="default"' --cfg 'feature="fs"' --cfg 'feature="io-util"' --cfg 'feature="libc"' --cfg 'feature="macros"' --cfg 'feature="mio"' --cfg 'feature="net"' --cfg 'feature="rt"' --cfg 'feature="rt-multi-thread"' --cfg 'feature="socket2"' --cfg 'feature="sync"' --cfg 'feature="test-util"' --cfg 'feature="time"' --cfg 'feature="tokio-macros"' --check-cfg 'cfg(docsrs,test)' --check-cfg 'cfg(feature, values("bytes", "default", "fs", "full", "io-std", "io-uring", "io-util", "libc", "macros", "mio", "net", "parking_lot", "process", "rt", "rt-multi-thread", "signal", "signal-hook-registry", "socket2", "sync", "taskdump", "test-util", "time", "tokio-macros", "tracing", "windows-sys"))' -C metadata=78bcf180f30511ab -C extra-filename=-2d3d29e86a58b900 --out-dir /opt/rustwide/target/debug/build/tokio/2d3d29e86a58b900/out -L dependency=/opt/rustwide/target/debug/build/libc/7d2af120e89c619c/out --extern bytes=/opt/rustwide/target/debug/build/bytes/c3c82aecfaa31497/out/libbytes-c3c82aecfaa31497.rmeta --extern libc=/opt/rustwide/target/debug/build/libc/7d2af120e89c619c/out/liblibc-7d2af120e89c619c.rmeta --extern mio=/opt/rustwide/target/debug/build/mio/16fe799f7440025a/out/libmio-16fe799f7440025a.rmeta --extern pin_project_lite=/opt/rustwide/target/debug/build/pin-project-lite/7176d3be2b7ee2e1/out/libpin_project_lite-7176d3be2b7ee2e1.rmeta --extern socket2=/opt/rustwide/target/debug/build/socket2/2d04b05b6cb9436d/out/libsocket2-2d04b05b6cb9436d.rmeta --extern tokio_macros=/opt/rustwide/target/debug/build/tokio-macros/08b96a339cb6ecf1/out/libtokio_macros-08b96a339cb6ecf1.so --cap-lints allow --cap-lints=forbid --force-warn=unused_crate_dependencies` (signal: 9, SIGKILL: kill)
[INFO] [stdout] error[E0493]: destructor of `ArrayBuilder<T, N, D>` cannot be evaluated at compile-time
[INFO] [stdout]    --> /opt/rustwide/cargo-home/registry/src/index.crates.io-1949cf8c6b5b557f/konst-0.4.3/src/array/array_builder.rs:421:24
[INFO] [stdout]     |
[INFO] [stdout] 421 |     pub const fn build(self) -> [T; N] {
[INFO] [stdout]     |                        ^^^^ the destructor for this type cannot be evaluated in constant functions
[INFO] [stdout] ...
[INFO] [stdout] 437 |     }
[INFO] [stdout]     |     - value is dropped here
[INFO] [stdout] 
[INFO] [stdout] 
[INFO] [stdout] error[E0493]: destructor of `array_into_iter::IntoIter<T, N, D>` cannot be evaluated at compile-time
[INFO] [stdout]    --> /opt/rustwide/cargo-home/registry/src/index.crates.io-1949cf8c6b5b557f/konst-0.4.3/src/array/array_into_iter.rs:324:34
[INFO] [stdout]     |
[INFO] [stdout] 324 |     pub const fn assert_is_empty(self) {
[INFO] [stdout]     |                                  ^^^^ the destructor for this type cannot be evaluated in constant functions
[INFO] [stdout] ...
[INFO] [stdout] 327 |     }
[INFO] [stdout]     |     - value is dropped here
[INFO] [stdout] 
[INFO] [stdout] 
[INFO] [stdout] error[E0493]: destructor of `Option<(T, U)>` cannot be evaluated at compile-time
[INFO] [stdout]    --> /opt/rustwide/cargo-home/registry/src/index.crates.io-1949cf8c6b5b557f/konst-0.4.3/src/macros/control_flow.rs:83:42
[INFO] [stdout]     |
[INFO] [stdout]  81 |   macro_rules! if_let_Some {
[INFO] [stdout]  82 |       ($some:pat = $e:expr => $then:block $(else $else:block)?) => {
[INFO] [stdout]  83 |           match $crate::option::__opt($e) {opt =>
[INFO] [stdout]     |                                            ^^^ the destructor for this type cannot be evaluated in constant functions
[INFO] [stdout] ...
[INFO] [stdout]  90 |               }
[INFO] [stdout]     |               - value is dropped here
[INFO] [stdout]     |
[INFO] [stdout]    ::: /opt/rustwide/cargo-home/registry/src/index.crates.io-1949cf8c6b5b557f/konst-0.4.3/src/option.rs:635:5
[INFO] [stdout]     |
[INFO] [stdout] 635 | /     crate::if_let_Some! {tuple = opt => {
[INFO] [stdout] 636 | |         crate::destructure!{(l, r) = tuple}
[INFO] [stdout] 637 | |
[INFO] [stdout] 638 | |         (Some(l), Some(r))
[INFO] [stdout] 639 | |     } else {
[INFO] [stdout] 640 | |         (None, None)
[INFO] [stdout] 641 | |     }}
[INFO] [stdout]     | |______- in this macro invocation
[INFO] [stdout] 
[INFO] [stdout] 
[INFO] [stdout] For more information about this error, try `rustc --explain E0493`.
[INFO] [stdout] 
[INFO] [stderr] error: could not compile `konst` (lib) due to 3 previous errors
[INFO] running `Command { std: "docker" "inspect" "f7956ed5869ae9db7c9631bf7dc7272701887a097e75dd48b3d39a89a0f3c31e", kill_on_drop: false }`
[INFO] running `Command { std: "docker" "rm" "-f" "f7956ed5869ae9db7c9631bf7dc7272701887a097e75dd48b3d39a89a0f3c31e", kill_on_drop: false }`
[INFO] [stdout] f7956ed5869ae9db7c9631bf7dc7272701887a097e75dd48b3d39a89a0f3c31e
