[INFO] fetching crate seiza-fits 0.3.0...
[INFO] checking seiza-fits-0.3.0 against c60b92c03ca8a3b101eb9d57f51e2232690638c7 for pr-164148-crater-rollup
[INFO] extracting crate seiza-fits 0.3.0 into /workspace/builds/worker-2-tc2/source
[INFO] started tweaking crates.io crate seiza-fits 0.3.0
[INFO] removed 0 missing examples
[INFO] removed 0 missing tests
[INFO] finished tweaking crates.io crate seiza-fits 0.3.0
[INFO] tweaked toml for crates.io crate seiza-fits 0.3.0 written to /workspace/builds/worker-2-tc2/source/Cargo.toml
[INFO] validating manifest of crates.io crate seiza-fits 0.3.0 on toolchain c60b92c03ca8a3b101eb9d57f51e2232690638c7
[INFO] running `Command { std: CARGO_HOME="/workspace/cargo-home" RUSTUP_HOME="/workspace/rustup-home" "/workspace/cargo-home/bin/cargo" "+c60b92c03ca8a3b101eb9d57f51e2232690638c7" "metadata" "--manifest-path" "Cargo.toml" "--no-deps", kill_on_drop: false }`
[INFO] crate crates.io crate seiza-fits 0.3.0 already has a lockfile, it will not be regenerated
[INFO] running `Command { std: CARGO_HOME="/workspace/cargo-home" RUSTUP_HOME="/workspace/rustup-home" "/workspace/cargo-home/bin/cargo" "+c60b92c03ca8a3b101eb9d57f51e2232690638c7" "fetch" "--manifest-path" "Cargo.toml", kill_on_drop: false }`
[INFO] running `Command { std: "docker" "create" "-v" "/var/lib/crater-agent-workspace/builds/worker-2-tc2/source:/opt/rustwide/workdir:ro,Z" "-v" "/var/lib/crater-agent-workspace/builds/worker-2-tc2/target:/opt/rustwide/target:rw,Z" "-v" "/var/lib/crater-agent-workspace/cargo-home:/opt/rustwide/cargo-home:ro,Z" "-v" "/var/lib/crater-agent-workspace/rustup-home:/opt/rustwide/rustup-home:ro,Z" "-m" "1610612736" "--network" "none" "ghcr.io/rust-lang/crates-build-env/linux@sha256:77db811e55d90add9212f6832c23229e3de5f1c1f9905e8cb07319ea15df73ac" "sleep" "infinity", kill_on_drop: false }`
[INFO] [stdout] 3201c50f67d940b11938bf91546d16b539f7f222448da72d94f5e35fdeef73c5
[INFO] running `Command { std: "docker" "start" "3201c50f67d940b11938bf91546d16b539f7f222448da72d94f5e35fdeef73c5", kill_on_drop: false }`
[INFO] running `Command { std: "docker" "inspect" "3201c50f67d940b11938bf91546d16b539f7f222448da72d94f5e35fdeef73c5", kill_on_drop: false }`
[INFO] running `Command { std: "docker" "exec" "-e" "SOURCE_DIR=/opt/rustwide/workdir" "-e" "CARGO_HOME=/opt/rustwide/cargo-home" "-e" "RUSTUP_HOME=/opt/rustwide/rustup-home" "-e" "CARGO_TARGET_DIR=/opt/rustwide/target" "-w" "/opt/rustwide/workdir" "--user" "0:0" "3201c50f67d940b11938bf91546d16b539f7f222448da72d94f5e35fdeef73c5" "/opt/rustwide/cargo-home/bin/cargo" "+c60b92c03ca8a3b101eb9d57f51e2232690638c7" "metadata" "--no-deps" "--format-version=1", kill_on_drop: false }`
[INFO] running `Command { std: "docker" "inspect" "3201c50f67d940b11938bf91546d16b539f7f222448da72d94f5e35fdeef73c5", kill_on_drop: false }`
[INFO] running `Command { std: "docker" "exec" "-e" "SOURCE_DIR=/opt/rustwide/workdir" "-e" "CARGO_HOME=/opt/rustwide/cargo-home" "-e" "RUSTUP_HOME=/opt/rustwide/rustup-home" "-e" "CARGO_TARGET_DIR=/opt/rustwide/target" "-e" "CARGO_INCREMENTAL=0" "-e" "RUST_BACKTRACE=full" "-e" "RUSTFLAGS=--cap-lints=forbid" "-e" "RUSTDOCFLAGS=--cap-lints=forbid" "-w" "/opt/rustwide/workdir" "--user" "0:0" "3201c50f67d940b11938bf91546d16b539f7f222448da72d94f5e35fdeef73c5" "/opt/rustwide/cargo-home/bin/cargo" "+c60b92c03ca8a3b101eb9d57f51e2232690638c7" "check" "--frozen" "--all" "--all-targets" "--message-format=json", kill_on_drop: false }`
[INFO] [stderr]    Compiling syn v3.0.2
[INFO] [stderr]    Compiling crc32fast v1.5.0
[INFO] [stderr]    Compiling thiserror v2.0.21
[INFO] [stderr]     Checking miniz_oxide v0.9.1
[INFO] [stderr]     Checking getrandom v0.4.3
[INFO] [stderr]     Checking rayon v1.12.0
[INFO] [stderr]     Checking seiza-stats v0.1.0
[INFO] [stderr]     Checking memmap2 v0.9.11
[INFO] [stderr]     Checking tempfile v3.27.0
[INFO] [stderr]     Checking flate2 v1.1.10
[INFO] [stderr]    Compiling serde_derive v1.0.229
[INFO] [stderr]    Compiling thiserror-impl v2.0.21
[INFO] [stderr]    Compiling multiversion-macros v0.9.0
[INFO] [stderr]     Checking multiversion v0.9.0
[INFO] [stderr]     Checking serde v1.0.229
[INFO] [stderr]     Checking seiza-stretch v0.2.2
[INFO] [stderr]     Checking seiza-fits v0.3.0 (/opt/rustwide/workdir)
[INFO] [stdout] error[E0277]: `impl Fn(T) -> f64 + Copy + Sync` cannot be sent between threads safely
[INFO] [stdout]     --> src/lib.rs:1177:14
[INFO] [stdout]      |
[INFO] [stdout] 1177 |         .map(|chunk| finite_range(chunk, to_f64))
[INFO] [stdout]      |          --- -------^^^^^^^^^^^^^^^^^^^^^^^^^^^^
[INFO] [stdout]      |          |   |
[INFO] [stdout]      |          |   `impl Fn(T) -> f64 + Copy + Sync` cannot be sent between threads safely
[INFO] [stdout]      |          |   within this `{closure@src/lib.rs:1177:14: 1177:21}`
[INFO] [stdout]      |          required by a bound introduced by this call
[INFO] [stdout]      |
[INFO] [stdout] note: required because `to_f64` is used within this closure
[INFO] [stdout]     --> src/lib.rs:1177:42
[INFO] [stdout]      |
[INFO] [stdout] 1177 |         .map(|chunk| finite_range(chunk, to_f64))
[INFO] [stdout]      |                                          ^^^^^^
[INFO] [stdout] note: required by a bound in `rayon::iter::ParallelIterator::map`
[INFO] [stdout]     --> /opt/rustwide/cargo-home/registry/src/index.crates.io-1949cf8c6b5b557f/rayon-1.12.0/src/iter/mod.rs:595:41
[INFO] [stdout]      |
[INFO] [stdout]  357 | pub trait ParallelIterator: Sized + Send {
[INFO] [stdout] ...
[INFO] [stdout]  593 |     fn map<F, R>(self, map_op: F) -> Map<Self, F>
[INFO] [stdout]  594 |     where
[INFO] [stdout]  595 |         F: Fn(Self::Item) -> R + Sync + Send,
[INFO] [stdout]      |                                         ^^^^ required by this bound in `ParallelIterator::map`
[INFO] [stdout] help: use parentheses to call this type parameter
[INFO] [stdout]      |
[INFO] [stdout] 1177 |         .map((|chunk| finite_range(chunk, to_f64))(/* T */))
[INFO] [stdout]      |              +                                   ++++++++++
[INFO] [stdout] help: consider restricting opaque type `impl Fn(T) -> f64 + Copy + Sync` with trait `Send`
[INFO] [stdout]      |
[INFO] [stdout] 1173 |     to_f64: impl Fn(T) -> f64 + Copy + Sync + std::marker::Send,
[INFO] [stdout]      |                                             +++++++++++++++++++
[INFO] [stdout] 
[INFO] [stdout] 
[INFO] [stdout] error[E0277]: `impl Fn(T) -> f64 + Copy + Sync` cannot be sent between threads safely
[INFO] [stdout]     --> src/lib.rs:1178:10
[INFO] [stdout]      |
[INFO] [stdout] 1178 |         .reduce(
[INFO] [stdout]      |          ^^^^^^ `impl Fn(T) -> f64 + Copy + Sync` cannot be sent between threads safely
[INFO] [stdout]      |
[INFO] [stdout] note: required because `to_f64` is used within this closure
[INFO] [stdout]     --> src/lib.rs:1177:42
[INFO] [stdout]      |
[INFO] [stdout] 1177 |         .map(|chunk| finite_range(chunk, to_f64))
[INFO] [stdout]      |                                          ^^^^^^
[INFO] [stdout] note: required because it appears within the type `rayon::iter::Map<rayon::slice::Chunks<'_, T>, {closure@src/lib.rs:1177:14: 1177:21}>`
[INFO] [stdout]     --> /opt/rustwide/cargo-home/registry/src/index.crates.io-1949cf8c6b5b557f/rayon-1.12.0/src/iter/map.rs:14:12
[INFO] [stdout]      |
[INFO] [stdout]   14 | pub struct Map<I, F> {
[INFO] [stdout]      |            ^^^
[INFO] [stdout] note: required by a bound in `rayon::iter::ParallelIterator::reduce`
[INFO] [stdout]     --> /opt/rustwide/cargo-home/registry/src/index.crates.io-1949cf8c6b5b557f/rayon-1.12.0/src/iter/mod.rs:357:37
[INFO] [stdout]      |
[INFO] [stdout]  357 | pub trait ParallelIterator: Sized + Send {
[INFO] [stdout]      |                                     ^^^^ required by this bound in `ParallelIterator::reduce`
[INFO] [stdout] ...
[INFO] [stdout]  983 |     fn reduce<OP, ID>(self, identity: ID, op: OP) -> Self::Item
[INFO] [stdout]      |
[INFO] [stdout] help: use parentheses to call this type parameter
[INFO] [stdout]      |
[INFO] [stdout] 1177 |         .map(|chunk| finite_range(chunk, to_f64))(/* T */)
[INFO] [stdout]      |                                                  +++++++++
[INFO] [stdout] help: consider restricting opaque type `impl Fn(T) -> f64 + Copy + Sync` with trait `Send`
[INFO] [stdout]      |
[INFO] [stdout] 1173 |     to_f64: impl Fn(T) -> f64 + Copy + Sync + std::marker::Send,
[INFO] [stdout]      |                                             +++++++++++++++++++
[INFO] [stdout] help: consider removing this method call, as the receiver has type `rayon::slice::Chunks<'_, T>` and `rayon::slice::Chunks<'_, T>: Send` trivially holds
[INFO] [stdout]      |
[INFO] [stdout] 1176 -         .par_chunks(PARALLEL_CHUNK)
[INFO] [stdout] 1177 -         .map(|chunk| finite_range(chunk, to_f64))
[INFO] [stdout] 1176 +         .par_chunks(PARALLEL_CHUNK)
[INFO] [stdout]      |
[INFO] [stdout] 
[INFO] [stdout] 
[INFO] [stdout] error[E0277]: `impl Fn(T) -> f64 + Copy + Sync` cannot be sent between threads safely
[INFO] [stdout]     --> src/lib.rs:1175:22
[INFO] [stdout]      |
[INFO] [stdout] 1175 |       let (min, max) = values
[INFO] [stdout]      |  ______________________^
[INFO] [stdout] 1176 | |         .par_chunks(PARALLEL_CHUNK)
[INFO] [stdout] 1177 | |         .map(|chunk| finite_range(chunk, to_f64))
[INFO] [stdout]      | |              ------- within this `{closure@src/lib.rs:1177:14: 1177:21}`
[INFO] [stdout] 1178 | |         .reduce(
[INFO] [stdout] 1179 | |             || (f64::INFINITY, f64::NEG_INFINITY),
[INFO] [stdout] 1180 | |             |(min_a, max_a), (min_b, max_b)| (min_a.min(min_b), max_a.max(max_b)),
[INFO] [stdout] 1181 | |         );
[INFO] [stdout]      | |_________^ `impl Fn(T) -> f64 + Copy + Sync` cannot be sent between threads safely
[INFO] [stdout]      |
[INFO] [stdout] note: required because `to_f64` is used within this closure
[INFO] [stdout]     --> src/lib.rs:1177:42
[INFO] [stdout]      |
[INFO] [stdout] 1177 |         .map(|chunk| finite_range(chunk, to_f64))
[INFO] [stdout]      |                                          ^^^^^^
[INFO] [stdout]      = note: required for `rayon::iter::Map<rayon::slice::Chunks<'_, T>, {closure@src/lib.rs:1177:14: 1177:21}>` to implement `rayon::iter::ParallelIterator`
[INFO] [stdout] help: consider restricting opaque type `impl Fn(T) -> f64 + Copy + Sync` with trait `Send`
[INFO] [stdout]      |
[INFO] [stdout] 1173 |     to_f64: impl Fn(T) -> f64 + Copy + Sync + std::marker::Send,
[INFO] [stdout]      |                                             +++++++++++++++++++
[INFO] [stdout] 
[INFO] [stdout] 
[INFO] [stdout] For more information about this error, try `rustc --explain E0277`.
[INFO] [stdout] 
[INFO] [stderr] error: could not compile `seiza-fits` (lib) due to 3 previous errors
[INFO] [stderr] warning: build failed, waiting for other jobs to finish...
[INFO] [stdout] error[E0277]: `impl Fn(T) -> f64 + Copy + Sync` cannot be sent between threads safely
[INFO] [stdout]     --> src/lib.rs:1177:14
[INFO] [stdout]      |
[INFO] [stdout] 1177 |         .map(|chunk| finite_range(chunk, to_f64))
[INFO] [stdout]      |          --- -------^^^^^^^^^^^^^^^^^^^^^^^^^^^^
[INFO] [stdout]      |          |   |
[INFO] [stdout]      |          |   `impl Fn(T) -> f64 + Copy + Sync` cannot be sent between threads safely
[INFO] [stdout]      |          |   within this `{closure@src/lib.rs:1177:14: 1177:21}`
[INFO] [stdout]      |          required by a bound introduced by this call
[INFO] [stdout]      |
[INFO] [stdout] note: required because `to_f64` is used within this closure
[INFO] [stdout]     --> src/lib.rs:1177:42
[INFO] [stdout]      |
[INFO] [stdout] 1177 |         .map(|chunk| finite_range(chunk, to_f64))
[INFO] [stdout]      |                                          ^^^^^^
[INFO] [stdout] note: required by a bound in `rayon::iter::ParallelIterator::map`
[INFO] [stdout]     --> /opt/rustwide/cargo-home/registry/src/index.crates.io-1949cf8c6b5b557f/rayon-1.12.0/src/iter/mod.rs:595:41
[INFO] [stdout]      |
[INFO] [stdout]  357 | pub trait ParallelIterator: Sized + Send {
[INFO] [stdout] ...
[INFO] [stdout]  593 |     fn map<F, R>(self, map_op: F) -> Map<Self, F>
[INFO] [stdout]  594 |     where
[INFO] [stdout]  595 |         F: Fn(Self::Item) -> R + Sync + Send,
[INFO] [stdout]      |                                         ^^^^ required by this bound in `ParallelIterator::map`
[INFO] [stdout] help: use parentheses to call this type parameter
[INFO] [stdout]      |
[INFO] [stdout] 1177 |         .map((|chunk| finite_range(chunk, to_f64))(/* T */))
[INFO] [stdout]      |              +                                   ++++++++++
[INFO] [stdout] help: consider restricting opaque type `impl Fn(T) -> f64 + Copy + Sync` with trait `Send`
[INFO] [stdout]      |
[INFO] [stdout] 1173 |     to_f64: impl Fn(T) -> f64 + Copy + Sync + std::marker::Send,
[INFO] [stdout]      |                                             +++++++++++++++++++
[INFO] [stdout] 
[INFO] [stdout] 
[INFO] [stdout] error[E0277]: `impl Fn(T) -> f64 + Copy + Sync` cannot be sent between threads safely
[INFO] [stdout]     --> src/lib.rs:1178:10
[INFO] [stdout]      |
[INFO] [stdout] 1178 |         .reduce(
[INFO] [stdout]      |          ^^^^^^ `impl Fn(T) -> f64 + Copy + Sync` cannot be sent between threads safely
[INFO] [stdout]      |
[INFO] [stdout] note: required because `to_f64` is used within this closure
[INFO] [stdout]     --> src/lib.rs:1177:42
[INFO] [stdout]      |
[INFO] [stdout] 1177 |         .map(|chunk| finite_range(chunk, to_f64))
[INFO] [stdout]      |                                          ^^^^^^
[INFO] [stdout] note: required because it appears within the type `rayon::iter::Map<rayon::slice::Chunks<'_, T>, {closure@src/lib.rs:1177:14: 1177:21}>`
[INFO] [stdout]     --> /opt/rustwide/cargo-home/registry/src/index.crates.io-1949cf8c6b5b557f/rayon-1.12.0/src/iter/map.rs:14:12
[INFO] [stdout]      |
[INFO] [stdout]   14 | pub struct Map<I, F> {
[INFO] [stdout]      |            ^^^
[INFO] [stdout] note: required by a bound in `rayon::iter::ParallelIterator::reduce`
[INFO] [stdout]     --> /opt/rustwide/cargo-home/registry/src/index.crates.io-1949cf8c6b5b557f/rayon-1.12.0/src/iter/mod.rs:357:37
[INFO] [stdout]      |
[INFO] [stdout]  357 | pub trait ParallelIterator: Sized + Send {
[INFO] [stdout]      |                                     ^^^^ required by this bound in `ParallelIterator::reduce`
[INFO] [stdout] ...
[INFO] [stdout]  983 |     fn reduce<OP, ID>(self, identity: ID, op: OP) -> Self::Item
[INFO] [stdout]      |
[INFO] [stdout] help: use parentheses to call this type parameter
[INFO] [stdout]      |
[INFO] [stdout] 1177 |         .map(|chunk| finite_range(chunk, to_f64))(/* T */)
[INFO] [stdout]      |                                                  +++++++++
[INFO] [stdout] help: consider restricting opaque type `impl Fn(T) -> f64 + Copy + Sync` with trait `Send`
[INFO] [stdout]      |
[INFO] [stdout] 1173 |     to_f64: impl Fn(T) -> f64 + Copy + Sync + std::marker::Send,
[INFO] [stdout]      |                                             +++++++++++++++++++
[INFO] [stdout] help: consider removing this method call, as the receiver has type `rayon::slice::Chunks<'_, T>` and `rayon::slice::Chunks<'_, T>: Send` trivially holds
[INFO] [stdout]      |
[INFO] [stdout] 1176 -         .par_chunks(PARALLEL_CHUNK)
[INFO] [stdout] 1177 -         .map(|chunk| finite_range(chunk, to_f64))
[INFO] [stdout] 1176 +         .par_chunks(PARALLEL_CHUNK)
[INFO] [stdout]      |
[INFO] [stdout] 
[INFO] [stdout] 
[INFO] [stdout] error[E0277]: `impl Fn(T) -> f64 + Copy + Sync` cannot be sent between threads safely
[INFO] [stdout]     --> src/lib.rs:1175:22
[INFO] [stdout]      |
[INFO] [stdout] 1175 |       let (min, max) = values
[INFO] [stdout]      |  ______________________^
[INFO] [stdout] 1176 | |         .par_chunks(PARALLEL_CHUNK)
[INFO] [stdout] 1177 | |         .map(|chunk| finite_range(chunk, to_f64))
[INFO] [stdout]      | |              ------- within this `{closure@src/lib.rs:1177:14: 1177:21}`
[INFO] [stdout] 1178 | |         .reduce(
[INFO] [stdout] 1179 | |             || (f64::INFINITY, f64::NEG_INFINITY),
[INFO] [stdout] 1180 | |             |(min_a, max_a), (min_b, max_b)| (min_a.min(min_b), max_a.max(max_b)),
[INFO] [stdout] 1181 | |         );
[INFO] [stdout]      | |_________^ `impl Fn(T) -> f64 + Copy + Sync` cannot be sent between threads safely
[INFO] [stdout]      |
[INFO] [stdout] note: required because `to_f64` is used within this closure
[INFO] [stdout]     --> src/lib.rs:1177:42
[INFO] [stdout]      |
[INFO] [stdout] 1177 |         .map(|chunk| finite_range(chunk, to_f64))
[INFO] [stdout]      |                                          ^^^^^^
[INFO] [stdout]      = note: required for `rayon::iter::Map<rayon::slice::Chunks<'_, T>, {closure@src/lib.rs:1177:14: 1177:21}>` to implement `rayon::iter::ParallelIterator`
[INFO] [stdout] help: consider restricting opaque type `impl Fn(T) -> f64 + Copy + Sync` with trait `Send`
[INFO] [stdout]      |
[INFO] [stdout] 1173 |     to_f64: impl Fn(T) -> f64 + Copy + Sync + std::marker::Send,
[INFO] [stdout]      |                                             +++++++++++++++++++
[INFO] [stdout] 
[INFO] [stdout] 
[INFO] [stdout] For more information about this error, try `rustc --explain E0277`.
[INFO] [stdout] 
[INFO] [stderr] error: could not compile `seiza-fits` (lib test) due to 3 previous errors
[INFO] running `Command { std: "docker" "inspect" "3201c50f67d940b11938bf91546d16b539f7f222448da72d94f5e35fdeef73c5", kill_on_drop: false }`
[INFO] running `Command { std: "docker" "rm" "-f" "3201c50f67d940b11938bf91546d16b539f7f222448da72d94f5e35fdeef73c5", kill_on_drop: false }`
[INFO] [stdout] 3201c50f67d940b11938bf91546d16b539f7f222448da72d94f5e35fdeef73c5
