[INFO] fetching crate scuffle-cedar-policy 0.1.0...
[INFO] checking scuffle-cedar-policy-0.1.0 against c60b92c03ca8a3b101eb9d57f51e2232690638c7 for pr-164148-crater-rollup
[INFO] extracting crate scuffle-cedar-policy 0.1.0 into /workspace/builds/worker-4-tc2/source
[INFO] started tweaking crates.io crate scuffle-cedar-policy 0.1.0
[INFO] finished tweaking crates.io crate scuffle-cedar-policy 0.1.0
[INFO] tweaked toml for crates.io crate scuffle-cedar-policy 0.1.0 written to /workspace/builds/worker-4-tc2/source/Cargo.toml
[INFO] validating manifest of crates.io crate scuffle-cedar-policy 0.1.0 on toolchain c60b92c03ca8a3b101eb9d57f51e2232690638c7
[INFO] running `Command { std: CARGO_HOME="/workspace/cargo-home" RUSTUP_HOME="/workspace/rustup-home" "/workspace/cargo-home/bin/cargo" "+c60b92c03ca8a3b101eb9d57f51e2232690638c7" "metadata" "--manifest-path" "Cargo.toml" "--no-deps", kill_on_drop: false }`
[INFO] crate crates.io crate scuffle-cedar-policy 0.1.0 already has a lockfile, it will not be regenerated
[INFO] running `Command { std: CARGO_HOME="/workspace/cargo-home" RUSTUP_HOME="/workspace/rustup-home" "/workspace/cargo-home/bin/cargo" "+c60b92c03ca8a3b101eb9d57f51e2232690638c7" "fetch" "--manifest-path" "Cargo.toml", kill_on_drop: false }`
[INFO] running `Command { std: "docker" "create" "-v" "/var/lib/crater-agent-workspace/builds/worker-4-tc2/source:/opt/rustwide/workdir:ro,Z" "-v" "/var/lib/crater-agent-workspace/builds/worker-4-tc2/target:/opt/rustwide/target:rw,Z" "-v" "/var/lib/crater-agent-workspace/cargo-home:/opt/rustwide/cargo-home:ro,Z" "-v" "/var/lib/crater-agent-workspace/rustup-home:/opt/rustwide/rustup-home:ro,Z" "-m" "1610612736" "--network" "none" "ghcr.io/rust-lang/crates-build-env/linux@sha256:77db811e55d90add9212f6832c23229e3de5f1c1f9905e8cb07319ea15df73ac" "sleep" "infinity", kill_on_drop: false }`
[INFO] [stdout] deafe15cdcb8d57c2d4a62cbb92da6ce536b1b81730370ed5f311b7b7c5545dc
[INFO] running `Command { std: "docker" "start" "deafe15cdcb8d57c2d4a62cbb92da6ce536b1b81730370ed5f311b7b7c5545dc", kill_on_drop: false }`
[INFO] running `Command { std: "docker" "inspect" "deafe15cdcb8d57c2d4a62cbb92da6ce536b1b81730370ed5f311b7b7c5545dc", kill_on_drop: false }`
[INFO] running `Command { std: "docker" "exec" "-e" "SOURCE_DIR=/opt/rustwide/workdir" "-e" "CARGO_HOME=/opt/rustwide/cargo-home" "-e" "RUSTUP_HOME=/opt/rustwide/rustup-home" "-e" "CARGO_TARGET_DIR=/opt/rustwide/target" "-w" "/opt/rustwide/workdir" "--user" "0:0" "deafe15cdcb8d57c2d4a62cbb92da6ce536b1b81730370ed5f311b7b7c5545dc" "/opt/rustwide/cargo-home/bin/cargo" "+c60b92c03ca8a3b101eb9d57f51e2232690638c7" "metadata" "--no-deps" "--format-version=1", kill_on_drop: false }`
[INFO] running `Command { std: "docker" "inspect" "deafe15cdcb8d57c2d4a62cbb92da6ce536b1b81730370ed5f311b7b7c5545dc", kill_on_drop: false }`
[INFO] running `Command { std: "docker" "exec" "-e" "SOURCE_DIR=/opt/rustwide/workdir" "-e" "CARGO_HOME=/opt/rustwide/cargo-home" "-e" "RUSTUP_HOME=/opt/rustwide/rustup-home" "-e" "CARGO_TARGET_DIR=/opt/rustwide/target" "-e" "CARGO_INCREMENTAL=0" "-e" "RUST_BACKTRACE=full" "-e" "RUSTFLAGS=--cap-lints=forbid" "-e" "RUSTDOCFLAGS=--cap-lints=forbid" "-w" "/opt/rustwide/workdir" "--user" "0:0" "deafe15cdcb8d57c2d4a62cbb92da6ce536b1b81730370ed5f311b7b7c5545dc" "/opt/rustwide/cargo-home/bin/cargo" "+c60b92c03ca8a3b101eb9d57f51e2232690638c7" "check" "--frozen" "--all" "--all-targets" "--message-format=json", kill_on_drop: false }`
[INFO] [stderr]    Compiling proc-macro2 v1.0.101
[INFO] [stderr]    Compiling unicode-ident v1.0.19
[INFO] [stderr]    Compiling autocfg v1.5.0
[INFO] [stderr]    Compiling libc v0.2.175
[INFO] [stderr]    Compiling regex-syntax v0.8.6
[INFO] [stderr]    Compiling rustversion v1.0.22
[INFO] [stderr]    Compiling typenum v1.18.0
[INFO] [stderr]    Compiling generic-array v0.14.7
[INFO] [stderr]    Compiling serde_core v1.0.220
[INFO] [stderr]    Compiling semver v1.0.26
[INFO] [stderr]    Compiling memchr v2.7.5
[INFO] [stderr]    Compiling find-msvc-tools v0.1.1
[INFO] [stderr]    Compiling parking_lot_core v0.9.11
[INFO] [stderr]    Compiling cc v1.2.37
[INFO] [stderr]    Compiling lock_api v0.4.13
[INFO] [stderr]    Compiling quote v1.0.40
[INFO] [stderr]    Compiling syn v2.0.106
[INFO] [stderr]    Compiling aho-corasick v1.1.3
[INFO] [stderr]    Compiling scopeguard v1.2.0
[INFO] [stderr]    Compiling serde v1.0.220
[INFO] [stderr]    Compiling cfg-if v1.0.3
[INFO] [stderr]    Compiling smallvec v1.15.1
[INFO] [stderr]    Compiling hashbrown v0.15.5
[INFO] [stderr]    Compiling siphasher v1.0.1
[INFO] [stderr]    Compiling parking_lot v0.12.4
[INFO] [stderr]    Compiling crypto-common v0.1.6
[INFO] [stderr]    Compiling block-buffer v0.10.4
[INFO] [stderr]    Compiling phf_shared v0.11.3
[INFO] [stderr]    Compiling digest v0.10.7
[INFO] [stderr]    Compiling rustc_version v0.4.1
[INFO] [stderr]    Compiling fixedbitset v0.5.7
[INFO] [stderr]    Compiling regex-automata v0.4.10
[INFO] [stderr]    Compiling new_debug_unreachable v1.0.6
[INFO] [stderr]    Compiling keccak v0.1.5
[INFO] [stderr]    Compiling log v0.4.28
[INFO] [stderr]    Compiling either v1.15.0
[INFO] [stderr]    Compiling bit-vec v0.8.0
[INFO] [stderr]    Compiling precomputed-hash v0.1.1
[INFO] [stderr]    Compiling term v1.2.0
[INFO] [stderr]    Compiling bit-set v0.8.0
[INFO] [stderr]    Compiling string_cache v0.8.9
[INFO] [stderr]    Compiling indexmap v2.11.1
[INFO] [stderr]    Compiling ascii-canvas v4.0.0
[INFO] [stderr]    Compiling itertools v0.14.0
[INFO] [stderr]    Compiling sha3 v0.10.8
[INFO] [stderr]    Compiling ena v0.14.3
[INFO] [stderr]    Compiling logos-codegen v0.15.1
[INFO] [stderr]    Compiling psm v0.1.26
[INFO] [stderr]    Compiling num-traits v0.2.19
[INFO] [stderr]    Compiling serde_json v1.0.145
[INFO] [stderr]     Checking tinyvec_macros v0.1.1
[INFO] [stderr]    Compiling pico-args v0.5.0
[INFO] [stderr]    Compiling unicode-xid v0.2.6
[INFO] [stderr]     Checking tinyvec v1.10.0
[INFO] [stderr]    Compiling petgraph v0.7.1
[INFO] [stderr]    Compiling stacker v0.1.21
[INFO] [stderr]    Compiling thiserror v2.0.16
[INFO] [stderr]     Checking unicode-width v0.1.14
[INFO] [stderr]    Compiling beef v0.5.2
[INFO] [stderr]    Compiling lazy_static v1.5.0
[INFO] [stderr]     Checking ryu v1.0.20
[INFO] [stderr]    Compiling ref-cast v1.0.24
[INFO] [stderr]     Checking itoa v1.0.15
[INFO] [stderr]     Checking unicode-normalization v0.1.24
[INFO] [stderr]    Compiling lalrpop-util v0.22.2
[INFO] [stderr]    Compiling regex v1.11.2
[INFO] [stderr]     Checking unicode-script v0.5.7
[INFO] [stderr]    Compiling darling_core v0.20.11
[INFO] [stderr]    Compiling darling_core v0.21.3
[INFO] [stderr]    Compiling lalrpop v0.22.2
[INFO] [stderr]    Compiling prettyplease v0.2.37
[INFO] [stderr]     Checking rustc_lexer v0.1.0
[INFO] [stderr]     Checking unicode-security v0.1.2
[INFO] [stderr]     Checking chrono v0.4.42
[INFO] [stderr]     Checking typed-arena v2.0.2
[INFO] [stderr]     Checking arrayvec v0.5.2
[INFO] [stderr]     Checking pretty v0.12.4
[INFO] [stderr]    Compiling serde_derive v1.0.220
[INFO] [stderr]    Compiling enum-ordinalize-derive v4.3.1
[INFO] [stderr]    Compiling thiserror-impl v2.0.16
[INFO] [stderr]    Compiling miette-derive v7.6.0
[INFO] [stderr]    Compiling enum-ordinalize v4.3.0
[INFO] [stderr]    Compiling ref-cast-impl v1.0.24
[INFO] [stderr]    Compiling educe v0.6.0
[INFO] [stderr]    Compiling darling_macro v0.20.11
[INFO] [stderr]    Compiling darling v0.20.11
[INFO] [stderr]    Compiling serde_with_macros v3.14.0
[INFO] [stderr]    Compiling logos-derive v0.15.1
[INFO] [stderr]    Compiling darling_macro v0.21.3
[INFO] [stderr]    Compiling cedar-policy v4.5.1
[INFO] [stderr]     Checking logos v0.15.1
[INFO] [stderr]     Checking typewit v1.14.2
[INFO] [stderr]    Compiling darling v0.21.3
[INFO] [stderr]    Compiling konst_proc_macros v0.4.0
[INFO] [stderr]     Checking const_panic v0.2.15
[INFO] [stderr]    Compiling bon-macros v3.7.2
[INFO] [stderr]     Checking konst v0.4.2
[INFO] [stderr]     Checking nonempty v0.10.0
[INFO] [stderr]     Checking miette v7.6.0
[INFO] [stderr]     Checking smol_str v0.3.2
[INFO] [stderr]     Checking serde_with v3.14.0
[INFO] [stdout] error[E0493]: destructor of `ArrayBuilder<T, N, D>` cannot be evaluated at compile-time
[INFO] [stdout]    --> /opt/rustwide/cargo-home/registry/src/index.crates.io-1949cf8c6b5b557f/konst-0.4.2/src/array/array_builder.rs:340:24
[INFO] [stdout]     |
[INFO] [stdout] 340 |     pub const fn build(self) -> [T; N] {
[INFO] [stdout]     |                        ^^^^ the destructor for this type cannot be evaluated in constant functions
[INFO] [stdout] ...
[INFO] [stdout] 356 |     }
[INFO] [stdout]     |     - value is dropped here
[INFO] [stdout] 
[INFO] [stdout] 
[INFO] [stdout] error[E0493]: destructor of `array_into_iter::IntoIter<T, N, D>` cannot be evaluated at compile-time
[INFO] [stdout]    --> /opt/rustwide/cargo-home/registry/src/index.crates.io-1949cf8c6b5b557f/konst-0.4.2/src/array/array_into_iter.rs:324:34
[INFO] [stdout]     |
[INFO] [stdout] 324 |     pub const fn assert_is_empty(self) {
[INFO] [stdout]     |                                  ^^^^ the destructor for this type cannot be evaluated in constant functions
[INFO] [stdout] ...
[INFO] [stdout] 327 |     }
[INFO] [stdout]     |     - value is dropped here
[INFO] [stdout] 
[INFO] [stdout] 
[INFO] [stdout] error[E0493]: destructor of `Option<(T, U)>` cannot be evaluated at compile-time
[INFO] [stdout]    --> /opt/rustwide/cargo-home/registry/src/index.crates.io-1949cf8c6b5b557f/konst-0.4.2/src/macros/control_flow.rs:83:42
[INFO] [stdout]     |
[INFO] [stdout]  81 |   macro_rules! if_let_Some {
[INFO] [stdout]  82 |       ($some:pat = $e:expr => $then:block $(else $else:block)?) => {
[INFO] [stdout]  83 |           match $crate::option::__opt($e) {opt =>
[INFO] [stdout]     |                                            ^^^ the destructor for this type cannot be evaluated in constant functions
[INFO] [stdout] ...
[INFO] [stdout]  90 |               }
[INFO] [stdout]     |               - value is dropped here
[INFO] [stdout]     |
[INFO] [stdout]    ::: /opt/rustwide/cargo-home/registry/src/index.crates.io-1949cf8c6b5b557f/konst-0.4.2/src/option.rs:635:5
[INFO] [stdout]     |
[INFO] [stdout] 635 | /     crate::if_let_Some! {tuple = opt => {
[INFO] [stdout] 636 | |         crate::destructure!{(l, r) = tuple}
[INFO] [stdout] 637 | |
[INFO] [stdout] 638 | |         (Some(l), Some(r))
[INFO] [stdout] 639 | |     } else {
[INFO] [stdout] 640 | |         (None, None)
[INFO] [stdout] 641 | |     }}
[INFO] [stdout]     | |______- in this macro invocation
[INFO] [stdout] 
[INFO] [stdout] 
[INFO] [stdout] For more information about this error, try `rustc --explain E0493`.
[INFO] [stdout] 
[INFO] [stderr] error: could not compile `konst` (lib) due to 3 previous errors
[INFO] [stderr] warning: build failed, waiting for other jobs to finish...
[INFO] running `Command { std: "docker" "inspect" "deafe15cdcb8d57c2d4a62cbb92da6ce536b1b81730370ed5f311b7b7c5545dc", kill_on_drop: false }`
[INFO] running `Command { std: "docker" "rm" "-f" "deafe15cdcb8d57c2d4a62cbb92da6ce536b1b81730370ed5f311b7b7c5545dc", kill_on_drop: false }`
[INFO] [stdout] deafe15cdcb8d57c2d4a62cbb92da6ce536b1b81730370ed5f311b7b7c5545dc
