[INFO] fetching crate sbomsleuth 0.1.9...
[INFO] checking sbomsleuth-0.1.9 against c60b92c03ca8a3b101eb9d57f51e2232690638c7 for pr-164148-crater-rollup
[INFO] extracting crate sbomsleuth 0.1.9 into /workspace/builds/worker-2-tc2/source
[INFO] started tweaking crates.io crate sbomsleuth 0.1.9
[INFO] removed 0 missing tests
[INFO] finished tweaking crates.io crate sbomsleuth 0.1.9
[INFO] tweaked toml for crates.io crate sbomsleuth 0.1.9 written to /workspace/builds/worker-2-tc2/source/Cargo.toml
[INFO] validating manifest of crates.io crate sbomsleuth 0.1.9 on toolchain c60b92c03ca8a3b101eb9d57f51e2232690638c7
[INFO] running `Command { std: CARGO_HOME="/workspace/cargo-home" RUSTUP_HOME="/workspace/rustup-home" "/workspace/cargo-home/bin/cargo" "+c60b92c03ca8a3b101eb9d57f51e2232690638c7" "metadata" "--manifest-path" "Cargo.toml" "--no-deps", kill_on_drop: false }`
[INFO] running `Command { std: CARGO_HOME="/workspace/cargo-home" RUSTUP_HOME="/workspace/rustup-home" "/workspace/cargo-home/bin/cargo" "+c60b92c03ca8a3b101eb9d57f51e2232690638c7" "generate-lockfile" "--manifest-path" "Cargo.toml", kill_on_drop: false }`
[INFO] [stderr]     Blocking waiting for file lock on package cache
[INFO] [stderr]     Updating crates.io index
[INFO] [stderr]     Blocking waiting for file lock on package cache
[INFO] [stderr]      Locking 376 packages to highest compatible versions
[INFO] [stderr]       Adding colored v2.2.0 (available: v3.1.1)
[INFO] [stderr]       Adding cyclonedx-bom v0.6.2 (available: v0.8.1)
[INFO] [stderr]       Adding generic-array v0.14.7 (available: v0.14.9)
[INFO] [stderr]       Adding reqwest v0.12.28 (available: v0.13.5)
[INFO] [stderr]       Adding sbom-walker v0.9.3 (available: v0.20.0)
[INFO] [stderr]       Adding walker-common v0.9.3 (available: v0.20.0)
[INFO] [stderr]       Adding walker-extras v0.9.3 (available: v0.20.0)
[INFO] running `Command { std: CARGO_HOME="/workspace/cargo-home" RUSTUP_HOME="/workspace/rustup-home" "/workspace/cargo-home/bin/cargo" "+c60b92c03ca8a3b101eb9d57f51e2232690638c7" "fetch" "--manifest-path" "Cargo.toml", kill_on_drop: false }`
[INFO] [stderr]     Blocking waiting for file lock on package cache
[INFO] [stderr]     Blocking waiting for file lock on package cache
[INFO] running `Command { std: "docker" "create" "-v" "/var/lib/crater-agent-workspace/builds/worker-2-tc2/source:/opt/rustwide/workdir:ro,Z" "-v" "/var/lib/crater-agent-workspace/builds/worker-2-tc2/target:/opt/rustwide/target:rw,Z" "-v" "/var/lib/crater-agent-workspace/cargo-home:/opt/rustwide/cargo-home:ro,Z" "-v" "/var/lib/crater-agent-workspace/rustup-home:/opt/rustwide/rustup-home:ro,Z" "-m" "1610612736" "--network" "none" "ghcr.io/rust-lang/crates-build-env/linux@sha256:77db811e55d90add9212f6832c23229e3de5f1c1f9905e8cb07319ea15df73ac" "sleep" "infinity", kill_on_drop: false }`
[INFO] [stdout] bf1f9f67696f83e20be417d07a0b81d9a2150f0502b1fdd0bcf83557075a2158
[INFO] running `Command { std: "docker" "start" "bf1f9f67696f83e20be417d07a0b81d9a2150f0502b1fdd0bcf83557075a2158", kill_on_drop: false }`
[INFO] running `Command { std: "docker" "inspect" "bf1f9f67696f83e20be417d07a0b81d9a2150f0502b1fdd0bcf83557075a2158", kill_on_drop: false }`
[INFO] running `Command { std: "docker" "exec" "-e" "SOURCE_DIR=/opt/rustwide/workdir" "-e" "CARGO_HOME=/opt/rustwide/cargo-home" "-e" "RUSTUP_HOME=/opt/rustwide/rustup-home" "-e" "CARGO_TARGET_DIR=/opt/rustwide/target" "-w" "/opt/rustwide/workdir" "--user" "0:0" "bf1f9f67696f83e20be417d07a0b81d9a2150f0502b1fdd0bcf83557075a2158" "/opt/rustwide/cargo-home/bin/cargo" "+c60b92c03ca8a3b101eb9d57f51e2232690638c7" "metadata" "--no-deps" "--format-version=1", kill_on_drop: false }`
[INFO] running `Command { std: "docker" "inspect" "bf1f9f67696f83e20be417d07a0b81d9a2150f0502b1fdd0bcf83557075a2158", kill_on_drop: false }`
[INFO] running `Command { std: "docker" "exec" "-e" "SOURCE_DIR=/opt/rustwide/workdir" "-e" "CARGO_HOME=/opt/rustwide/cargo-home" "-e" "RUSTUP_HOME=/opt/rustwide/rustup-home" "-e" "CARGO_TARGET_DIR=/opt/rustwide/target" "-e" "CARGO_INCREMENTAL=0" "-e" "RUST_BACKTRACE=full" "-e" "RUSTFLAGS=--cap-lints=forbid" "-e" "RUSTDOCFLAGS=--cap-lints=forbid" "-w" "/opt/rustwide/workdir" "--user" "0:0" "bf1f9f67696f83e20be417d07a0b81d9a2150f0502b1fdd0bcf83557075a2158" "/opt/rustwide/cargo-home/bin/cargo" "+c60b92c03ca8a3b101eb9d57f51e2232690638c7" "check" "--frozen" "--all" "--all-targets" "--message-format=json", kill_on_drop: false }`
[INFO] [stderr]    Compiling syn v3.0.9
[INFO] [stderr]    Compiling syn v2.0.119
[INFO] [stderr]     Checking parking_lot_core v0.9.12
[INFO] [stderr]    Compiling syn v1.0.109
[INFO] [stderr]    Compiling serde_json v1.0.154
[INFO] [stderr]     Checking num-bigint v0.4.8
[INFO] [stderr]    Compiling dirs-sys-next v0.1.2
[INFO] [stderr]    Compiling smallvec v1.16.3
[INFO] [stderr]    Compiling equivalent v1.0.3
[INFO] [stderr]    Compiling tiny-keccak v2.0.2
[INFO] [stderr]    Compiling regex-automata v0.4.18
[INFO] [stderr]    Compiling phf_shared v0.11.3
[INFO] [stderr]    Compiling time-macros v0.2.32
[INFO] [stderr]     Checking deranged v0.5.9
[INFO] [stderr]    Compiling fixedbitset v0.4.2
[INFO] [stderr]     Checking num_threads v0.1.8
[INFO] [stderr]    Compiling indexmap v2.14.2
[INFO] [stderr]    Compiling bit-vec v0.6.3
[INFO] [stderr]    Compiling itertools v0.11.0
[INFO] [stderr]     Checking parking_lot v0.12.5
[INFO] [stderr]    Compiling dirs-next v2.0.0
[INFO] [stderr]    Compiling bit-set v0.5.3
[INFO] [stderr]    Compiling ena v0.14.4
[INFO] [stderr]    Compiling term v0.7.0
[INFO] [stderr]    Compiling proc-macro-error-attr v1.0.4
[INFO] [stderr]    Compiling ring v0.17.14
[INFO] [stderr]    Compiling lalrpop-util v0.20.2
[INFO] [stderr]    Compiling strsim v0.9.3
[INFO] [stderr]     Checking unicode-normalization v0.1.26
[INFO] [stderr]    Compiling bzip2-sys v0.1.13+1.0.8
[INFO] [stderr]    Compiling ascii-canvas v3.0.0
[INFO] [stderr]    Compiling string_cache v0.8.9
[INFO] [stderr]    Compiling rustix v1.1.5
[INFO] [stderr]    Compiling sha1collisiondetection v0.3.4
[INFO] [stderr]     Checking unicode-bidi v0.3.18
[INFO] [stderr]     Checking rustls-pki-types v1.15.1
[INFO] [stderr]     Checking uuid v1.28.0
[INFO] [stderr]     Checking console v0.16.6
[INFO] [stderr]    Compiling petgraph v0.6.5
[INFO] [stderr]     Checking generic-array v1.4.5
[INFO] [stderr]     Checking idna v0.5.0
[INFO] [stderr]     Checking unit-prefix v0.5.2
[INFO] [stderr]     Checking clap_lex v1.1.1
[INFO] [stderr]     Checking indicatif v0.18.6
[INFO] [stderr]     Checking console v0.15.11
[INFO] [stderr]     Checking clap_builder v4.6.7
[INFO] [stderr]     Checking buffered-reader v1.4.1
[INFO] [stdout] error[E0493]: destructor of `ArrayBuilder<T, N>` cannot be evaluated at compile-time
[INFO] [stdout]    --> /opt/rustwide/cargo-home/registry/src/index.crates.io-1949cf8c6b5b557f/generic-array-1.4.5/src/internal.rs:103:31
[INFO] [stdout]     |
[INFO] [stdout] 103 |     pub unsafe fn assume_init(self) -> GenericArray<T, N> {
[INFO] [stdout]     |                               ^^^^ the destructor for this type cannot be evaluated in constant functions
[INFO] [stdout] ...
[INFO] [stdout] 109 |     }
[INFO] [stdout]     |     - value is dropped here
[INFO] [stdout] 
[INFO] [stdout] 
[INFO] [stdout] error[E0493]: destructor of `GenericArray<core::mem::MaybeUninit<*const T>, N>` cannot be evaluated at compile-time
[INFO] [stdout]    --> /opt/rustwide/cargo-home/registry/src/index.crates.io-1949cf8c6b5b557f/generic-array-1.4.5/src/lib.rs:983:13
[INFO] [stdout]     |
[INFO] [stdout] 983 |         let mut out: GenericArray<MaybeUninit<*const T>, N> = GenericArray::uninit();
[INFO] [stdout]     |             ^^^^^^^ the destructor for this type cannot be evaluated in constant functions
[INFO] [stdout] ...
[INFO] [stdout] 998 |     }
[INFO] [stdout]     |     - value is dropped here
[INFO] [stdout] 
[INFO] [stdout] 
[INFO] [stdout] error[E0493]: destructor of `GenericArray<core::mem::MaybeUninit<*mut T>, N>` cannot be evaluated at compile-time
[INFO] [stdout]     --> /opt/rustwide/cargo-home/registry/src/index.crates.io-1949cf8c6b5b557f/generic-array-1.4.5/src/lib.rs:1018:13
[INFO] [stdout]      |
[INFO] [stdout] 1018 |         let mut out: GenericArray<MaybeUninit<*mut T>, N> = GenericArray::uninit();
[INFO] [stdout]      |             ^^^^^^^ the destructor for this type cannot be evaluated in constant functions
[INFO] [stdout] ...
[INFO] [stdout] 1033 |     }
[INFO] [stdout]      |     - value is dropped here
[INFO] [stdout] 
[INFO] [stdout] 
[INFO] [stdout] For more information about this error, try `rustc --explain E0493`.
[INFO] [stdout] 
[INFO] [stderr] error: could not compile `generic-array` (lib) due to 3 previous errors
[INFO] [stderr] warning: build failed, waiting for other jobs to finish...
[INFO] running `Command { std: "docker" "inspect" "bf1f9f67696f83e20be417d07a0b81d9a2150f0502b1fdd0bcf83557075a2158", kill_on_drop: false }`
[INFO] running `Command { std: "docker" "rm" "-f" "bf1f9f67696f83e20be417d07a0b81d9a2150f0502b1fdd0bcf83557075a2158", kill_on_drop: false }`
[INFO] [stdout] bf1f9f67696f83e20be417d07a0b81d9a2150f0502b1fdd0bcf83557075a2158
