[INFO] fetching crate sbom-cli 0.19.0...
[INFO] checking sbom-cli-0.19.0 against c60b92c03ca8a3b101eb9d57f51e2232690638c7 for pr-164148-crater-rollup
[INFO] extracting crate sbom-cli 0.19.0 into /workspace/builds/worker-7-tc2/source
[INFO] started tweaking crates.io crate sbom-cli 0.19.0
[INFO] finished tweaking crates.io crate sbom-cli 0.19.0
[INFO] tweaked toml for crates.io crate sbom-cli 0.19.0 written to /workspace/builds/worker-7-tc2/source/Cargo.toml
[INFO] validating manifest of crates.io crate sbom-cli 0.19.0 on toolchain c60b92c03ca8a3b101eb9d57f51e2232690638c7
[INFO] running `Command { std: CARGO_HOME="/workspace/cargo-home" RUSTUP_HOME="/workspace/rustup-home" "/workspace/cargo-home/bin/cargo" "+c60b92c03ca8a3b101eb9d57f51e2232690638c7" "metadata" "--manifest-path" "Cargo.toml" "--no-deps", kill_on_drop: false }`
[INFO] crate crates.io crate sbom-cli 0.19.0 already has a lockfile, it will not be regenerated
[INFO] running `Command { std: CARGO_HOME="/workspace/cargo-home" RUSTUP_HOME="/workspace/rustup-home" "/workspace/cargo-home/bin/cargo" "+c60b92c03ca8a3b101eb9d57f51e2232690638c7" "fetch" "--manifest-path" "Cargo.toml", kill_on_drop: false }`
[INFO] running `Command { std: "docker" "create" "-v" "/var/lib/crater-agent-workspace/builds/worker-7-tc2/source:/opt/rustwide/workdir:ro,Z" "-v" "/var/lib/crater-agent-workspace/builds/worker-7-tc2/target:/opt/rustwide/target:rw,Z" "-v" "/var/lib/crater-agent-workspace/cargo-home:/opt/rustwide/cargo-home:ro,Z" "-v" "/var/lib/crater-agent-workspace/rustup-home:/opt/rustwide/rustup-home:ro,Z" "-m" "1610612736" "--network" "none" "ghcr.io/rust-lang/crates-build-env/linux@sha256:77db811e55d90add9212f6832c23229e3de5f1c1f9905e8cb07319ea15df73ac" "sleep" "infinity", kill_on_drop: false }`
[INFO] [stdout] 2ea53f3c80ecc369f8091fbfa0e907d64310443d2f4f27188f76ac35e0b79bc0
[INFO] running `Command { std: "docker" "start" "2ea53f3c80ecc369f8091fbfa0e907d64310443d2f4f27188f76ac35e0b79bc0", kill_on_drop: false }`
[INFO] running `Command { std: "docker" "inspect" "2ea53f3c80ecc369f8091fbfa0e907d64310443d2f4f27188f76ac35e0b79bc0", kill_on_drop: false }`
[INFO] running `Command { std: "docker" "exec" "-e" "SOURCE_DIR=/opt/rustwide/workdir" "-e" "CARGO_HOME=/opt/rustwide/cargo-home" "-e" "RUSTUP_HOME=/opt/rustwide/rustup-home" "-e" "CARGO_TARGET_DIR=/opt/rustwide/target" "-w" "/opt/rustwide/workdir" "--user" "0:0" "2ea53f3c80ecc369f8091fbfa0e907d64310443d2f4f27188f76ac35e0b79bc0" "/opt/rustwide/cargo-home/bin/cargo" "+c60b92c03ca8a3b101eb9d57f51e2232690638c7" "metadata" "--no-deps" "--format-version=1", kill_on_drop: false }`
[INFO] running `Command { std: "docker" "inspect" "2ea53f3c80ecc369f8091fbfa0e907d64310443d2f4f27188f76ac35e0b79bc0", kill_on_drop: false }`
[INFO] running `Command { std: "docker" "exec" "-e" "SOURCE_DIR=/opt/rustwide/workdir" "-e" "CARGO_HOME=/opt/rustwide/cargo-home" "-e" "RUSTUP_HOME=/opt/rustwide/rustup-home" "-e" "CARGO_TARGET_DIR=/opt/rustwide/target" "-e" "CARGO_INCREMENTAL=0" "-e" "RUST_BACKTRACE=full" "-e" "RUSTFLAGS=--cap-lints=forbid" "-e" "RUSTDOCFLAGS=--cap-lints=forbid" "-w" "/opt/rustwide/workdir" "--user" "0:0" "2ea53f3c80ecc369f8091fbfa0e907d64310443d2f4f27188f76ac35e0b79bc0" "/opt/rustwide/cargo-home/bin/cargo" "+c60b92c03ca8a3b101eb9d57f51e2232690638c7" "check" "--frozen" "--all" "--all-targets" "--message-format=json", kill_on_drop: false }`
[INFO] [stderr]    Compiling find-msvc-tools v0.1.13
[INFO] [stderr]    Compiling syn v3.0.6
[INFO] [stderr]     Checking parking_lot_core v0.9.12
[INFO] [stderr]     Checking once_cell v1.21.4
[INFO] [stderr]    Compiling tracing-attributes v0.1.31
[INFO] [stderr]     Checking getrandom v0.2.17
[INFO] [stderr]     Checking generic-array v0.14.7
[INFO] [stderr]     Checking either v1.18.0
[INFO] [stderr]     Checking parking_lot v0.12.5
[INFO] [stderr]    Compiling cc v1.4.7
[INFO] [stderr]     Checking tracing-core v0.1.36
[INFO] [stderr]    Compiling time-macros v0.2.32
[INFO] [stderr]     Checking deranged v0.5.8
[INFO] [stderr]     Checking base64-simd v0.8.0
[INFO] [stderr]     Checking crypto-common v0.1.7
[INFO] [stderr]     Checking block-buffer v0.10.4
[INFO] [stderr]     Checking bytes-utils v0.1.4
[INFO] [stderr]     Checking digest v0.10.7
[INFO] [stderr]     Checking rand_core v0.6.4
[INFO] [stderr]     Checking getrandom v0.4.3
[INFO] [stderr]    Compiling rustls v0.23.45
[INFO] [stderr]     Checking der v0.6.1
[INFO] [stderr]    Compiling rustls v0.21.12
[INFO] [stderr]     Checking ff v0.12.1
[INFO] [stderr]     Checking crypto-bigint v0.4.9
[INFO] [stderr]     Checking base16ct v0.1.1
[INFO] [stderr]     Checking group v0.12.1
[INFO] [stderr]     Checking hmac v0.12.1
[INFO] [stderr]     Checking tracing v0.1.44
[INFO] [stderr]     Checking socket2 v0.5.10
[INFO] [stderr]    Compiling clang-sys v1.9.1
[INFO] [stderr]    Compiling cmake v0.1.58
[INFO] [stderr]     Checking uuid v1.26.1
[INFO] [stderr]     Checking sha2 v0.10.9
[INFO] [stderr]     Checking spki v0.6.0
[INFO] [stderr]     Checking rfc6979 v0.3.1
[INFO] [stderr]     Checking pkcs8 v0.9.0
[INFO] [stderr]     Checking signature v1.6.4
[INFO] [stderr]    Compiling aws-types v1.3.13
[INFO] [stderr]     Checking sec1 v0.3.0
[INFO] [stderr]     Checking regex-automata v0.4.18
[INFO] [stderr]     Checking crypto-bigint v0.5.5
[INFO] [stderr]    Compiling bindgen v0.72.1
[INFO] [stderr]    Compiling rustix v1.1.5
[INFO] [stderr]     Checking elliptic-curve v0.12.3
[INFO] [stderr]     Checking time v0.3.55
[INFO] [stderr]    Compiling aws-lc-sys v0.45.0
[INFO] [stderr]    Compiling ring v0.17.14
[INFO] [stderr]    Compiling openssl-sys v0.9.117
[INFO] [stderr]     Checking ecdsa v0.14.8
[INFO] [stderr]     Checking p256 v0.11.1
[INFO] [stderr]    Compiling openssl v0.10.81
[INFO] [stderr]    Compiling itertools v0.13.0
[INFO] [stderr]    Compiling synstructure v0.14.0
[INFO] [stderr]    Compiling openssl-macros v0.1.1
[INFO] [stderr]    Compiling fastrand v2.5.0
[INFO] [stderr]    Compiling syn v1.0.109
[INFO] [stderr]    Compiling lalrpop-util v0.23.1
[INFO] [stderr]    Compiling native-tls v0.2.18
[INFO] [stderr]    Compiling hashbrown v0.15.5
[INFO] [stderr]    Compiling tempfile v3.27.0
[INFO] [stderr]    Compiling phf_shared v0.13.1
[INFO] [stderr]    Compiling indexmap v2.14.2
[INFO] [stderr]     Checking serde_json v1.0.151
[INFO] [stderr]    Compiling tokio-macros v2.7.2
[INFO] [stderr]    Compiling serde_derive v1.0.229
[INFO] [stderr]     Checking tokio v1.53.1
[INFO] [stderr]    Compiling futures-macro v0.3.34
[INFO] [stderr]    Compiling zerofrom-derive v0.1.8
[INFO] [stderr]     Checking futures-util v0.3.34
[INFO] [stderr]     Checking zerofrom v0.1.8
[INFO] [stderr]    Compiling yoke-derive v0.8.3
[INFO] [stderr]    Compiling zerovec-derive v0.11.6
[INFO] [stderr]    Compiling displaydoc v0.2.7
[INFO] [stderr]     Checking yoke v0.8.3
[INFO] [stderr]     Checking rustls-webpki v0.101.7
[INFO] [stderr]     Checking zerovec v0.11.8
[INFO] [stderr]     Checking zerotrie v0.2.5
[INFO] [stderr]     Checking sct v0.7.1
[INFO] [stderr]    Compiling thiserror-impl v2.0.20
[INFO] [stderr]     Checking tinystr v0.8.4
[INFO] [stderr]     Checking serde v1.0.229
[INFO] [stderr]     Checking icu_locale_core v2.3.0
[INFO] [stderr]     Checking ipnet v2.12.2
[INFO] [stderr]     Checking potential_utf v0.1.6
[INFO] [stderr]     Checking icu_collections v2.3.0
[INFO] [stderr]     Checking thiserror v2.0.20
[INFO] [stderr]     Checking regex v1.13.1
[INFO] [stderr]     Checking icu_provider v2.3.1
[INFO] [stderr]    Compiling darling_core v0.23.0
[INFO] [stderr]    Compiling bit-vec v0.9.1
[INFO] [stderr]     Checking icu_normalizer v2.3.0
[INFO] [stderr]     Checking icu_properties v2.3.0
[INFO] [stderr]     Checking chrono v0.4.45
[INFO] [stderr]    Compiling string_cache v0.9.0
[INFO] [stderr]    Compiling bit-set v0.9.1
[INFO] [stderr]    Compiling petgraph v0.8.3
[INFO] [stderr]    Compiling sha3 v0.10.9
[INFO] [stderr]    Compiling multiversion-macros v0.9.0
[INFO] [stderr]     Checking idna_adapter v1.2.2
[INFO] [stderr]     Checking idna v1.1.0
[INFO] [stderr]     Checking url v2.5.8
[INFO] [stderr]    Compiling proc-macro-error-attr3 v3.1.1
[INFO] [stderr]     Checking xmlparser v0.13.6
[INFO] [stderr]     Checking crc v3.3.0
[INFO] [stderr]     Checking aws-smithy-xml v0.60.14
[INFO] [stderr]     Checking multiversion v0.9.0
[INFO] [stderr]    Compiling lalrpop v0.23.1
[INFO] [stderr]    Compiling proc-macro-error3 v3.1.1
[INFO] [stderr]    Compiling sha1collisiondetection v0.3.4
[INFO] [stderr]    Compiling darling_macro v0.23.0
[INFO] [stderr]     Checking encoding_rs v0.8.41
[INFO] [stderr]    Compiling darling v0.23.0
[INFO] [stderr]    Compiling validator_derive v0.20.1
[INFO] [stderr]     Checking tokio-util v0.7.19
[INFO] [stderr]     Checking aws-smithy-async v1.2.13
[INFO] [stderr]     Checking tower v0.5.3
[INFO] [stderr]     Checking aws-smithy-types v1.4.5
[INFO] [stderr]     Checking h2 v0.4.19
[INFO] [stderr]     Checking h2 v0.3.27
[INFO] [stderr]     Checking tokio-rustls v0.24.1
[INFO] [stderr]     Checking tokio-native-tls v0.3.1
[INFO] [stderr]     Checking tower-http v0.6.11
[INFO] [stderr]     Checking aws-smithy-runtime-api v1.11.5
[INFO] [stderr]     Checking aws-smithy-eventstream v0.60.19
[INFO] [stderr]     Checking aws-smithy-json v0.62.4
[INFO] [stderr]     Checking aws-smithy-query v0.60.14
[INFO] [stderr]    Compiling schemafy_core v0.6.0
[INFO] [stderr]     Checking console v0.16.6
[INFO] [stderr]    Compiling nettle-sys v2.3.2
[INFO] [stderr]     Checking crc-fast v1.9.0
[INFO] [stderr]    Compiling Inflector v0.11.4
[INFO] [stderr]     Checking aws-smithy-http v0.63.5
[INFO] [stderr]     Checking aws-credential-types v1.2.13
[INFO] [stderr]     Checking aws-smithy-observability v0.2.5
[INFO] [stderr]     Checking aws-sigv4 v1.4.1
[INFO] [stderr]    Compiling uriparse v0.6.4
[INFO] [stderr]     Checking serde_urlencoded v0.7.1
[INFO] [stderr]    Compiling ref-cast-impl v1.0.27
[INFO] [stderr]    Compiling async-trait v0.1.92
[INFO] [stderr]     Checking hyper v1.11.1
[INFO] [stderr]     Checking hyper v0.14.32
[INFO] [stderr]     Checking sha1 v0.10.7
[INFO] [stderr]     Checking password-hash v0.5.0
[INFO] [stderr]     Checking generic-array v1.4.5
[INFO] [stderr]     Checking blake2 v0.10.6
[INFO] [stderr]     Checking md-5 v0.10.6
[INFO] [stderr]    Compiling crossbeam-epoch v0.9.21
[INFO] [stdout] error[E0493]: destructor of `ArrayBuilder<T, N>` cannot be evaluated at compile-time
[INFO] [stdout]    --> /opt/rustwide/cargo-home/registry/src/index.crates.io-1949cf8c6b5b557f/generic-array-1.4.5/src/internal.rs:103:31
[INFO] [stdout]     |
[INFO] [stdout] 103 |     pub unsafe fn assume_init(self) -> GenericArray<T, N> {
[INFO] [stdout]     |                               ^^^^ the destructor for this type cannot be evaluated in constant functions
[INFO] [stdout] ...
[INFO] [stdout] 109 |     }
[INFO] [stdout]     |     - value is dropped here
[INFO] [stdout] 
[INFO] [stdout] 
[INFO] [stdout] error[E0493]: destructor of `GenericArray<core::mem::MaybeUninit<*const T>, N>` cannot be evaluated at compile-time
[INFO] [stdout]    --> /opt/rustwide/cargo-home/registry/src/index.crates.io-1949cf8c6b5b557f/generic-array-1.4.5/src/lib.rs:983:13
[INFO] [stdout]     |
[INFO] [stdout] 983 |         let mut out: GenericArray<MaybeUninit<*const T>, N> = GenericArray::uninit();
[INFO] [stdout]     |             ^^^^^^^ the destructor for this type cannot be evaluated in constant functions
[INFO] [stdout] ...
[INFO] [stdout] 998 |     }
[INFO] [stdout]     |     - value is dropped here
[INFO] [stdout] 
[INFO] [stdout] 
[INFO] [stdout] error[E0493]: destructor of `GenericArray<core::mem::MaybeUninit<*mut T>, N>` cannot be evaluated at compile-time
[INFO] [stdout]     --> /opt/rustwide/cargo-home/registry/src/index.crates.io-1949cf8c6b5b557f/generic-array-1.4.5/src/lib.rs:1018:13
[INFO] [stdout]      |
[INFO] [stdout] 1018 |         let mut out: GenericArray<MaybeUninit<*mut T>, N> = GenericArray::uninit();
[INFO] [stdout]      |             ^^^^^^^ the destructor for this type cannot be evaluated in constant functions
[INFO] [stdout] ...
[INFO] [stdout] 1033 |     }
[INFO] [stdout]      |     - value is dropped here
[INFO] [stdout] 
[INFO] [stdout] 
[INFO] [stdout] For more information about this error, try `rustc --explain E0493`.
[INFO] [stdout] 
[INFO] [stderr] error: could not compile `generic-array` (lib) due to 3 previous errors
[INFO] [stderr] warning: build failed, waiting for other jobs to finish...
[INFO] running `Command { std: "docker" "inspect" "2ea53f3c80ecc369f8091fbfa0e907d64310443d2f4f27188f76ac35e0b79bc0", kill_on_drop: false }`
[INFO] running `Command { std: "docker" "rm" "-f" "2ea53f3c80ecc369f8091fbfa0e907d64310443d2f4f27188f76ac35e0b79bc0", kill_on_drop: false }`
[INFO] [stdout] 2ea53f3c80ecc369f8091fbfa0e907d64310443d2f4f27188f76ac35e0b79bc0
