[INFO] fetching crate sailing-simulation 0.0.0...
[INFO] checking sailing-simulation-0.0.0 against c60b92c03ca8a3b101eb9d57f51e2232690638c7 for pr-164148-crater-rollup
[INFO] extracting crate sailing-simulation 0.0.0 into /workspace/builds/worker-5-tc2/source
[INFO] started tweaking crates.io crate sailing-simulation 0.0.0
[INFO] removed 0 missing examples
[INFO] removed 0 missing tests
[INFO] finished tweaking crates.io crate sailing-simulation 0.0.0
[INFO] tweaked toml for crates.io crate sailing-simulation 0.0.0 written to /workspace/builds/worker-5-tc2/source/Cargo.toml
[INFO] validating manifest of crates.io crate sailing-simulation 0.0.0 on toolchain c60b92c03ca8a3b101eb9d57f51e2232690638c7
[INFO] running `Command { std: CARGO_HOME="/workspace/cargo-home" RUSTUP_HOME="/workspace/rustup-home" "/workspace/cargo-home/bin/cargo" "+c60b92c03ca8a3b101eb9d57f51e2232690638c7" "metadata" "--manifest-path" "Cargo.toml" "--no-deps", kill_on_drop: false }`
[INFO] crate crates.io crate sailing-simulation 0.0.0 already has a lockfile, it will not be regenerated
[INFO] running `Command { std: CARGO_HOME="/workspace/cargo-home" RUSTUP_HOME="/workspace/rustup-home" "/workspace/cargo-home/bin/cargo" "+c60b92c03ca8a3b101eb9d57f51e2232690638c7" "fetch" "--manifest-path" "Cargo.toml", kill_on_drop: false }`
[INFO] running `Command { std: "docker" "create" "-v" "/var/lib/crater-agent-workspace/builds/worker-5-tc2/source:/opt/rustwide/workdir:ro,Z" "-v" "/var/lib/crater-agent-workspace/builds/worker-5-tc2/target:/opt/rustwide/target:rw,Z" "-v" "/var/lib/crater-agent-workspace/cargo-home:/opt/rustwide/cargo-home:ro,Z" "-v" "/var/lib/crater-agent-workspace/rustup-home:/opt/rustwide/rustup-home:ro,Z" "-m" "1610612736" "--network" "none" "ghcr.io/rust-lang/crates-build-env/linux@sha256:77db811e55d90add9212f6832c23229e3de5f1c1f9905e8cb07319ea15df73ac" "sleep" "infinity", kill_on_drop: false }`
[INFO] [stdout] 10e4b2fa2c44e8a8261f4983ceb4db4da2727006fb5b6bec349cf63898a1982e
[INFO] running `Command { std: "docker" "start" "10e4b2fa2c44e8a8261f4983ceb4db4da2727006fb5b6bec349cf63898a1982e", kill_on_drop: false }`
[INFO] running `Command { std: "docker" "inspect" "10e4b2fa2c44e8a8261f4983ceb4db4da2727006fb5b6bec349cf63898a1982e", kill_on_drop: false }`
[INFO] running `Command { std: "docker" "exec" "-e" "SOURCE_DIR=/opt/rustwide/workdir" "-e" "CARGO_HOME=/opt/rustwide/cargo-home" "-e" "RUSTUP_HOME=/opt/rustwide/rustup-home" "-e" "CARGO_TARGET_DIR=/opt/rustwide/target" "-w" "/opt/rustwide/workdir" "--user" "0:0" "10e4b2fa2c44e8a8261f4983ceb4db4da2727006fb5b6bec349cf63898a1982e" "/opt/rustwide/cargo-home/bin/cargo" "+c60b92c03ca8a3b101eb9d57f51e2232690638c7" "metadata" "--no-deps" "--format-version=1", kill_on_drop: false }`
[INFO] running `Command { std: "docker" "inspect" "10e4b2fa2c44e8a8261f4983ceb4db4da2727006fb5b6bec349cf63898a1982e", kill_on_drop: false }`
[INFO] running `Command { std: "docker" "exec" "-e" "SOURCE_DIR=/opt/rustwide/workdir" "-e" "CARGO_HOME=/opt/rustwide/cargo-home" "-e" "RUSTUP_HOME=/opt/rustwide/rustup-home" "-e" "CARGO_TARGET_DIR=/opt/rustwide/target" "-e" "CARGO_INCREMENTAL=0" "-e" "RUST_BACKTRACE=full" "-e" "RUSTFLAGS=--cap-lints=forbid" "-e" "RUSTDOCFLAGS=--cap-lints=forbid" "-w" "/opt/rustwide/workdir" "--user" "0:0" "10e4b2fa2c44e8a8261f4983ceb4db4da2727006fb5b6bec349cf63898a1982e" "/opt/rustwide/cargo-home/bin/cargo" "+c60b92c03ca8a3b101eb9d57f51e2232690638c7" "check" "--frozen" "--all" "--all-targets" "--message-format=json", kill_on_drop: false }`
[INFO] [stderr]    Compiling thiserror v2.0.18
[INFO] [stderr]    Compiling rustversion v1.0.22
[INFO] [stderr]    Compiling simdutf8 v0.1.5
[INFO] [stderr]    Compiling once_cell v1.21.4
[INFO] [stderr]    Compiling foldhash v0.1.5
[INFO] [stderr]    Compiling libc v0.2.186
[INFO] [stderr]    Compiling bytes v1.12.0
[INFO] [stderr]    Compiling prettyplease v0.2.37
[INFO] [stderr]    Compiling linux-raw-sys v0.12.1
[INFO] [stderr]    Compiling bitflags v2.13.0
[INFO] [stderr]    Compiling rustix v1.1.4
[INFO] [stderr]    Compiling getrandom v0.4.3
[INFO] [stderr]    Compiling zerocopy v0.8.52
[INFO] [stderr]    Compiling fastrand v2.4.1
[INFO] [stderr]    Compiling thiserror-impl v2.0.18
[INFO] [stderr]    Compiling zerocopy-derive v0.8.52
[INFO] [stderr]    Compiling unicode-segmentation v1.13.3
[INFO] [stderr]    Compiling hashbrown v0.15.5
[INFO] [stderr]    Compiling cc v1.2.65
[INFO] [stderr]    Compiling serde_derive v1.0.228
[INFO] [stderr]    Compiling serde_json v1.0.150
[INFO] [stderr]    Compiling smoothutf8 v0.1.1
[INFO] [stderr]     Checking ciborium-io v0.2.2
[INFO] [stderr]     Checking regex-syntax v0.8.11
[INFO] [stderr]     Checking clap_lex v1.1.0
[INFO] [stderr]     Checking itertools v0.13.0
[INFO] [stderr]    Compiling convert_case v0.10.0
[INFO] [stderr]     Checking clap_builder v4.6.0
[INFO] [stderr]     Checking cheap-clone v0.3.1
[INFO] [stderr]     Checking rand v0.10.1
[INFO] [stderr]     Checking cast v0.3.0
[INFO] [stderr]    Compiling buffa v0.8.0
[INFO] [stderr]    Compiling derive_more-impl v2.1.1
[INFO] [stderr]     Checking page_size v0.6.0
[INFO] [stderr]     Checking oorandom v11.1.5
[INFO] [stderr]     Checking anes v0.1.6
[INFO] [stderr]    Compiling alloca v0.4.0
[INFO] [stderr]     Checking regex-automata v0.4.14
[INFO] [stderr]    Compiling buffa-descriptor v0.8.0
[INFO] [stderr]     Checking criterion-plot v0.8.2
[INFO] [stderr]     Checking clap v4.6.1
[INFO] [stderr]    Compiling tempfile v3.27.0
[INFO] [stderr]     Checking regex v1.12.4
[INFO] [stderr]     Checking serde v1.0.228
[INFO] [stderr]     Checking derive_more v2.1.1
[INFO] [stderr]    Compiling buffa-codegen v0.8.0
[INFO] [stderr]     Checking tinytemplate v1.2.1
[INFO] [stderr]     Checking half v2.7.1
[INFO] [stderr]     Checking ciborium-ll v0.2.2
[INFO] [stderr]    Compiling buffa-build v0.8.0
[INFO] [stderr]     Checking ciborium v0.2.2
[INFO] [stderr]     Checking criterion v0.8.2
[INFO] [stderr]    Compiling sailing-proto v0.0.0
[INFO] [stdout] error[E0493]: destructor of `config::Config<I>` cannot be evaluated at compile-time
[INFO] [stdout]    --> /opt/rustwide/cargo-home/registry/src/index.crates.io-1949cf8c6b5b557f/sailing-proto-0.0.0/src/config/mod.rs:524:38
[INFO] [stdout]     |
[INFO] [stdout] 524 |   pub const fn with_max_size_per_msg(mut self, v: u64) -> Self {
[INFO] [stdout]     |                                      ^^^^^^^^ the destructor for this type cannot be evaluated in constant functions
[INFO] [stdout] ...
[INFO] [stdout] 527 |   }
[INFO] [stdout]     |   - value is dropped here
[INFO] [stdout] 
[INFO] [stdout] 
[INFO] [stdout] error[E0493]: destructor of `config::Config<I>` cannot be evaluated at compile-time
[INFO] [stdout]    --> /opt/rustwide/cargo-home/registry/src/index.crates.io-1949cf8c6b5b557f/sailing-proto-0.0.0/src/config/mod.rs:562:40
[INFO] [stdout]     |
[INFO] [stdout] 562 |   pub const fn with_max_inflight_bytes(mut self, v: u64) -> Self {
[INFO] [stdout]     |                                        ^^^^^^^^ the destructor for this type cannot be evaluated in constant functions
[INFO] [stdout] ...
[INFO] [stdout] 565 |   }
[INFO] [stdout]     |   - value is dropped here
[INFO] [stdout] 
[INFO] [stdout] 
[INFO] [stdout] error[E0493]: destructor of `config::Config<I>` cannot be evaluated at compile-time
[INFO] [stdout]    --> /opt/rustwide/cargo-home/registry/src/index.crates.io-1949cf8c6b5b557f/sailing-proto-0.0.0/src/config/mod.rs:583:40
[INFO] [stdout]     |
[INFO] [stdout] 583 |   pub const fn with_snapshot_threshold(mut self, v: usize) -> Self {
[INFO] [stdout]     |                                        ^^^^^^^^ the destructor for this type cannot be evaluated in constant functions
[INFO] [stdout] ...
[INFO] [stdout] 586 |   }
[INFO] [stdout]     |   - value is dropped here
[INFO] [stdout] 
[INFO] [stdout] 
[INFO] [stdout] error[E0493]: destructor of `config::Config<I>` cannot be evaluated at compile-time
[INFO] [stdout]    --> /opt/rustwide/cargo-home/registry/src/index.crates.io-1949cf8c6b5b557f/sailing-proto-0.0.0/src/config/mod.rs:604:42
[INFO] [stdout]     |
[INFO] [stdout] 604 |   pub const fn with_snapshot_chunk_bytes(mut self, v: u64) -> Self {
[INFO] [stdout]     |                                          ^^^^^^^^ the destructor for this type cannot be evaluated in constant functions
[INFO] [stdout] ...
[INFO] [stdout] 607 |   }
[INFO] [stdout]     |   - value is dropped here
[INFO] [stdout] 
[INFO] [stdout] 
[INFO] [stdout] error[E0493]: destructor of `config::Config<I>` cannot be evaluated at compile-time
[INFO] [stdout]    --> /opt/rustwide/cargo-home/registry/src/index.crates.io-1949cf8c6b5b557f/sailing-proto-0.0.0/src/config/mod.rs:626:42
[INFO] [stdout]     |
[INFO] [stdout] 626 |   pub const fn with_step_down_on_removal(mut self, v: bool) -> Self {
[INFO] [stdout]     |                                          ^^^^^^^^ the destructor for this type cannot be evaluated in constant functions
[INFO] [stdout] ...
[INFO] [stdout] 629 |   }
[INFO] [stdout]     |   - value is dropped here
[INFO] [stdout] 
[INFO] [stdout] 
[INFO] [stdout] error[E0493]: destructor of `config::Config<I>` cannot be evaluated at compile-time
[INFO] [stdout]    --> /opt/rustwide/cargo-home/registry/src/index.crates.io-1949cf8c6b5b557f/sailing-proto-0.0.0/src/config/mod.rs:650:30
[INFO] [stdout]     |
[INFO] [stdout] 650 |   pub const fn with_pre_vote(mut self, v: bool) -> Self {
[INFO] [stdout]     |                              ^^^^^^^^ the destructor for this type cannot be evaluated in constant functions
[INFO] [stdout] ...
[INFO] [stdout] 653 |   }
[INFO] [stdout]     |   - value is dropped here
[INFO] [stdout] 
[INFO] [stdout] 
[INFO] [stdout] error[E0493]: destructor of `config::Config<I>` cannot be evaluated at compile-time
[INFO] [stdout]    --> /opt/rustwide/cargo-home/registry/src/index.crates.io-1949cf8c6b5b557f/sailing-proto-0.0.0/src/config/mod.rs:674:34
[INFO] [stdout]     |
[INFO] [stdout] 674 |   pub const fn with_check_quorum(mut self, v: bool) -> Self {
[INFO] [stdout]     |                                  ^^^^^^^^ the destructor for this type cannot be evaluated in constant functions
[INFO] [stdout] ...
[INFO] [stdout] 677 |   }
[INFO] [stdout]     |   - value is dropped here
[INFO] [stdout] 
[INFO] [stdout] 
[INFO] [stdout] error[E0493]: destructor of `config::Config<I>` cannot be evaluated at compile-time
[INFO] [stdout]    --> /opt/rustwide/cargo-home/registry/src/index.crates.io-1949cf8c6b5b557f/sailing-proto-0.0.0/src/config/mod.rs:698:49
[INFO] [stdout]     |
[INFO] [stdout] 698 |   pub const fn with_disable_proposal_forwarding(mut self, v: bool) -> Self {
[INFO] [stdout]     |                                                 ^^^^^^^^ the destructor for this type cannot be evaluated in constant functions
[INFO] [stdout] ...
[INFO] [stdout] 701 |   }
[INFO] [stdout]     |   - value is dropped here
[INFO] [stdout] 
[INFO] [stdout] 
[INFO] [stdout] error[E0493]: destructor of `config::Config<I>` cannot be evaluated at compile-time
[INFO] [stdout]    --> /opt/rustwide/cargo-home/registry/src/index.crates.io-1949cf8c6b5b557f/sailing-proto-0.0.0/src/config/mod.rs:720:31
[INFO] [stdout]     |
[INFO] [stdout] 720 |   pub const fn with_read_only(mut self, v: ReadOnlyOption) -> Self {
[INFO] [stdout]     |                               ^^^^^^^^ the destructor for this type cannot be evaluated in constant functions
[INFO] [stdout] ...
[INFO] [stdout] 723 |   }
[INFO] [stdout]     |   - value is dropped here
[INFO] [stdout] 
[INFO] [stdout] 
[INFO] [stdout] error[E0493]: destructor of `config::Config<I>` cannot be evaluated at compile-time
[INFO] [stdout]    --> /opt/rustwide/cargo-home/registry/src/index.crates.io-1949cf8c6b5b557f/sailing-proto-0.0.0/src/config/mod.rs:743:35
[INFO] [stdout]     |
[INFO] [stdout] 743 |   pub const fn with_lease_refresh(mut self, v: LeaseRefresh) -> Self {
[INFO] [stdout]     |                                   ^^^^^^^^ the destructor for this type cannot be evaluated in constant functions
[INFO] [stdout] ...
[INFO] [stdout] 746 |   }
[INFO] [stdout]     |   - value is dropped here
[INFO] [stdout] 
[INFO] [stdout] 
[INFO] [stdout] error[E0493]: destructor of `config::Config<I>` cannot be evaluated at compile-time
[INFO] [stdout]    --> /opt/rustwide/cargo-home/registry/src/index.crates.io-1949cf8c6b5b557f/sailing-proto-0.0.0/src/config/mod.rs:765:36
[INFO] [stdout]     |
[INFO] [stdout] 765 |   pub const fn with_lease_duration(mut self, v: Duration) -> Self {
[INFO] [stdout]     |                                    ^^^^^^^^ the destructor for this type cannot be evaluated in constant functions
[INFO] [stdout] ...
[INFO] [stdout] 768 |   }
[INFO] [stdout]     |   - value is dropped here
[INFO] [stdout] 
[INFO] [stdout] 
[INFO] [stdout] error[E0493]: destructor of `config::Config<I>` cannot be evaluated at compile-time
[INFO] [stdout]    --> /opt/rustwide/cargo-home/registry/src/index.crates.io-1949cf8c6b5b557f/sailing-proto-0.0.0/src/config/mod.rs:786:39
[INFO] [stdout]     |
[INFO] [stdout] 786 |   pub const fn with_clock_drift_bound(mut self, v: Duration) -> Self {
[INFO] [stdout]     |                                       ^^^^^^^^ the destructor for this type cannot be evaluated in constant functions
[INFO] [stdout] ...
[INFO] [stdout] 789 |   }
[INFO] [stdout]     |   - value is dropped here
[INFO] [stdout] 
[INFO] [stdout] 
[INFO] [stdout] error[E0493]: destructor of `config::Config<I>` cannot be evaluated at compile-time
[INFO] [stdout]    --> /opt/rustwide/cargo-home/registry/src/index.crates.io-1949cf8c6b5b557f/sailing-proto-0.0.0/src/config/mod.rs:807:47
[INFO] [stdout]     |
[INFO] [stdout] 807 |   pub const fn with_bounded_clock_uncertainty(mut self, v: Duration) -> Self {
[INFO] [stdout]     |                                               ^^^^^^^^ the destructor for this type cannot be evaluated in constant functions
[INFO] [stdout] ...
[INFO] [stdout] 810 |   }
[INFO] [stdout]     |   - value is dropped here
[INFO] [stdout] 
[INFO] [stdout] 
[INFO] [stdout] For more information about this error, try `rustc --explain E0493`.
[INFO] [stdout] 
[INFO] [stderr] error: could not compile `sailing-proto` (lib) due to 13 previous errors
[INFO] running `Command { std: "docker" "inspect" "10e4b2fa2c44e8a8261f4983ceb4db4da2727006fb5b6bec349cf63898a1982e", kill_on_drop: false }`
[INFO] running `Command { std: "docker" "rm" "-f" "10e4b2fa2c44e8a8261f4983ceb4db4da2727006fb5b6bec349cf63898a1982e", kill_on_drop: false }`
[INFO] [stdout] 10e4b2fa2c44e8a8261f4983ceb4db4da2727006fb5b6bec349cf63898a1982e
