[INFO] fetching crate sailing-compio 0.0.0...
[INFO] checking sailing-compio-0.0.0 against c60b92c03ca8a3b101eb9d57f51e2232690638c7 for pr-164148-crater-rollup
[INFO] extracting crate sailing-compio 0.0.0 into /workspace/builds/worker-5-tc2/source
[INFO] started tweaking crates.io crate sailing-compio 0.0.0
[INFO] removed 0 missing examples
[INFO] removed 0 missing tests
[INFO] finished tweaking crates.io crate sailing-compio 0.0.0
[INFO] tweaked toml for crates.io crate sailing-compio 0.0.0 written to /workspace/builds/worker-5-tc2/source/Cargo.toml
[INFO] validating manifest of crates.io crate sailing-compio 0.0.0 on toolchain c60b92c03ca8a3b101eb9d57f51e2232690638c7
[INFO] running `Command { std: CARGO_HOME="/workspace/cargo-home" RUSTUP_HOME="/workspace/rustup-home" "/workspace/cargo-home/bin/cargo" "+c60b92c03ca8a3b101eb9d57f51e2232690638c7" "metadata" "--manifest-path" "Cargo.toml" "--no-deps", kill_on_drop: false }`
[INFO] crate crates.io crate sailing-compio 0.0.0 already has a lockfile, it will not be regenerated
[INFO] running `Command { std: CARGO_HOME="/workspace/cargo-home" RUSTUP_HOME="/workspace/rustup-home" "/workspace/cargo-home/bin/cargo" "+c60b92c03ca8a3b101eb9d57f51e2232690638c7" "fetch" "--manifest-path" "Cargo.toml", kill_on_drop: false }`
[INFO] running `Command { std: "docker" "create" "-v" "/var/lib/crater-agent-workspace/builds/worker-5-tc2/source:/opt/rustwide/workdir:ro,Z" "-v" "/var/lib/crater-agent-workspace/builds/worker-5-tc2/target:/opt/rustwide/target:rw,Z" "-v" "/var/lib/crater-agent-workspace/cargo-home:/opt/rustwide/cargo-home:ro,Z" "-v" "/var/lib/crater-agent-workspace/rustup-home:/opt/rustwide/rustup-home:ro,Z" "-m" "1610612736" "--network" "none" "ghcr.io/rust-lang/crates-build-env/linux@sha256:77db811e55d90add9212f6832c23229e3de5f1c1f9905e8cb07319ea15df73ac" "sleep" "infinity", kill_on_drop: false }`
[INFO] [stdout] 2cf1157d4f2dfbbc49c5ecd4ae9c915cf54317f5ff59bee92c8bffe9be7991f6
[INFO] running `Command { std: "docker" "start" "2cf1157d4f2dfbbc49c5ecd4ae9c915cf54317f5ff59bee92c8bffe9be7991f6", kill_on_drop: false }`
[INFO] running `Command { std: "docker" "inspect" "2cf1157d4f2dfbbc49c5ecd4ae9c915cf54317f5ff59bee92c8bffe9be7991f6", kill_on_drop: false }`
[INFO] running `Command { std: "docker" "exec" "-e" "SOURCE_DIR=/opt/rustwide/workdir" "-e" "CARGO_HOME=/opt/rustwide/cargo-home" "-e" "RUSTUP_HOME=/opt/rustwide/rustup-home" "-e" "CARGO_TARGET_DIR=/opt/rustwide/target" "-w" "/opt/rustwide/workdir" "--user" "0:0" "2cf1157d4f2dfbbc49c5ecd4ae9c915cf54317f5ff59bee92c8bffe9be7991f6" "/opt/rustwide/cargo-home/bin/cargo" "+c60b92c03ca8a3b101eb9d57f51e2232690638c7" "metadata" "--no-deps" "--format-version=1", kill_on_drop: false }`
[INFO] running `Command { std: "docker" "inspect" "2cf1157d4f2dfbbc49c5ecd4ae9c915cf54317f5ff59bee92c8bffe9be7991f6", kill_on_drop: false }`
[INFO] running `Command { std: "docker" "exec" "-e" "SOURCE_DIR=/opt/rustwide/workdir" "-e" "CARGO_HOME=/opt/rustwide/cargo-home" "-e" "RUSTUP_HOME=/opt/rustwide/rustup-home" "-e" "CARGO_TARGET_DIR=/opt/rustwide/target" "-e" "CARGO_INCREMENTAL=0" "-e" "RUST_BACKTRACE=full" "-e" "RUSTFLAGS=--cap-lints=forbid" "-e" "RUSTDOCFLAGS=--cap-lints=forbid" "-w" "/opt/rustwide/workdir" "--user" "0:0" "2cf1157d4f2dfbbc49c5ecd4ae9c915cf54317f5ff59bee92c8bffe9be7991f6" "/opt/rustwide/cargo-home/bin/cargo" "+c60b92c03ca8a3b101eb9d57f51e2232690638c7" "check" "--frozen" "--all" "--all-targets" "--message-format=json", kill_on_drop: false }`
[INFO] [stderr]    Compiling crossbeam-utils v0.8.21
[INFO] [stderr]     Checking futures-core v0.3.32
[INFO] [stderr]    Compiling find-msvc-tools v0.1.9
[INFO] [stderr]     Checking futures-sink v0.3.32
[INFO] [stderr]     Checking bytes v1.12.0
[INFO] [stderr]     Checking memchr v2.8.2
[INFO] [stderr]     Checking futures-io v0.3.32
[INFO] [stderr]    Compiling thiserror v2.0.18
[INFO] [stderr]     Checking futures-task v0.3.32
[INFO] [stderr]    Compiling simdutf8 v0.1.5
[INFO] [stderr]    Compiling once_cell v1.21.4
[INFO] [stderr]    Compiling foldhash v0.1.5
[INFO] [stderr]    Compiling syn v2.0.118
[INFO] [stderr]    Compiling libc v0.2.186
[INFO] [stderr]    Compiling getrandom v0.3.4
[INFO] [stderr]    Compiling rustix v1.1.4
[INFO] [stderr]    Compiling prettyplease v0.2.37
[INFO] [stderr]    Compiling getrandom v0.4.3
[INFO] [stderr]    Compiling cc v1.2.65
[INFO] [stderr]    Compiling hashbrown v0.15.5
[INFO] [stderr]     Checking rustls-pki-types v1.14.1
[INFO] [stderr]     Checking getrandom v0.2.17
[INFO] [stderr]     Checking linux-raw-sys v0.12.1
[INFO] [stderr]    Compiling bitflags v2.13.0
[INFO] [stderr]    Compiling smoothutf8 v0.1.1
[INFO] [stderr]     Checking local-event v0.1.2
[INFO] [stderr]    Compiling slotmap v1.1.1
[INFO] [stderr]     Checking spin v0.9.8
[INFO] [stderr]    Compiling io-uring v0.7.13
[INFO] [stderr]    Compiling fastrand v2.4.1
[INFO] [stderr]     Checking arrayvec v0.7.7
[INFO] [stderr]     Checking flume v0.12.0
[INFO] [stderr]     Checking rand_core v0.9.5
[INFO] [stderr]    Compiling compio-driver v0.12.3
[INFO] [stderr]     Checking ppv-lite86 v0.2.21
[INFO] [stderr]     Checking compio-log v0.2.0
[INFO] [stderr]     Checking compio-send-wrapper v0.7.1
[INFO] [stderr]     Checking compio-buf v0.8.3
[INFO] [stderr]    Compiling rustls v0.23.41
[INFO] [stderr]    Compiling winnow v1.0.3
[INFO] [stderr]    Compiling pastey v0.2.3
[INFO] [stderr]     Checking concurrent-queue v2.5.0
[INFO] [stderr]     Checking crossbeam-queue v0.3.12
[INFO] [stderr]     Checking rand_chacha v0.9.0
[INFO] [stderr]     Checking event-listener v5.4.1
[INFO] [stderr]     Checking num_cpus v1.17.0
[INFO] [stderr]     Checking socket2 v0.6.4
[INFO] [stderr]     Checking smallvec v1.15.2
[INFO] [stderr]    Compiling toml_datetime v1.1.1+spec-1.1.0
[INFO] [stderr]     Checking mod_use v0.2.3
[INFO] [stderr]     Checking tinyvec v1.11.0
[INFO] [stderr]     Checking rand v0.9.4
[INFO] [stderr]     Checking core_affinity v0.8.3
[INFO] [stderr]     Checking lru-slab v0.1.2
[INFO] [stderr]     Checking rustc-hash v2.1.2
[INFO] [stderr]    Compiling seq-macro v0.3.6
[INFO] [stderr]     Checking scoped-tls v1.0.1
[INFO] [stderr]     Checking rand v0.10.1
[INFO] [stderr]     Checking rustls-pemfile v2.2.0
[INFO] [stderr]    Compiling lochan v0.1.3
[INFO] [stderr]     Checking compio-executor v0.1.2
[INFO] [stderr]     Checking either v1.16.0
[INFO] [stderr]     Checking deranged v0.5.8
[INFO] [stderr]     Checking time-core v0.1.9
[INFO] [stderr]     Checking futures-channel v0.3.32
[INFO] [stderr]     Checking base64 v0.22.1
[INFO] [stderr]    Compiling ring v0.17.14
[INFO] [stderr]     Checking cheap-clone v0.3.1
[INFO] [stderr]     Checking pem v3.0.6
[INFO] [stderr]     Checking time v0.3.51
[INFO] [stderr]    Compiling toml_parser v1.1.2+spec-1.1.0
[INFO] [stderr]     Checking yasna v0.6.0
[INFO] [stderr]    Compiling toml_edit v0.25.12+spec-1.1.0
[INFO] [stderr]    Compiling tempfile v3.27.0
[INFO] [stderr]    Compiling darling_core v0.23.0
[INFO] [stderr]    Compiling proc-macro-crate v3.5.0
[INFO] [stderr]    Compiling thiserror-impl v2.0.18
[INFO] [stderr]    Compiling futures-macro v0.3.32
[INFO] [stderr]    Compiling derive_more-impl v2.1.1
[INFO] [stderr]     Checking futures-util v0.3.32
[INFO] [stderr]    Compiling buffa v0.8.0
[INFO] [stderr]     Checking rustls-webpki v0.103.13
[INFO] [stderr]     Checking rcgen v0.14.8
[INFO] [stderr]    Compiling darling_macro v0.23.0
[INFO] [stderr]     Checking derive_more v2.1.1
[INFO] [stderr]    Compiling darling v0.23.0
[INFO] [stderr]    Compiling compio-macros v0.2.0
[INFO] [stderr]    Compiling buffa-descriptor v0.8.0
[INFO] [stderr]    Compiling buffa-codegen v0.8.0
[INFO] [stderr]     Checking synchrony v0.1.8
[INFO] [stderr]     Checking futures-executor v0.3.32
[INFO] [stderr]     Checking thin-cell v0.2.1
[INFO] [stderr]     Checking polling v3.11.0
[INFO] [stderr]     Checking compio-io v0.10.1
[INFO] [stderr]     Checking quinn-proto v0.11.15
[INFO] [stderr]     Checking compio-runtime v0.12.2
[INFO] [stderr]    Compiling buffa-build v0.8.0
[INFO] [stderr]    Compiling sailing-proto v0.0.0
[INFO] [stderr]     Checking compio-net v0.12.1
[INFO] [stderr]     Checking compio v0.19.1
[INFO] [stdout] error[E0493]: destructor of `config::Config<I>` cannot be evaluated at compile-time
[INFO] [stdout]    --> /opt/rustwide/cargo-home/registry/src/index.crates.io-1949cf8c6b5b557f/sailing-proto-0.0.0/src/config/mod.rs:524:38
[INFO] [stdout]     |
[INFO] [stdout] 524 |   pub const fn with_max_size_per_msg(mut self, v: u64) -> Self {
[INFO] [stdout]     |                                      ^^^^^^^^ the destructor for this type cannot be evaluated in constant functions
[INFO] [stdout] ...
[INFO] [stdout] 527 |   }
[INFO] [stdout]     |   - value is dropped here
[INFO] [stdout] 
[INFO] [stdout] 
[INFO] [stdout] error[E0493]: destructor of `config::Config<I>` cannot be evaluated at compile-time
[INFO] [stdout]    --> /opt/rustwide/cargo-home/registry/src/index.crates.io-1949cf8c6b5b557f/sailing-proto-0.0.0/src/config/mod.rs:562:40
[INFO] [stdout]     |
[INFO] [stdout] 562 |   pub const fn with_max_inflight_bytes(mut self, v: u64) -> Self {
[INFO] [stdout]     |                                        ^^^^^^^^ the destructor for this type cannot be evaluated in constant functions
[INFO] [stdout] ...
[INFO] [stdout] 565 |   }
[INFO] [stdout]     |   - value is dropped here
[INFO] [stdout] 
[INFO] [stdout] 
[INFO] [stdout] error[E0493]: destructor of `config::Config<I>` cannot be evaluated at compile-time
[INFO] [stdout]    --> /opt/rustwide/cargo-home/registry/src/index.crates.io-1949cf8c6b5b557f/sailing-proto-0.0.0/src/config/mod.rs:583:40
[INFO] [stdout]     |
[INFO] [stdout] 583 |   pub const fn with_snapshot_threshold(mut self, v: usize) -> Self {
[INFO] [stdout]     |                                        ^^^^^^^^ the destructor for this type cannot be evaluated in constant functions
[INFO] [stdout] ...
[INFO] [stdout] 586 |   }
[INFO] [stdout]     |   - value is dropped here
[INFO] [stdout] 
[INFO] [stdout] 
[INFO] [stdout] error[E0493]: destructor of `config::Config<I>` cannot be evaluated at compile-time
[INFO] [stdout]    --> /opt/rustwide/cargo-home/registry/src/index.crates.io-1949cf8c6b5b557f/sailing-proto-0.0.0/src/config/mod.rs:604:42
[INFO] [stdout]     |
[INFO] [stdout] 604 |   pub const fn with_snapshot_chunk_bytes(mut self, v: u64) -> Self {
[INFO] [stdout]     |                                          ^^^^^^^^ the destructor for this type cannot be evaluated in constant functions
[INFO] [stdout] ...
[INFO] [stdout] 607 |   }
[INFO] [stdout]     |   - value is dropped here
[INFO] [stdout] 
[INFO] [stdout] 
[INFO] [stdout] error[E0493]: destructor of `config::Config<I>` cannot be evaluated at compile-time
[INFO] [stdout]    --> /opt/rustwide/cargo-home/registry/src/index.crates.io-1949cf8c6b5b557f/sailing-proto-0.0.0/src/config/mod.rs:626:42
[INFO] [stdout]     |
[INFO] [stdout] 626 |   pub const fn with_step_down_on_removal(mut self, v: bool) -> Self {
[INFO] [stdout]     |                                          ^^^^^^^^ the destructor for this type cannot be evaluated in constant functions
[INFO] [stdout] ...
[INFO] [stdout] 629 |   }
[INFO] [stdout]     |   - value is dropped here
[INFO] [stdout] 
[INFO] [stdout] 
[INFO] [stdout] error[E0493]: destructor of `config::Config<I>` cannot be evaluated at compile-time
[INFO] [stdout]    --> /opt/rustwide/cargo-home/registry/src/index.crates.io-1949cf8c6b5b557f/sailing-proto-0.0.0/src/config/mod.rs:650:30
[INFO] [stdout]     |
[INFO] [stdout] 650 |   pub const fn with_pre_vote(mut self, v: bool) -> Self {
[INFO] [stdout]     |                              ^^^^^^^^ the destructor for this type cannot be evaluated in constant functions
[INFO] [stdout] ...
[INFO] [stdout] 653 |   }
[INFO] [stdout]     |   - value is dropped here
[INFO] [stdout] 
[INFO] [stdout] 
[INFO] [stdout] error[E0493]: destructor of `config::Config<I>` cannot be evaluated at compile-time
[INFO] [stdout]    --> /opt/rustwide/cargo-home/registry/src/index.crates.io-1949cf8c6b5b557f/sailing-proto-0.0.0/src/config/mod.rs:674:34
[INFO] [stdout]     |
[INFO] [stdout] 674 |   pub const fn with_check_quorum(mut self, v: bool) -> Self {
[INFO] [stdout]     |                                  ^^^^^^^^ the destructor for this type cannot be evaluated in constant functions
[INFO] [stdout] ...
[INFO] [stdout] 677 |   }
[INFO] [stdout]     |   - value is dropped here
[INFO] [stdout] 
[INFO] [stdout] 
[INFO] [stdout] error[E0493]: destructor of `config::Config<I>` cannot be evaluated at compile-time
[INFO] [stdout]    --> /opt/rustwide/cargo-home/registry/src/index.crates.io-1949cf8c6b5b557f/sailing-proto-0.0.0/src/config/mod.rs:698:49
[INFO] [stdout]     |
[INFO] [stdout] 698 |   pub const fn with_disable_proposal_forwarding(mut self, v: bool) -> Self {
[INFO] [stdout]     |                                                 ^^^^^^^^ the destructor for this type cannot be evaluated in constant functions
[INFO] [stdout] ...
[INFO] [stdout] 701 |   }
[INFO] [stdout]     |   - value is dropped here
[INFO] [stdout] 
[INFO] [stdout] 
[INFO] [stdout] error[E0493]: destructor of `config::Config<I>` cannot be evaluated at compile-time
[INFO] [stdout]    --> /opt/rustwide/cargo-home/registry/src/index.crates.io-1949cf8c6b5b557f/sailing-proto-0.0.0/src/config/mod.rs:720:31
[INFO] [stdout]     |
[INFO] [stdout] 720 |   pub const fn with_read_only(mut self, v: ReadOnlyOption) -> Self {
[INFO] [stdout]     |                               ^^^^^^^^ the destructor for this type cannot be evaluated in constant functions
[INFO] [stdout] ...
[INFO] [stdout] 723 |   }
[INFO] [stdout]     |   - value is dropped here
[INFO] [stdout] 
[INFO] [stdout] 
[INFO] [stdout] error[E0493]: destructor of `config::Config<I>` cannot be evaluated at compile-time
[INFO] [stdout]    --> /opt/rustwide/cargo-home/registry/src/index.crates.io-1949cf8c6b5b557f/sailing-proto-0.0.0/src/config/mod.rs:743:35
[INFO] [stdout]     |
[INFO] [stdout] 743 |   pub const fn with_lease_refresh(mut self, v: LeaseRefresh) -> Self {
[INFO] [stdout]     |                                   ^^^^^^^^ the destructor for this type cannot be evaluated in constant functions
[INFO] [stdout] ...
[INFO] [stdout] 746 |   }
[INFO] [stdout]     |   - value is dropped here
[INFO] [stdout] 
[INFO] [stdout] 
[INFO] [stdout] error[E0493]: destructor of `config::Config<I>` cannot be evaluated at compile-time
[INFO] [stdout]    --> /opt/rustwide/cargo-home/registry/src/index.crates.io-1949cf8c6b5b557f/sailing-proto-0.0.0/src/config/mod.rs:765:36
[INFO] [stdout]     |
[INFO] [stdout] 765 |   pub const fn with_lease_duration(mut self, v: Duration) -> Self {
[INFO] [stdout]     |                                    ^^^^^^^^ the destructor for this type cannot be evaluated in constant functions
[INFO] [stdout] ...
[INFO] [stdout] 768 |   }
[INFO] [stdout]     |   - value is dropped here
[INFO] [stdout] 
[INFO] [stdout] 
[INFO] [stdout] error[E0493]: destructor of `config::Config<I>` cannot be evaluated at compile-time
[INFO] [stdout]    --> /opt/rustwide/cargo-home/registry/src/index.crates.io-1949cf8c6b5b557f/sailing-proto-0.0.0/src/config/mod.rs:786:39
[INFO] [stdout]     |
[INFO] [stdout] 786 |   pub const fn with_clock_drift_bound(mut self, v: Duration) -> Self {
[INFO] [stdout]     |                                       ^^^^^^^^ the destructor for this type cannot be evaluated in constant functions
[INFO] [stdout] ...
[INFO] [stdout] 789 |   }
[INFO] [stdout]     |   - value is dropped here
[INFO] [stdout] 
[INFO] [stdout] 
[INFO] [stdout] error[E0493]: destructor of `config::Config<I>` cannot be evaluated at compile-time
[INFO] [stdout]    --> /opt/rustwide/cargo-home/registry/src/index.crates.io-1949cf8c6b5b557f/sailing-proto-0.0.0/src/config/mod.rs:807:47
[INFO] [stdout]     |
[INFO] [stdout] 807 |   pub const fn with_bounded_clock_uncertainty(mut self, v: Duration) -> Self {
[INFO] [stdout]     |                                               ^^^^^^^^ the destructor for this type cannot be evaluated in constant functions
[INFO] [stdout] ...
[INFO] [stdout] 810 |   }
[INFO] [stdout]     |   - value is dropped here
[INFO] [stdout] 
[INFO] [stdout] 
[INFO] [stdout] For more information about this error, try `rustc --explain E0493`.
[INFO] [stdout] 
[INFO] [stderr] error: could not compile `sailing-proto` (lib) due to 13 previous errors
[INFO] running `Command { std: "docker" "inspect" "2cf1157d4f2dfbbc49c5ecd4ae9c915cf54317f5ff59bee92c8bffe9be7991f6", kill_on_drop: false }`
[INFO] running `Command { std: "docker" "rm" "-f" "2cf1157d4f2dfbbc49c5ecd4ae9c915cf54317f5ff59bee92c8bffe9be7991f6", kill_on_drop: false }`
[INFO] [stdout] 2cf1157d4f2dfbbc49c5ecd4ae9c915cf54317f5ff59bee92c8bffe9be7991f6
